000
CDUS45 KLKN 250932
CLIP68


CLIMATE REPORT
NATIONAL WEATHER SERVICE ELKO NV
126 AM PST TUE NOV 25 2014


...................................

...THE EUREKA AIRPORT NV CLIMATE SUMMARY FOR NOVEMBER 24 2014...

CLIMATE NORMAL PERIOD 1981 TO 2010
CLIMATE RECORD PERIOD 1963 TO 2014


WEATHER ITEM   OBSERVED TIME   RECORD YEAR NORMAL DEPARTURE LAST
                VALUE   (LST)  VALUE       VALUE  FROM      YEAR
                                                  NORMAL
..................................................................
TEMPERATURE (F)
 YESTERDAY
  MAXIMUM         44    205 PM  65    1995  45     -1       43
  MINIMUM         10    644 AM -12    2010  17     -7       19
  AVERAGE         27                        31     -4       31

PRECIPITATION (IN)
  YESTERDAY        0.00          0.16 1989   0.02  -0.02     0.00
                                      1963
  MONTH TO DATE    0.33                      0.65  -0.32     0.64
  SINCE OCT 1      0.33                      1.39  -1.06     1.33
  SINCE JAN 1      8.27                      8.26   0.01     7.47

DEGREE DAYS
 HEATING
  YESTERDAY       38                        34      4       34
  MONTH TO DATE  679                       701    -22      631
  SINCE SEP 1   1176                      1501   -325     1439
  SINCE JUL 1   1201                      1548   -347     1440

 COOLING
  YESTERDAY        0                         0      0        0
  MONTH TO DATE    0                         0      0        0
  SINCE SEP 1     37                        11     26       44
  SINCE JAN 1    436                       288    148      585
..................................................................


WIND (MPH)
  HIGHEST WIND SPEED    12   HIGHEST WIND DIRECTION     S (180)
  HIGHEST GUST SPEED    15   HIGHEST GUST DIRECTION     N (20)
  AVERAGE WIND SPEED     4.3




RELATIVE HUMIDITY (PERCENT)
 HIGHEST    83           700 AM
 LOWEST     30           300 PM
 AVERAGE    57

..........................................................


THE EUREKA AIRPORT NV CLIMATE NORMALS FOR TODAY
                         NORMAL    RECORD    YEAR
 MAXIMUM TEMPERATURE (F)   45        69      1995
 MINIMUM TEMPERATURE (F)   17       -10      1992


SUNRISE AND SUNSET
NOVEMBER 25 2014......SUNRISE   639 AM PST   SUNSET   423 PM PST
NOVEMBER 26 2014......SUNRISE   640 AM PST   SUNSET   422 PM PST


-  INDICATES NEGATIVE NUMBERS.
R  INDICATES RECORD WAS SET OR TIED.
MM INDICATES DATA IS MISSING.
T  INDICATES TRACE AMOUNT.




$$
