000
CDUS45 KLKN 010928
CLIP68


CLIMATE REPORT
NATIONAL WEATHER SERVICE ELKO NV
226 AM PDT TUE SEP 1 2015


...................................

...THE EUREKA AIRPORT NV CLIMATE SUMMARY FOR AUGUST 31 2015...

CLIMATE NORMAL PERIOD 1981 TO 2010
CLIMATE RECORD PERIOD 1963 TO 2015


WEATHER ITEM   OBSERVED TIME   RECORD YEAR NORMAL DEPARTURE LAST
                VALUE   (LST)  VALUE       VALUE  FROM      YEAR
                                                  NORMAL
..................................................................
TEMPERATURE (F)
 YESTERDAY
  MAXIMUM         88    250 PM  92    1995  83      5       81
  MINIMUM         41    446 AM  29    2005  44     -3       44
                                      1968
  AVERAGE         65                        64      1       63

PRECIPITATION (IN)
  YESTERDAY        0.00          0.99 1982   0.02  -0.02     0.00
  MONTH TO DATE    0.72                      0.58   0.14     1.84
  SINCE OCT 1      6.74                      8.42  -1.68     9.21
  SINCE JAN 1      5.62                      6.29  -0.67     6.81

DEGREE DAYS
 HEATING
  YESTERDAY        0                         3     -3        2
  MONTH TO DATE    7                        34    -27       25
  SINCE JUN 1     67                       207   -140      128
  SINCE JUL 1     28                        47    -19       25

 COOLING
  YESTERDAY        0                         1     -1        0
  MONTH TO DATE  187                       102     85       96
  SINCE JUN 1    465                       274    191      397
  SINCE JAN 1    473                       277    196      399
..................................................................


WIND (MPH)
  HIGHEST WIND SPEED    21   HIGHEST WIND DIRECTION     S (200)
  HIGHEST GUST SPEED    26   HIGHEST GUST DIRECTION    SW (210)
  AVERAGE WIND SPEED     6.2




RELATIVE HUMIDITY (PERCENT)
 HIGHEST    41           500 AM
 LOWEST     10           100 PM
 AVERAGE    26

..........................................................


THE EUREKA AIRPORT NV CLIMATE NORMALS FOR TODAY
                         NORMAL    RECORD    YEAR
 MAXIMUM TEMPERATURE (F)   83        94      1995
 MINIMUM TEMPERATURE (F)   44        29      2008
                                             1999


SUNRISE AND SUNSET
SEPTEMBER  1 2015.....SUNRISE   612 AM PDT   SUNSET   715 PM PDT
SEPTEMBER  2 2015.....SUNRISE   613 AM PDT   SUNSET   713 PM PDT


-  INDICATES NEGATIVE NUMBERS.
R  INDICATES RECORD WAS SET OR TIED.
MM INDICATES DATA IS MISSING.
T  INDICATES TRACE AMOUNT.




$$
