000
CDUS45 KLKN 220946
CLIP68


CLIMATE REPORT
NATIONAL WEATHER SERVICE ELKO NV
246 AM PDT THU JUN 22 2017


...................................

...THE EUREKA AIRPORT NV CLIMATE SUMMARY FOR JUNE 21 2017...

CLIMATE NORMAL PERIOD 1981 TO 2010
CLIMATE RECORD PERIOD 1963 TO 2017


WEATHER ITEM   OBSERVED TIME   RECORD YEAR NORMAL DEPARTURE LAST
                VALUE   (LST)  VALUE       VALUE  FROM      YEAR
                                                  NORMAL
..................................................................
TEMPERATURE (F)
 YESTERDAY
  MAXIMUM         96R   126 PM  95    2015  82     14       92
                                      2012
  MINIMUM         49    412 AM  26    1989  43      6       49
  AVERAGE         73                        62     11       71

PRECIPITATION (IN)
  YESTERDAY        0.00          0.05 1969   0.02  -0.02     0.00
  MONTH TO DATE    0.30                      0.69  -0.39     0.54
  SINCE OCT 1      9.26                      7.05   2.21    12.05
  SINCE JAN 1      7.17                      4.92   2.25     7.78

DEGREE DAYS
 HEATING
  YESTERDAY        0                         4     -4        0
  MONTH TO DATE   73                       138    -65       50
  SINCE JUN 1     73                       138    -65       50
  SINCE JUL 1   6622                      7354   -732     6871

 COOLING
  YESTERDAY        8                         1      7        6
  MONTH TO DATE   49                        14     35       39
  SINCE JUN 1     49                        14     35       39
  SINCE JAN 1     49                        17     32       39
..................................................................


WIND (MPH)
  HIGHEST WIND SPEED    24   HIGHEST WIND DIRECTION    NW (310)
  HIGHEST GUST SPEED    33   HIGHEST GUST DIRECTION    NW (310)
  AVERAGE WIND SPEED     7.7




RELATIVE HUMIDITY (PERCENT)
 HIGHEST    59           300 AM
 LOWEST     11           100 PM
 AVERAGE    35

..........................................................


THE EUREKA AIRPORT NV CLIMATE NORMALS FOR TODAY
                         NORMAL    RECORD    YEAR
 MAXIMUM TEMPERATURE (F)   82        97      2007
 MINIMUM TEMPERATURE (F)   43        30      1989


SUNRISE AND SUNSET
JUNE 22 2017..........SUNRISE   517 AM PDT   SUNSET   815 PM PDT
JUNE 23 2017..........SUNRISE   517 AM PDT   SUNSET   815 PM PDT


-  INDICATES NEGATIVE NUMBERS.
R  INDICATES RECORD WAS SET OR TIED.
MM INDICATES DATA IS MISSING.
T  INDICATES TRACE AMOUNT.




$$
