000
CDUS45 KLKN 260031
CLIP68


CLIMATE REPORT
NATIONAL WEATHER SERVICE ELKO NV
530 PM PDT MON JUL 25 2016


...................................

...THE EUREKA AIRPORT NV CLIMATE SUMMARY FOR JULY 25 2016...
VALID TODAY AS OF 0500 PM LOCAL TIME.

CLIMATE NORMAL PERIOD 1981 TO 2010
CLIMATE RECORD PERIOD 1963 TO 2016


WEATHER ITEM   OBSERVED TIME   RECORD YEAR NORMAL DEPARTURE LAST
                VALUE   (LST)  VALUE       VALUE  FROM      YEAR
                                                  NORMAL
..................................................................
TEMPERATURE (F)
 TODAY
  MAXIMUM         99R   255 PM  98    2008  91      8       90
  MINIMUM         47    456 AM  34    1999  50     -3       50
  AVERAGE         73                        70      3       70

PRECIPITATION (IN)
  TODAY            0.00          0.57 1982   0.02  -0.02     0.00
  MONTH TO DATE    0.00                      0.48  -0.48     0.88
  SINCE OCT 1     12.05                      7.69   4.36     6.02
  SINCE JAN 1      7.78                      5.56   2.22     4.90

DEGREE DAYS
 HEATING
  TODAY            0                         0      0        0
  MONTH TO DATE   13                         8      5       13
  SINCE JUN 1     67                       168   -101       52
  SINCE JUL 1     13                         8      5       13

 COOLING
  TODAY            8                         6      2        5
  MONTH TO DATE  126                       111     15      103
  SINCE JUN 1    217                       140     77      260
  SINCE JAN 1    217                       143     74      268
..................................................................


WIND (MPH)
  HIGHEST WIND SPEED    17   HIGHEST WIND DIRECTION     W (280)
  HIGHEST GUST SPEED    23   HIGHEST GUST DIRECTION     W (280)




RELATIVE HUMIDITY (PERCENT)
 HIGHEST    42           500 AM
 LOWEST      7           100 PM
 AVERAGE    25

..........................................................


THE EUREKA AIRPORT NV CLIMATE NORMALS FOR TOMORROW
                         NORMAL    RECORD    YEAR
 MAXIMUM TEMPERATURE (F)   91        98      1996
 MINIMUM TEMPERATURE (F)   50        33      1983


SUNRISE AND SUNSET
JULY 25 2016..........SUNRISE   538 AM PDT   SUNSET   803 PM PDT
JULY 26 2016..........SUNRISE   539 AM PDT   SUNSET   802 PM PDT


-  INDICATES NEGATIVE NUMBERS.
R  INDICATES RECORD WAS SET OR TIED.
MM INDICATES DATA IS MISSING.
T  INDICATES TRACE AMOUNT.




$$
