000
CDUS45 KLKN 230935
CLIP68


CLIMATE REPORT
NATIONAL WEATHER SERVICE ELKO NV
231 AM PDT WED APR 23 2014


...................................

...THE EUREKA AIRPORT NV CLIMATE SUMMARY FOR APRIL 22 2014...

CLIMATE NORMAL PERIOD 1981 TO 2010
CLIMATE RECORD PERIOD 1963 TO 2014


WEATHER ITEM   OBSERVED TIME   RECORD YEAR NORMAL DEPARTURE LAST
                VALUE   (LST)  VALUE       VALUE  FROM      YEAR
                                                  NORMAL
..................................................................
TEMPERATURE (F)
 YESTERDAY
  MAXIMUM         64    829 AM  86    2012  61      3       62
  MINIMUM         29   1131 PM   8    1963  29      0       28
  AVERAGE         47                        45      2       45

PRECIPITATION (IN)
  YESTERDAY        0.01          0.31 2003   0.03  -0.02     0.00
  MONTH TO DATE    0.14                      0.70  -0.56     0.41
  SINCE OCT 1      4.88                      5.36  -0.48     3.92
  SINCE JAN 1      2.48                      3.23  -0.75     2.48

DEGREE DAYS
 HEATING
  YESTERDAY       18                        20     -2       20
  MONTH TO DATE  404                       499    -95      477
  SINCE MAR 1   1182                      1370   -188     1196
  SINCE JUL 1   5986                      6655   -669     6284

 COOLING
  YESTERDAY        0                         0      0        0
  MONTH TO DATE    0                         0      0        0
  SINCE MAR 1      0                         0      0        0
  SINCE JAN 1      0                         0      0        0
..................................................................


WIND (MPH)
  HIGHEST WIND SPEED    26   HIGHEST WIND DIRECTION     W (290)
  HIGHEST GUST SPEED    33   HIGHEST GUST DIRECTION     W (270)
  AVERAGE WIND SPEED    11.5




RELATIVE HUMIDITY (PERCENT)
 HIGHEST    92           200 PM
 LOWEST     17           900 AM
 AVERAGE    55

..........................................................


THE EUREKA AIRPORT NV CLIMATE NORMALS FOR TODAY
                         NORMAL    RECORD    YEAR
 MAXIMUM TEMPERATURE (F)   61        85      2012
 MINIMUM TEMPERATURE (F)   29         8      1968


SUNRISE AND SUNSET
APRIL 23 2014.........SUNRISE   555 AM PDT   SUNSET   730 PM PDT
APRIL 24 2014.........SUNRISE   554 AM PDT   SUNSET   731 PM PDT


-  INDICATES NEGATIVE NUMBERS.
R  INDICATES RECORD WAS SET OR TIED.
MM INDICATES DATA IS MISSING.
T  INDICATES TRACE AMOUNT.




$$
