000
CDUS45 KLKN 100932
CLIP68


CLIMATE REPORT
NATIONAL WEATHER SERVICE ELKO NV
131 AM PST SAT DEC 10 2016


...................................

...THE EUREKA AIRPORT NV CLIMATE SUMMARY FOR DECEMBER 9 2016...

CLIMATE NORMAL PERIOD 1981 TO 2010
CLIMATE RECORD PERIOD 1963 TO 2016


WEATHER ITEM   OBSERVED TIME   RECORD YEAR NORMAL DEPARTURE LAST
                VALUE   (LST)  VALUE       VALUE  FROM      YEAR
                                                  NORMAL
..................................................................
TEMPERATURE (F)
 YESTERDAY
  MAXIMUM         45    242 PM  63    2015  39      6       63
  MINIMUM         24    355 AM -17    2013  12     12       32
  AVERAGE         35                        26      9       48

PRECIPITATION (IN)
  YESTERDAY        0.00          0.24 1963   0.02  -0.02     0.00
  MONTH TO DATE    0.05                      0.16  -0.11     0.00
  SINCE OCT 1      1.16                      1.68  -0.52     2.58
  SINCE JAN 1     10.07                      8.55   1.52     9.66

DEGREE DAYS
 HEATING
  YESTERDAY       30                        39     -9       17
  MONTH TO DATE  363                       342     21      273
  SINCE DEC 1    363                       342     21      273
  SINCE JUL 1   1776                      2101   -325     1759

 COOLING
  YESTERDAY        0                         0      0        0
  MONTH TO DATE    0                         0      0        0
  SINCE DEC 1      0                         0      0        0
  SINCE JAN 1    424                       288    136      516
..................................................................


WIND (MPH)
  HIGHEST WIND SPEED    15   HIGHEST WIND DIRECTION     S (200)
  HIGHEST GUST SPEED    19   HIGHEST GUST DIRECTION     S (200)
  AVERAGE WIND SPEED     5.7




RELATIVE HUMIDITY (PERCENT)
 HIGHEST    74           400 AM
 LOWEST     40           200 PM
 AVERAGE    57

..........................................................


THE EUREKA AIRPORT NV CLIMATE NORMALS FOR TODAY
                         NORMAL    RECORD    YEAR
 MAXIMUM TEMPERATURE (F)   39        61      2015
                                             1979
 MINIMUM TEMPERATURE (F)   12       -16      2009


SUNRISE AND SUNSET
DECEMBER 10 2016......SUNRISE   654 AM PST   SUNSET   420 PM PST
DECEMBER 11 2016......SUNRISE   654 AM PST   SUNSET   420 PM PST


-  INDICATES NEGATIVE NUMBERS.
R  INDICATES RECORD WAS SET OR TIED.
MM INDICATES DATA IS MISSING.
T  INDICATES TRACE AMOUNT.




$$
