000
CDUS45 KLKN 310927
CLIP68


CLIMATE REPORT
NATIONAL WEATHER SERVICE ELKO NV
227 AM PDT TUE MAY 31 2016


...................................

...THE EUREKA AIRPORT NV CLIMATE SUMMARY FOR MAY 30 2016...

CLIMATE NORMAL PERIOD 1981 TO 2010
CLIMATE RECORD PERIOD 1963 TO 2016


WEATHER ITEM   OBSERVED TIME   RECORD YEAR NORMAL DEPARTURE LAST
                VALUE   (LST)  VALUE       VALUE  FROM      YEAR
                                                  NORMAL
..................................................................
TEMPERATURE (F)
 YESTERDAY
  MAXIMUM         75    251 PM  93    2002  74      1       87
  MINIMUM         41    456 AM  16    1985  37      4       50
  AVERAGE         58                        55      3       69

PRECIPITATION (IN)
  YESTERDAY        0.00          0.20 1991   0.03  -0.03     0.00
  MONTH TO DATE    1.96                      0.71   1.25     1.96
  SINCE OCT 1     11.66                      6.34   5.32     4.33
  SINCE JAN 1      7.39                      4.21   3.18     3.21

DEGREE DAYS
 HEATING
  YESTERDAY        7                        10     -3        0
  MONTH TO DATE  407                       402      5      382
  SINCE MAR 1   1711                      1921   -210     1662
  SINCE JUL 1   6814                      7206   -392     5705

 COOLING
  YESTERDAY        0                         0      0        4
  MONTH TO DATE    0                         0      0        4
  SINCE MAR 1      0                         0      0        4
  SINCE JAN 1      0                         0      0        4
..................................................................


WIND (MPH)
  HIGHEST WIND SPEED    20   HIGHEST WIND DIRECTION     N (20)
  HIGHEST GUST SPEED    26   HIGHEST GUST DIRECTION     N (20)
  AVERAGE WIND SPEED     7.1




RELATIVE HUMIDITY (PERCENT)
 HIGHEST    79           500 AM
 LOWEST     20           500 PM
 AVERAGE    50

..........................................................


THE EUREKA AIRPORT NV CLIMATE NORMALS FOR TODAY
                         NORMAL    RECORD    YEAR
 MAXIMUM TEMPERATURE (F)   74        91      2002
 MINIMUM TEMPERATURE (F)   37        24      1989
                                             1988


SUNRISE AND SUNSET
MAY 31 2016...........SUNRISE   519 AM PDT   SUNSET   805 PM PDT
JUNE  1 2016..........SUNRISE   518 AM PDT   SUNSET   806 PM PDT


-  INDICATES NEGATIVE NUMBERS.
R  INDICATES RECORD WAS SET OR TIED.
MM INDICATES DATA IS MISSING.
T  INDICATES TRACE AMOUNT.




$$
