000
CDUS45 KLKN 240026
CLIP68


CLIMATE REPORT
NATIONAL WEATHER SERVICE ELKO NV
526 PM PDT WED AUG 23 2017


...................................

...THE EUREKA AIRPORT NV CLIMATE SUMMARY FOR AUGUST 23 2017...
VALID TODAY AS OF 0500 PM LOCAL TIME.

CLIMATE NORMAL PERIOD 1981 TO 2010
CLIMATE RECORD PERIOD 1963 TO 2017


WEATHER ITEM   OBSERVED TIME   RECORD YEAR NORMAL DEPARTURE LAST
                VALUE   (LST)  VALUE       VALUE  FROM      YEAR
                                                  NORMAL
..................................................................
TEMPERATURE (F)
 TODAY
  MAXIMUM         84    357 PM  94    2011  86     -2       87
  MINIMUM         50    451 AM  23    1968  46      4       52
  AVERAGE         67                        66      1       70

PRECIPITATION (IN)
  TODAY            0.00          0.32 2009   0.02  -0.02     0.00
  MONTH TO DATE    0.57                      0.42   0.15     0.00
  SINCE OCT 1     10.09                      8.26   1.83    12.11
  SINCE JAN 1      8.00                      6.13   1.87     7.84

DEGREE DAYS
 HEATING
  TODAY            0                         1     -1        0
  MONTH TO DATE    4                        16    -12        1
  SINCE JUN 1     78                       189   -111       68
  SINCE JUL 1      4                        29    -25       14

 COOLING
  TODAY            2                         2      0        5
  MONTH TO DATE  126                        87     39      110
  SINCE JUN 1    458                       259    199      400
  SINCE JAN 1    458                       262    196      400
..................................................................


WIND (MPH)
  HIGHEST WIND SPEED    17   HIGHEST WIND DIRECTION     W (270)
  HIGHEST GUST SPEED    23   HIGHEST GUST DIRECTION     W (250)




RELATIVE HUMIDITY (PERCENT)
 HIGHEST    83           200 AM
 LOWEST     16           400 PM
 AVERAGE    50

..........................................................


THE EUREKA AIRPORT NV CLIMATE NORMALS FOR TOMORROW
                         NORMAL    RECORD    YEAR
 MAXIMUM TEMPERATURE (F)   85        95      1969
 MINIMUM TEMPERATURE (F)   46        28      1968


SUNRISE AND SUNSET
AUGUST 23 2017........SUNRISE   604 AM PDT   SUNSET   728 PM PDT
AUGUST 24 2017........SUNRISE   605 AM PDT   SUNSET   726 PM PDT


-  INDICATES NEGATIVE NUMBERS.
R  INDICATES RECORD WAS SET OR TIED.
MM INDICATES DATA IS MISSING.
T  INDICATES TRACE AMOUNT.




$$
