000
CDUS45 KLKN 140934
CLIP68


CLIMATE REPORT
NATIONAL WEATHER SERVICE ELKO NV
132 AM PST THU DEC 14 2017


...................................

...THE EUREKA AIRPORT NV CLIMATE SUMMARY FOR DECEMBER 13 2017...

CLIMATE NORMAL PERIOD 1981 TO 2010
CLIMATE RECORD PERIOD 1963 TO 2017


WEATHER ITEM   OBSERVED TIME   RECORD YEAR NORMAL DEPARTURE LAST
                VALUE   (LST)  VALUE       VALUE  FROM      YEAR
                                                  NORMAL
..................................................................
TEMPERATURE (F)
 YESTERDAY
  MAXIMUM         50        MM  54    2006  38     12       40
  MINIMUM         10        MM -20    1967  11     -1       18
  AVERAGE         30                        25      5       29

PRECIPITATION (IN)
  YESTERDAY        0.00          0.30 1983   0.02  -0.02     0.01
  MONTH TO DATE    0.03                      0.24  -0.21     0.55
  SINCE OCT 1      1.09                      1.76  -0.67     1.66
  SINCE JAN 1     10.13                      8.63   1.50    10.57

DEGREE DAYS
 HEATING
  YESTERDAY       35                        40     -5       36
  MONTH TO DATE  484                       501    -17      492
  SINCE DEC 1    484                       501    -17      492
  SINCE JUL 1   2068                      2260   -192     1905

 COOLING
  YESTERDAY        0                         0      0        0
  MONTH TO DATE    0                         0      0        0
  SINCE DEC 1      0                         0      0        0
  SINCE JAN 1    570                       288    282      424
..................................................................


WIND (MPH)
  HIGHEST WIND SPEED    14   HIGHEST WIND DIRECTION    SW (210)
  HIGHEST GUST SPEED    16   HIGHEST GUST DIRECTION     S (200)
  AVERAGE WIND SPEED     4.5




RELATIVE HUMIDITY (PERCENT)
 HIGHEST    76          1100 PM
 LOWEST     15           300 PM
 AVERAGE    46

..........................................................


THE EUREKA AIRPORT NV CLIMATE NORMALS FOR TODAY
                         NORMAL    RECORD    YEAR
 MAXIMUM TEMPERATURE (F)   38        59      2006
 MINIMUM TEMPERATURE (F)   11       -14      1967


SUNRISE AND SUNSET
DECEMBER 14 2017......SUNRISE   657 AM PST   SUNSET   421 PM PST
DECEMBER 15 2017......SUNRISE   657 AM PST   SUNSET   421 PM PST


-  INDICATES NEGATIVE NUMBERS.
R  INDICATES RECORD WAS SET OR TIED.
MM INDICATES DATA IS MISSING.
T  INDICATES TRACE AMOUNT.




$$
