000
CDUS45 KLKN 190937
CLIP68


CLIMATE REPORT
NATIONAL WEATHER SERVICE ELKO NV
135 AM PST FRI DEC 19 2014


...................................

...THE EUREKA AIRPORT NV CLIMATE SUMMARY FOR DECEMBER 18 2014...

CLIMATE NORMAL PERIOD 1981 TO 2010
CLIMATE RECORD PERIOD 1963 TO 2014


WEATHER ITEM   OBSERVED TIME   RECORD YEAR NORMAL DEPARTURE LAST
                VALUE   (LST)  VALUE       VALUE  FROM      YEAR
                                                  NORMAL
..................................................................
TEMPERATURE (F)
 YESTERDAY
  MAXIMUM         42    304 PM  60    1979  37      5       41
  MINIMUM         24    916 PM -18    1984  10     14       21
  AVERAGE         33                        24      9       31

PRECIPITATION (IN)
  YESTERDAY        0.00          0.38 2013   0.02  -0.02     0.38
  MONTH TO DATE    0.30                      0.34  -0.04     0.75
  SINCE OCT 1      0.63                      1.86  -1.23     2.08
  SINCE JAN 1      8.57                      8.73  -0.16     8.22

DEGREE DAYS
 HEATING
  YESTERDAY       32                        41     -9       34
  MONTH TO DATE  515                       705   -190      840
  SINCE DEC 1    515                       705   -190      840
  SINCE JUL 1   1855                      2464   -609     2451

 COOLING
  YESTERDAY        0                         0      0        0
  MONTH TO DATE    0                         0      0        0
  SINCE DEC 1      0                         0      0        0
  SINCE JAN 1    436                       288    148      585
..................................................................


WIND (MPH)
  HIGHEST WIND SPEED    13   HIGHEST WIND DIRECTION     S (200)
  HIGHEST GUST SPEED    15   HIGHEST GUST DIRECTION     W (270)
  AVERAGE WIND SPEED     5.6




RELATIVE HUMIDITY (PERCENT)
 HIGHEST    92          1200 AM
 LOWEST     53           200 PM
 AVERAGE    73

..........................................................


THE EUREKA AIRPORT NV CLIMATE NORMALS FOR TODAY
                         NORMAL    RECORD    YEAR
 MAXIMUM TEMPERATURE (F)   37        60      1979
 MINIMUM TEMPERATURE (F)   10        -9      1965


SUNRISE AND SUNSET
DECEMBER 19 2014......SUNRISE   700 AM PST   SUNSET   423 PM PST
DECEMBER 20 2014......SUNRISE   700 AM PST   SUNSET   423 PM PST


-  INDICATES NEGATIVE NUMBERS.
R  INDICATES RECORD WAS SET OR TIED.
MM INDICATES DATA IS MISSING.
T  INDICATES TRACE AMOUNT.




$$
