000
CDUS45 KLKN 040932
CLIP68


CLIMATE REPORT
NATIONAL WEATHER SERVICE ELKO NV
130 AM PST WED MAR 4 2015


...................................

...THE EUREKA AIRPORT NV CLIMATE SUMMARY FOR MARCH 3 2015...

CLIMATE NORMAL PERIOD 1981 TO 2010
CLIMATE RECORD PERIOD 1963 TO 2015


WEATHER ITEM   OBSERVED TIME   RECORD YEAR NORMAL DEPARTURE LAST
                VALUE   (LST)  VALUE       VALUE  FROM      YEAR
                                                  NORMAL
..................................................................
TEMPERATURE (F)
 YESTERDAY
  MAXIMUM         31    328 PM  65    1994  48    -17       57
  MINIMUM          8   1156 PM   3    1966  20    -12       28
  AVERAGE         20                        34    -14       43

PRECIPITATION (IN)
  YESTERDAY        0.05          0.78 1992   0.03   0.02     0.00
  MONTH TO DATE    0.30                      0.09   0.21     0.04
  SINCE OCT 1      2.01                      3.82  -1.81     4.18
  SINCE JAN 1      0.89                      1.69  -0.80     1.78

DEGREE DAYS
 HEATING
  YESTERDAY       45                        31     14       22
  MONTH TO DATE  112                        94     18       74
  SINCE MAR 1    112                        94     18       74
  SINCE JUL 1   4155                      5379  -1224     4878

 COOLING
  YESTERDAY        0                         0      0        0
  MONTH TO DATE    0                         0      0        0
  SINCE MAR 1      0                         0      0        0
  SINCE JAN 1      0                         0      0        0
..................................................................


WIND (MPH)
  HIGHEST WIND SPEED    22   HIGHEST WIND DIRECTION     N (340)
  HIGHEST GUST SPEED    25   HIGHEST GUST DIRECTION     N (340)
  AVERAGE WIND SPEED     8.6




RELATIVE HUMIDITY (PERCENT)
 HIGHEST    92           500 AM
 LOWEST     47           300 PM
 AVERAGE    70

..........................................................


THE EUREKA AIRPORT NV CLIMATE NORMALS FOR TODAY
                         NORMAL    RECORD    YEAR
 MAXIMUM TEMPERATURE (F)   48        65      1994
 MINIMUM TEMPERATURE (F)   21        -6      1966


SUNRISE AND SUNSET
MARCH  4 2015.........SUNRISE   613 AM PST   SUNSET   539 PM PST
MARCH  5 2015.........SUNRISE   611 AM PST   SUNSET   540 PM PST


-  INDICATES NEGATIVE NUMBERS.
R  INDICATES RECORD WAS SET OR TIED.
MM INDICATES DATA IS MISSING.
T  INDICATES TRACE AMOUNT.




$$
