000
CDUS45 KLKN 020941
CLIP68


CLIMATE REPORT
NATIONAL WEATHER SERVICE ELKO NV
235 AM PDT THU OCT 2 2014


...................................

...THE EUREKA AIRPORT NV CLIMATE SUMMARY FOR OCTOBER 1 2014...

CLIMATE NORMAL PERIOD 1981 TO 2010
CLIMATE RECORD PERIOD 1963 TO 2014


WEATHER ITEM   OBSERVED TIME   RECORD YEAR NORMAL DEPARTURE LAST
                VALUE   (LST)  VALUE       VALUE  FROM      YEAR
                                                  NORMAL
..................................................................
TEMPERATURE (F)
 YESTERDAY
  MAXIMUM         58    312 PM  89    2010  71    -13       76
                                      1980
  MINIMUM         27    555 AM  18    2009  33     -6       36
  AVERAGE         43                        52     -9       56

PRECIPITATION (IN)
  YESTERDAY        0.00          0.33 1983   0.02  -0.02     0.00
  MONTH TO DATE    0.00                      0.02  -0.02     0.00
  SINCE OCT 1      0.00                      0.02  -0.02     0.00
  SINCE JAN 1      7.94                      6.89   1.05     6.14

DEGREE DAYS
 HEATING
  YESTERDAY       22                        13      9        9
  MONTH TO DATE   22                        13      9        9
  SINCE SEP 1    115                       230   -115      199
  SINCE JUL 1    140                       277   -137      200

 COOLING
  YESTERDAY        0                         0      0        0
  MONTH TO DATE    0                         0      0        0
  SINCE SEP 1     37                        11     26       44
  SINCE JAN 1    436                       288    148      585
..................................................................


WIND (MPH)
  HIGHEST WIND SPEED    15   HIGHEST WIND DIRECTION     N (20)
  HIGHEST GUST SPEED    20   HIGHEST GUST DIRECTION     N (20)
  AVERAGE WIND SPEED     4.7




RELATIVE HUMIDITY (PERCENT)
 HIGHEST    84           600 AM
 LOWEST     21           300 PM
 AVERAGE    53

..........................................................


THE EUREKA AIRPORT NV CLIMATE NORMALS FOR TODAY
                         NORMAL    RECORD    YEAR
 MAXIMUM TEMPERATURE (F)   71        93      1980
 MINIMUM TEMPERATURE (F)   33        20      1985


SUNRISE AND SUNSET
OCTOBER  2 2014.......SUNRISE   641 AM PDT   SUNSET   625 PM PDT
OCTOBER  3 2014.......SUNRISE   642 AM PDT   SUNSET   623 PM PDT


-  INDICATES NEGATIVE NUMBERS.
R  INDICATES RECORD WAS SET OR TIED.
MM INDICATES DATA IS MISSING.
T  INDICATES TRACE AMOUNT.




$$
