000
CDUS45 KLKN 240940
CLIP68


CLIMATE REPORT
NATIONAL WEATHER SERVICE ELKO NV
239 AM PDT THU APR 24 2014


...................................

...THE EUREKA AIRPORT NV CLIMATE SUMMARY FOR APRIL 23 2014...

CLIMATE NORMAL PERIOD 1981 TO 2010
CLIMATE RECORD PERIOD 1963 TO 2014


WEATHER ITEM   OBSERVED TIME   RECORD YEAR NORMAL DEPARTURE LAST
                VALUE   (LST)  VALUE       VALUE  FROM      YEAR
                                                  NORMAL
..................................................................
TEMPERATURE (F)
 YESTERDAY
  MAXIMUM         56    525 PM  85    2012  61     -5       56
  MINIMUM         23    522 AM   8    1968  29     -6       14
  AVERAGE         40                        45     -5       35

PRECIPITATION (IN)
  YESTERDAY        0.00          0.46 1990   0.03  -0.03     0.00
  MONTH TO DATE    0.18                      0.73  -0.55     0.41
  SINCE OCT 1      4.92                      5.39  -0.47     3.92
  SINCE JAN 1      2.52                      3.26  -0.74     2.48

DEGREE DAYS
 HEATING
  YESTERDAY       25                        20      5       30
  MONTH TO DATE  429                       519    -90      507
  SINCE MAR 1   1207                      1390   -183     1226
  SINCE JUL 1   6011                      6675   -664     6314

 COOLING
  YESTERDAY        0                         0      0        0
  MONTH TO DATE    0                         0      0        0
  SINCE MAR 1      0                         0      0        0
  SINCE JAN 1      0                         0      0        0
..................................................................


WIND (MPH)
  HIGHEST WIND SPEED    15   HIGHEST WIND DIRECTION    NE (30)
  HIGHEST GUST SPEED    20   HIGHEST GUST DIRECTION    SW (220)
  AVERAGE WIND SPEED     4.8




RELATIVE HUMIDITY (PERCENT)
 HIGHEST    81           400 AM
 LOWEST     18           500 PM
 AVERAGE    50

..........................................................


THE EUREKA AIRPORT NV CLIMATE NORMALS FOR TODAY
                         NORMAL    RECORD    YEAR
 MAXIMUM TEMPERATURE (F)   62        79      2012
 MINIMUM TEMPERATURE (F)   30         3      1964


SUNRISE AND SUNSET
APRIL 24 2014.........SUNRISE   554 AM PDT   SUNSET   731 PM PDT
APRIL 25 2014.........SUNRISE   553 AM PDT   SUNSET   732 PM PDT


-  INDICATES NEGATIVE NUMBERS.
R  INDICATES RECORD WAS SET OR TIED.
MM INDICATES DATA IS MISSING.
T  INDICATES TRACE AMOUNT.




$$
