000
CDUS43 KPAH 270640
CLIPAH


CLIMATE REPORT
NATIONAL WEATHER SERVICE PADUCAH KY
1238 AM CST THU NOV 27 2014


...................................

...THE PADUCAH KY CLIMATE SUMMARY FOR NOVEMBER 26 2014...

CLIMATE NORMAL PERIOD 1981 TO 2010
CLIMATE RECORD PERIOD 1937 TO 2014


WEATHER ITEM   OBSERVED TIME   RECORD YEAR NORMAL DEPARTURE LAST
                VALUE   (LST)  VALUE       VALUE  FROM      YEAR
                                                  NORMAL
..................................................................
TEMPERATURE (F)
 YESTERDAY
  MAXIMUM         44    125 PM  74    1990  53     -9       41
                                      1965
  MINIMUM         22    455 AM  13    1977  34    -12       30
  AVERAGE         33                        44    -11       36

PRECIPITATION (IN)
  YESTERDAY        0.11          2.96 1978   0.15  -0.04     0.02
  MONTH TO DATE    2.57                      3.65  -1.08     2.27
  SINCE SEP 1      7.16                     11.36  -4.20    11.43
  SINCE JAN 1     43.93                     43.84   0.09    52.20

SNOWFALL (IN)
  YESTERDAY        0.0           0.2  2002   0.0    0.0       T
  MONTH TO DATE    2.8                       0.0    2.8       T
  SINCE SEP 1      2.8                       0.1    2.7       T
  SINCE JUL 1      2.8                       0.1    2.7       T
  SNOW DEPTH       0

DEGREE DAYS
 HEATING
  YESTERDAY       32                        21     11       29
  MONTH TO DATE  632                       420    212      469
  SINCE SEP 1    857                       686    171      678
  SINCE JUL 1    857                       687    170      678

 COOLING
  YESTERDAY        0                         0      0        0
  MONTH TO DATE    0                         0      0        0
  SINCE SEP 1    251                       225     26      304
  SINCE JAN 1   1722                      1538    184     1478
..................................................................


WIND (MPH)
  HIGHEST WIND SPEED    18   HIGHEST WIND DIRECTION     W (270)
  HIGHEST GUST SPEED    24   HIGHEST GUST DIRECTION     W (280)
  AVERAGE WIND SPEED     6.5


SKY COVER
  POSSIBLE SUNSHINE  MM
  AVERAGE SKY COVER 0.5


WEATHER CONDITIONS
 THE FOLLOWING WEATHER WAS RECORDED YESTERDAY.
  LIGHT RAIN
  FOG
  HAZE


RELATIVE HUMIDITY (PERCENT)
 HIGHEST    92           400 AM
 LOWEST     53           100 PM
 AVERAGE    73

..........................................................


THE PADUCAH KY CLIMATE NORMALS FOR TODAY
                         NORMAL    RECORD    YEAR
 MAXIMUM TEMPERATURE (F)   53        78      1990
 MINIMUM TEMPERATURE (F)   34        16      1938


SUNRISE AND SUNSET
NOVEMBER 27 2014......SUNRISE   646 AM CST   SUNSET   439 PM CST
NOVEMBER 28 2014......SUNRISE   647 AM CST   SUNSET   439 PM CST


-  INDICATES NEGATIVE NUMBERS.
R  INDICATES RECORD WAS SET OR TIED.
MM INDICATES DATA IS MISSING.
T  INDICATES TRACE AMOUNT.

&&
.........................................................

***** AGRICULTURAL DATA *****

SOIL TEMPERATURES AT A DEPTH OF FOUR INCHES

UNDER GRASS.........  MAX: 48  MIN: 47

$$
