000
CDUS43 KPAH 290626
CLIPAH


CLIMATE REPORT
NATIONAL WEATHER SERVICE PADUCAH KY
125 AM CDT MON MAY 29 2017


...................................

...THE PADUCAH KY CLIMATE SUMMARY FOR MAY 28 2017...

CLIMATE NORMAL PERIOD 1981 TO 2010
CLIMATE RECORD PERIOD 1937 TO 2017


WEATHER ITEM   OBSERVED TIME   RECORD YEAR NORMAL DEPARTURE LAST
                VALUE   (LST)  VALUE       VALUE  FROM      YEAR
                                                  NORMAL
..................................................................
TEMPERATURE (F)
 YESTERDAY
  MAXIMUM         77    339 PM  95    2012  81     -4       84
  MINIMUM         63    438 AM  44    1994  60      3       70
  AVERAGE         70                        70      0       77

PRECIPITATION (IN)
  YESTERDAY        0.06          2.08 1997   0.15  -0.09     0.00
  MONTH TO DATE    4.94                      4.50   0.44     5.27
  SINCE MAR 1     17.51                     13.19   4.32    17.74
  SINCE JAN 1     22.34                     20.78   1.56    23.20

SNOWFALL (IN)
  YESTERDAY        0.0           0.0  2002   0.0    0.0      0.0
                                      2001
  MONTH TO DATE    0.0                       0.0    0.0      0.0
  SINCE MAR 1      1.0                       0.6    0.4       T
  SINCE JUL 1      1.2                       9.1   -7.9     12.1
  SNOW DEPTH       0

DEGREE DAYS
 HEATING
  YESTERDAY        0                         1     -1        0
  MONTH TO DATE   59                        62     -3       91
  SINCE MAR 1    599                       830   -231      630
  SINCE JUL 1   3078                      4126  -1048     3292

 COOLING
  YESTERDAY        5                         6     -1       12
  MONTH TO DATE  127                       109     18       81
  SINCE MAR 1    203                       151     52      117
  SINCE JAN 1    203                       151     52      117
..................................................................


WIND (MPH)
  HIGHEST WIND SPEED    22   HIGHEST WIND DIRECTION     W (260)
  HIGHEST GUST SPEED    28   HIGHEST GUST DIRECTION     W (280)
  AVERAGE WIND SPEED     8.6


SKY COVER
  POSSIBLE SUNSHINE  MM
  AVERAGE SKY COVER 0.5


WEATHER CONDITIONS
 THE FOLLOWING WEATHER WAS RECORDED YESTERDAY.
  LIGHT RAIN
  FOG


RELATIVE HUMIDITY (PERCENT)
 HIGHEST    93           400 AM
 LOWEST     64           200 PM
 AVERAGE    79

..........................................................


THE PADUCAH KY CLIMATE NORMALS FOR TODAY
                         NORMAL    RECORD    YEAR
 MAXIMUM TEMPERATURE (F)   82        94      1942
 MINIMUM TEMPERATURE (F)   60        43      1964


SUNRISE AND SUNSET
MAY 29 2017...........SUNRISE   538 AM CDT   SUNSET   807 PM CDT
MAY 30 2017...........SUNRISE   537 AM CDT   SUNSET   808 PM CDT


-  INDICATES NEGATIVE NUMBERS.
R  INDICATES RECORD WAS SET OR TIED.
MM INDICATES DATA IS MISSING.
T  INDICATES TRACE AMOUNT.

&&

***** AGRICULTURAL DATA *****

SOIL TEMPERATURES AT A DEPTH OF FOUR INCHES

UNDER GRASS...  MAX: 69    MIN: 69


$$
