000
CDUS43 KPAH 010631
CLIPAH


CLIMATE REPORT
NATIONAL WEATHER SERVICE PADUCAH KY
1229 AM CST WED MAR 1 2017


...................................

...THE PADUCAH KY CLIMATE SUMMARY FOR FEBRUARY 28 2017...

CLIMATE NORMAL PERIOD 1981 TO 2010
CLIMATE RECORD PERIOD 1937 TO 2017


WEATHER ITEM   OBSERVED TIME   RECORD YEAR NORMAL DEPARTURE LAST
                VALUE   (LST)  VALUE       VALUE  FROM      YEAR
                                                  NORMAL
..................................................................
TEMPERATURE (F)
 YESTERDAY
  MAXIMUM         72   1020 PM  73    1976  53     19       69
  MINIMUM         54    245 AM  17    1993  33     21       47
  AVERAGE         63                        43     20       58

PRECIPITATION (IN)
  YESTERDAY        1.11          1.78 1997   0.13   0.98     0.00
  MONTH TO DATE    2.33                      3.91  -1.58     2.91
  SINCE DEC 1     10.84                     12.18  -1.34    12.88
  SINCE JAN 1      4.83                      7.59  -2.76     5.46

SNOWFALL (IN)
  YESTERDAY        0.0           5.0  1984   0.1   -0.1      0.0
  MONTH TO DATE    T                         3.2   -3.2      3.7
  SINCE DEC 1      0.2                       8.4   -8.2     12.1
  SINCE JUL 1      0.2                       8.5   -8.3     12.1
  SNOW DEPTH       0

DEGREE DAYS
 HEATING
  YESTERDAY        2                        22    -20        7
  MONTH TO DATE  458                       722   -264      674
  SINCE DEC 1   1978                      2519   -541     2103
  SINCE JUL 1   2479                      3296   -817     2647

 COOLING
  YESTERDAY        0                         0      0        0
  MONTH TO DATE    0                         0      0        0
  SINCE DEC 1      0                         0      0        6
  SINCE JAN 1      0                         0      0        0
..................................................................


WIND (MPH)
  HIGHEST WIND SPEED    28   HIGHEST WIND DIRECTION    SW (220)
  HIGHEST GUST SPEED    41   HIGHEST GUST DIRECTION    SW (220)
  AVERAGE WIND SPEED    10.8


SKY COVER
  POSSIBLE SUNSHINE  MM
  AVERAGE SKY COVER 0.8


WEATHER CONDITIONS
 THE FOLLOWING WEATHER WAS RECORDED YESTERDAY.
  THUNDERSTORM
  HEAVY RAIN
  RAIN
  LIGHT RAIN
  FOG
  HAZE


RELATIVE HUMIDITY (PERCENT)
 HIGHEST    93           500 AM
 LOWEST     72          1200 AM
 AVERAGE    83

..........................................................


THE PADUCAH KY CLIMATE NORMALS FOR TODAY
                         NORMAL    RECORD    YEAR
 MAXIMUM TEMPERATURE (F)   54        77      2006
 MINIMUM TEMPERATURE (F)   34        13      1962


SUNRISE AND SUNSET
MARCH  1 2017.........SUNRISE   626 AM CST   SUNSET   549 PM CST
MARCH  2 2017.........SUNRISE   624 AM CST   SUNSET   550 PM CST


-  INDICATES NEGATIVE NUMBERS.
R  INDICATES RECORD WAS SET OR TIED.
MM INDICATES DATA IS MISSING.
T  INDICATES TRACE AMOUNT.

&&
....................................................

***** AGRICULTURAL DATA *****

SOIL TEMPERATURES AT A DEPTH OF FOUR INCHES

UNDER GRASS...  MAX: 50    MIN: 50


$$
