000
CDUS43 KPAH 061042
CLIPAH

CLIMATE REPORT
NATIONAL WEATHER SERVICE PADUCAH KY
1229 AM CST FRI MAR 6 2015

...CORRECTED SNOWFALL AMOUNT...
...................................

...THE PADUCAH KY CLIMATE SUMMARY FOR MARCH 5 2015...

CLIMATE NORMAL PERIOD 1981 TO 2010
CLIMATE RECORD PERIOD 1937 TO 2015


WEATHER ITEM   OBSERVED TIME   RECORD YEAR NORMAL DEPARTURE LAST
                VALUE   (LST)  VALUE       VALUE  FROM      YEAR
                                                  NORMAL
..................................................................
TEMPERATURE (F)
 YESTERDAY
  MAXIMUM         27    137 PM  78    1938  55    -28       37
  MINIMUM          4   1101 PM  -2    1960  35    -31       28
  AVERAGE         16                        45    -29       33

PRECIPITATION (IN)
  YESTERDAY        0.05          3.29 1939   0.12  -0.07     0.00
  MONTH TO DATE    3.71                      0.57   3.14     1.57
  SINCE MAR 1      3.71                      0.57   3.14     1.57
  SINCE JAN 1     11.00                      8.16   2.84     6.75

SNOWFALL (IN)
  YESTERDAY        4.0           T    2013   0.0    0.0      0.0
                                      1993
  MONTH TO DATE   12.1                       0.2   11.9      5.4
  SINCE MAR 1     12.1                       0.2   11.9      5.4
  SINCE JUL 1     28.6                       8.7   19.9     18.3
  SNOW DEPTH      10

DEGREE DAYS
 HEATING
  YESTERDAY       49                        20     29       32
  MONTH TO DATE  162                       104     58      170
  SINCE MAR 1    162                       104     58      170
  SINCE JUL 1   3831                      3400    431     3825

 COOLING
  YESTERDAY        0                         0      0        0
  MONTH TO DATE    0                         0      0        0
  SINCE MAR 1      0                         0      0        0
  SINCE JAN 1      0                         0      0        0
..................................................................


WIND (MPH)
  HIGHEST WIND SPEED    21   HIGHEST WIND DIRECTION     N (20)
  HIGHEST GUST SPEED    30   HIGHEST GUST DIRECTION     N (20)
  AVERAGE WIND SPEED    11.6


SKY COVER
  POSSIBLE SUNSHINE  MM
  AVERAGE SKY COVER 0.4


WEATHER CONDITIONS
 THE FOLLOWING WEATHER WAS RECORDED YESTERDAY.
  LIGHT SNOW
  FOG


RELATIVE HUMIDITY (PERCENT)
 HIGHEST    92           200 AM
 LOWEST     42           200 PM
 AVERAGE    67

..........................................................


THE PADUCAH KY CLIMATE NORMALS FOR TODAY
                         NORMAL    RECORD    YEAR
 MAXIMUM TEMPERATURE (F)   56        77      1994
                                             1951
 MINIMUM TEMPERATURE (F)   35        -2      1960


SUNRISE AND SUNSET
MARCH  6 2015.........SUNRISE   619 AM CST   SUNSET   554 PM CST
MARCH  7 2015.........SUNRISE   618 AM CST   SUNSET   555 PM CST


-  INDICATES NEGATIVE NUMBERS.
R  INDICATES RECORD WAS SET OR TIED.
MM INDICATES DATA IS MISSING.
T  INDICATES TRACE AMOUNT.

&&
..........................................................
***** AGRUCULTURAL DATA *****

SOIL TEMPERATURES AT A DEPTH OF FOUR INCHES

UMDER BARE GROUND...  MAX: 37  MIN: 36

$$
