000
CDUS43 KPAH 170631
CLIPAH


CLIMATE REPORT
NATIONAL WEATHER SERVICE PADUCAH KY
1229 AM CST SUN DEC 17 2017


...................................

...THE PADUCAH KY CLIMATE SUMMARY FOR DECEMBER 16 2017...

CLIMATE NORMAL PERIOD 1981 TO 2010
CLIMATE RECORD PERIOD 1937 TO 2017


WEATHER ITEM   OBSERVED TIME   RECORD YEAR NORMAL DEPARTURE LAST
                VALUE   (LST)  VALUE       VALUE  FROM      YEAR
                                                  NORMAL
..................................................................
TEMPERATURE (F)
 YESTERDAY
  MAXIMUM         54    159 PM  70    1984  46      8       53
  MINIMUM         33    737 AM  -4    1989  28      5       20
  AVERAGE         44                        37      7       37

PRECIPITATION (IN)
  YESTERDAY        0.00          2.29 2001   0.15  -0.15     0.02
  MONTH TO DATE    0.69                      2.47  -1.78     1.14
  SINCE DEC 1      0.69                      2.47  -1.78     1.14
  SINCE JAN 1     43.83                     46.96  -3.13    47.63

SNOWFALL (IN)
  YESTERDAY        0.0           1.5  1996   0.0    0.0      0.0
  MONTH TO DATE    T                         0.9   -0.9      0.0
  SINCE DEC 1      T                         0.9   -0.9      0.0
  SINCE JUL 1      T                         1.0   -1.0      0.0
  SNOW DEPTH       0

DEGREE DAYS
 HEATING
  YESTERDAY       21                        28     -7       28
  MONTH TO DATE  388                       414    -26      461
  SINCE DEC 1    388                       414    -26      461
  SINCE JUL 1   1071                      1191   -120      962

 COOLING
  YESTERDAY        0                         0      0        0
  MONTH TO DATE    0                         0      0        0
  SINCE DEC 1      0                         0      0        0
  SINCE JAN 1   1692                      1542    150     1953
..................................................................


WIND (MPH)
  HIGHEST WIND SPEED    21   HIGHEST WIND DIRECTION    SW (230)
  HIGHEST GUST SPEED    30   HIGHEST GUST DIRECTION    SW (240)
  AVERAGE WIND SPEED     8.1


SKY COVER
  POSSIBLE SUNSHINE  MM
  AVERAGE SKY COVER 0.0


WEATHER CONDITIONS
 THE FOLLOWING WEATHER WAS RECORDED YESTERDAY.
  NO SIGNIFICANT WEATHER WAS OBSERVED.


RELATIVE HUMIDITY (PERCENT)
 HIGHEST    75           800 AM
 LOWEST     35           200 PM
 AVERAGE    55

..........................................................


THE PADUCAH KY CLIMATE NORMALS FOR TODAY
                         NORMAL    RECORD    YEAR
 MAXIMUM TEMPERATURE (F)   46        72      2016
 MINIMUM TEMPERATURE (F)   28         6      2000
                                             1989
                                             1943


SUNRISE AND SUNSET
DECEMBER 17 2017......SUNRISE   703 AM CST   SUNSET   440 PM CST
DECEMBER 18 2017......SUNRISE   703 AM CST   SUNSET   440 PM CST


-  INDICATES NEGATIVE NUMBERS.
R  INDICATES RECORD WAS SET OR TIED.
MM INDICATES DATA IS MISSING.
T  INDICATES TRACE AMOUNT.

&&
.............................................

***** AGRICULTURAL DATA *****

SOIL TEMPERATURES AT A DEPTH OF FOUR INCHES

UNDER GRASS... MAX: 43    MIN: 42


$$
