000
CDUS43 KPAH 300631
CLIPAH


CLIMATE REPORT
NATIONAL WEATHER SERVICE PADUCAH KY
127 AM CDT SAT MAY 30 2015


...................................

...THE PADUCAH KY CLIMATE SUMMARY FOR MAY 29 2015...

CLIMATE NORMAL PERIOD 1981 TO 2010
CLIMATE RECORD PERIOD 1937 TO 2015


WEATHER ITEM   OBSERVED TIME   RECORD YEAR NORMAL DEPARTURE LAST
                VALUE   (LST)  VALUE       VALUE  FROM      YEAR
                                                  NORMAL
..................................................................
TEMPERATURE (F)
 YESTERDAY
  MAXIMUM         85    413 PM  94    1942  82      3       84
  MINIMUM         65    405 AM  43    1964  60      5       70
  AVERAGE         75                        71      4       77

PRECIPITATION (IN)
  YESTERDAY        0.00          1.25 1947   0.14  -0.14      T
  MONTH TO DATE    2.98                      4.64  -1.66     2.88
  SINCE MAR 1     17.60                     13.33   4.27    15.00
  SINCE JAN 1     24.89                     20.92   3.97    20.18

SNOWFALL (IN)
  YESTERDAY        0.0                       0.0    0.0      0.0
  MONTH TO DATE    0.0                       0.0    0.0      0.0
  SINCE MAR 1     12.1                       0.6   11.5      5.6
  SINCE JUL 1     28.6                       9.1   19.5     18.5
  SNOW DEPTH       0

DEGREE DAYS
 HEATING
  YESTERDAY        0                         1     -1        0
  MONTH TO DATE   50                        63    -13       57
  SINCE MAR 1    806                       831    -25      886
  SINCE JUL 1   4475                      4127    348     4541

 COOLING
  YESTERDAY       10                         6      4       12
  MONTH TO DATE  159                       115     44      220
  SINCE MAR 1    201                       157     44      250
  SINCE JAN 1    201                       157     44      250
..................................................................


WIND (MPH)
  HIGHEST WIND SPEED    13   HIGHEST WIND DIRECTION     S (160)
  HIGHEST GUST SPEED    26   HIGHEST GUST DIRECTION     S (160)
  AVERAGE WIND SPEED     6.7


SKY COVER
  POSSIBLE SUNSHINE  MM
  AVERAGE SKY COVER 0.3


WEATHER CONDITIONS
 THE FOLLOWING WEATHER WAS RECORDED YESTERDAY.
  FOG


RELATIVE HUMIDITY (PERCENT)
 HIGHEST    93           300 AM
 LOWEST     51           400 PM
 AVERAGE    72

..........................................................


THE PADUCAH KY CLIMATE NORMALS FOR TODAY
                         NORMAL    RECORD    YEAR
 MAXIMUM TEMPERATURE (F)   82        94      1942
 MINIMUM TEMPERATURE (F)   60        44      1984


SUNRISE AND SUNSET
MAY 30 2015...........SUNRISE   538 AM CDT   SUNSET   808 PM CDT
MAY 31 2015...........SUNRISE   537 AM CDT   SUNSET   809 PM CDT


-  INDICATES NEGATIVE NUMBERS.
R  INDICATES RECORD WAS SET OR TIED.
MM INDICATES DATA IS MISSING.
T  INDICATES TRACE AMOUNT.

&&
.........................................................
***** AGRICULTURAL DATA *****

SOIL TEMPERATURES AT A DEPTH OF FOUR INCHES

UNDER GRASS...  MAX: 70  MIN: 70

$$
