000
CDUS43 KPAH 250633
CLIPAH


CLIMATE REPORT
NATIONAL WEATHER SERVICE PADUCAH KY
129 AM CDT FRI JUL 25 2014


...................................

...THE PADUCAH KY CLIMATE SUMMARY FOR JULY 24 2014...

CLIMATE NORMAL PERIOD 1981 TO 2010
CLIMATE RECORD PERIOD 1937 TO 2014


WEATHER ITEM   OBSERVED TIME   RECORD YEAR NORMAL DEPARTURE LAST
                VALUE   (LST)  VALUE       VALUE  FROM      YEAR
                                                  NORMAL
..................................................................
TEMPERATURE (F)
 YESTERDAY
  MAXIMUM         84    226 PM 102    1945  89     -5       83
  MINIMUM         59    516 AM  47    1947  68     -9       65
  AVERAGE         72                        79     -7       74

PRECIPITATION (IN)
  YESTERDAY        0.00          2.09 2011   0.14  -0.14     0.00
  MONTH TO DATE    2.04                      3.52  -1.48     1.92
  SINCE JUN 1      8.73                      7.58   1.15    11.03
  SINCE JAN 1     28.92                     28.80   0.12    36.50

SNOWFALL (IN)
  YESTERDAY        0.0                       0.0    0.0      0.0
  MONTH TO DATE    0.0                       0.0    0.0      0.0
  SINCE JUN 1      0.0                       0.0    0.0      0.0
  SINCE JUL 1      0.0                       0.0    0.0      0.0
  SNOW DEPTH       0

DEGREE DAYS
 HEATING
  YESTERDAY        0                         0      0        0
  MONTH TO DATE    0                         0      0        0
  SINCE JUN 1      0                         4     -4        0
  SINCE JUL 1      0                         0      0        0

 COOLING
  YESTERDAY        7                        14     -7        9
  MONTH TO DATE  251                       336    -85      285
  SINCE JUN 1    656                       656      0      602
  SINCE JAN 1    934                       828    106      780
..................................................................


WIND (MPH)
  HIGHEST WIND SPEED    15   HIGHEST WIND DIRECTION    NE (30)
  HIGHEST GUST SPEED    22   HIGHEST GUST DIRECTION    NE (30)
  AVERAGE WIND SPEED     6.5


SKY COVER
  POSSIBLE SUNSHINE  MM
  AVERAGE SKY COVER 0.1


WEATHER CONDITIONS
 THE FOLLOWING WEATHER WAS RECORDED YESTERDAY.
  NO SIGNIFICANT WEATHER WAS OBSERVED.


RELATIVE HUMIDITY (PERCENT)
 HIGHEST    84          1000 PM
 LOWEST     47           300 PM
 AVERAGE    66

..........................................................


THE PADUCAH KY CLIMATE NORMALS FOR TODAY
                         NORMAL    RECORD    YEAR
 MAXIMUM TEMPERATURE (F)   89       104      1945
 MINIMUM TEMPERATURE (F)   68        54      1948


SUNRISE AND SUNSET
JULY 25 2014..........SUNRISE   554 AM CDT   SUNSET   808 PM CDT
JULY 26 2014..........SUNRISE   555 AM CDT   SUNSET   807 PM CDT


-  INDICATES NEGATIVE NUMBERS.
R  INDICATES RECORD WAS SET OR TIED.
MM INDICATES DATA IS MISSING.
T  INDICATES TRACE AMOUNT.

&&
..........................................................
***** AGRICULTURAL DATA *****

SOIL TEMPERATURES AT A DEPTH OF FOUR INCHES

UNDER BARE GROUND...  MAX: MM  MIN: MM
UNDER GRASS.........  MAX: 81  MIN: 76

$$
