214
CDUS43 KPAH 312128
CLIPAH


CLIMATE REPORT
NATIONAL WEATHER SERVICE PADUCAH KY
427 PM CDT TUE MAY 31 2016


...................................

...THE PADUCAH KY CLIMATE SUMMARY FOR MAY 31 2016...
VALID TODAY AS OF 0400 PM LOCAL TIME.

CLIMATE NORMAL PERIOD 1981 TO 2010
CLIMATE RECORD PERIOD 1937 TO 2016


WEATHER ITEM   OBSERVED TIME   RECORD YEAR NORMAL DEPARTURE LAST
                VALUE   (LST)  VALUE       VALUE  FROM      YEAR
                                                  NORMAL
..................................................................
TEMPERATURE (F)
 TODAY
  MAXIMUM         87    136 PM  95    1953  82      5       68
  MINIMUM         65    116 AM  45    1984  61      4       60
  AVERAGE         76                        71      5       64

PRECIPITATION (IN)
  TODAY            T             2.89 1980   0.15  -0.15      T
  MONTH TO DATE    5.27                      4.94   0.33     3.71
  SINCE MAR 1     17.74                     13.63   4.11    18.33
  SINCE JAN 1     23.20                     21.22   1.98    25.62

SNOWFALL (IN)
  TODAY            0.0                                       0.0
  MONTH TO DATE    0.0                                       0.0
  SINCE JUL 1     12.1                                      28.6
  SNOW DEPTH       0

..................................................................


WIND (MPH)
  HIGHEST WIND SPEED    15   HIGHEST WIND DIRECTION    SW (240)
  HIGHEST GUST SPEED    20   HIGHEST GUST DIRECTION    SW (240)




RELATIVE HUMIDITY (PERCENT)
 HIGHEST    93
 LOWEST     44

..........................................................


THE PADUCAH KY CLIMATE NORMALS FOR TOMORROW
                         NORMAL    RECORD    YEAR
 MAXIMUM TEMPERATURE (F)   83        94      1951
                                             1944
 MINIMUM TEMPERATURE (F)   61        44      1993


SUNRISE AND SUNSET
MAY 31 2016...........SUNRISE   537 AM CDT   SUNSET   809 PM CDT
JUNE  1 2016..........SUNRISE   537 AM CDT   SUNSET   810 PM CDT


-  INDICATES NEGATIVE NUMBERS.
R  INDICATES RECORD WAS SET OR TIED.
MM INDICATES DATA IS MISSING.
T  INDICATES TRACE AMOUNT.




$$
