000
CDUS44 KLZK 240632
CLIPBF


CLIMATE REPORT
NATIONAL WEATHER SERVICE LITTLE ROCK AR
131 AM CDT FRI MAR 24 2017


...................................

...THE PINE BLUFF CLIMATE SUMMARY FOR MARCH 23 2017...

CLIMATE NORMAL PERIOD 1981 TO 2010
CLIMATE RECORD PERIOD 1883 TO 2017


WEATHER ITEM   OBSERVED TIME   RECORD YEAR NORMAL DEPARTURE LAST
                VALUE   (LST)  VALUE       VALUE  FROM      YEAR
                                                  NORMAL
..................................................................
TEMPERATURE (F)
 YESTERDAY
  MAXIMUM         84    309 PM  94    1929  67     17       73
  MINIMUM         49    506 AM  25    1915  45      4       58
  AVERAGE         67                        56     11       66

PRECIPITATION (IN)
  YESTERDAY        0.00          1.94 1969   0.17  -0.17     0.00
  MONTH TO DATE    1.66                      4.06  -2.40    10.16
  SINCE MAR 1      1.66                      4.06  -2.40    10.16
  SINCE JAN 1      7.96                     11.88  -3.92    16.21

SNOWFALL (IN)
  YESTERDAY        0.0           T    1968   0.0    0.0      0.0
  MONTH TO DATE    0.0                       0.0    0.0      0.0
  SINCE MAR 1      0.0                       0.0    0.0      0.0
  SINCE JUL 1      1.5                       3.1   -1.6      3.6
  SNOW DEPTH       0

DEGREE DAYS
 HEATING
  YESTERDAY        0                         9     -9        0
  MONTH TO DATE  236                       282    -46      171
  SINCE MAR 1    236                       282    -46      171
  SINCE JUL 1   1947                      2670   -723     2078

 COOLING
  YESTERDAY        2                         1      1        1
  MONTH TO DATE   17                         8      9       15
  SINCE MAR 1     17                         8      9       15
  SINCE JAN 1     38                        11     27       19
..................................................................


WIND (MPH)
  HIGHEST WIND SPEED    20   HIGHEST WIND DIRECTION     S (180)
  HIGHEST GUST SPEED    26   HIGHEST GUST DIRECTION    SE (150)
  AVERAGE WIND SPEED     9.1


SKY COVER
  POSSIBLE SUNSHINE  MM
  AVERAGE SKY COVER 0.2


WEATHER CONDITIONS
 THE FOLLOWING WEATHER WAS RECORDED YESTERDAY.
  NO SIGNIFICANT WEATHER WAS OBSERVED.


RELATIVE HUMIDITY (PERCENT)
 HIGHEST    71           500 AM
 LOWEST     37           400 PM
 AVERAGE    54

..........................................................


THE PINE BLUFF CLIMATE NORMALS FOR TODAY
                         NORMAL    RECORD    YEAR
 MAXIMUM TEMPERATURE (F)   68        95      1929
 MINIMUM TEMPERATURE (F)   46        28      1974


SUNRISE AND SUNSET
MARCH 24 2017.........SUNRISE   706 AM CDT   SUNSET   723 PM CDT
MARCH 25 2017.........SUNRISE   704 AM CDT   SUNSET   724 PM CDT


-  INDICATES NEGATIVE NUMBERS.
R  INDICATES RECORD WAS SET OR TIED.
MM INDICATES DATA IS MISSING.
T  INDICATES TRACE AMOUNT.




$$
