000
CDUS44 KLZK 050017
CLIPBF


CLIMATE REPORT
NATIONAL WEATHER SERVICE LITTLE ROCK AR
617 PM CST WED MAR 4 2015


...................................

...THE PINE BLUFF CLIMATE SUMMARY FOR MARCH 4 2015...
VALID TODAY AS OF 0600 PM LOCAL TIME.

CLIMATE NORMAL PERIOD 1981 TO 2010
CLIMATE RECORD PERIOD 1883 TO 2015


WEATHER ITEM   OBSERVED TIME   RECORD YEAR NORMAL DEPARTURE LAST
                VALUE   (LST)  VALUE       VALUE  FROM      YEAR
                                                  NORMAL
..................................................................
TEMPERATURE (F)
 TODAY
  MAXIMUM         65        MM  93    1918  61      4       30
  MINIMUM         33    616 PM  19    2002  41     -8       20
  AVERAGE         49                        51     -2       25

PRECIPITATION (IN)
  TODAY            1.19          2.00 1977   0.19   1.00     0.00
  MONTH TO DATE    1.94                      0.73   1.21     1.67
  SINCE MAR 1      1.94                      0.73   1.21     1.67
  SINCE JAN 1      8.87                      8.55   0.32     7.10

SNOWFALL (IN)
  TODAY            T             2.0  1917   0.0    0.0      0.0
  MONTH TO DATE    T                         0.0    0.0       T
  SINCE MAR 1      T                         0.0    0.0       T
  SINCE JUL 1      7.2                       3.1    4.1      3.7
  SNOW DEPTH       0

DEGREE DAYS
 HEATING
  TODAY           16                        15      1       40
  MONTH TO DATE   92                        60     32      103
  SINCE MAR 1     92                        60     32      103
  SINCE JUL 1   2826                      2448    378     2872

 COOLING
  TODAY            0                         0      0        0
  MONTH TO DATE    0                         0      0        0
  SINCE MAR 1      0                         0      0        0
  SINCE JAN 1      0                         3     -3        0
..................................................................


WIND (MPH)
  HIGHEST WIND SPEED    22   HIGHEST WIND DIRECTION     N (10)
  HIGHEST GUST SPEED    43   HIGHEST GUST DIRECTION     N (20)
  AVERAGE WIND SPEED    11.8


SKY COVER
  POSSIBLE SUNSHINE  MM
  AVERAGE SKY COVER 1.0


WEATHER CONDITIONS
 THE FOLLOWING WEATHER WAS RECORDED TODAY.
  HEAVY RAIN
  RAIN
  LIGHT RAIN
  LIGHT SNOW
  SLEET
  FOG


RELATIVE HUMIDITY (PERCENT)
 HIGHEST    93          1200 AM
 LOWEST     85           200 PM
 AVERAGE    89

..........................................................


THE PINE BLUFF CLIMATE NORMALS FOR TOMORROW
                         NORMAL    RECORD    YEAR
 MAXIMUM TEMPERATURE (F)   61        96      1918
 MINIMUM TEMPERATURE (F)   41        20      1960


SUNRISE AND SUNSET
MARCH  4 2015.........SUNRISE   633 AM CST   SUNSET   606 PM CST
MARCH  5 2015.........SUNRISE   632 AM CST   SUNSET   607 PM CST


-  INDICATES NEGATIVE NUMBERS.
R  INDICATES RECORD WAS SET OR TIED.
MM INDICATES DATA IS MISSING.
T  INDICATES TRACE AMOUNT.




$$
