000
CDUS44 KLZK 200903
CLIPBF


CLIMATE REPORT
NATIONAL WEATHER SERVICE LITTLE ROCK AR
402 AM CDT MON OCT 20 2014


...................................

...THE PINE BLUFF CLIMATE SUMMARY FOR OCTOBER 19 2014...

CLIMATE NORMAL PERIOD 1981 TO 2010
CLIMATE RECORD PERIOD 1883 TO 2014


WEATHER ITEM   OBSERVED TIME   RECORD YEAR NORMAL DEPARTURE LAST
                VALUE   (LST)  VALUE       VALUE  FROM      YEAR
                                                  NORMAL
..................................................................
TEMPERATURE (F)
 YESTERDAY
  MAXIMUM         69    355 PM  91    1934  74     -5       62
                                      1924
  MINIMUM         44    541 AM  31    1948  51     -7       44
  AVERAGE         57                        62     -5       53

PRECIPITATION (IN)
  YESTERDAY        0.00          2.30 1916   0.19  -0.19      T
  MONTH TO DATE    5.04                      2.98   2.06     2.43
  SINCE SEP 1      5.83                      5.67   0.16     6.91
  SINCE JAN 1     35.74                     38.86  -3.12    40.54

SNOWFALL (IN)
  YESTERDAY        0.0          MM      MM   0.0    0.0      0.0
  MONTH TO DATE    0.0                       0.0    0.0      0.0
  SINCE SEP 1      0.0                       0.0    0.0      0.0
  SINCE JUL 1      0.0                       0.0    0.0      0.0
  SNOW DEPTH       0

DEGREE DAYS
 HEATING
  YESTERDAY        8                         4      4       12
  MONTH TO DATE   30                        51    -21       34
  SINCE SEP 1     33                        62    -29       34
  SINCE JUL 1     34                        62    -28       34

 COOLING
  YESTERDAY        0                         2     -2        0
  MONTH TO DATE   77                        57     20       88
  SINCE SEP 1    382                       343     39      476
  SINCE JAN 1   1883                      2101   -218     2140
..................................................................


WIND (MPH)
  HIGHEST WIND SPEED    12   HIGHEST WIND DIRECTION    NE (60)
  HIGHEST GUST SPEED    15   HIGHEST GUST DIRECTION     E (70)
  AVERAGE WIND SPEED     2.4


SKY COVER
  POSSIBLE SUNSHINE  MM
  AVERAGE SKY COVER 0.0


WEATHER CONDITIONS
 THE FOLLOWING WEATHER WAS RECORDED YESTERDAY.
  FOG


RELATIVE HUMIDITY (PERCENT)
 HIGHEST   100           500 AM
 LOWEST     40           300 PM
 AVERAGE    70

..........................................................


THE PINE BLUFF CLIMATE NORMALS FOR TODAY
                         NORMAL    RECORD    YEAR
 MAXIMUM TEMPERATURE (F)   74        91      1927
                                             1920
 MINIMUM TEMPERATURE (F)   50        29      1917


SUNRISE AND SUNSET
OCTOBER 20 2014.......SUNRISE   717 AM CDT   SUNSET   627 PM CDT
OCTOBER 21 2014.......SUNRISE   718 AM CDT   SUNSET   626 PM CDT


-  INDICATES NEGATIVE NUMBERS.
R  INDICATES RECORD WAS SET OR TIED.
MM INDICATES DATA IS MISSING.
T  INDICATES TRACE AMOUNT.




$$
