000
CDUS44 KLZK 202205
CLIPBF


CLIMATE REPORT
NATIONAL WEATHER SERVICE LITTLE ROCK AR
405 PM CST MON FEB 20 2017


...................................

...THE PINE BLUFF CLIMATE SUMMARY FOR FEBRUARY 20 2017...
VALID TODAY AS OF 0400 PM LOCAL TIME.

CLIMATE NORMAL PERIOD 1981 TO 2010
CLIMATE RECORD PERIOD 1883 TO 2017


WEATHER ITEM   OBSERVED TIME   RECORD YEAR NORMAL DEPARTURE LAST
                VALUE   (LST)  VALUE       VALUE  FROM      YEAR
                                                  NORMAL
..................................................................
TEMPERATURE (F)
 TODAY
  MAXIMUM         79    223 PM  83    1986  57     22       67
  MINIMUM         51    644 AM  18    1978  38     13       61
  AVERAGE         65                        47     18       64

PRECIPITATION (IN)
  TODAY            0.00          2.10 1961   0.15  -0.15     0.00
  MONTH TO DATE    0.85                      2.74  -1.89     2.95
  SINCE DEC 1      8.30                     11.94  -3.64    10.22
  SINCE JAN 1      3.72                      6.50  -2.78     4.88

SNOWFALL (IN)
  TODAY            0.0           2.2  1921   0.0    0.0      0.0
  MONTH TO DATE    0.0                       0.6   -0.6      0.0
  SINCE DEC 1      1.5                       3.1   -1.6      3.6
  SINCE JUL 1      1.5                       3.1   -1.6      3.6
  SNOW DEPTH       0

DEGREE DAYS
 HEATING
  TODAY            0                        18    -18        1
  MONTH TO DATE  237                       396   -159      343
  SINCE DEC 1   1349                      1750   -401     1447
  SINCE JUL 1   1646                      2254   -608     1786

 COOLING
  TODAY            0                         0      0        0
  MONTH TO DATE   12                         0     12        0
  SINCE DEC 1     22                         2     20       12
  SINCE JAN 1     17                         1     16        2
..................................................................


WIND (MPH)
  HIGHEST WIND SPEED    20   HIGHEST WIND DIRECTION     S (180)
  HIGHEST GUST SPEED    26   HIGHEST GUST DIRECTION     S (180)
  AVERAGE WIND SPEED    10.6


SKY COVER
  POSSIBLE SUNSHINE  MM
  AVERAGE SKY COVER 0.2


WEATHER CONDITIONS
 THE FOLLOWING WEATHER WAS RECORDED TODAY.
  FOG


RELATIVE HUMIDITY (PERCENT)
 HIGHEST   100           700 AM
 LOWEST     58          1200 PM
 AVERAGE    79

..........................................................


THE PINE BLUFF CLIMATE NORMALS FOR TOMORROW
                         NORMAL    RECORD    YEAR
 MAXIMUM TEMPERATURE (F)   57        81      2005
                                             1917
 MINIMUM TEMPERATURE (F)   38        17      1968


SUNRISE AND SUNSET
FEBRUARY 20 2017......SUNRISE   647 AM CST   SUNSET   556 PM CST
FEBRUARY 21 2017......SUNRISE   646 AM CST   SUNSET   557 PM CST


-  INDICATES NEGATIVE NUMBERS.
R  INDICATES RECORD WAS SET OR TIED.
MM INDICATES DATA IS MISSING.
T  INDICATES TRACE AMOUNT.




$$
