000
CDUS44 KLZK 250653
CLIPBF


CLIMATE REPORT
NATIONAL WEATHER SERVICE LITTLE ROCK AR
1253 AM CST SUN FEB 25 2018


...................................

...THE PINE BLUFF CLIMATE SUMMARY FOR FEBRUARY 24 2018...

CLIMATE NORMAL PERIOD 1981 TO 2010
CLIMATE RECORD PERIOD 1883 TO 2018


WEATHER ITEM   OBSERVED TIME   RECORD YEAR NORMAL DEPARTURE LAST
                VALUE   (LST)  VALUE       VALUE  FROM      YEAR
                                                  NORMAL
..................................................................
TEMPERATURE (F)
 YESTERDAY
  MAXIMUM         74    140 PM  85    1918  58     16       72
  MINIMUM         54   1054 PM  18    1910  39     15       50
  AVERAGE         64                        48     16       61

PRECIPITATION (IN)
  YESTERDAY        1.22          2.59 1957   0.16   1.06     0.00
  MONTH TO DATE   12.76                      3.39   9.37     2.38
  SINCE DEC 1     23.85                     12.59  11.26     9.83
  SINCE JAN 1     15.57                      7.15   8.42     5.25

SNOWFALL (IN)
  YESTERDAY        0.0           7.2  1960   0.0    0.0      0.0
  MONTH TO DATE    0.0                       0.6   -0.6      0.0
  SINCE DEC 1      4.1                       3.1    1.0      1.5
  SINCE JUL 1      4.1                       3.1    1.0      1.5
  SNOW DEPTH       0

DEGREE DAYS
 HEATING
  YESTERDAY        1                        17    -16        4
  MONTH TO DATE  424                       464    -40      254
  SINCE DEC 1   1913                      1818     95     1366
  SINCE JUL 1   2376                      2322     54     1663

 COOLING
  YESTERDAY        0                         0      0        0
  MONTH TO DATE   15                         0     15       12
  SINCE DEC 1     15                         2     13       22
  SINCE JAN 1     15                         1     14       17
..................................................................


WIND (MPH)
  HIGHEST WIND SPEED    33   HIGHEST WIND DIRECTION     W (280)
  HIGHEST GUST SPEED    45   HIGHEST GUST DIRECTION     W (280)
  AVERAGE WIND SPEED    11.5


SKY COVER
  POSSIBLE SUNSHINE  MM
  AVERAGE SKY COVER 1.0


WEATHER CONDITIONS
 THE FOLLOWING WEATHER WAS RECORDED YESTERDAY.
  THUNDERSTORM
  HEAVY RAIN
  RAIN
  LIGHT RAIN
  FOG


RELATIVE HUMIDITY (PERCENT)
 HIGHEST   100          1200 AM
 LOWEST     79           100 PM
 AVERAGE    90

..........................................................


THE PINE BLUFF CLIMATE NORMALS FOR TODAY
                         NORMAL    RECORD    YEAR
 MAXIMUM TEMPERATURE (F)   59        92      1918
 MINIMUM TEMPERATURE (F)   39        14      1965


SUNRISE AND SUNSET
FEBRUARY 25 2018......SUNRISE   641 AM CST   SUNSET   601 PM CST
FEBRUARY 26 2018......SUNRISE   640 AM CST   SUNSET   601 PM CST


-  INDICATES NEGATIVE NUMBERS.
R  INDICATES RECORD WAS SET OR TIED.
MM INDICATES DATA IS MISSING.
T  INDICATES TRACE AMOUNT.




$$
