000
CDUS44 KLZK 222209
CLIPBF


CLIMATE REPORT
NATIONAL WEATHER SERVICE LITTLE ROCK AR
408 PM CST MON DEC 22 2014


...................................

...THE PINE BLUFF CLIMATE SUMMARY FOR DECEMBER 22 2014...
VALID TODAY AS OF 0400 PM LOCAL TIME.

CLIMATE NORMAL PERIOD 1981 TO 2010
CLIMATE RECORD PERIOD 1883 TO 2014


WEATHER ITEM   OBSERVED TIME   RECORD YEAR NORMAL DEPARTURE LAST
                VALUE   (LST)  VALUE       VALUE  FROM      YEAR
                                                  NORMAL
..................................................................
TEMPERATURE (F)
 TODAY
  MAXIMUM         58    404 PM  77    1896  52      6       54
  MINIMUM         41   1200 AM   3    1989  34      7       35
  AVERAGE         50                        43      7       45

PRECIPITATION (IN)
  TODAY            0.01          3.04 1920   0.17  -0.16     0.00
  MONTH TO DATE    0.81                      4.00  -3.19     7.73
  SINCE DEC 1      0.81                      4.00  -3.19     7.73
  SINCE JAN 1     41.02                     49.71  -8.69    52.66

SNOWFALL (IN)
  TODAY            0.0          12.0  1963   0.0    0.0      0.0
  MONTH TO DATE    0.0                       0.1   -0.1      0.2
  SINCE DEC 1      0.0                       0.1   -0.1      0.2
  SINCE JUL 1      0.1                       0.1    0.0      0.2
  SNOW DEPTH       0

DEGREE DAYS
 HEATING
  TODAY           15                        22     -7       20
  MONTH TO DATE  399                       445    -46      438
  SINCE DEC 1    399                       445    -46      438
  SINCE JUL 1   1003                       949     54     1038

 COOLING
  TODAY            0                         0      0        0
  MONTH TO DATE    0                         0      0        3
  SINCE DEC 1      0                         0      0        3
  SINCE JAN 1   1901                      2131   -230     2151
..................................................................


WIND (MPH)
  HIGHEST WIND SPEED    18   HIGHEST WIND DIRECTION     S (160)
  HIGHEST GUST SPEED    22   HIGHEST GUST DIRECTION     S (180)
  AVERAGE WIND SPEED    10.0


SKY COVER
  POSSIBLE SUNSHINE  MM
  AVERAGE SKY COVER 0.9


WEATHER CONDITIONS
 THE FOLLOWING WEATHER WAS RECORDED TODAY.
  LIGHT RAIN
  FOG


RELATIVE HUMIDITY (PERCENT)
 HIGHEST    93           400 AM
 LOWEST     80           200 PM
 AVERAGE    87

..........................................................


THE PINE BLUFF CLIMATE NORMALS FOR TOMORROW
                         NORMAL    RECORD    YEAR
 MAXIMUM TEMPERATURE (F)   52        78      1931
 MINIMUM TEMPERATURE (F)   34         2      1989


SUNRISE AND SUNSET
DECEMBER 22 2014......SUNRISE   710 AM CST   SUNSET   503 PM CST
DECEMBER 23 2014......SUNRISE   711 AM CST   SUNSET   503 PM CST


-  INDICATES NEGATIVE NUMBERS.
R  INDICATES RECORD WAS SET OR TIED.
MM INDICATES DATA IS MISSING.
T  INDICATES TRACE AMOUNT.




$$
