000
CDUS44 KLZK 280646
CLIPBF


CLIMATE REPORT
NATIONAL WEATHER SERVICE LITTLE ROCK AR
146 AM CDT FRI APR 28 2017


...................................

...THE PINE BLUFF CLIMATE SUMMARY FOR APRIL 27 2017...

CLIMATE NORMAL PERIOD 1981 TO 2010
CLIMATE RECORD PERIOD 1883 TO 2017


WEATHER ITEM   OBSERVED TIME   RECORD YEAR NORMAL DEPARTURE LAST
                VALUE   (LST)  VALUE       VALUE  FROM      YEAR
                                                  NORMAL
..................................................................
TEMPERATURE (F)
 YESTERDAY
  MAXIMUM         69    449 PM  95    1987  77     -8       80
  MINIMUM         47    556 AM  40    1919  55     -8       63
                                      1910
                                      1903
  AVERAGE         58                        66     -8       72

PRECIPITATION (IN)
  YESTERDAY        0.00          2.44 1968   0.16  -0.16     0.33
  MONTH TO DATE    5.84                      4.46   1.38     2.28
  SINCE MAR 1      8.94                      9.86  -0.92    17.96
  SINCE JAN 1     15.24                     17.68  -2.44    24.01

SNOWFALL (IN)
  YESTERDAY        0.0          MM      MM   0.0    0.0      0.0
  MONTH TO DATE    0.0                       0.0    0.0      0.0
  SINCE MAR 1      0.0                       0.0    0.0      0.0
  SINCE JUL 1      1.5                       3.1   -1.6      3.6
  SNOW DEPTH       0

DEGREE DAYS
 HEATING
  YESTERDAY        7                         2      5        0
  MONTH TO DATE   52                       123    -71       73
  SINCE MAR 1    299                       470   -171      299
  SINCE JUL 1   2010                      2858   -848     2206

 COOLING
  YESTERDAY        0                         3     -3        7
  MONTH TO DATE   82                        55     27       47
  SINCE MAR 1    118                        72     46       68
  SINCE JAN 1    139                        75     64       72
..................................................................


WIND (MPH)
  HIGHEST WIND SPEED    17   HIGHEST WIND DIRECTION    NW (320)
  HIGHEST GUST SPEED    22   HIGHEST GUST DIRECTION    NW (310)
  AVERAGE WIND SPEED     6.6


SKY COVER
  POSSIBLE SUNSHINE  MM
  AVERAGE SKY COVER 0.1


WEATHER CONDITIONS
 THE FOLLOWING WEATHER WAS RECORDED YESTERDAY.
  NO SIGNIFICANT WEATHER WAS OBSERVED.


RELATIVE HUMIDITY (PERCENT)
 HIGHEST   100           500 AM
 LOWEST     52           200 PM
 AVERAGE    76

..........................................................


THE PINE BLUFF CLIMATE NORMALS FOR TODAY
                         NORMAL    RECORD    YEAR
 MAXIMUM TEMPERATURE (F)   77        92      1948
 MINIMUM TEMPERATURE (F)   56        40      1928
                                             1920


SUNRISE AND SUNSET
APRIL 28 2017.........SUNRISE   621 AM CDT   SUNSET   750 PM CDT
APRIL 29 2017.........SUNRISE   620 AM CDT   SUNSET   750 PM CDT


-  INDICATES NEGATIVE NUMBERS.
R  INDICATES RECORD WAS SET OR TIED.
MM INDICATES DATA IS MISSING.
T  INDICATES TRACE AMOUNT.




$$
