000
CDUS44 KLZK 290918
CLIPBF


CLIMATE REPORT
NATIONAL WEATHER SERVICE LITTLE ROCK AR
417 AM CDT SUN MAR 29 2015


...................................

...THE PINE BLUFF CLIMATE SUMMARY FOR MARCH 28 2015...

CLIMATE NORMAL PERIOD 1981 TO 2010
CLIMATE RECORD PERIOD 1883 TO 2015


WEATHER ITEM   OBSERVED TIME   RECORD YEAR NORMAL DEPARTURE LAST
                VALUE   (LST)  VALUE       VALUE  FROM      YEAR
                                                  NORMAL
..................................................................
TEMPERATURE (F)
 YESTERDAY
  MAXIMUM         52    407 PM  92    1918  69    -17       72
  MINIMUM         40   1159 PM  27    1937  47     -7       57
  AVERAGE         46                        58    -12       65

PRECIPITATION (IN)
  YESTERDAY        T             4.08 1946   0.17  -0.17     0.69
  MONTH TO DATE    8.04                      4.89   3.15     4.45
  SINCE MAR 1      8.04                      4.89   3.15     4.45
  SINCE JAN 1     14.97                     12.71   2.26     9.88

SNOWFALL (IN)
  YESTERDAY        0.0          MM      MM   0.0    0.0      0.0
  MONTH TO DATE    2.0                       0.0    2.0       T
  SINCE MAR 1      2.0                       0.0    2.0       T
  SINCE JUL 1      9.2                       3.1    6.1      3.7
  SNOW DEPTH       0

DEGREE DAYS
 HEATING
  YESTERDAY       19                         8     11        0
  MONTH TO DATE  406                       325     81      455
  SINCE MAR 1    406                       325     81      455
  SINCE JUL 1   3140                      2713    427     3224

 COOLING
  YESTERDAY        0                         1     -1        0
  MONTH TO DATE    5                        13     -8        0
  SINCE MAR 1      5                        13     -8        0
  SINCE JAN 1      5                        16    -11        0
..................................................................


WIND (MPH)
  HIGHEST WIND SPEED    18   HIGHEST WIND DIRECTION     E (100)
  HIGHEST GUST SPEED    25   HIGHEST GUST DIRECTION     E (80)
  AVERAGE WIND SPEED    10.0


SKY COVER
  POSSIBLE SUNSHINE  MM
  AVERAGE SKY COVER 0.3


WEATHER CONDITIONS
 THE FOLLOWING WEATHER WAS RECORDED YESTERDAY.
  LIGHT RAIN


RELATIVE HUMIDITY (PERCENT)
 HIGHEST    92           600 AM
 LOWEST     52           500 PM
 AVERAGE    72

..........................................................


THE PINE BLUFF CLIMATE NORMALS FOR TODAY
                         NORMAL    RECORD    YEAR
 MAXIMUM TEMPERATURE (F)   69        87      1963
                                             1936
 MINIMUM TEMPERATURE (F)   47        25      1899


SUNRISE AND SUNSET
MARCH 29 2015.........SUNRISE   659 AM CDT   SUNSET   726 PM CDT
MARCH 30 2015.........SUNRISE   658 AM CDT   SUNSET   727 PM CDT


-  INDICATES NEGATIVE NUMBERS.
R  INDICATES RECORD WAS SET OR TIED.
MM INDICATES DATA IS MISSING.
T  INDICATES TRACE AMOUNT.




$$
