000
CDUS44 KLZK 112203
CLIPBF


CLIMATE REPORT
NATIONAL WEATHER SERVICE LITTLE ROCK AR
403 PM CST MON DEC 11 2017


...................................

...THE PINE BLUFF CLIMATE SUMMARY FOR DECEMBER 11 2017...
VALID TODAY AS OF 0400 PM LOCAL TIME.

CLIMATE NORMAL PERIOD 1981 TO 2010
CLIMATE RECORD PERIOD 1883 TO 2017


WEATHER ITEM   OBSERVED TIME   RECORD YEAR NORMAL DEPARTURE LAST
                VALUE   (LST)  VALUE       VALUE  FROM      YEAR
                                                  NORMAL
..................................................................
TEMPERATURE (F)
 TODAY
  MAXIMUM         72    303 PM  78    2015  54     18       61
  MINIMUM         31    515 AM  11    1917  36     -5       42
  AVERAGE         52                        45      7       52

PRECIPITATION (IN)
  TODAY            0.00          2.33 1961   0.18  -0.18     0.09
  MONTH TO DATE    1.06                      2.10  -1.04     1.39
  SINCE DEC 1      1.06                      2.10  -1.04     1.39
  SINCE JAN 1     43.58                     47.81  -4.23    51.19

SNOWFALL (IN)
  TODAY            0.0           0.5  1917   0.0    0.0      0.0
  MONTH TO DATE    0.0                       0.0    0.0      0.0
  SINCE DEC 1      0.0                       0.0    0.0      0.0
  SINCE JUL 1      0.0                       0.0    0.0      0.0
  SNOW DEPTH       0

DEGREE DAYS
 HEATING
  TODAY           13                        20     -7       13
  MONTH TO DATE  189                       209    -20      242
  SINCE DEC 1    189                       209    -20      242
  SINCE JUL 1    652                       713    -61      539

 COOLING
  TODAY            0                         0      0        0
  MONTH TO DATE    0                         0      0        0
  SINCE DEC 1      0                         0      0        0
  SINCE JAN 1   2094                      2131    -37     2328
..................................................................


WIND (MPH)
  HIGHEST WIND SPEED    21   HIGHEST WIND DIRECTION    SW (220)
  HIGHEST GUST SPEED    26   HIGHEST GUST DIRECTION    SW (220)
  AVERAGE WIND SPEED     7.2


SKY COVER
  POSSIBLE SUNSHINE  MM
  AVERAGE SKY COVER 0.0


WEATHER CONDITIONS
 THE FOLLOWING WEATHER WAS RECORDED TODAY.
  NO SIGNIFICANT WEATHER WAS OBSERVED.


RELATIVE HUMIDITY (PERCENT)
 HIGHEST    82           500 AM
 LOWEST     17           200 PM
 AVERAGE    50

..........................................................


THE PINE BLUFF CLIMATE NORMALS FOR TOMORROW
                         NORMAL    RECORD    YEAR
 MAXIMUM TEMPERATURE (F)   54        79      1929
 MINIMUM TEMPERATURE (F)   35        11      1962


SUNRISE AND SUNSET
DECEMBER 11 2017......SUNRISE   704 AM CST   SUNSET   459 PM CST
DECEMBER 12 2017......SUNRISE   704 AM CST   SUNSET   459 PM CST


-  INDICATES NEGATIVE NUMBERS.
R  INDICATES RECORD WAS SET OR TIED.
MM INDICATES DATA IS MISSING.
T  INDICATES TRACE AMOUNT.




$$
