000
CDUS44 KLZK 280914
CLIPBF


CLIMATE REPORT
NATIONAL WEATHER SERVICE LITTLE ROCK AR
414 AM CDT MON JUL 28 2014


...................................

...THE PINE BLUFF CLIMATE SUMMARY FOR JULY 27 2014...

CLIMATE NORMAL PERIOD 1981 TO 2010
CLIMATE RECORD PERIOD 1883 TO 2014


WEATHER ITEM   OBSERVED TIME   RECORD YEAR NORMAL DEPARTURE LAST
                VALUE   (LST)  VALUE       VALUE  FROM      YEAR
                                                  NORMAL
..................................................................
TEMPERATURE (F)
 YESTERDAY
  MAXIMUM         94    257 PM 106    1918  93      1       85
  MINIMUM         76    631 AM  59    1911  72      4       68
  AVERAGE         85                        82      3       77

PRECIPITATION (IN)
  YESTERDAY        T             4.33 1983   0.13  -0.13     0.06
  MONTH TO DATE    1.69                      3.46  -1.77     0.96
  SINCE JUN 1      5.04                      7.04  -2.00     2.94
  SINCE JAN 1     27.31                     30.24  -2.93    30.38

SNOWFALL (IN)
  YESTERDAY        0.0          MM      MM   0.0    0.0      0.0
  MONTH TO DATE    0.0                       0.0    0.0      0.0
  SINCE JUN 1      0.0                       0.0    0.0      0.0
  SINCE JUL 1      0.0                       0.0    0.0      0.0
  SNOW DEPTH       0

DEGREE DAYS
 HEATING
  YESTERDAY        0                         0      0        0
  MONTH TO DATE    1                         0      1        0
  SINCE JUN 1      1                         0      1        0
  SINCE JUL 1      1                         0      1        0

 COOLING
  YESTERDAY       20                        17      3       12
  MONTH TO DATE  326                       458   -132      405
  SINCE JUN 1    744                       880   -136      826
  SINCE JAN 1   1007                      1187   -180     1093
..................................................................


WIND (MPH)
  HIGHEST WIND SPEED    16   HIGHEST WIND DIRECTION    SW (220)
  HIGHEST GUST SPEED    21   HIGHEST GUST DIRECTION    SW (240)
  AVERAGE WIND SPEED     7.1


SKY COVER
  POSSIBLE SUNSHINE  MM
  AVERAGE SKY COVER 0.0


WEATHER CONDITIONS
 THE FOLLOWING WEATHER WAS RECORDED YESTERDAY.
  LIGHT RAIN


RELATIVE HUMIDITY (PERCENT)
 HIGHEST    88          1200 AM
 LOWEST     56          1200 PM
 AVERAGE    72

..........................................................


THE PINE BLUFF CLIMATE NORMALS FOR TODAY
                         NORMAL    RECORD    YEAR
 MAXIMUM TEMPERATURE (F)   93       106      1930
 MINIMUM TEMPERATURE (F)   72        60      1911


SUNRISE AND SUNSET
JULY 28 2014..........SUNRISE   616 AM CDT   SUNSET   812 PM CDT
JULY 29 2014..........SUNRISE   617 AM CDT   SUNSET   811 PM CDT


-  INDICATES NEGATIVE NUMBERS.
R  INDICATES RECORD WAS SET OR TIED.
MM INDICATES DATA IS MISSING.
T  INDICATES TRACE AMOUNT.




$$
