948
CDUS44 KLZK 090639
CLIPBF


CLIMATE REPORT
NATIONAL WEATHER SERVICE LITTLE ROCK AR
1238 AM CST TUE FEB 9 2016


...................................

...THE PINE BLUFF CLIMATE SUMMARY FOR FEBRUARY 8 2016...

CLIMATE NORMAL PERIOD 1981 TO 2010
CLIMATE RECORD PERIOD 1883 TO 2016


WEATHER ITEM   OBSERVED TIME   RECORD YEAR NORMAL DEPARTURE LAST
                VALUE   (LST)  VALUE       VALUE  FROM      YEAR
                                                  NORMAL
..................................................................
TEMPERATURE (F)
 YESTERDAY
  MAXIMUM         51    138 AM  80    1918  54     -3       64
  MINIMUM         34   1042 PM   8    1933  35     -1       50
  AVERAGE         43                        45     -2       57

PRECIPITATION (IN)
  YESTERDAY        0.00          1.74 1956   0.14  -0.14     0.00
  MONTH TO DATE    0.00                      1.05  -1.05     0.58
  SINCE DEC 1      7.27                     10.25  -2.98     5.39
  SINCE JAN 1      1.93                      4.81  -2.88     4.19

SNOWFALL (IN)
  YESTERDAY        0.0           1.0  1971   0.1   -0.1      0.0
  MONTH TO DATE    0.0                       0.4   -0.4      0.0
  SINCE DEC 1      3.6                       2.9    0.7       T
  SINCE JUL 1      3.6                       2.9    0.7      0.1
  SNOW DEPTH       0

DEGREE DAYS
 HEATING
  YESTERDAY       22                        20      2        8
  MONTH TO DATE  143                       168    -25      181
  SINCE DEC 1   1247                      1522   -275     1541
  SINCE JUL 1   1586                      2026   -440     2145

 COOLING
  YESTERDAY        0                         0      0        0
  MONTH TO DATE    0                         0      0        0
  SINCE DEC 1     12                         2     10        0
  SINCE JAN 1      2                         1      1        0
..................................................................


WIND (MPH)
  HIGHEST WIND SPEED    28   HIGHEST WIND DIRECTION     W (280)
  HIGHEST GUST SPEED    38   HIGHEST GUST DIRECTION    NW (300)
  AVERAGE WIND SPEED    14.3


SKY COVER
  POSSIBLE SUNSHINE  MM
  AVERAGE SKY COVER 0.3


WEATHER CONDITIONS
 THE FOLLOWING WEATHER WAS RECORDED YESTERDAY.
  NO SIGNIFICANT WEATHER WAS OBSERVED.


RELATIVE HUMIDITY (PERCENT)
 HIGHEST    50          1200 AM
 LOWEST     26           100 PM
 AVERAGE    38

..........................................................


THE PINE BLUFF CLIMATE NORMALS FOR TODAY
                         NORMAL    RECORD    YEAR
 MAXIMUM TEMPERATURE (F)   55        83      1957
 MINIMUM TEMPERATURE (F)   35         8      1933


SUNRISE AND SUNSET
FEBRUARY  9 2016......SUNRISE   659 AM CST   SUNSET   545 PM CST
FEBRUARY 10 2016......SUNRISE   658 AM CST   SUNSET   546 PM CST


-  INDICATES NEGATIVE NUMBERS.
R  INDICATES RECORD WAS SET OR TIED.
MM INDICATES DATA IS MISSING.
T  INDICATES TRACE AMOUNT.




$$
