000
CDUS42 KMFL 290840
CLIPBI


CLIMATE REPORT
NATIONAL WEATHER SERVICE MIAMI, FL
439 AM EDT SUN MAY 29 2016


...................................

...THE WEST PALM BEACH CLIMATE SUMMARY FOR MAY 28 2016...

CLIMATE NORMAL PERIOD 1981 TO 2010
CLIMATE RECORD PERIOD 1888 TO 2016


WEATHER ITEM   OBSERVED TIME   RECORD YEAR NORMAL DEPARTURE LAST
                VALUE   (LST)  VALUE       VALUE  FROM      YEAR
                                                  NORMAL
..................................................................
TEMPERATURE (F)
 YESTERDAY
  MAXIMUM         88   1205 PM  94    1928  87      1       86
  MINIMUM         73    602 AM  59    1920  73      0       76
  AVERAGE         81                        80      1       81

PRECIPITATION (IN)
  YESTERDAY        0.01          4.99 1976   0.21  -0.20     0.03
  MONTH TO DATE    4.95                      3.84   1.11     1.51
  SINCE NOV 1     31.79                     26.17   5.62    17.40
  SINCE JAN 1     21.39                     18.04   3.35    13.70

SNOWFALL (IN)
  YESTERDAY        0.0
  MONTH TO DATE    0.0
  SINCE MAR 1      0.0
  SINCE JUL 1      0.0
  SNOW DEPTH       0

DEGREE DAYS
 HEATING
  YESTERDAY        0                         0      0        0
  MONTH TO DATE    0                         0      0        0
  SINCE MAR 1      2                        28    -26        2
  SINCE JUL 1    135                       233    -98      126

 COOLING
  YESTERDAY       16                        15      1       16
  MONTH TO DATE  382                       367     15      421
  SINCE MAR 1   1030                       827    203     1208
  SINCE JAN 1   1232                      1062    170     1486
..................................................................


WIND (MPH)
  HIGHEST WIND SPEED    14   HIGHEST WIND DIRECTION     E (100)
  HIGHEST GUST SPEED    17   HIGHEST GUST DIRECTION    SE (130)
  AVERAGE WIND SPEED     6.0


SKY COVER
  AVERAGE SKY COVER 0.6


WEATHER CONDITIONS
 THE FOLLOWING WEATHER WAS RECORDED YESTERDAY.
  THUNDERSTORM


RELATIVE HUMIDITY (PERCENT)
 HIGHEST    87
 LOWEST     50
 AVERAGE    69

..........................................................


THE WEST PALM BEACH CLIMATE NORMALS FOR TODAY
                         NORMAL    RECORD    YEAR
 MAXIMUM TEMPERATURE (F)   87        96      2000
                                             1971
 MINIMUM TEMPERATURE (F)   73        59      1901


SUNRISE AND SUNSET
MAY 29 2016...........SUNRISE   628 AM EDT   SUNSET   808 PM EDT
MAY 30 2016...........SUNRISE   627 AM EDT   SUNSET   809 PM EDT


-  INDICATES NEGATIVE NUMBERS.
R  INDICATES RECORD WAS SET OR TIED.
MM INDICATES DATA IS MISSING.
T  INDICATES TRACE AMOUNT.




$$
