000
CDUS42 KMFL 292017
CLIPBI


CLIMATE REPORT
NATIONAL WEATHER SERVICE MIAMI, FL
417 PM EDT SUN MAR 29 2015


...................................

...THE WEST PALM BEACH CLIMATE SUMMARY FOR MARCH 29 2015...
VALID TODAY AS OF 0400 PM LOCAL TIME.

CLIMATE NORMAL PERIOD 1981 TO 2010
CLIMATE RECORD PERIOD 1888 TO 2015


WEATHER ITEM   OBSERVED TIME   RECORD YEAR NORMAL DEPARTURE LAST
                VALUE   (LST)  VALUE       VALUE  FROM      YEAR
                                                  NORMAL
..................................................................
TEMPERATURE (F)
 TODAY
  MAXIMUM         74    201 PM  92    1909  80     -6       83
  MINIMUM         51    635 AM  49    1955  64    -13       69
  AVERAGE         63                        72     -9       76

PRECIPITATION (IN)
  TODAY            0.00          5.15 1982   0.14  -0.14     0.69
  MONTH TO DATE    1.04                      4.28  -3.24     2.40
  SINCE NOV 1      7.84                     18.36 -10.52    21.00
  SINCE JAN 1      4.14                     10.23  -6.09    13.88

SNOWFALL (IN)
  TODAY            0.0
  MONTH TO DATE    0.0
  SINCE MAR 1      0.0
  SINCE JUL 1      0.0
  SNOW DEPTH       0

DEGREE DAYS
 HEATING
  TODAY            2                         0      2        0
  MONTH TO DATE    2                        22    -20        7
  SINCE MAR 1      2                        22    -20        7
  SINCE JUL 1    126                       227   -101      122

 COOLING
  TODAY            0                         7     -7       11
  MONTH TO DATE  348                       179    169      195
  SINCE MAR 1    348                       179    169      195
  SINCE JAN 1    626                       414    212      541
..................................................................


WIND (MPH)
  HIGHEST WIND SPEED    21   HIGHEST WIND DIRECTION     N (350)
  HIGHEST GUST SPEED    26   HIGHEST GUST DIRECTION    NE (40)
  AVERAGE WIND SPEED    10.2


SKY COVER
  AVERAGE SKY COVER 0.4


WEATHER CONDITIONS
 THE FOLLOWING WEATHER WAS RECORDED TODAY.
  NO SIGNIFICANT WEATHER WAS OBSERVED.


RELATIVE HUMIDITY (PERCENT)
 HIGHEST    77
 LOWEST     38
 AVERAGE    58

..........................................................


THE WEST PALM BEACH CLIMATE NORMALS FOR TOMORROW
                         NORMAL    RECORD    YEAR
 MAXIMUM TEMPERATURE (F)   80        91      2011
                                             1991
 MINIMUM TEMPERATURE (F)   64        48      1941


SUNRISE AND SUNSET
MARCH 29 2015.........SUNRISE   715 AM EDT   SUNSET   736 PM EDT
MARCH 30 2015.........SUNRISE   714 AM EDT   SUNSET   737 PM EDT


-  INDICATES NEGATIVE NUMBERS.
R  INDICATES RECORD WAS SET OR TIED.
MM INDICATES DATA IS MISSING.
T  INDICATES TRACE AMOUNT.




$$
