000
CDUS42 KMFL 290822
CLIPBI


CLIMATE REPORT
NATIONAL WEATHER SERVICE MIAMI, FL
421 AM EDT MON AUG 29 2016


...................................

...THE WEST PALM BEACH CLIMATE SUMMARY FOR AUGUST 28 2016...

CLIMATE NORMAL PERIOD 1981 TO 2010
CLIMATE RECORD PERIOD 1888 TO 2016


WEATHER ITEM   OBSERVED TIME   RECORD YEAR NORMAL DEPARTURE LAST
                VALUE   (LST)  VALUE       VALUE  FROM      YEAR
                                                  NORMAL
..................................................................
TEMPERATURE (F)
 YESTERDAY
  MAXIMUM         90    228 PM  97    1932  90      0       87
  MINIMUM         79    815 PM  68    1889  76      3       73
  AVERAGE         85                        83      2       80

PRECIPITATION (IN)
  YESTERDAY        0.16          1.76 1957   0.27  -0.11     0.91
  MONTH TO DATE    4.21                      7.13  -2.92     5.61
  SINCE JUN 1     10.32                     21.19 -10.87    15.67
  SINCE JAN 1     31.71                     39.90  -8.19    29.42

SNOWFALL (IN)
  YESTERDAY        0.0
  MONTH TO DATE    0.0
  SINCE JUN 1      0.0
  SINCE JUL 1      0.0
  SNOW DEPTH       0

DEGREE DAYS
 HEATING
  YESTERDAY        0                         0      0        0
  MONTH TO DATE    0                         0      0        0
  SINCE JUN 1      0                         0      0        0
  SINCE JUL 1      0                         0      0        0

 COOLING
  YESTERDAY       20                        18      2       15
  MONTH TO DATE  578                       504     74      512
  SINCE JUN 1   1792                      1543    249     1627
  SINCE JAN 1   3073                      2652    421     3161
..................................................................


WIND (MPH)
  HIGHEST WIND SPEED    24   HIGHEST WIND DIRECTION    SE (130)
  HIGHEST GUST SPEED    28   HIGHEST GUST DIRECTION    SE (130)
  AVERAGE WIND SPEED    14.6


SKY COVER
  AVERAGE SKY COVER 0.6


WEATHER CONDITIONS
 THE FOLLOWING WEATHER WAS RECORDED YESTERDAY.
  THUNDERSTORM
  HEAVY RAIN
  LIGHT RAIN


RELATIVE HUMIDITY (PERCENT)
 HIGHEST    74
 LOWEST     56
 AVERAGE    65

..........................................................


THE WEST PALM BEACH CLIMATE NORMALS FOR TODAY
                         NORMAL    RECORD    YEAR
 MAXIMUM TEMPERATURE (F)   90        96      1932
 MINIMUM TEMPERATURE (F)   76        70      1927
                                             1909
                                             1904


SUNRISE AND SUNSET
AUGUST 29 2016........SUNRISE   659 AM EDT   SUNSET   743 PM EDT
AUGUST 30 2016........SUNRISE   659 AM EDT   SUNSET   742 PM EDT


-  INDICATES NEGATIVE NUMBERS.
R  INDICATES RECORD WAS SET OR TIED.
MM INDICATES DATA IS MISSING.
T  INDICATES TRACE AMOUNT.




$$
