000
CDUS42 KMFL 310824
CLIPBI


CLIMATE REPORT
NATIONAL WEATHER SERVICE MIAMI, FL
422 AM EDT FRI JUL 31 2015


...................................

...THE WEST PALM BEACH CLIMATE SUMMARY FOR JULY 30 2015...

CLIMATE NORMAL PERIOD 1981 TO 2010
CLIMATE RECORD PERIOD 1888 TO 2015


WEATHER ITEM   OBSERVED TIME   RECORD YEAR NORMAL DEPARTURE LAST
                VALUE   (LST)  VALUE       VALUE  FROM      YEAR
                                                  NORMAL
..................................................................
TEMPERATURE (F)
 YESTERDAY
  MAXIMUM         92    118 PM  96    2010  90      2       91
                                      1990
                                      1912
  MINIMUM         78    627 AM  68    1937  76      2       76
                                      1914
                                      1912
  AVERAGE         85                        83      2       84

PRECIPITATION (IN)
  YESTERDAY        0.00          3.25 1933   0.18  -0.18     0.27
  MONTH TO DATE    4.77                      5.57  -0.80     7.36
  SINCE JUN 1      8.79                     13.87  -5.08    15.34
  SINCE JAN 1     22.54                     32.58 -10.04    33.06

SNOWFALL (IN)
  YESTERDAY        0.0
  MONTH TO DATE    0.0
  SINCE JUN 1      0.0
  SINCE JUL 1      0.0
  SNOW DEPTH       0

DEGREE DAYS
 HEATING
  YESTERDAY        0                         0      0        0
  MONTH TO DATE    0                         0      0        0
  SINCE JUN 1      0                         0      0        0
  SINCE JUL 1      0                         0      0        0

 COOLING
  YESTERDAY       20                        18      2       19
  MONTH TO DATE  563                       529     34      547
  SINCE JUN 1   1098                      1019     79     1035
  SINCE JAN 1   2632                      2128    504     2387
..................................................................


WIND (MPH)
  HIGHEST WIND SPEED    18   HIGHEST WIND DIRECTION     W (260)
  HIGHEST GUST SPEED    25   HIGHEST GUST DIRECTION     W (260)
  AVERAGE WIND SPEED     7.7


SKY COVER
  AVERAGE SKY COVER 0.8


WEATHER CONDITIONS
 THE FOLLOWING WEATHER WAS RECORDED YESTERDAY.
  THUNDERSTORM


RELATIVE HUMIDITY (PERCENT)
 HIGHEST    91
 LOWEST     47
 AVERAGE    69

..........................................................


THE WEST PALM BEACH CLIMATE NORMALS FOR TODAY
                         NORMAL    RECORD    YEAR
 MAXIMUM TEMPERATURE (F)   91        96      1990
                                             1907
 MINIMUM TEMPERATURE (F)   76        67      1914


SUNRISE AND SUNSET
JULY 31 2015..........SUNRISE   645 AM EDT   SUNSET   809 PM EDT
AUGUST  1 2015........SUNRISE   645 AM EDT   SUNSET   808 PM EDT


-  INDICATES NEGATIVE NUMBERS.
R  INDICATES RECORD WAS SET OR TIED.
MM INDICATES DATA IS MISSING.
T  INDICATES TRACE AMOUNT.




$$
