000
CDUS42 KMFL 050823
CLIPBI


CLIMATE REPORT
NATIONAL WEATHER SERVICE MIAMI, FL
423 AM EDT SAT SEP 5 2015


...................................

...THE WEST PALM BEACH CLIMATE SUMMARY FOR SEPTEMBER 4 2015...

CLIMATE NORMAL PERIOD 1981 TO 2010
CLIMATE RECORD PERIOD 1888 TO 2015


WEATHER ITEM   OBSERVED TIME   RECORD YEAR NORMAL DEPARTURE LAST
                VALUE   (LST)  VALUE       VALUE  FROM      YEAR
                                                  NORMAL
..................................................................
TEMPERATURE (F)
 YESTERDAY
  MAXIMUM         92   1153 AM  95    1951  89      3       85
  MINIMUM         75    619 AM  68    1967  76     -1       74
  AVERAGE         84                        82      2       80

PRECIPITATION (IN)
  YESTERDAY        0.64          6.41 1933   0.27   0.37     0.48
  MONTH TO DATE    0.64                      1.14  -0.50     0.71
  SINCE JUN 1     17.78                     23.15  -5.37    26.13
  SINCE JAN 1     31.53                     41.86 -10.33    43.85

SNOWFALL (IN)
  YESTERDAY        0.0
  MONTH TO DATE    0.0
  SINCE SEP 1      0.0
  SINCE JUL 1      0.0
  SNOW DEPTH       0

DEGREE DAYS
 HEATING
  YESTERDAY        0                         0      0        0
  MONTH TO DATE    0                         0      0        0
  SINCE SEP 1      0                         0      0        0
  SINCE JUL 1      0                         0      0        0

 COOLING
  YESTERDAY       19                        17      2       15
  MONTH TO DATE   75                        68      7       72
  SINCE SEP 1     75                        68      7       72
  SINCE JAN 1   3289                      2774    515     3080
..................................................................


WIND (MPH)
  HIGHEST WIND SPEED    23   HIGHEST WIND DIRECTION    NE (40)
  HIGHEST GUST SPEED    26   HIGHEST GUST DIRECTION    NE (40)
  AVERAGE WIND SPEED     4.6


SKY COVER
  AVERAGE SKY COVER 0.6


WEATHER CONDITIONS
 THE FOLLOWING WEATHER WAS RECORDED YESTERDAY.
  THUNDERSTORM
  HEAVY RAIN
  RAIN
  LIGHT RAIN
  FOG


RELATIVE HUMIDITY (PERCENT)
 HIGHEST    94
 LOWEST     56
 AVERAGE    75

..........................................................


THE WEST PALM BEACH CLIMATE NORMALS FOR TODAY
                         NORMAL    RECORD    YEAR
 MAXIMUM TEMPERATURE (F)   89        94      1999
                                             1988
                                             1951
 MINIMUM TEMPERATURE (F)   76        68      1934
                                             1924
                                             1921


SUNRISE AND SUNSET
SEPTEMBER  5 2015.....SUNRISE   702 AM EDT   SUNSET   736 PM EDT
SEPTEMBER  6 2015.....SUNRISE   702 AM EDT   SUNSET   735 PM EDT


-  INDICATES NEGATIVE NUMBERS.
R  INDICATES RECORD WAS SET OR TIED.
MM INDICATES DATA IS MISSING.
T  INDICATES TRACE AMOUNT.




$$
