000
CDUS42 KMFL 210920
CLIPBI


CLIMATE REPORT
NATIONAL WEATHER SERVICE MIAMI, FL
420 AM EST SUN JAN 21 2018


...................................

...THE WEST PALM BEACH CLIMATE SUMMARY FOR JANUARY 20 2018...

CLIMATE NORMAL PERIOD 1981 TO 2010
CLIMATE RECORD PERIOD 1888 TO 2018


WEATHER ITEM   OBSERVED TIME   RECORD YEAR NORMAL DEPARTURE LAST
                VALUE   (LST)  VALUE       VALUE  FROM      YEAR
                                                  NORMAL
..................................................................
TEMPERATURE (F)
 YESTERDAY
  MAXIMUM         73    357 PM  86    1947  75     -2       81
  MINIMUM         59    841 AM  27    1977  57      2       60
  AVERAGE         66                        66      0       71

PRECIPITATION (IN)
  YESTERDAY        0.00          5.16 1983   0.09  -0.09     0.00
  MONTH TO DATE    3.94                      2.09   1.85     0.24
  SINCE NOV 1      7.38                     10.22  -2.84     4.71
  SINCE JAN 1      3.94                      2.09   1.85     0.24

SNOWFALL (IN)
  YESTERDAY        0.0
  MONTH TO DATE    0.0
  SINCE DEC 1      0.0
  SINCE JUL 1      0.0
  SNOW DEPTH       0

DEGREE DAYS
 HEATING
  YESTERDAY        0                         3     -3        0
  MONTH TO DATE   79                        60     19       15
  SINCE DEC 1    128                       119      9       21
  SINCE JUL 1    132                       131      1       22

 COOLING
  YESTERDAY        1                         3     -2        6
  MONTH TO DATE   41                        67    -26      136
  SINCE DEC 1    218                       222     -4      429
  SINCE JAN 1     41                        67    -26      136
..................................................................


WIND (MPH)
  HIGHEST WIND SPEED    14   HIGHEST WIND DIRECTION     E (70)
  HIGHEST GUST SPEED    19   HIGHEST GUST DIRECTION     E (100)
  AVERAGE WIND SPEED     6.1


SKY COVER
  AVERAGE SKY COVER 0.8


WEATHER CONDITIONS
 THE FOLLOWING WEATHER WAS RECORDED YESTERDAY.
  NO SIGNIFICANT WEATHER WAS OBSERVED.


RELATIVE HUMIDITY (PERCENT)
 HIGHEST    93
 LOWEST     57
 AVERAGE    75

..........................................................


THE WEST PALM BEACH CLIMATE NORMALS FOR TODAY
                         NORMAL    RECORD    YEAR
 MAXIMUM TEMPERATURE (F)   75        86      1990
 MINIMUM TEMPERATURE (F)   57        32      1985


SUNRISE AND SUNSET
JANUARY 21 2018.......SUNRISE   710 AM EST   SUNSET   554 PM EST
JANUARY 22 2018.......SUNRISE   709 AM EST   SUNSET   555 PM EST


-  INDICATES NEGATIVE NUMBERS.
R  INDICATES RECORD WAS SET OR TIED.
MM INDICATES DATA IS MISSING.
T  INDICATES TRACE AMOUNT.




$$
