000
CDUS42 KFFC 290818
CLIPDK


CLIMATE REPORT
NATIONAL WEATHER SERVICE PEACHTREE CITY GA
417 AM EDT FRI JUL 29 2016


...................................

...THE DEKALB PEACHTREE AIRPORT CLIMATE SUMMARY FOR JULY 28 2016...

CLIMATE NORMAL PERIOD 1981 TO 2010
CLIMATE RECORD PERIOD 9999 TO 9999


WEATHER ITEM   OBSERVED TIME   RECORD YEAR NORMAL DEPARTURE LAST
                VALUE   (LST)  VALUE       VALUE  FROM      YEAR
                                                  NORMAL
..................................................................
TEMPERATURE (F)
 YESTERDAY
  MAXIMUM         90    346 PM  MM      MM  89      1       98
  MINIMUM         73    619 AM  MM      MM  71      2       72
  AVERAGE         82                        80      2       85

PRECIPITATION (IN)
  YESTERDAY        0.01         MM      MM   0.13  -0.12     0.00
  MONTH TO DATE    2.20                      4.62  -2.42     2.78
  SINCE JUN 1      3.69                      9.38  -5.69     3.97
  SINCE JAN 1     20.22                     31.87 -11.65    22.52

DEGREE DAYS
 COOLING
  YESTERDAY       17                        15      2       20
  MONTH TO DATE  520                       415    105      469
  SINCE JUN 1    989                       768    221      903
  SINCE JAN 1   1270                       979    291     1180
..................................................................


WIND (MPH)
  RESULTANT WIND SPEED   9   RESULTANT WIND DIRECTION  SW (240)
  HIGHEST WIND SPEED    24   HIGHEST WIND DIRECTION     W (260)
  HIGHEST GUST SPEED    34   HIGHEST GUST DIRECTION    SW (220)
  AVERAGE WIND SPEED     9.4


SKY COVER
  AVERAGE SKY COVER 0.5


WEATHER CONDITIONS
 THE FOLLOWING WEATHER WAS RECORDED YESTERDAY.
  THUNDERSTORM
  RAIN


RELATIVE HUMIDITY (PERCENT)
 HIGHEST    87           700 AM
 LOWEST     53           200 PM
 AVERAGE    70

..........................................................


THE DEKALB PEACHTREE AIRPORT CLIMATE NORMALS FOR TODAY
                         NORMAL    RECORD    YEAR
 MAXIMUM TEMPERATURE (F)   89        MM        MM
 MINIMUM TEMPERATURE (F)   71        MM        MM


SUNRISE AND SUNSET
JULY 29 2016..........SUNRISE   647 AM EDT   SUNSET   840 PM EDT
JULY 30 2016..........SUNRISE   648 AM EDT   SUNSET   839 PM EDT


-  INDICATES NEGATIVE NUMBERS.
R  INDICATES RECORD WAS SET OR TIED.
MM INDICATES DATA IS MISSING.
T  INDICATES TRACE AMOUNT.




$$
