000
CDUS42 KFFC 240824
CLIPDK


CLIMATE REPORT
NATIONAL WEATHER SERVICE PEACHTREE CITY GA
424 AM EDT THU APR 24 2014


...................................

...THE DEKALB PEACHTREE AIRPORT CLIMATE SUMMARY FOR APRIL 23 2014...

CLIMATE NORMAL PERIOD 1981 TO 2010
CLIMATE RECORD PERIOD 9999 TO 9999


WEATHER ITEM   OBSERVED TIME   RECORD YEAR NORMAL DEPARTURE LAST
                VALUE   (LST)  VALUE       VALUE  FROM      YEAR
                                                  NORMAL
..................................................................
TEMPERATURE (F)
 YESTERDAY
  MAXIMUM         76    434 PM  MM      MM  75      1       73
  MINIMUM         49   1121 PM  MM      MM  52     -3       47
  AVERAGE         63                        63      0       60

PRECIPITATION (IN)
  YESTERDAY        0.01         MM      MM   0.15  -0.14     0.00
  MONTH TO DATE    5.52                      2.70   2.82     2.53
  SINCE MAR 1      8.44                      7.68   0.76     2.96
  SINCE JAN 1     14.80                     17.49  -2.69     2.96

SNOWFALL (IN)
  YESTERDAY       MM            MM      MM  MM     MM       MM
  MONTH TO DATE    0.0                      MM     MM        0.0
  SINCE MAR 1      0.0                      MM     MM        0.0
  SINCE JUL 1      T                        MM     MM        0.0
  SNOW DEPTH      MM

DEGREE DAYS
 HEATING
  YESTERDAY        2                         3     -1        5
  MONTH TO DATE  151                       127     24      133
  SINCE MAR 1    608                       495    113      155
  SINCE JUL 1   3256                      2896    360      155

 COOLING
  YESTERDAY        0                         2     -2        0
  MONTH TO DATE   12                        27    -15       32
  SINCE MAR 1     12                        34    -22       32
  SINCE JAN 1     12                        34    -22       32
..................................................................


WIND (MPH)
  RESULTANT WIND SPEED   7   RESULTANT WIND DIRECTION  NW (310)
  HIGHEST WIND SPEED    18   HIGHEST WIND DIRECTION     W (290)
  HIGHEST GUST SPEED    28   HIGHEST GUST DIRECTION    SW (230)
  AVERAGE WIND SPEED     7.1


SKY COVER
  AVERAGE SKY COVER 0.0


WEATHER CONDITIONS
 THE FOLLOWING WEATHER WAS RECORDED YESTERDAY.
  FOG


RELATIVE HUMIDITY (PERCENT)
 HIGHEST    93          1200 AM
 LOWEST     23           600 PM
 AVERAGE    58

..........................................................


THE DEKALB PEACHTREE AIRPORT CLIMATE NORMALS FOR TODAY
                         NORMAL    RECORD    YEAR
 MAXIMUM TEMPERATURE (F)   76        MM        MM
 MINIMUM TEMPERATURE (F)   52        MM        MM


SUNRISE AND SUNSET
APRIL 24 2014.........SUNRISE   656 AM EDT   SUNSET   815 PM EDT
APRIL 25 2014.........SUNRISE   655 AM EDT   SUNSET   816 PM EDT


-  INDICATES NEGATIVE NUMBERS.
R  INDICATES RECORD WAS SET OR TIED.
MM INDICATES DATA IS MISSING.
T  INDICATES TRACE AMOUNT.




$$
