000
CDUS42 KFFC 240820
CLIPDK


CLIMATE REPORT
NATIONAL WEATHER SERVICE PEACHTREE CITY GA
420 AM EDT SAT JUN 24 2017


...................................

...THE DEKALB PEACHTREE AIRPORT CLIMATE SUMMARY FOR JUNE 23 2017...

CLIMATE NORMAL PERIOD 1981 TO 2010
CLIMATE RECORD PERIOD 9999 TO 9999


WEATHER ITEM   OBSERVED TIME   RECORD YEAR NORMAL DEPARTURE LAST
                VALUE   (LST)  VALUE       VALUE  FROM      YEAR
                                                  NORMAL
..................................................................
TEMPERATURE (F)
 YESTERDAY
  MAXIMUM         89    438 PM  MM      MM  88      1       95
  MINIMUM         72    620 AM  MM      MM  68      4       70
  AVERAGE         81                        78      3       83

PRECIPITATION (IN)
  YESTERDAY        0.05         MM      MM   0.17  -0.12     0.00
  MONTH TO DATE    8.40                      3.47   4.93     1.44
  SINCE JUN 1      8.40                      3.47   4.93     1.44
  SINCE JAN 1     29.68                     25.96   3.72    17.97

DEGREE DAYS
 COOLING
  YESTERDAY       16                        13      3       18
  MONTH TO DATE  269                       256     13      337
  SINCE JUN 1    269                       256     13      337
  SINCE JAN 1    589                       467    122      618
..................................................................


WIND (MPH)
  RESULTANT WIND SPEED   9   RESULTANT WIND DIRECTION  SW (210)
  HIGHEST WIND SPEED    23   HIGHEST WIND DIRECTION     S (190)
  HIGHEST GUST SPEED    31   HIGHEST GUST DIRECTION     S (200)
  AVERAGE WIND SPEED    10.7


SKY COVER
  AVERAGE SKY COVER 0.2


WEATHER CONDITIONS
 THE FOLLOWING WEATHER WAS RECORDED YESTERDAY.
  LIGHT RAIN
  FOG


RELATIVE HUMIDITY (PERCENT)
 HIGHEST    93           400 AM
 LOWEST     50           400 PM
 AVERAGE    72

..........................................................


THE DEKALB PEACHTREE AIRPORT CLIMATE NORMALS FOR TODAY
                         NORMAL    RECORD    YEAR
 MAXIMUM TEMPERATURE (F)   88        MM        MM
 MINIMUM TEMPERATURE (F)   68        MM        MM


SUNRISE AND SUNSET
JUNE 24 2017..........SUNRISE   628 AM EDT   SUNSET   852 PM EDT
JUNE 25 2017..........SUNRISE   628 AM EDT   SUNSET   852 PM EDT


-  INDICATES NEGATIVE NUMBERS.
R  INDICATES RECORD WAS SET OR TIED.
MM INDICATES DATA IS MISSING.
T  INDICATES TRACE AMOUNT.




$$
