000
CDUS46 KPDT 280826
CLIPDT

CLIMATE REPORT
NATIONAL WEATHER SERVICE PENDLETON OR
1225 AM PST SUN DEC 28 2014


...................................

...THE PENDLETON OR CLIMATE SUMMARY FOR DECEMBER 27 2014...

CLIMATE NORMAL PERIOD 1981 TO 2010
CLIMATE RECORD PERIOD 1890 TO 2014


WEATHER ITEM   OBSERVED TIME   RECORD YEAR NORMAL DEPARTURE LAST
                VALUE   (LST)  VALUE       VALUE  FROM      YEAR
                                                  NORMAL
..................................................................
TEMPERATURE (F)
 YESTERDAY
  MAXIMUM         44    631 PM  63    1980  39      5       43
                                      1917
  MINIMUM         34    107 AM   6    1924  26      8       20
  AVERAGE         39                        33      6       32

PRECIPITATION (IN)
  YESTERDAY        0.10          0.57 1973   0.05   0.05     0.00
  MONTH TO DATE    2.56                      1.29   1.27     0.79
  SINCE OCT 1      4.46                      3.82   0.64     1.78
  SINCE JAN 1     13.00                     12.48   0.52     9.27

SNOWFALL (IN)
  YESTERDAY       MM             3.0  1946   0.3   MM        0.0
  MONTH TO DATE    T                         5.2   -5.2      6.5
  SINCE JAN 1     19.8                      14.4    5.4      6.7
  SINCE JUL 1      4.6                       6.7   -2.1      6.5
  SNOW DEPTH       0

DEGREE DAYS
 HEATING
  YESTERDAY       26                        32     -6       33
  MONTH TO DATE  720                       858   -138      946
  SINCE DEC 1    720                       858   -138      946
  SINCE JUL 1   1850                      2111   -261     2329

 COOLING
  YESTERDAY        0                         0      0        0
  MONTH TO DATE    0                         0      0        0
  SINCE DEC 1      0                         0      0        0
  SINCE JAN 1    839                       636    203      831
..................................................................


WIND (MPH)
  HIGHEST WIND SPEED    36   HIGHEST WIND DIRECTION     W (260)
  HIGHEST GUST SPEED    42   HIGHEST GUST DIRECTION     W (260)
  AVERAGE WIND SPEED    14.1


SKY COVER
  POSSIBLE SUNSHINE  MM
  AVERAGE SKY COVER 0.9


WEATHER CONDITIONS
THE FOLLOWING WEATHER WAS RECORDED YESTERDAY.
  LIGHT RAIN
  FOG


RELATIVE HUMIDITY (PERCENT)
 HIGHEST    79          1200 PM
 LOWEST     60          1000 AM
 AVERAGE    70

..........................................................


THE PENDLETON OR CLIMATE NORMALS FOR TODAY
                         NORMAL    RECORD    YEAR
 MAXIMUM TEMPERATURE (F)   39        64      1917
 MINIMUM TEMPERATURE (F)   27         2      1990
                                             1968


SUNRISE AND SUNSET
DECEMBER 28 2014......SUNRISE   736 AM PST   SUNSET   419 PM PST
DECEMBER 29 2014......SUNRISE   736 AM PST   SUNSET   419 PM PST


-  INDICATES NEGATIVE NUMBERS.
R  INDICATES RECORD WAS SET OR TIED.
MM INDICATES DATA IS MISSING.
T  INDICATES TRACE AMOUNT.




$$
