000
CDUS46 KPDT 100055
CLIPDT

CLIMATE REPORT
NATIONAL WEATHER SERVICE PENDLETON OR
427 PM PST TUE FEB 9 2016


...................................

...THE PENDLETON OR CLIMATE SUMMARY FOR FEBRUARY 9 2016...
VALID TODAY AS OF 0400 PM LOCAL TIME.

CLIMATE NORMAL PERIOD 1981 TO 2010
CLIMATE RECORD PERIOD 1890 TO 2016


WEATHER ITEM   OBSERVED TIME   RECORD YEAR NORMAL DEPARTURE LAST
                VALUE   (LST)  VALUE       VALUE  FROM      YEAR
                                                  NORMAL
..................................................................
TEMPERATURE (F)
 TODAY
  MAXIMUM         51    311 PM  73    1996  45      6       58
  MINIMUM         27    609 AM -20    1929  30     -3       47
  AVERAGE         39                        38      1       53

PRECIPITATION (IN)
  TODAY            0.00          0.50 1926   0.04  -0.04     0.29
  MONTH TO DATE    0.22                      0.35  -0.13     0.75
  SINCE OCT 1      6.00                      5.78   0.22     6.17
  SINCE JAN 1      1.73                      1.78  -0.05     1.47

SNOWFALL (IN)
  TODAY            0.0           2.0  1999   0.1   -0.1      0.0
  MONTH TO DATE    0.0                       1.1   -1.1      0.0
  SINCE JAN 1      T                         4.8   -4.8      0.4
  SINCE JUL 1      4.1                      12.3   -8.2      7.2
  SNOW DEPTH       0

DEGREE DAYS
 HEATING
  TODAY           26                        27     -1       12
  MONTH TO DATE  222                       250    -28      152
  SINCE DEC 1   1988                      2155   -167     1933
  SINCE JUL 1   3188                      3408   -220     3063

 COOLING
  TODAY            0                         0      0        0
  MONTH TO DATE    0                         0      0        0
  SINCE DEC 1      0                         0      0        0
  SINCE JAN 1      0                         0      0        0
..................................................................


WIND (MPH)
  HIGHEST WIND SPEED     9   HIGHEST WIND DIRECTION    NE (30)
  HIGHEST GUST SPEED    12   HIGHEST GUST DIRECTION    NE (40)
  AVERAGE WIND SPEED     3.4


SKY COVER
  POSSIBLE SUNSHINE  MM
  AVERAGE SKY COVER 0.1


WEATHER CONDITIONS
 THE FOLLOWING WEATHER WAS RECORDED TODAY.
  FOG


RELATIVE HUMIDITY (PERCENT)
 HIGHEST   100           600 AM
 LOWEST     56           300 PM
 AVERAGE    78

..........................................................


THE PENDLETON OR CLIMATE NORMALS FOR TOMORROW
                         NORMAL    RECORD    YEAR
 MAXIMUM TEMPERATURE (F)   46        69      1918
 MINIMUM TEMPERATURE (F)   30       -17      1929


SUNRISE AND SUNSET
FEBRUARY  9 2016......SUNRISE   707 AM PST   SUNSET   513 PM PST
FEBRUARY 10 2016......SUNRISE   706 AM PST   SUNSET   514 PM PST


-  INDICATES NEGATIVE NUMBERS.
R  INDICATES RECORD WAS SET OR TIED.
MM INDICATES DATA IS MISSING.
T  INDICATES TRACE AMOUNT.




$$
