000
CDUS46 KPDT 250859
CLIPDT

CLIMATE REPORT
NATIONAL WEATHER SERVICE PENDLETON OR
156 AM PDT THU MAY 25 2017


...................................

...THE PENDLETON OR CLIMATE SUMMARY FOR MAY 24 2017...

CLIMATE NORMAL PERIOD 1981 TO 2010
CLIMATE RECORD PERIOD 1890 TO 2017


WEATHER ITEM   OBSERVED TIME   RECORD YEAR NORMAL DEPARTURE LAST
                VALUE   (LST)  VALUE       VALUE  FROM      YEAR
                                                  NORMAL
..................................................................
TEMPERATURE (F)
 YESTERDAY
  MAXIMUM         66    402 PM  93    1928  72     -6       72
  MINIMUM         47   1115 PM  34    1920  48     -1       47
  AVERAGE         57                        60     -3       60

PRECIPITATION (IN)
  YESTERDAY        0.00          0.57 1942   0.05  -0.05     0.00
  MONTH TO DATE    0.93                      1.01  -0.08     1.19
  SINCE OCT 1     14.66                     10.07   4.59     9.86
  SINCE JAN 1      9.14                      6.07   3.07     5.59

SNOWFALL (IN)
  YESTERDAY        0.0           0.0  2002   0.0    0.0      0.0
                                      2001
                                      2000
  MONTH TO DATE    T                         0.0    0.0      0.0
  SINCE JAN 1     25.9                       7.7   18.2       T
  SINCE JUL 1     44.4                      15.2   29.2      4.1
  SNOW DEPTH       0

DEGREE DAYS
 HEATING
  YESTERDAY        8                         6      2        5
  MONTH TO DATE  223                       208     15      127
  SINCE MAR 1   1270                      1256     14      947
  SINCE JUL 1   5572                      5155    417     4539

 COOLING
  YESTERDAY        0                         1     -1        0
  MONTH TO DATE   12                        15     -3       18
  SINCE MAR 1     12                        16     -4       18
  SINCE JAN 1     12                        16     -4       18
..................................................................


WIND (MPH)
  HIGHEST WIND SPEED    30   HIGHEST WIND DIRECTION     W (260)
  HIGHEST GUST SPEED    38   HIGHEST GUST DIRECTION     W (270)
  AVERAGE WIND SPEED    16.4


SKY COVER
  POSSIBLE SUNSHINE  MM
  AVERAGE SKY COVER 0.2


WEATHER CONDITIONS
 THE FOLLOWING WEATHER WAS RECORDED YESTERDAY.
  NO SIGNIFICANT WEATHER WAS OBSERVED.


RELATIVE HUMIDITY (PERCENT)
 HIGHEST    66          1100 PM
 LOWEST     30           300 PM
 AVERAGE    48

..........................................................


THE PENDLETON OR CLIMATE NORMALS FOR TODAY
                         NORMAL    RECORD    YEAR
 MAXIMUM TEMPERATURE (F)   72        98      1928
 MINIMUM TEMPERATURE (F)   48        30      1918


SUNRISE AND SUNSET
MAY 25 2017...........SUNRISE   514 AM PDT   SUNSET   831 PM PDT
MAY 26 2017...........SUNRISE   513 AM PDT   SUNSET   832 PM PDT


-  INDICATES NEGATIVE NUMBERS.
R  INDICATES RECORD WAS SET OR TIED.
MM INDICATES DATA IS MISSING.
T  INDICATES TRACE AMOUNT.




$$
