000
CDUS46 KPDT 180032
CLIPDT

CLIMATE REPORT
NATIONAL WEATHER SERVICE PENDLETON OR
531 PM PDT WED SEP 17 2014


...................................

...THE PENDLETON OR CLIMATE SUMMARY FOR SEPTEMBER 17 2014...
VALID TODAY AS OF 0500 PM LOCAL TIME.

CLIMATE NORMAL PERIOD 1981 TO 2010
CLIMATE RECORD PERIOD 1890 TO 2014


WEATHER ITEM   OBSERVED TIME   RECORD YEAR NORMAL DEPARTURE LAST
                VALUE   (LST)  VALUE       VALUE  FROM      YEAR
                                                  NORMAL
..................................................................
TEMPERATURE (F)
 TODAY
  MAXIMUM         85    156 PM  97    1938  77      8       63
                                      1898
  MINIMUM         56    439 AM  30    1965  49      7       50
  AVERAGE         71                        63      8       57

PRECIPITATION (IN)
  TODAY            0.00          0.32 1940   0.01  -0.01     0.22
  MONTH TO DATE    0.00                      0.28  -0.28     1.35
  SINCE OCT 1     10.11                     12.37  -2.26    11.08
  SINCE JAN 1      8.32                      8.37  -0.05     6.64

SNOWFALL (IN)
  TODAY            0.0           0.0  2002   0.0    0.0      0.0
                                      2001
                                      1999
  MONTH TO DATE    0.0                       0.0    0.0      0.0
  SINCE JAN 1     15.2                       7.7    7.5      0.2
  SINCE JUL 1      0.0                       0.0    0.0       T
  SNOW DEPTH       0

DEGREE DAYS
 HEATING
  TODAY            0                         4     -4        8
  MONTH TO DATE   38                        39     -1       10
  SINCE SEP 1     38                        39     -1       10
  SINCE JUL 1     41                        61    -20       10

 COOLING
  TODAY            6                         2      4        0
  MONTH TO DATE   31                        49    -18      120
  SINCE SEP 1     31                        49    -18      120
  SINCE JAN 1    792                       619    173      830
..................................................................


WIND (MPH)
  HIGHEST WIND SPEED    15   HIGHEST WIND DIRECTION    NW (310)
  HIGHEST GUST SPEED    18   HIGHEST GUST DIRECTION    NW (310)
  AVERAGE WIND SPEED     6.5


SKY COVER
  POSSIBLE SUNSHINE  MM
  AVERAGE SKY COVER 0.0


WEATHER CONDITIONS
 THE FOLLOWING WEATHER WAS RECORDED TODAY.
  NO SIGNIFICANT WEATHER WAS OBSERVED.


RELATIVE HUMIDITY (PERCENT)
 HIGHEST    43           500 AM
 LOWEST     15          1100 AM
 AVERAGE    29

..........................................................


THE PENDLETON OR CLIMATE NORMALS FOR TOMORROW
                         NORMAL    RECORD    YEAR
 MAXIMUM TEMPERATURE (F)   77        96      1898
 MINIMUM TEMPERATURE (F)   49        28      1911


SUNRISE AND SUNSET
SEPTEMBER 17 2014.....SUNRISE   636 AM PDT   SUNSET   703 PM PDT
SEPTEMBER 18 2014.....SUNRISE   637 AM PDT   SUNSET   701 PM PDT


-  INDICATES NEGATIVE NUMBERS.
R  INDICATES RECORD WAS SET OR TIED.
MM INDICATES DATA IS MISSING.
T  INDICATES TRACE AMOUNT.




$$
