512
CDUS46 KPDT 300836
CLIPDT

CLIMATE REPORT
NATIONAL WEATHER SERVICE PENDLETON OR
136 AM PDT THU MAR 30 2017


...................................

...THE PENDLETON OR CLIMATE SUMMARY FOR MARCH 29 2017...

CLIMATE NORMAL PERIOD 1981 TO 2010
CLIMATE RECORD PERIOD 1890 TO 2017


WEATHER ITEM   OBSERVED TIME   RECORD YEAR NORMAL DEPARTURE LAST
                VALUE   (LST)  VALUE       VALUE  FROM      YEAR
                                                  NORMAL
..................................................................
TEMPERATURE (F)
 YESTERDAY
  MAXIMUM         58   1008 AM  80    2004  59     -1       61
                                      1919
  MINIMUM         44    325 AM  18    1954  37      7       32
  AVERAGE         51                        48      3       47

PRECIPITATION (IN)
  YESTERDAY        0.07          1.00 1904   0.04   0.03     0.00
  MONTH TO DATE    2.34                      1.25   1.09     1.62
  SINCE OCT 1     11.78                      7.79   3.99     8.26
  SINCE JAN 1      6.26                      3.79   2.47     3.99

SNOWFALL (IN)
  YESTERDAY        0.0           1.5  1988   0.0    0.0      0.0
  MONTH TO DATE    0.3                       0.7   -0.4       T
  SINCE JAN 1     25.9                       7.7   18.2       T
  SINCE JUL 1     44.4                      15.2   29.2      4.1
  SNOW DEPTH       0

DEGREE DAYS
 HEATING
  YESTERDAY       14                        17     -3       18
  MONTH TO DATE  549                       583    -34      534
  SINCE MAR 1    549                       583    -34      534
  SINCE JUL 1   4851                      4482    369     4126

 COOLING
  YESTERDAY        0                         0      0        0
  MONTH TO DATE    0                         0      0        0
  SINCE MAR 1      0                         0      0        0
  SINCE JAN 1      0                         0      0        0
..................................................................


WIND (MPH)
  HIGHEST WIND SPEED    20   HIGHEST WIND DIRECTION     W (270)
  HIGHEST GUST SPEED    24   HIGHEST GUST DIRECTION     W (280)
  AVERAGE WIND SPEED     7.3


SKY COVER
  POSSIBLE SUNSHINE  MM
  AVERAGE SKY COVER 0.8


WEATHER CONDITIONS
 THE FOLLOWING WEATHER WAS RECORDED YESTERDAY.
  RAIN
  LIGHT RAIN
  FOG


RELATIVE HUMIDITY (PERCENT)
 HIGHEST   100           300 AM
 LOWEST     66           700 PM
 AVERAGE    83

..........................................................


THE PENDLETON OR CLIMATE NORMALS FOR TODAY
                         NORMAL    RECORD    YEAR
 MAXIMUM TEMPERATURE (F)   59        79      1964
                                             1911
 MINIMUM TEMPERATURE (F)   37        19      1936


SUNRISE AND SUNSET
MARCH 30 2017.........SUNRISE   639 AM PDT   SUNSET   722 PM PDT
MARCH 31 2017.........SUNRISE   637 AM PDT   SUNSET   723 PM PDT


-  INDICATES NEGATIVE NUMBERS.
R  INDICATES RECORD WAS SET OR TIED.
MM INDICATES DATA IS MISSING.
T  INDICATES TRACE AMOUNT.


$$
