000
CDUS46 KPDT 190828
CLIPDT

CLIMATE REPORT
NATIONAL WEATHER SERVICE PENDLETON OR
1226 AM PST SUN NOV 19 2017


...................................

...THE PENDLETON OR CLIMATE SUMMARY FOR NOVEMBER 18 2017...

CLIMATE NORMAL PERIOD 1981 TO 2010
CLIMATE RECORD PERIOD 1890 TO 2017


WEATHER ITEM   OBSERVED TIME   RECORD YEAR NORMAL DEPARTURE LAST
                VALUE   (LST)  VALUE       VALUE  FROM      YEAR
                                                  NORMAL
..................................................................
TEMPERATURE (F)
 YESTERDAY
  MAXIMUM         54    225 PM  75    1897  48      6       50
  MINIMUM         31    532 AM   4    2014  33     -2       31
  AVERAGE         43                        40      3       41

PRECIPITATION (IN)
  YESTERDAY        0.00          1.03 1996   0.05  -0.05     0.00
  MONTH TO DATE    0.82                      0.90  -0.08     0.35
  SINCE OCT 1      2.23                      1.91   0.32     2.67
  SINCE JAN 1     14.52                     10.57   3.95    10.74

SNOWFALL (IN)
  YESTERDAY        0.0           3.3  1973   0.1   -0.1      0.0
  MONTH TO DATE    0.0                       0.5   -0.5      0.0
  SINCE JAN 1     25.9                       8.3   17.6       T
  SINCE JUL 1      0.0                       0.6   -0.6      0.0
  SNOW DEPTH       0

DEGREE DAYS
 HEATING
  YESTERDAY       22                        25     -3       24
  MONTH TO DATE  405                       388     17      292
  SINCE SEP 1    955                       908     47      780
  SINCE JUL 1    957                       930     27      782

 COOLING
  YESTERDAY        0                         0      0        0
  MONTH TO DATE    0                         0      0        0
  SINCE SEP 1    113                        66     47       17
  SINCE JAN 1    894                       636    258      605
..................................................................


WIND (MPH)
  HIGHEST WIND SPEED    10   HIGHEST WIND DIRECTION    NW (300)
  HIGHEST GUST SPEED    13   HIGHEST GUST DIRECTION     S (200)
  AVERAGE WIND SPEED     4.0


SKY COVER
  POSSIBLE SUNSHINE  MM
  AVERAGE SKY COVER 0.1


WEATHER CONDITIONS
 THE FOLLOWING WEATHER WAS RECORDED YESTERDAY.
  HAZE


RELATIVE HUMIDITY (PERCENT)
 HIGHEST    82           600 PM
 LOWEST     32           200 PM
 AVERAGE    57

..........................................................


THE PENDLETON OR CLIMATE NORMALS FOR TODAY
                         NORMAL    RECORD    YEAR
 MAXIMUM TEMPERATURE (F)   48        74      1897
 MINIMUM TEMPERATURE (F)   33         7      2014


SUNRISE AND SUNSET
NOVEMBER 19 2017......SUNRISE   701 AM PST   SUNSET   420 PM PST
NOVEMBER 20 2017......SUNRISE   702 AM PST   SUNSET   420 PM PST


-  INDICATES NEGATIVE NUMBERS.
R  INDICATES RECORD WAS SET OR TIED.
MM INDICATES DATA IS MISSING.
T  INDICATES TRACE AMOUNT.




$$
