000
CDUS46 KPDT 300857
CLIPDT

CLIMATE REPORT
NATIONAL WEATHER SERVICE PENDLETON OR
1255 AM PST FRI JAN 30 2015


...................................

...THE PENDLETON OR CLIMATE SUMMARY FOR JANUARY 29 2015...

CLIMATE NORMAL PERIOD 1981 TO 2010
CLIMATE RECORD PERIOD 1890 TO 2015


WEATHER ITEM   OBSERVED TIME   RECORD YEAR NORMAL DEPARTURE LAST
                VALUE   (LST)  VALUE       VALUE  FROM      YEAR
                                                  NORMAL
..................................................................
TEMPERATURE (F)
 YESTERDAY
  MAXIMUM         36    253 PM  63    1995  44     -8       53
                                      1967
  MINIMUM         33    946 AM -17    1950  30      3       30
  AVERAGE         35                        37     -2       42

PRECIPITATION (IN)
  YESTERDAY        0.00          0.59 1965   0.04  -0.04     0.25
  MONTH TO DATE    0.72                      1.35  -0.63     0.68
  SINCE OCT 1      5.42                      5.35   0.07     2.47
  SINCE JAN 1      0.72                      1.35  -0.63     0.68

SNOWFALL (IN)
  YESTERDAY        0.0           3.0  1938   0.1   -0.1      0.0
  MONTH TO DATE    0.4                       3.5   -3.1       T
  SINCE JAN 1      0.4                       3.5   -3.1       T
  SINCE JUL 1      7.2                      11.0   -3.8      6.5
  SNOW DEPTH       0

DEGREE DAYS
 HEATING
  YESTERDAY       30                        28      2       23
  MONTH TO DATE  828                       865    -37      872
  SINCE DEC 1   1719                      1849   -130     1947
  SINCE JUL 1   2849                      3102   -253     3330

 COOLING
  YESTERDAY        0                         0      0        0
  MONTH TO DATE    0                         0      0        0
  SINCE DEC 1      0                         0      0        0
  SINCE JAN 1      0                         0      0        0
..................................................................


WIND (MPH)
  HIGHEST WIND SPEED     7   HIGHEST WIND DIRECTION     E (80)
  HIGHEST GUST SPEED     8   HIGHEST GUST DIRECTION    NE (40)
  AVERAGE WIND SPEED     2.2


SKY COVER
  POSSIBLE SUNSHINE  MM
  AVERAGE SKY COVER 1.0


WEATHER CONDITIONS
THE FOLLOWING WEATHER WAS RECORDED YESTERDAY.
  FOG


RELATIVE HUMIDITY (PERCENT)
 HIGHEST   100           100 AM
 LOWEST     89           900 AM
 AVERAGE    95

..........................................................


THE PENDLETON OR CLIMATE NORMALS FOR TODAY
                         NORMAL    RECORD    YEAR
 MAXIMUM TEMPERATURE (F)   44        65      1971
 MINIMUM TEMPERATURE (F)   30       -15      1950


SUNRISE AND SUNSET
JANUARY 30 2015.......SUNRISE   719 AM PST   SUNSET   459 PM PST
JANUARY 31 2015.......SUNRISE   718 AM PST   SUNSET   500 PM PST


-  INDICATES NEGATIVE NUMBERS.
R  INDICATES RECORD WAS SET OR TIED.
MM INDICATES DATA IS MISSING.
T  INDICATES TRACE AMOUNT.




$$
