000
CDUS46 KPDT 020911
CLIPDT

CLIMATE REPORT
NATIONAL WEATHER SERVICE PENDLETON OR
211 AM PDT THU JUL 2 2015


...................................

...THE PENDLETON OR CLIMATE SUMMARY FOR JULY 1 2015...

CLIMATE NORMAL PERIOD 1981 TO 2010
CLIMATE RECORD PERIOD 1890 TO 2015


WEATHER ITEM   OBSERVED TIME   RECORD YEAR NORMAL DEPARTURE LAST
                VALUE   (LST)  VALUE       VALUE  FROM      YEAR
                                                  NORMAL
..................................................................
TEMPERATURE (F)
 YESTERDAY
  MAXIMUM        101    311 PM 105    2013  84     17       96
  MINIMUM         64    450 AM  40    1919  54     10       55
  AVERAGE         83                        69     14       76

PRECIPITATION (IN)
  YESTERDAY        0.00          0.68 1897   0.01  -0.01     0.00
  MONTH TO DATE    0.00                      0.01  -0.01     0.00
  SINCE OCT 1      9.70                     11.40  -1.70     9.28
  SINCE JAN 1      5.00                      7.40  -2.40     7.49

SNOWFALL (IN)
  YESTERDAY        0.0           0.0  2002   0.0    0.0      0.0
                                      2001
                                      2000
  MONTH TO DATE    0.0                       0.0    0.0      0.0
  SINCE JAN 1      0.4                       7.7   -7.3     15.2
  SINCE JUL 1      0.0                       0.0    0.0      0.0
  SNOW DEPTH       0

DEGREE DAYS
 HEATING
  YESTERDAY        0                         1     -1        0
  MONTH TO DATE    0                         1     -1        0
  SINCE JUN 1     10                        84    -74       43
  SINCE JUL 1      0                         1     -1        0

 COOLING
  YESTERDAY       18                         5     13       11
  MONTH TO DATE   18                         5     13       11
  SINCE JUN 1    271                        84    187       71
  SINCE JAN 1    298                       107    191       93
..................................................................


WIND (MPH)
  HIGHEST WIND SPEED    16   HIGHEST WIND DIRECTION     N (360)
  HIGHEST GUST SPEED    21   HIGHEST GUST DIRECTION    NW (330)
  AVERAGE WIND SPEED     7.0


SKY COVER
  POSSIBLE SUNSHINE  MM
  AVERAGE SKY COVER 0.0


WEATHER CONDITIONS
 THE FOLLOWING WEATHER WAS RECORDED YESTERDAY.
  HAZE


RELATIVE HUMIDITY (PERCENT)
 HIGHEST    52           500 AM
 LOWEST     15           400 PM
 AVERAGE    34

..........................................................


THE PENDLETON OR CLIMATE NORMALS FOR TODAY
                         NORMAL    RECORD    YEAR
 MAXIMUM TEMPERATURE (F)   84       106      2013
 MINIMUM TEMPERATURE (F)   55        42      1955


SUNRISE AND SUNSET
JULY  2 2015..........SUNRISE   510 AM PDT   SUNSET   848 PM PDT
JULY  3 2015..........SUNRISE   511 AM PDT   SUNSET   848 PM PDT


-  INDICATES NEGATIVE NUMBERS.
R  INDICATES RECORD WAS SET OR TIED.
MM INDICATES DATA IS MISSING.
T  INDICATES TRACE AMOUNT.

$$
