000
CDUS46 KPDT 210835
CLIPDT

CLIMATE REPORT
NATIONAL WEATHER SERVICE PENDLETON OR
133 AM PDT THU SEP 21 2017


...................................

...THE PENDLETON OR CLIMATE SUMMARY FOR SEPTEMBER 20 2017...

CLIMATE NORMAL PERIOD 1981 TO 2010
CLIMATE RECORD PERIOD 1890 TO 2017


WEATHER ITEM   OBSERVED TIME   RECORD YEAR NORMAL DEPARTURE LAST
                VALUE   (LST)  VALUE       VALUE  FROM      YEAR
                                                  NORMAL
..................................................................
TEMPERATURE (F)
 YESTERDAY
  MAXIMUM         61    237 PM  92    1917  76    -15       68
                                      1899
                                      1897
  MINIMUM         45    623 AM  31    1912  48     -3       45
  AVERAGE         53                        62     -9       57

PRECIPITATION (IN)
  YESTERDAY        0.52R         0.34 1945   0.02   0.50     0.00
  MONTH TO DATE    0.91                      0.35   0.56     0.49
  SINCE OCT 1     17.80                     12.44   5.36    12.15
  SINCE JAN 1     12.28                      8.44   3.84     7.88

SNOWFALL (IN)
  YESTERDAY       MM             0.0  2002   0.0   MM        0.0
                                      2001
                                      1999
  MONTH TO DATE    0.0                       0.0    0.0      0.0
  SINCE JAN 1     25.9                       7.7   18.2       T
  SINCE JUL 1      0.0                       0.0    0.0      0.0
  SNOW DEPTH       0

DEGREE DAYS
 HEATING
  YESTERDAY       12                         5      7        8
  MONTH TO DATE   56                        52      4       66
  SINCE SEP 1     56                        52      4       66
  SINCE JUL 1     58                        74    -16       68

 COOLING
  YESTERDAY        0                         2     -2        0
  MONTH TO DATE  110                        55     55        8
  SINCE SEP 1    110                        55     55        8
  SINCE JAN 1    891                       625    266      596
..................................................................


WIND (MPH)
  HIGHEST WIND SPEED    25   HIGHEST WIND DIRECTION     W (290)
  HIGHEST GUST SPEED    30   HIGHEST GUST DIRECTION     W (270)
  AVERAGE WIND SPEED     9.6


SKY COVER
  POSSIBLE SUNSHINE  MM
  AVERAGE SKY COVER 0.7


WEATHER CONDITIONS
 THE FOLLOWING WEATHER WAS RECORDED YESTERDAY.
  THUNDERSTORM
  RAIN
  LIGHT RAIN
  FOG


RELATIVE HUMIDITY (PERCENT)
 HIGHEST   100           200 AM
 LOWEST     51           300 PM
 AVERAGE    76

..........................................................


THE PENDLETON OR CLIMATE NORMALS FOR TODAY
                         NORMAL    RECORD    YEAR
 MAXIMUM TEMPERATURE (F)   76        94      1897
 MINIMUM TEMPERATURE (F)   48        27      1895


SUNRISE AND SUNSET
SEPTEMBER 21 2017.....SUNRISE   642 AM PDT   SUNSET   654 PM PDT
SEPTEMBER 22 2017.....SUNRISE   643 AM PDT   SUNSET   652 PM PDT


-  INDICATES NEGATIVE NUMBERS.
R  INDICATES RECORD WAS SET OR TIED.
MM INDICATES DATA IS MISSING.
T  INDICATES TRACE AMOUNT.




$$
