212
CDUS46 KPDT 260849
CLIPDT

CLIMATE REPORT
NATIONAL WEATHER SERVICE PENDLETON OR
128 AM PDT MON SEP 26 2016


...................................

...THE PENDLETON OR CLIMATE SUMMARY FOR SEPTEMBER 25 2016...

CLIMATE NORMAL PERIOD 1981 TO 2010
CLIMATE RECORD PERIOD 1890 TO 2016


WEATHER ITEM   OBSERVED TIME   RECORD YEAR NORMAL DEPARTURE LAST
                VALUE   (LST)  VALUE       VALUE  FROM      YEAR
                                                  NORMAL
..................................................................
TEMPERATURE (F)
 YESTERDAY
  MAXIMUM         82    446 PM  99    1952  74      8       82
  MINIMUM         44    602 AM  21    1926  46     -2       46
  AVERAGE         63                        60      3       64

PRECIPITATION (IN)
  YESTERDAY        0.00          0.45 1923   0.02  -0.02     0.00
  MONTH TO DATE    0.68                      0.45   0.23     0.81
  SINCE OCT 1     12.34                     12.54  -0.20    10.52
  SINCE JAN 1      8.07                      8.54  -0.47     5.82

SNOWFALL (IN)
  YESTERDAY        0.0           0.0  2002   0.0    0.0      0.0
                                      2001
                                      1999
  MONTH TO DATE    0.0                       0.0    0.0      0.0
  SINCE JAN 1      T                         7.7   -7.7      0.4
  SINCE JUL 1      0.0                       0.0    0.0      0.0
  SNOW DEPTH       0

DEGREE DAYS
 HEATING
  YESTERDAY        2                         6     -4        1
  MONTH TO DATE  110                        79     31       94
  SINCE SEP 1    110                        79     31       94
  SINCE JUL 1    112                       101     11      102

 COOLING
  YESTERDAY        0                         1     -1        0
  MONTH TO DATE    8                        60    -52       32
  SINCE SEP 1      8                        60    -52       32
  SINCE JAN 1    596                       630    -34      908
..................................................................


WIND (MPH)
  HIGHEST WIND SPEED    13   HIGHEST WIND DIRECTION     E (70)
  HIGHEST GUST SPEED    14   HIGHEST GUST DIRECTION    NE (60)
  AVERAGE WIND SPEED     7.5


SKY COVER
  POSSIBLE SUNSHINE  MM
  AVERAGE SKY COVER 0.0


WEATHER CONDITIONS
 THE FOLLOWING WEATHER WAS RECORDED YESTERDAY.
  NO SIGNIFICANT WEATHER WAS OBSERVED.


RELATIVE HUMIDITY (PERCENT)
 HIGHEST    71           400 AM
 LOWEST     16          1200 PM
 AVERAGE    44

..........................................................


THE PENDLETON OR CLIMATE NORMALS FOR TODAY
                         NORMAL    RECORD    YEAR
 MAXIMUM TEMPERATURE (F)   73        94      1899
 MINIMUM TEMPERATURE (F)   46        24      1908


SUNRISE AND SUNSET
SEPTEMBER 26 2016.....SUNRISE   648 AM PDT   SUNSET   644 PM PDT
SEPTEMBER 27 2016.....SUNRISE   649 AM PDT   SUNSET   642 PM PDT


-  INDICATES NEGATIVE NUMBERS.
R  INDICATES RECORD WAS SET OR TIED.
MM INDICATES DATA IS MISSING.
T  INDICATES TRACE AMOUNT.




$$
