000
CDUS46 KPDT 310924
CLIPDT

CLIMATE REPORT
NATIONAL WEATHER SERVICE PENDLETON OR
224 AM PDT FRI JUL 31 2015


...................................

...THE PENDLETON OR CLIMATE SUMMARY FOR JULY 30 2015...

CLIMATE NORMAL PERIOD 1981 TO 2010
CLIMATE RECORD PERIOD 1890 TO 2015


WEATHER ITEM   OBSERVED TIME   RECORD YEAR NORMAL DEPARTURE LAST
                VALUE   (LST)  VALUE       VALUE  FROM      YEAR
                                                  NORMAL
..................................................................
TEMPERATURE (F)
 YESTERDAY
  MAXIMUM        103    314 PM 107    1929  90     13      104
  MINIMUM         58    421 AM  40    1933  59     -1       73
  AVERAGE         81                        74      7       89

PRECIPITATION (IN)
  YESTERDAY        0.00          0.52 1998   0.01  -0.01     0.00
  MONTH TO DATE    T                         0.31  -0.31     0.22
  SINCE OCT 1      9.70                     11.70  -2.00     9.50
  SINCE JAN 1      5.00                      7.70  -2.70     7.71

SNOWFALL (IN)
  YESTERDAY        0.0           0.0  2002   0.0    0.0      0.0
                                      2001
                                      2000
  MONTH TO DATE    0.0                       0.0    0.0      0.0
  SINCE JAN 1      0.4                       7.7   -7.3     15.2
  SINCE JUL 1      0.0                       0.0    0.0      0.0
  SNOW DEPTH       0

DEGREE DAYS
 HEATING
  YESTERDAY        0                         0      0        0
  MONTH TO DATE    0                         7     -7        2
  SINCE JUN 1     10                        90    -80       45
  SINCE JUL 1      0                         7     -7        2

 COOLING
  YESTERDAY       16                         9      7       24
  MONTH TO DATE  335                       236     99      386
  SINCE JUN 1    588                       315    273      446
  SINCE JAN 1    615                       338    277      468
..................................................................


WIND (MPH)
  HIGHEST WIND SPEED    14   HIGHEST WIND DIRECTION    NW (310)
  HIGHEST GUST SPEED    19   HIGHEST GUST DIRECTION    NW (320)
  AVERAGE WIND SPEED     7.1


SKY COVER
  POSSIBLE SUNSHINE  MM
  AVERAGE SKY COVER 0.0


WEATHER CONDITIONS
 THE FOLLOWING WEATHER WAS RECORDED YESTERDAY.
  NO SIGNIFICANT WEATHER WAS OBSERVED.


RELATIVE HUMIDITY (PERCENT)
 HIGHEST    40           300 AM
 LOWEST      7           300 PM
 AVERAGE    24

..........................................................


THE PENDLETON OR CLIMATE NORMALS FOR TODAY
                         NORMAL    RECORD    YEAR
 MAXIMUM TEMPERATURE (F)   90       108      1971
 MINIMUM TEMPERATURE (F)   59        42      1933


SUNRISE AND SUNSET
JULY 31 2015..........SUNRISE   537 AM PDT   SUNSET   825 PM PDT
AUGUST  1 2015........SUNRISE   539 AM PDT   SUNSET   824 PM PDT


-  INDICATES NEGATIVE NUMBERS.
R  INDICATES RECORD WAS SET OR TIED.
MM INDICATES DATA IS MISSING.
T  INDICATES TRACE AMOUNT.

$$
