000
CDUS46 KPDT 220858
CLIPDT

CLIMATE REPORT
NATIONAL WEATHER SERVICE PENDLETON OR
157 AM PDT TUE JUL 22 2014


...................................

...THE PENDLETON OR CLIMATE SUMMARY FOR JULY 21 2014...

CLIMATE NORMAL PERIOD 1981 TO 2010
CLIMATE RECORD PERIOD 1890 TO 2014


WEATHER ITEM   OBSERVED TIME   RECORD YEAR NORMAL DEPARTURE LAST
                VALUE   (LST)  VALUE       VALUE  FROM      YEAR
                                                  NORMAL
..................................................................
TEMPERATURE (F)
 YESTERDAY
  MAXIMUM         84    216 PM 114    1905  90     -6       97
  MINIMUM         57    531 AM  42    1934  58     -1       55
  AVERAGE         71                        74     -3       76

PRECIPITATION (IN)
  YESTERDAY        0.00          0.25 1912   0.01  -0.01     0.00
  MONTH TO DATE    0.03                      0.24  -0.21     0.06
  SINCE OCT 1      9.31                     11.63  -2.32     9.41
  SINCE JAN 1      7.52                      7.63  -0.11     4.97

SNOWFALL (IN)
  YESTERDAY        0.0           0.0  2002   0.0    0.0      0.0
                                      2001
                                      2000
  MONTH TO DATE    0.0                       0.0    0.0      0.0
  SINCE JAN 1     15.2                       7.7    7.5      0.2
  SINCE JUL 1      0.0                       0.0    0.0      0.0
  SNOW DEPTH       0

DEGREE DAYS
 HEATING
  YESTERDAY        0                         0      0        0
  MONTH TO DATE    0                         7     -7        0
  SINCE JUN 1     43                        90    -47       80
  SINCE JUL 1      0                         7     -7        0

 COOLING
  YESTERDAY        6                         9     -3       11
  MONTH TO DATE  292                       152    140      225
  SINCE JUN 1    352                       231    121      320
  SINCE JAN 1    374                       254    120      351
..................................................................


WIND (MPH)
  HIGHEST WIND SPEED    30   HIGHEST WIND DIRECTION     W (250)
  HIGHEST GUST SPEED    35   HIGHEST GUST DIRECTION     W (250)
  AVERAGE WIND SPEED     7.3


SKY COVER
  POSSIBLE SUNSHINE  MM
  AVERAGE SKY COVER 0.1


WEATHER CONDITIONS
 THE FOLLOWING WEATHER WAS RECORDED YESTERDAY.
  HAZE


RELATIVE HUMIDITY (PERCENT)
 HIGHEST    62           500 AM
 LOWEST     21           400 PM
 AVERAGE    42

..........................................................


THE PENDLETON OR CLIMATE NORMALS FOR TODAY
                         NORMAL    RECORD    YEAR
 MAXIMUM TEMPERATURE (F)   90       111      1905
 MINIMUM TEMPERATURE (F)   58        41      1897


SUNRISE AND SUNSET
JULY 22 2014..........SUNRISE   528 AM PDT   SUNSET   835 PM PDT
JULY 23 2014..........SUNRISE   529 AM PDT   SUNSET   834 PM PDT


-  INDICATES NEGATIVE NUMBERS.
R  INDICATES RECORD WAS SET OR TIED.
MM INDICATES DATA IS MISSING.
T  INDICATES TRACE AMOUNT.




$$
