000
CDUS46 KPDT 310030
CLIPDT

CLIMATE REPORT
NATIONAL WEATHER SERVICE PENDLETON OR
530 PM PDT SAT JUL 30 2016


...................................

...THE PENDLETON OR CLIMATE SUMMARY FOR JULY 30 2016...
VALID TODAY AS OF 0500 PM LOCAL TIME.

CLIMATE NORMAL PERIOD 1981 TO 2010
CLIMATE RECORD PERIOD 1890 TO 2016


WEATHER ITEM   OBSERVED TIME   RECORD YEAR NORMAL DEPARTURE LAST
                VALUE   (LST)  VALUE       VALUE  FROM      YEAR
                                                  NORMAL
..................................................................
TEMPERATURE (F)
 TODAY
  MAXIMUM         96    207 PM 107    1929  90      6      103
  MINIMUM         70    450 AM  40    1933  59     11       58
  AVERAGE         83                        74      9       81

PRECIPITATION (IN)
  TODAY            0.00          0.52 1998   0.01  -0.01     0.00
  MONTH TO DATE    0.80                      0.31   0.49      T
  SINCE OCT 1     11.59                     11.70  -0.11     9.70
  SINCE JAN 1      7.32                      7.70  -0.38     5.00

SNOWFALL (IN)
  TODAY            0.0           0.0  2002   0.0    0.0      0.0
                                      2001
                                      2000
  MONTH TO DATE    0.0                       0.0    0.0      0.0
  SINCE JAN 1      T                         7.7   -7.7      0.4
  SINCE JUL 1      0.0                       0.0    0.0      0.0
  SNOW DEPTH       0

DEGREE DAYS
 HEATING
  TODAY            0                         0      0        0
  MONTH TO DATE    0                         7     -7        0
  SINCE JUN 1     69                        90    -21       10
  SINCE JUL 1      0                         7     -7        0

 COOLING
  TODAY           18                         9      9       16
  MONTH TO DATE  203                       236    -33      335
  SINCE JUN 1    340                       315     25      588
  SINCE JAN 1    358                       338     20      615
..................................................................


WIND (MPH)
  HIGHEST WIND SPEED    33   HIGHEST WIND DIRECTION     W (270)
  HIGHEST GUST SPEED    40   HIGHEST GUST DIRECTION     W (270)
  AVERAGE WIND SPEED    14.6


SKY COVER
  POSSIBLE SUNSHINE  MM
  AVERAGE SKY COVER 0.0


WEATHER CONDITIONS
 THE FOLLOWING WEATHER WAS RECORDED TODAY.
  NO SIGNIFICANT WEATHER WAS OBSERVED.


RELATIVE HUMIDITY (PERCENT)
 HIGHEST    41           300 AM
 LOWEST      6           200 PM
 AVERAGE    24

..........................................................


THE PENDLETON OR CLIMATE NORMALS FOR TOMORROW
                         NORMAL    RECORD    YEAR
 MAXIMUM TEMPERATURE (F)   90       108      1971
 MINIMUM TEMPERATURE (F)   59        42      1933


SUNRISE AND SUNSET
JULY 30 2016..........SUNRISE   537 AM PDT   SUNSET   826 PM PDT
JULY 31 2016..........SUNRISE   538 AM PDT   SUNSET   824 PM PDT


-  INDICATES NEGATIVE NUMBERS.
R  INDICATES RECORD WAS SET OR TIED.
MM INDICATES DATA IS MISSING.
T  INDICATES TRACE AMOUNT.




$$
