000
CDUS46 KPDT 220913
CLIPDT

CLIMATE REPORT
NATIONAL WEATHER SERVICE PENDLETON OR
112 AM PST SUN JAN 22 2017


...................................

...THE PENDLETON OR CLIMATE SUMMARY FOR JANUARY 21 2017...

CLIMATE NORMAL PERIOD 1981 TO 2010
CLIMATE RECORD PERIOD 1890 TO 2017


WEATHER ITEM   OBSERVED TIME   RECORD YEAR NORMAL DEPARTURE LAST
                VALUE   (LST)  VALUE       VALUE  FROM      YEAR
                                                  NORMAL
..................................................................
TEMPERATURE (F)
 YESTERDAY
  MAXIMUM         45   1019 PM  62    1909  43      2       56
  MINIMUM         31    758 AM -26    1930  30      1       42
  AVERAGE         38                        36      2       49

PRECIPITATION (IN)
  YESTERDAY        T             1.10 1894   0.04  -0.04     0.04
  MONTH TO DATE    1.33                      1.01   0.32     1.05
  SINCE OCT 1      6.85                      5.01   1.84     5.32
  SINCE JAN 1      1.33                      1.01   0.32     1.05

SNOWFALL (IN)
  YESTERDAY        0.0           5.0  1943   0.1   -0.1      0.0
  MONTH TO DATE   13.3                       2.7   10.6       T
  SINCE JAN 1     13.3                       2.7   10.6       T
  SINCE JUL 1     31.8                      10.2   21.6      4.1
  SNOW DEPTH       T

DEGREE DAYS
 HEATING
  YESTERDAY       27                        29     -2       16
  MONTH TO DATE  980                       637    343      666
  SINCE DEC 1   2117                      1621    496     1526
  SINCE JUL 1   3141                      2874    267     2726

 COOLING
  YESTERDAY        0                         0      0        0
  MONTH TO DATE    0                         0      0        0
  SINCE DEC 1      0                         0      0        0
  SINCE JAN 1      0                         0      0        0
..................................................................


WIND (MPH)
  HIGHEST WIND SPEED    16   HIGHEST WIND DIRECTION    SW (210)
  HIGHEST GUST SPEED    22   HIGHEST GUST DIRECTION    SW (210)
  AVERAGE WIND SPEED     4.9


SKY COVER
  POSSIBLE SUNSHINE  MM
  AVERAGE SKY COVER 0.9


WEATHER CONDITIONS
 THE FOLLOWING WEATHER WAS RECORDED YESTERDAY.
  LIGHT RAIN
  FOG
  HAZE


RELATIVE HUMIDITY (PERCENT)
 HIGHEST   100           600 AM
 LOWEST     65          1000 PM
 AVERAGE    83

..........................................................


THE PENDLETON OR CLIMATE NORMALS FOR TODAY
                         NORMAL    RECORD    YEAR
 MAXIMUM TEMPERATURE (F)   43        67      1897
 MINIMUM TEMPERATURE (F)   30       -26      1930


SUNRISE AND SUNSET
JANUARY 22 2017.......SUNRISE   727 AM PST   SUNSET   448 PM PST
JANUARY 23 2017.......SUNRISE   726 AM PST   SUNSET   449 PM PST


-  INDICATES NEGATIVE NUMBERS.
R  INDICATES RECORD WAS SET OR TIED.
MM INDICATES DATA IS MISSING.
T  INDICATES TRACE AMOUNT.

$$
