000
CDUS46 KPDT 250835
CLIPDT

CLIMATE REPORT
NATIONAL WEATHER SERVICE PENDLETON OR
134 AM PDT WED MAY 25 2016


...................................

...THE PENDLETON OR CLIMATE SUMMARY FOR MAY 24 2016...

CLIMATE NORMAL PERIOD 1981 TO 2010
CLIMATE RECORD PERIOD 1890 TO 2016


WEATHER ITEM   OBSERVED TIME   RECORD YEAR NORMAL DEPARTURE LAST
                VALUE   (LST)  VALUE       VALUE  FROM      YEAR
                                                  NORMAL
..................................................................
TEMPERATURE (F)
 YESTERDAY
  MAXIMUM         72    519 PM  93    1928  72      0       80
  MINIMUM         47    521 AM  34    1920  48     -1       49
  AVERAGE         60                        60      0       65

PRECIPITATION (IN)
  YESTERDAY        0.00          0.57 1942   0.05  -0.05     0.00
  MONTH TO DATE    1.19                      1.01   0.18     1.29
  SINCE OCT 1      9.86                     10.07  -0.21     9.12
  SINCE JAN 1      5.59                      6.07  -0.48     4.42

SNOWFALL (IN)
  YESTERDAY        0.0           0.0  2002   0.0    0.0      0.0
                                      2001
                                      2000
  MONTH TO DATE    0.0                       0.0    0.0      0.0
  SINCE JAN 1      T                         7.7   -7.7      0.4
  SINCE JUL 1      4.1                      15.2  -11.1      7.2
  SNOW DEPTH       0

DEGREE DAYS
 HEATING
  YESTERDAY        5                         6     -1        0
  MONTH TO DATE  127                       208    -81      152
  SINCE MAR 1    947                      1256   -309     1098
  SINCE JUL 1   4539                      5155   -616     4591

 COOLING
  YESTERDAY        0                         1     -1        0
  MONTH TO DATE   18                        15      3        3
  SINCE MAR 1     18                        16      2        3
  SINCE JAN 1     18                        16      2        3
..................................................................


WIND (MPH)
  HIGHEST WIND SPEED    17   HIGHEST WIND DIRECTION    NW (300)
  HIGHEST GUST SPEED    24   HIGHEST GUST DIRECTION     W (260)
  AVERAGE WIND SPEED     7.3


SKY COVER
  POSSIBLE SUNSHINE  MM
  AVERAGE SKY COVER 0.3


WEATHER CONDITIONS
 THE FOLLOWING WEATHER WAS RECORDED YESTERDAY.
  NO SIGNIFICANT WEATHER WAS OBSERVED.


RELATIVE HUMIDITY (PERCENT)
 HIGHEST    74           600 AM
 LOWEST     28           500 PM
 AVERAGE    51

..........................................................


THE PENDLETON OR CLIMATE NORMALS FOR TODAY
                         NORMAL    RECORD    YEAR
 MAXIMUM TEMPERATURE (F)   72        98      1928
 MINIMUM TEMPERATURE (F)   48        30      1918


SUNRISE AND SUNSET
MAY 25 2016...........SUNRISE   514 AM PDT   SUNSET   832 PM PDT
MAY 26 2016...........SUNRISE   513 AM PDT   SUNSET   833 PM PDT


-  INDICATES NEGATIVE NUMBERS.
R  INDICATES RECORD WAS SET OR TIED.
MM INDICATES DATA IS MISSING.
T  INDICATES TRACE AMOUNT.




$$
