621
CDUS46 KPQR 091149
CLIPDX


CLIMATE REPORT
NATIONAL WEATHER SERVICE PORTLAND OREGON
348 AM PST TUE FEB 9 2016


...................................

...THE PORTLAND OR CLIMATE SUMMARY FOR FEBRUARY 8 2016...

CLIMATE NORMAL PERIOD 1981 TO 2010
CLIMATE RECORD PERIOD 1940 TO 2016


WEATHER ITEM   OBSERVED TIME   RECORD YEAR NORMAL DEPARTURE LAST
                VALUE   (LST)  VALUE       VALUE  FROM      YEAR
                                                  NORMAL
..................................................................
TEMPERATURE (F)
 YESTERDAY
  MAXIMUM         62    307 PM  64    1995  50     12       57
  MINIMUM         37    551 AM  25    2014  36      1       46
                                      1994
                                      1971
  AVERAGE         50                        43      7       52

PRECIPITATION (IN)
  YESTERDAY        0.00          1.86 1996   0.13  -0.13     0.09
  MONTH TO DATE    0.83                      1.05  -0.22     2.92
  SINCE OCT 1     31.48                     20.05  11.43    21.23
  SINCE JAN 1      8.06                      5.93   2.13     6.25

DEGREE DAYS
 HEATING
  YESTERDAY       15                        22     -7       13
  MONTH TO DATE  142                       176    -34      126
  SINCE DEC 1   1489                      1671   -182     1428
  SINCE JUL 1   2297                      2640   -343     2161

 COOLING
  YESTERDAY        0                         0      0        0
  MONTH TO DATE    0                         0      0        0
  SINCE DEC 1      0                         0      0        0
  SINCE JAN 1      0                         0      0        0
..................................................................


WIND (MPH)
  HIGHEST WIND SPEED    17   HIGHEST WIND DIRECTION     E (110)
  HIGHEST GUST SPEED    19   HIGHEST GUST DIRECTION     E (100)
  AVERAGE WIND SPEED     4.0


SKY COVER
  POSSIBLE SUNSHINE  MM
  AVERAGE SKY COVER 0.2


WEATHER CONDITIONS
 THE FOLLOWING WEATHER WAS RECORDED YESTERDAY.
  FOG


RELATIVE HUMIDITY (PERCENT)
 HIGHEST   100           800 AM
 LOWEST     43           300 PM
 AVERAGE    72

..........................................................


THE PORTLAND OR CLIMATE NORMALS FOR TODAY
                         NORMAL    RECORD    YEAR
 MAXIMUM TEMPERATURE (F)   50        62      1963
                                             1951
 MINIMUM TEMPERATURE (F)   36        25      1986
                                             1982


SUNRISE AND SUNSET
FEBRUARY  9 2016......SUNRISE   722 AM PST   SUNSET   528 PM PST
FEBRUARY 10 2016......SUNRISE   720 AM PST   SUNSET   530 PM PST


-  INDICATES NEGATIVE NUMBERS.
R  INDICATES RECORD WAS SET OR TIED.
MM INDICATES DATA IS MISSING.
T  INDICATES TRACE AMOUNT.




$$
