000
CDUS46 KPQR 281142
CLIPDX


CLIMATE REPORT
NATIONAL WEATHER SERVICE PORTLAND OREGON
441 AM PDT FRI AUG 28 2015


...................................

...THE PORTLAND OR CLIMATE SUMMARY FOR AUGUST 27 2015...

CLIMATE NORMAL PERIOD 1981 TO 2010
CLIMATE RECORD PERIOD 1940 TO 2015


WEATHER ITEM   OBSERVED TIME   RECORD YEAR NORMAL DEPARTURE LAST
                VALUE   (LST)  VALUE       VALUE  FROM      YEAR
                                                  NORMAL
..................................................................
TEMPERATURE (F)
 YESTERDAY
  MAXIMUM         89    508 PM  97    1972  80      9       90
  MINIMUM         59    548 AM  47    1964  57      2       64
                                      1962
  AVERAGE         74                        68      6       77

PRECIPITATION (IN)
  YESTERDAY        0.00          0.42 1975   0.03  -0.03     0.00
  MONTH TO DATE    0.12                      0.54  -0.42     0.01
  SINCE OCT 1     30.16                     34.43  -4.27    29.97
  SINCE JAN 1     15.18                     20.31  -5.13    24.15

DEGREE DAYS
 HEATING
  YESTERDAY        0                         0      0        0
  MONTH TO DATE    0                         0      0        0
  SINCE JUN 1     19                       108    -89       63
  SINCE JUL 1      0                        17    -17        1

 COOLING
  YESTERDAY        9                         4      5       12
  MONTH TO DATE  218                       138     80      242
  SINCE JUN 1    690                       332    358      491
  SINCE JAN 1    712                       349    363      519
..................................................................


WIND (MPH)
  HIGHEST WIND SPEED    10   HIGHEST WIND DIRECTION    NW (320)
  HIGHEST GUST SPEED    14   HIGHEST GUST DIRECTION    NW (310)
  AVERAGE WIND SPEED     3.4


SKY COVER
  POSSIBLE SUNSHINE  MM
  AVERAGE SKY COVER 0.6


WEATHER CONDITIONS
 THE FOLLOWING WEATHER WAS RECORDED YESTERDAY.
  NO SIGNIFICANT WEATHER WAS OBSERVED.


RELATIVE HUMIDITY (PERCENT)
 HIGHEST    78           600 AM
 LOWEST     22           500 PM
 AVERAGE    50

..........................................................


THE PORTLAND OR CLIMATE NORMALS FOR TODAY
                         NORMAL    RECORD    YEAR
 MAXIMUM TEMPERATURE (F)   80       102      1967
 MINIMUM TEMPERATURE (F)   57        45      1980


SUNRISE AND SUNSET
AUGUST 28 2015........SUNRISE   627 AM PDT   SUNSET   756 PM PDT
AUGUST 29 2015........SUNRISE   628 AM PDT   SUNSET   754 PM PDT


-  INDICATES NEGATIVE NUMBERS.
R  INDICATES RECORD WAS SET OR TIED.
MM INDICATES DATA IS MISSING.
T  INDICATES TRACE AMOUNT.




$$
