000
CDUS46 KPQR 232320
CLIPDX


CLIMATE REPORT
NATIONAL WEATHER SERVICE PORTLAND OREGON
420 PM PDT SAT JUL 23 2016


...................................

...THE PORTLAND OR CLIMATE SUMMARY FOR JULY 23 2016...
VALID TODAY AS OF 0400 PM LOCAL TIME.

CLIMATE NORMAL PERIOD 1981 TO 2010
CLIMATE RECORD PERIOD 1940 TO 2016


WEATHER ITEM   OBSERVED TIME   RECORD YEAR NORMAL DEPARTURE LAST
                VALUE   (LST)  VALUE       VALUE  FROM      YEAR
                                                  NORMAL
..................................................................
TEMPERATURE (F)
 TODAY
  MAXIMUM         74    240 PM 103    2004  82     -8       80
  MINIMUM         61    644 AM  46    1963  59      2       59
  AVERAGE         68                        70     -2       70

PRECIPITATION (IN)
  TODAY            0.00          0.62 2014   0.02  -0.02     0.00
  MONTH TO DATE    0.66                      0.53   0.13     0.03
  SINCE OCT 1     45.24                     33.77  11.47    29.50
  SINCE JAN 1     21.82                     19.65   2.17    14.52

DEGREE DAYS
 HEATING
  TODAY            0                         0      0        0
  MONTH TO DATE    3                        15    -12        0
  SINCE JUN 1     70                       106    -36       19
  SINCE JUL 1      3                        15    -12        0

 COOLING
  TODAY            3                         6     -3        5
  MONTH TO DATE   71                       101    -30      223
  SINCE JUN 1    176                       148     28      408
  SINCE JAN 1    225                       165     60      430
..................................................................


WIND (MPH)
  HIGHEST WIND SPEED    15   HIGHEST WIND DIRECTION    NW (320)
  HIGHEST GUST SPEED    22   HIGHEST GUST DIRECTION    NW (310)
  AVERAGE WIND SPEED     6.0



WEATHER CONDITIONS
 THE FOLLOWING WEATHER WAS RECORDED TODAY.
  NO SIGNIFICANT WEATHER WAS OBSERVED.


RELATIVE HUMIDITY (PERCENT)
 HIGHEST    78          1200 AM
 LOWEST     46           200 PM
 AVERAGE    62

..........................................................


THE PORTLAND OR CLIMATE NORMALS FOR TOMORROW
                         NORMAL    RECORD    YEAR
 MAXIMUM TEMPERATURE (F)   82       100      2004
                                             1984
 MINIMUM TEMPERATURE (F)   59        50      1973
                                             1964


SUNRISE AND SUNSET
JULY 23 2016..........SUNRISE   545 AM PDT   SUNSET   849 PM PDT
JULY 24 2016..........SUNRISE   546 AM PDT   SUNSET   847 PM PDT


-  INDICATES NEGATIVE NUMBERS.
R  INDICATES RECORD WAS SET OR TIED.
MM INDICATES DATA IS MISSING.
T  INDICATES TRACE AMOUNT.




$$
