000
CDUS46 KPQR 031141
CLIPDX


CLIMATE REPORT
NATIONAL WEATHER SERVICE PORTLAND OREGON
340 AM PST TUE MAR 3 2015


...................................

...THE PORTLAND OR CLIMATE SUMMARY FOR MARCH 2 2015...

CLIMATE NORMAL PERIOD 1981 TO 2010
CLIMATE RECORD PERIOD 1940 TO 2015


WEATHER ITEM   OBSERVED TIME   RECORD YEAR NORMAL DEPARTURE LAST
                VALUE   (LST)  VALUE       VALUE  FROM      YEAR
                                                  NORMAL
..................................................................
TEMPERATURE (F)
 YESTERDAY
  MAXIMUM         56    420 PM  67    1986  54      2       53
  MINIMUM         41   1131 PM  25    1960  38      3       33
  AVERAGE         49                        46      3       43

PRECIPITATION (IN)
  YESTERDAY        T             0.53 1991   0.14  -0.14     0.43
  MONTH TO DATE    T                         0.28  -0.28     0.44
  SINCE OCT 1     22.02                     22.94  -0.92    14.08
  SINCE JAN 1      7.04                      8.82  -1.78     8.26

DEGREE DAYS
 HEATING
  YESTERDAY       16                        19     -3       22
  MONTH TO DATE   37                        38     -1       46
  SINCE MAR 1     37                        38     -1       46
  SINCE JUL 1   2509                      3096   -587     3344

 COOLING
  YESTERDAY        0                         0      0        0
  MONTH TO DATE    0                         0      0        0
  SINCE MAR 1      0                         0      0        0
  SINCE JAN 1      0                         0      0        0
..................................................................


WIND (MPH)
  HIGHEST WIND SPEED    20   HIGHEST WIND DIRECTION    NW (320)
  HIGHEST GUST SPEED    26   HIGHEST GUST DIRECTION    NW (310)
  AVERAGE WIND SPEED     7.4


SKY COVER
  POSSIBLE SUNSHINE  MM
  AVERAGE SKY COVER 0.6


WEATHER CONDITIONS
 THE FOLLOWING WEATHER WAS RECORDED YESTERDAY.
  LIGHT RAIN


RELATIVE HUMIDITY (PERCENT)
 HIGHEST    96           800 AM
 LOWEST     50           500 PM
 AVERAGE    73

..........................................................


THE PORTLAND OR CLIMATE NORMALS FOR TODAY
                         NORMAL    RECORD    YEAR
 MAXIMUM TEMPERATURE (F)   54        67      1994
 MINIMUM TEMPERATURE (F)   38        19      1989


SUNRISE AND SUNSET
MARCH  3 2015.........SUNRISE   645 AM PST   SUNSET   600 PM PST
MARCH  4 2015.........SUNRISE   644 AM PST   SUNSET   601 PM PST


-  INDICATES NEGATIVE NUMBERS.
R  INDICATES RECORD WAS SET OR TIED.
MM INDICATES DATA IS MISSING.
T  INDICATES TRACE AMOUNT.




$$
