000
CDUS46 KPQR 291143
CLIPDX


CLIMATE REPORT
NATIONAL WEATHER SERVICE PORTLAND OREGON
442 AM PDT FRI MAY 29 2015


...................................

...THE PORTLAND OR CLIMATE SUMMARY FOR MAY 28 2015...

CLIMATE NORMAL PERIOD 1981 TO 2010
CLIMATE RECORD PERIOD 1940 TO 2015


WEATHER ITEM   OBSERVED TIME   RECORD YEAR NORMAL DEPARTURE LAST
                VALUE   (LST)  VALUE       VALUE  FROM      YEAR
                                                  NORMAL
..................................................................
TEMPERATURE (F)
 YESTERDAY
  MAXIMUM         85    452 PM 100    1983  70     15       64
  MINIMUM         54    636 AM  38    1954  51      3       50
  AVERAGE         70                        61      9       57

PRECIPITATION (IN)
  YESTERDAY        0.00          0.80 1985   0.09  -0.09     0.12
  MONTH TO DATE    0.59                      2.22  -1.63     2.38
  SINCE OCT 1     29.07                     31.29  -2.22    26.57
  SINCE JAN 1     14.09                     17.17  -3.08    20.75

DEGREE DAYS
 HEATING
  YESTERDAY        0                         5     -5        8
  MONTH TO DATE  133                       208    -75      128
  SINCE MAR 1    876                      1113   -237      944
  SINCE JUL 1   3348                      4171   -823     4242

 COOLING
  YESTERDAY        5                         1      4        0
  MONTH TO DATE   10                         9      1       25
  SINCE MAR 1     12                        10      2       28
  SINCE JAN 1     12                        10      2       28
..................................................................


WIND (MPH)
  HIGHEST WIND SPEED    12   HIGHEST WIND DIRECTION    NW (320)
  HIGHEST GUST SPEED    17   HIGHEST GUST DIRECTION     N (340)
  AVERAGE WIND SPEED     5.1


SKY COVER
  POSSIBLE SUNSHINE  MM
  AVERAGE SKY COVER 0.3


WEATHER CONDITIONS
 THE FOLLOWING WEATHER WAS RECORDED YESTERDAY.
  FOG


RELATIVE HUMIDITY (PERCENT)
 HIGHEST   100           600 AM
 LOWEST     31           400 PM
 AVERAGE    66

..........................................................


THE PORTLAND OR CLIMATE NORMALS FOR TODAY
                         NORMAL    RECORD    YEAR
 MAXIMUM TEMPERATURE (F)   70        90      1973
 MINIMUM TEMPERATURE (F)   51        41      1978


SUNRISE AND SUNSET
MAY 29 2015...........SUNRISE   527 AM PDT   SUNSET   849 PM PDT
MAY 30 2015...........SUNRISE   526 AM PDT   SUNSET   850 PM PDT


-  INDICATES NEGATIVE NUMBERS.
R  INDICATES RECORD WAS SET OR TIED.
MM INDICATES DATA IS MISSING.
T  INDICATES TRACE AMOUNT.




$$
