000
CDUS46 KPQR 261142
CLIPDX


CLIMATE REPORT
NATIONAL WEATHER SERVICE PORTLAND OREGON
441 AM PDT THU MAY 26 2016


...................................

...THE PORTLAND OR CLIMATE SUMMARY FOR MAY 25 2016...

CLIMATE NORMAL PERIOD 1981 TO 2010
CLIMATE RECORD PERIOD 1940 TO 2016


WEATHER ITEM   OBSERVED TIME   RECORD YEAR NORMAL DEPARTURE LAST
                VALUE   (LST)  VALUE       VALUE  FROM      YEAR
                                                  NORMAL
..................................................................
TEMPERATURE (F)
 YESTERDAY
  MAXIMUM         68    255 PM  90    1947  70     -2       67
  MINIMUM         55   1159 PM  38    1975  51      4       53
                                      1964
  AVERAGE         62                        60      2       60

PRECIPITATION (IN)
  YESTERDAY        0.00          0.63 1989   0.08  -0.08     0.00
  MONTH TO DATE    1.66                      1.96  -0.30     0.59
  SINCE OCT 1     43.10                     31.03  12.07    29.07
  SINCE JAN 1     19.68                     16.91   2.77    14.09

DEGREE DAYS
 HEATING
  YESTERDAY        3                         6     -3        5
  MONTH TO DATE   85                       193   -108      131
  SINCE MAR 1    761                      1098   -337      874
  SINCE JUL 1   3364                      4156   -792     3346

 COOLING
  YESTERDAY        0                         1     -1        0
  MONTH TO DATE   25                         6     19        3
  SINCE MAR 1     43                         7     36        5
  SINCE JAN 1     43                         7     36        5
..................................................................


WIND (MPH)
  HIGHEST WIND SPEED    17   HIGHEST WIND DIRECTION    NW (310)
  HIGHEST GUST SPEED    22   HIGHEST GUST DIRECTION    NW (330)
  AVERAGE WIND SPEED     5.7


SKY COVER
  POSSIBLE SUNSHINE  MM
  AVERAGE SKY COVER 0.9


WEATHER CONDITIONS
 THE FOLLOWING WEATHER WAS RECORDED YESTERDAY.
  NO SIGNIFICANT WEATHER WAS OBSERVED.


RELATIVE HUMIDITY (PERCENT)
 HIGHEST    72          1200 AM
 LOWEST     49           300 PM
 AVERAGE    61

..........................................................


THE PORTLAND OR CLIMATE NORMALS FOR TODAY
                         NORMAL    RECORD    YEAR
 MAXIMUM TEMPERATURE (F)   70        92      1947
 MINIMUM TEMPERATURE (F)   51        41      1973
                                             1964


SUNRISE AND SUNSET
MAY 26 2016...........SUNRISE   528 AM PDT   SUNSET   847 PM PDT
MAY 27 2016...........SUNRISE   528 AM PDT   SUNSET   848 PM PDT


-  INDICATES NEGATIVE NUMBERS.
R  INDICATES RECORD WAS SET OR TIED.
MM INDICATES DATA IS MISSING.
T  INDICATES TRACE AMOUNT.




$$
