000
CDUS41 KPBZ 070802
CLIPHD


CLIMATE REPORT
NATIONAL WEATHER SERVICE PITTSBURGH PA
302 AM EST WED DEC 7 2016


...................................

...THE NEW PHILADELPHIA OH CLIMATE SUMMARY FOR DECEMBER 6 2016...

CLIMATE NORMAL PERIOD 1981 TO 2010
CLIMATE RECORD PERIOD 1946 TO 2016


WEATHER ITEM   OBSERVED TIME   RECORD YEAR NORMAL DEPARTURE LAST
                VALUE   (LST)  VALUE       VALUE  FROM      YEAR
                                                  NORMAL
..................................................................
TEMPERATURE (F)
 YESTERDAY
  MAXIMUM         44    821 PM  72    2001  44      0       49
  MINIMUM         26             8    1976  27     -1       23
  AVERAGE         35                        36     -1       36

PRECIPITATION (IN)
  YESTERDAY        0.40         MM      MM   0.10   0.30     0.00
  MONTH TO DATE    0.57                      0.57   0.00     0.01
  SINCE JUN 1     17.51                     21.20  -3.69    15.13
  SINCE JAN 1     32.16                     36.80  -4.64    28.35

DEGREE DAYS
 HEATING
  YESTERDAY       30                        30      0       29
  MONTH TO DATE  171                       172     -1      153
  SINCE DEC 1    171                       172     -1      153
  SINCE JUL 1   1038                      1330   -292     1049

 COOLING
  YESTERDAY        0                         0      0        0
  MONTH TO DATE    0                         0      0        0
  SINCE DEC 1      0                         0      0        0
  SINCE JAN 1   1339                       697    642      866
..................................................................


WIND (MPH)
  HIGHEST WIND SPEED    18   HIGHEST WIND DIRECTION    NW (300)
  HIGHEST GUST SPEED    25   HIGHEST GUST DIRECTION     W (270)
  AVERAGE WIND SPEED     6.4


SKY COVER
  POSSIBLE SUNSHINE  MM
  AVERAGE SKY COVER 0.7


WEATHER CONDITIONS
 THE FOLLOWING WEATHER WAS RECORDED YESTERDAY.
  RAIN
  LIGHT RAIN
  FOG


RELATIVE HUMIDITY (PERCENT)
 HIGHEST   100           100 PM
 LOWEST     70           800 AM
 AVERAGE    85

..........................................................


THE NEW PHILADELPHIA OH CLIMATE NORMALS FOR TODAY
                         NORMAL    RECORD    YEAR
 MAXIMUM TEMPERATURE (F)   43        69      1998
 MINIMUM TEMPERATURE (F)   27         4      1977


SUNRISE AND SUNSET
DECEMBER  7 2016......SUNRISE   736 AM EST   SUNSET   459 PM EST
DECEMBER  8 2016......SUNRISE   737 AM EST   SUNSET   459 PM EST


-  INDICATES NEGATIVE NUMBERS.
R  INDICATES RECORD WAS SET OR TIED.
MM INDICATES DATA IS MISSING.
T  INDICATES TRACE AMOUNT.




$$
