000
CDUS41 KPBZ 170703
CLIPHD


CLIMATE REPORT
NATIONAL WEATHER SERVICE PITTSBURGH PA
303 AM EDT WED SEP 17 2014


...................................

...THE NEW PHILADELPHIA OH CLIMATE SUMMARY FOR SEPTEMBER 16 2014...

CLIMATE NORMAL PERIOD 1981 TO 2010
CLIMATE RECORD PERIOD 1946 TO 2014


WEATHER ITEM   OBSERVED TIME   RECORD YEAR NORMAL DEPARTURE LAST
                VALUE   (LST)  VALUE       VALUE  FROM      YEAR
                                                  NORMAL
..................................................................
TEMPERATURE (F)
 YESTERDAY
  MAXIMUM         68    216 PM  92    1991  76     -8       75
  MINIMUM         49            34    1966  52     -3       47
  AVERAGE         59                        64     -5       61

PRECIPITATION (IN)
  YESTERDAY        0.16         MM      MM   0.10   0.06     0.05
  MONTH TO DATE    0.63                      1.99  -1.36     0.56
  SINCE JUN 1     17.57                     13.34   4.23    14.26
  SINCE JAN 1     32.75                     28.94   3.81    24.30

DEGREE DAYS
 HEATING
  YESTERDAY        6                         3      3        4
  MONTH TO DATE   44                        25     19       36
  SINCE SEP 1     44                        25     19       36
  SINCE JUL 1     76                        35     41       50

 COOLING
  YESTERDAY        0                         2     -2        0
  MONTH TO DATE   62                        49     13       66
  SINCE SEP 1     62                        49     13       66
  SINCE JAN 1    611                       671    -60      711
..................................................................


WIND (MPH)
  HIGHEST WIND SPEED     9   HIGHEST WIND DIRECTION    NW (330)
  HIGHEST GUST SPEED    12   HIGHEST GUST DIRECTION    NW (320)
  AVERAGE WIND SPEED     1.6


SKY COVER
  POSSIBLE SUNSHINE  MM
  AVERAGE SKY COVER 0.6


WEATHER CONDITIONS
 THE FOLLOWING WEATHER WAS RECORDED YESTERDAY.
  HEAVY RAIN
  RAIN
  LIGHT RAIN
  FOG


RELATIVE HUMIDITY (PERCENT)
 HIGHEST   100           300 AM
 LOWEST     63           300 PM
 AVERAGE    82

..........................................................


THE NEW PHILADELPHIA OH CLIMATE NORMALS FOR TODAY
                         NORMAL    RECORD    YEAR
 MAXIMUM TEMPERATURE (F)   75        94      1991
 MINIMUM TEMPERATURE (F)   52        36      1966


SUNRISE AND SUNSET
SEPTEMBER 17 2014.....SUNRISE   708 AM EDT   SUNSET   731 PM EDT
SEPTEMBER 18 2014.....SUNRISE   709 AM EDT   SUNSET   730 PM EDT


-  INDICATES NEGATIVE NUMBERS.
R  INDICATES RECORD WAS SET OR TIED.
MM INDICATES DATA IS MISSING.
T  INDICATES TRACE AMOUNT.




$$
