000
CDUS41 KPBZ 280704
CLIPHD


CLIMATE REPORT
NATIONAL WEATHER SERVICE PITTSBURGH PA
303 AM EDT TUE JUL 28 2015


...................................

...THE NEW PHILADELPHIA OH CLIMATE SUMMARY FOR JULY 27 2015...

CLIMATE NORMAL PERIOD 1981 TO 2010
CLIMATE RECORD PERIOD 1946 TO 2015


WEATHER ITEM   OBSERVED TIME   RECORD YEAR NORMAL DEPARTURE LAST
                VALUE   (LST)  VALUE       VALUE  FROM      YEAR
                                                  NORMAL
..................................................................
TEMPERATURE (F)
 YESTERDAY
  MAXIMUM         87    515 PM  93    1993  84      3       81
  MINIMUM         65            45    1962  62      3       63
  AVERAGE         76                        73      3       72

PRECIPITATION (IN)
  YESTERDAY        0.00         MM      MM   0.15  -0.15     0.39
  MONTH TO DATE    3.17                      3.44  -0.27     4.61
  SINCE JUN 1      8.25                      7.17   1.08     9.48
  SINCE JAN 1     21.47                     22.77  -1.30    24.66

DEGREE DAYS
 HEATING
  YESTERDAY        0                         0      0        0
  MONTH TO DATE    0                         0      0       10
  SINCE JUN 1     23                        35    -12       20
  SINCE JUL 1      0                         0      0       10

 COOLING
  YESTERDAY       11                         8      3        7
  MONTH TO DATE  142                       207    -65      149
  SINCE JUN 1    368                       350     18      326
  SINCE JAN 1    529                       393    136      392
..................................................................


WIND (MPH)
  HIGHEST WIND SPEED     8   HIGHEST WIND DIRECTION     N (10)
  HIGHEST GUST SPEED    11   HIGHEST GUST DIRECTION     N (20)
  AVERAGE WIND SPEED     1.0


SKY COVER
  POSSIBLE SUNSHINE  MM
  AVERAGE SKY COVER 0.3


WEATHER CONDITIONS
 THE FOLLOWING WEATHER WAS RECORDED YESTERDAY.
  FOG
  FOG W/VISIBILITY <= 1/4 MILE


RELATIVE HUMIDITY (PERCENT)
 HIGHEST   100           100 AM
 LOWEST     48           400 PM
 AVERAGE    74

..........................................................


THE NEW PHILADELPHIA OH CLIMATE NORMALS FOR TODAY
                         NORMAL    RECORD    YEAR
 MAXIMUM TEMPERATURE (F)   84        96      1964
 MINIMUM TEMPERATURE (F)   62        44      1962


SUNRISE AND SUNSET
JULY 28 2015..........SUNRISE   619 AM EDT   SUNSET   845 PM EDT
JULY 29 2015..........SUNRISE   620 AM EDT   SUNSET   844 PM EDT


-  INDICATES NEGATIVE NUMBERS.
R  INDICATES RECORD WAS SET OR TIED.
MM INDICATES DATA IS MISSING.
T  INDICATES TRACE AMOUNT.




$$
