000
CDUS41 KPBZ 170701
CLIPHD


CLIMATE REPORT
NATIONAL WEATHER SERVICE PITTSBURGH PA
300 AM EDT THU AUG 17 2017


...................................

...THE NEW PHILADELPHIA OH CLIMATE SUMMARY FOR AUGUST 16 2017...

CLIMATE NORMAL PERIOD 1981 TO 2010
CLIMATE RECORD PERIOD 1948 TO 2017


WEATHER ITEM   OBSERVED TIME   RECORD YEAR NORMAL DEPARTURE LAST
                VALUE   (LST)  VALUE       VALUE  FROM      YEAR
                                                  NORMAL
..................................................................
TEMPERATURE (F)
 YESTERDAY
  MAXIMUM         88    348 PM  95    1965  83      5       MM
  MINIMUM         62            43    1979  60      2       MM
  AVERAGE         75                        72      3       MM

PRECIPITATION (IN)
  YESTERDAY        0.00          1.73 1992   0.12  -0.12    MM
  MONTH TO DATE    1.05                      1.63  -0.58     2.67
  SINCE JUN 1      9.25                      9.39  -0.14     6.53
  SINCE JAN 1     30.00                     24.99   5.01    21.18

DEGREE DAYS
 HEATING
  YESTERDAY        0                         0      0       MM
  MONTH TO DATE    0                         0      0        0
  SINCE JUN 1     27                        38    -11        7
  SINCE JUL 1      0                         3     -3        0

 COOLING
  YESTERDAY       10                         7      3       MM
  MONTH TO DATE   76                       114    -38      208
  SINCE JUN 1    524                       491     33      875
  SINCE JAN 1    591                       534     57      954
..................................................................


WIND (MPH)
  HIGHEST WIND SPEED     8   HIGHEST WIND DIRECTION     E (70)
  HIGHEST GUST SPEED    11   HIGHEST GUST DIRECTION    NE (60)
  AVERAGE WIND SPEED     1.7


SKY COVER
  POSSIBLE SUNSHINE  MM
  AVERAGE SKY COVER 0.3


WEATHER CONDITIONS
 THE FOLLOWING WEATHER WAS RECORDED YESTERDAY.
  FOG


RELATIVE HUMIDITY (PERCENT)
 HIGHEST   100          1200 AM
 LOWEST     50           400 PM
 AVERAGE    75

..........................................................


THE NEW PHILADELPHIA OH CLIMATE NORMALS FOR TODAY
                         NORMAL    RECORD    YEAR
 MAXIMUM TEMPERATURE (F)   83        96      1965
 MINIMUM TEMPERATURE (F)   60        44      1976


SUNRISE AND SUNSET
AUGUST 17 2017........SUNRISE   639 AM EDT   SUNSET   820 PM EDT
AUGUST 18 2017........SUNRISE   640 AM EDT   SUNSET   819 PM EDT


-  INDICATES NEGATIVE NUMBERS.
R  INDICATES RECORD WAS SET OR TIED.
MM INDICATES DATA IS MISSING.
T  INDICATES TRACE AMOUNT.




$$
