000
CDUS41 KPBZ 272118
CLIPHD


CLIMATE REPORT
NATIONAL WEATHER SERVICE PITTSBURGH PA
517 PM EDT TUE JUN 27 2017


...................................

...THE NEW PHILADELPHIA OH CLIMATE SUMMARY FOR JUNE 27 2017...
VALID TODAY AS OF 0500 PM LOCAL TIME.

CLIMATE NORMAL PERIOD 1981 TO 2010
CLIMATE RECORD PERIOD 1948 TO 2017


WEATHER ITEM   OBSERVED TIME   RECORD YEAR NORMAL DEPARTURE LAST
                VALUE   (LST)  VALUE       VALUE  FROM      YEAR
                                                  NORMAL
..................................................................
TEMPERATURE (F)
 TODAY
  MAXIMUM         72    352 PM  95    1966  83    -11       93
  MINIMUM         52    537 AM  43    1981  60     -8       71
  AVERAGE         62                        71     -9       82

PRECIPITATION (IN)
  TODAY            T             1.40 2006   0.09  -0.09      T
  MONTH TO DATE    1.83                      3.50  -1.67     1.17
  SINCE JUN 1      1.83                      3.50  -1.67     1.17
  SINCE JAN 1     22.58                     19.10   3.48    15.82

DEGREE DAYS
 HEATING
  TODAY            3                         0      3        0
  MONTH TO DATE   25                        33     -8        7
  SINCE JUN 1     25                        33     -8        7
  SINCE JUL 1   4709                      5642   -933     4818

 COOLING
  TODAY            0                         6     -6       17
  MONTH TO DATE  168                       123     45      257
  SINCE JUN 1    168                       123     45      257
  SINCE JAN 1    235                       166     69      336
..................................................................


WIND (MPH)
  HIGHEST WIND SPEED    15   HIGHEST WIND DIRECTION    NW (320)
  HIGHEST GUST SPEED    21   HIGHEST GUST DIRECTION    NW (330)
  AVERAGE WIND SPEED     4.9


SKY COVER
  POSSIBLE SUNSHINE  MM
  AVERAGE SKY COVER 0.4


WEATHER CONDITIONS
 THE FOLLOWING WEATHER WAS RECORDED TODAY.
  NO SIGNIFICANT WEATHER WAS OBSERVED.


RELATIVE HUMIDITY (PERCENT)
 HIGHEST    96           500 AM
 LOWEST     38           400 PM
 AVERAGE    67

..........................................................


THE NEW PHILADELPHIA OH CLIMATE NORMALS FOR TOMORROW
                         NORMAL    RECORD    YEAR
 MAXIMUM TEMPERATURE (F)   83        96      2012
                                             1966
 MINIMUM TEMPERATURE (F)   60        44      1988


SUNRISE AND SUNSET
JUNE 27 2017..........SUNRISE   557 AM EDT   SUNSET   900 PM EDT
JUNE 28 2017..........SUNRISE   558 AM EDT   SUNSET   900 PM EDT


-  INDICATES NEGATIVE NUMBERS.
R  INDICATES RECORD WAS SET OR TIED.
MM INDICATES DATA IS MISSING.
T  INDICATES TRACE AMOUNT.




$$
