000
CDUS41 KPBZ 242113
CLIPHD


CLIMATE REPORT
NATIONAL WEATHER SERVICE PITTSBURGH PA
513 PM EDT WED MAY 24 2017


...................................

...THE NEW PHILADELPHIA OH CLIMATE SUMMARY FOR MAY 24 2017...
VALID TODAY AS OF 0500 PM LOCAL TIME.

CLIMATE NORMAL PERIOD 1981 TO 2010
CLIMATE RECORD PERIOD 1946 TO 2017


WEATHER ITEM   OBSERVED TIME   RECORD YEAR NORMAL DEPARTURE LAST
                VALUE   (LST)  VALUE       VALUE  FROM      YEAR
                                                  NORMAL
..................................................................
TEMPERATURE (F)
 TODAY
  MAXIMUM         66    359 PM  89    1964  74     -8       82
  MINIMUM         59    522 AM  27    1963  50      9       50
  AVERAGE         63                        62      1       66

PRECIPITATION (IN)
  TODAY            0.01          1.13 1999   0.14  -0.13     0.00
  MONTH TO DATE    4.09                      3.13   0.96     3.13
  SINCE JUN 1     39.93                     37.86   2.07    32.73
  SINCE JAN 1     19.35                     14.56   4.79    14.65

DEGREE DAYS
 HEATING
  TODAY            2                         5     -3        0
  MONTH TO DATE  163                       168     -5      173
  SINCE MAR 1   1181                      1376   -195     1197
  SINCE JUL 1   4678                      5583   -905     4811

 COOLING
  TODAY            0                         2     -2        1
  MONTH TO DATE   26                        19      7        6
  SINCE MAR 1     51                        26     25        6
  SINCE JAN 1     51                        26     25        6
..................................................................


WIND (MPH)
  HIGHEST WIND SPEED    16   HIGHEST WIND DIRECTION    SE (140)
  HIGHEST GUST SPEED    22   HIGHEST GUST DIRECTION    SE (140)
  AVERAGE WIND SPEED     7.6


SKY COVER
  POSSIBLE SUNSHINE  MM
  AVERAGE SKY COVER 1.0


WEATHER CONDITIONS
 THE FOLLOWING WEATHER WAS RECORDED TODAY.
  FOG
  HAZE


RELATIVE HUMIDITY (PERCENT)
 HIGHEST    97           100 PM
 LOWEST     78          1200 AM
 AVERAGE    88

..........................................................


THE NEW PHILADELPHIA OH CLIMATE NORMALS FOR TOMORROW
                         NORMAL    RECORD    YEAR
 MAXIMUM TEMPERATURE (F)   75        88      2012
                                             1966
 MINIMUM TEMPERATURE (F)   51        32      2013


SUNRISE AND SUNSET
MAY 24 2017...........SUNRISE   602 AM EDT   SUNSET   844 PM EDT
MAY 25 2017...........SUNRISE   601 AM EDT   SUNSET   845 PM EDT


-  INDICATES NEGATIVE NUMBERS.
R  INDICATES RECORD WAS SET OR TIED.
MM INDICATES DATA IS MISSING.
T  INDICATES TRACE AMOUNT.




$$
