932
CDUS41 KPHI 250554
CLIPHL


CLIMATE REPORT
NATIONAL WEATHER SERVICE MOUNT HOLLY NJ
1253 AM EST SUN FEB 25 2018


...................................

...THE PHILADELPHIA PA CLIMATE SUMMARY FOR FEBRUARY 24 2018...

CLIMATE NORMAL PERIOD 1981 TO 2010
CLIMATE RECORD PERIOD 1872 TO 2018


WEATHER ITEM   OBSERVED TIME   RECORD YEAR NORMAL DEPARTURE LAST
                VALUE   (LST)  VALUE       VALUE  FROM      YEAR
                                                  NORMAL
..................................................................
TEMPERATURE (F)
 YESTERDAY
  MAXIMUM         50    500 PM  74    2017  46      4       74
                                      1985
  MINIMUM         44    725 AM   2    1889  29     15       50
  AVERAGE         47                        38      9       62

PRECIPITATION (IN)
  YESTERDAY        0.06          1.91 2016   0.09  -0.03     0.00
  MONTH TO DATE    5.36                      2.26   3.10     0.79
  SINCE DEC 1      9.52                      8.85   0.67     6.42
  SINCE JAN 1      8.21                      5.29   2.92     3.70

SNOWFALL (IN)
  YESTERDAY        0.0           5.6  1966   0.2   -0.2      0.0
  MONTH TO DATE    1.4                       7.9   -6.5      2.0
  SINCE DEC 1     14.6                      17.8   -3.2      8.0
  SINCE JUL 1     14.6                      18.1   -3.5      8.0
  SNOW DEPTH       0

DEGREE DAYS
 HEATING
  YESTERDAY       18                        27     -9        3
  MONTH TO DATE  566                       712   -146      514
  SINCE DEC 1   2450                      2559   -109     2133
  SINCE JUL 1   3085                      3375   -290     2764

 COOLING
  YESTERDAY        0                         0      0        0
  MONTH TO DATE    0                         0      0        0
  SINCE DEC 1      0                         0      0        0
  SINCE JAN 1      0                         0      0        0
..................................................................


WIND (MPH)
  HIGHEST WIND SPEED    16   HIGHEST WIND DIRECTION     W (250)
  HIGHEST GUST SPEED    20   HIGHEST GUST DIRECTION     N (360)
  AVERAGE WIND SPEED     5.7


SKY COVER
  POSSIBLE SUNSHINE  MM
  AVERAGE SKY COVER 1.0


WEATHER CONDITIONS
 THE FOLLOWING WEATHER WAS RECORDED YESTERDAY.
  RAIN
  LIGHT RAIN
  FOG
  HAZE


RELATIVE HUMIDITY (PERCENT)
 HIGHEST   100           800 AM
 LOWEST     80           800 PM
 AVERAGE    90

..........................................................


THE PHILADELPHIA PA CLIMATE NORMALS FOR TODAY
                         NORMAL    RECORD    YEAR
 MAXIMUM TEMPERATURE (F)   46        79      1930
 MINIMUM TEMPERATURE (F)   30         4      1894


SUNRISE AND SUNSET
FEBRUARY 25 2018......SUNRISE   640 AM EST   SUNSET   549 PM EST
FEBRUARY 26 2018......SUNRISE   639 AM EST   SUNSET   550 PM EST


-  INDICATES NEGATIVE NUMBERS.
R  INDICATES RECORD WAS SET OR TIED.
MM INDICATES DATA IS MISSING.
T  INDICATES TRACE AMOUNT.




$$
