000
CDUS41 KPHI 210631
CLIPHL


CLIMATE REPORT
NATIONAL WEATHER SERVICE MOUNT HOLLY NJ
230 AM EDT THU AUG 21 2014


...................................

...THE PHILADELPHIA PA CLIMATE SUMMARY FOR AUGUST 20 2014...

CLIMATE NORMAL PERIOD 1981 TO 2010
CLIMATE RECORD PERIOD 1872 TO 2014


WEATHER ITEM   OBSERVED TIME   RECORD YEAR NORMAL DEPARTURE LAST
                VALUE   (LST)  VALUE       VALUE  FROM      YEAR
                                                  NORMAL
..................................................................
TEMPERATURE (F)
 YESTERDAY
  MAXIMUM         86    406 PM  99    1983  85      1       87
  MINIMUM         71    619 AM  52    1949  68      3       66
  AVERAGE         79                        76      3       77

PRECIPITATION (IN)
  YESTERDAY        T             1.87 1948   0.12  -0.12     0.00
  MONTH TO DATE    2.11                      2.34  -0.23     3.79
  SINCE JUN 1     11.87                     10.12   1.75    27.59
  SINCE JAN 1     34.37                     26.86   7.51    40.12

SNOWFALL (IN)
  YESTERDAY        0.0           0.0  1870   0.0    0.0      0.0
  MONTH TO DATE    0.0                       0.0    0.0      0.0
  SINCE JUN 1      0.0                       0.0    0.0      0.0
  SINCE JUL 1      0.0                       0.0    0.0      0.0
  SNOW DEPTH       0

DEGREE DAYS
 HEATING
  YESTERDAY        0                         0      0        0
  MONTH TO DATE    0                         0      0        0
  SINCE JUN 1      0                        11    -11        0
  SINCE JUL 1      0                         0      0        0

 COOLING
  YESTERDAY       14                        11      3       12
  MONTH TO DATE  201                       247    -46      181
  SINCE JUN 1    905                       913     -8      967
  SINCE JAN 1    988                      1004    -16     1091
..................................................................


WIND (MPH)
  HIGHEST WIND SPEED    14   HIGHEST WIND DIRECTION     S (180)
  HIGHEST GUST SPEED    25   HIGHEST GUST DIRECTION     S (190)
  AVERAGE WIND SPEED     4.7


SKY COVER
  POSSIBLE SUNSHINE  MM
  AVERAGE SKY COVER 0.8


WEATHER CONDITIONS
 THE FOLLOWING WEATHER WAS RECORDED YESTERDAY.
  LIGHT RAIN


RELATIVE HUMIDITY (PERCENT)
 HIGHEST    84           700 AM
 LOWEST     47           100 PM
 AVERAGE    66

..........................................................


THE PHILADELPHIA PA CLIMATE NORMALS FOR TODAY
                         NORMAL    RECORD    YEAR
 MAXIMUM TEMPERATURE (F)   85        96      1916
 MINIMUM TEMPERATURE (F)   68        54      1949
                                             1940
                                             1879


SUNRISE AND SUNSET
AUGUST 21 2014........SUNRISE   618 AM EDT   SUNSET   749 PM EDT
AUGUST 22 2014........SUNRISE   619 AM EDT   SUNSET   748 PM EDT


-  INDICATES NEGATIVE NUMBERS.
R  INDICATES RECORD WAS SET OR TIED.
MM INDICATES DATA IS MISSING.
T  INDICATES TRACE AMOUNT.




$$
