000
CDUS41 KPHI 200630
CLIPHL


CLIMATE REPORT
NATIONAL WEATHER SERVICE MOUNT HOLLY NJ
228 AM EDT SAT SEP 20 2014


...................................

...THE PHILADELPHIA PA CLIMATE SUMMARY FOR SEPTEMBER 19 2014...

CLIMATE NORMAL PERIOD 1981 TO 2010
CLIMATE RECORD PERIOD 1872 TO 2014


WEATHER ITEM   OBSERVED TIME   RECORD YEAR NORMAL DEPARTURE LAST
                VALUE   (LST)  VALUE       VALUE  FROM      YEAR
                                                  NORMAL
..................................................................
TEMPERATURE (F)
 YESTERDAY
  MAXIMUM         72    239 PM  92    1983  77     -5       76
  MINIMUM         58   1102 PM  43    1959  59     -1       52
                                      1943
  AVERAGE         65                        68     -3       64

PRECIPITATION (IN)
  YESTERDAY        0.00          1.95 1938   0.13  -0.13     0.00
  MONTH TO DATE    0.76                      2.33  -1.57     2.14
  SINCE SEP 1      0.76                      2.33  -1.57     2.14
  SINCE JAN 1     36.57                     30.35   6.22    44.38

SNOWFALL (IN)
  YESTERDAY        0.0           0.0  1870   0.0    0.0      0.0
  MONTH TO DATE    0.0                       0.0    0.0      0.0
  SINCE SEP 1      0.0                       0.0    0.0      0.0
  SINCE JUL 1      0.0                       0.0    0.0      0.0
  SNOW DEPTH       0

DEGREE DAYS
 HEATING
  YESTERDAY        0                         1     -1        1
  MONTH TO DATE    6                         8     -2       20
  SINCE SEP 1      6                         8     -2       20
  SINCE JUL 1      6                         9     -3       20

 COOLING
  YESTERDAY        0                         4     -4        0
  MONTH TO DATE  150                       129     21      122
  SINCE SEP 1    150                       129     21      122
  SINCE JAN 1   1248                      1246      2     1338
..................................................................


WIND (MPH)
  HIGHEST WIND SPEED    17   HIGHEST WIND DIRECTION    NE (30)
  HIGHEST GUST SPEED    25   HIGHEST GUST DIRECTION     N (20)
  AVERAGE WIND SPEED    10.7


SKY COVER
  POSSIBLE SUNSHINE  MM
  AVERAGE SKY COVER 0.4


WEATHER CONDITIONS
 THE FOLLOWING WEATHER WAS RECORDED YESTERDAY.
  NO SIGNIFICANT WEATHER WAS OBSERVED.


RELATIVE HUMIDITY (PERCENT)
 HIGHEST    80          1000 PM
 LOWEST     49           200 PM
 AVERAGE    65

..........................................................


THE PHILADELPHIA PA CLIMATE NORMALS FOR TODAY
                         NORMAL    RECORD    YEAR
 MAXIMUM TEMPERATURE (F)   77        90      1983
                                             1895
 MINIMUM TEMPERATURE (F)   59        45      1979
                                             1956


SUNRISE AND SUNSET
SEPTEMBER 20 2014.....SUNRISE   647 AM EDT   SUNSET   701 PM EDT
SEPTEMBER 21 2014.....SUNRISE   648 AM EDT   SUNSET   700 PM EDT


-  INDICATES NEGATIVE NUMBERS.
R  INDICATES RECORD WAS SET OR TIED.
MM INDICATES DATA IS MISSING.
T  INDICATES TRACE AMOUNT.




$$
