000
CDUS41 KPHI 262137
CLIPHL


CLIMATE REPORT
NATIONAL WEATHER SERVICE MOUNT HOLLY NJ
434 PM EST MON JAN 26 2015


...................................

...THE PHILADELPHIA PA CLIMATE SUMMARY FOR JANUARY 26 2015...
VALID TODAY AS OF 0400 PM LOCAL TIME.

CLIMATE NORMAL PERIOD 1981 TO 2010
CLIMATE RECORD PERIOD 1872 TO 2015


WEATHER ITEM   OBSERVED TIME   RECORD YEAR NORMAL DEPARTURE LAST
                VALUE   (LST)  VALUE       VALUE  FROM      YEAR
                                                  NORMAL
..................................................................
TEMPERATURE (F)
 TODAY
  MAXIMUM         34   1205 AM  74    1950  40     -6       31
  MINIMUM         27    359 PM   4    1961  26      1       15
  AVERAGE         31                        33     -2       23

PRECIPITATION (IN)
  TODAY            0.02          1.57 2011   0.09  -0.07     0.03
  MONTH TO DATE    4.47                      2.53   1.94     3.48
  SINCE DEC 1      7.74                      6.09   1.65     8.68
  SINCE JAN 1      4.47                      2.53   1.94     3.48

SNOWFALL (IN)
  TODAY            0.2          14.2  2011   0.3   -0.1      0.4
  MONTH TO DATE    3.2                       5.1   -1.9     24.9
  SINCE DEC 1      3.3                       8.5   -5.2     36.1
  SINCE JUL 1      3.3                       8.8   -5.5     36.1
  SNOW DEPTH       0

DEGREE DAYS
 HEATING
  TODAY           34                        32      2       42
  MONTH TO DATE  860                       830     30      926
  SINCE DEC 1   1594                      1684    -90     1733
  SINCE JUL 1   2372                      2500   -128     2539

 COOLING
  TODAY            0                         0      0        0
  MONTH TO DATE    0                         0      0        0
  SINCE DEC 1      0                         0      0        0
  SINCE JAN 1      0                         0      0        0
..................................................................


WIND (MPH)
  HIGHEST WIND SPEED    26   HIGHEST WIND DIRECTION    NE (40)
  HIGHEST GUST SPEED    33   HIGHEST GUST DIRECTION    NE (40)
  AVERAGE WIND SPEED    17.8


SKY COVER
  POSSIBLE SUNSHINE  MM
  AVERAGE SKY COVER 1.0


WEATHER CONDITIONS
 THE FOLLOWING WEATHER WAS RECORDED TODAY.
  LIGHT SNOW
  FOG
  HAZE


RELATIVE HUMIDITY (PERCENT)
 HIGHEST    85          1100 AM
 LOWEST     69          1200 AM
 AVERAGE    77

..........................................................


THE PHILADELPHIA PA CLIMATE NORMALS FOR TOMORROW
                         NORMAL    RECORD    YEAR
 MAXIMUM TEMPERATURE (F)   41        69      1916
 MINIMUM TEMPERATURE (F)   26         4      1927


SUNRISE AND SUNSET
JANUARY 26 2015.......SUNRISE   714 AM EST   SUNSET   513 PM EST
JANUARY 27 2015.......SUNRISE   714 AM EST   SUNSET   514 PM EST


-  INDICATES NEGATIVE NUMBERS.
R  INDICATES RECORD WAS SET OR TIED.
MM INDICATES DATA IS MISSING.
T  INDICATES TRACE AMOUNT.




$$
