000
CDUS41 KPHI 270628
CLIPHL


CLIMATE REPORT
NATIONAL WEATHER SERVICE MOUNT HOLLY NJ
227 AM EDT THU APR 27 2017


...................................

...THE PHILADELPHIA PA CLIMATE SUMMARY FOR APRIL 26 2017...

CLIMATE NORMAL PERIOD 1981 TO 2010
CLIMATE RECORD PERIOD 1872 TO 2017


WEATHER ITEM   OBSERVED TIME   RECORD YEAR NORMAL DEPARTURE LAST
                VALUE   (LST)  VALUE       VALUE  FROM      YEAR
                                                  NORMAL
..................................................................
TEMPERATURE (F)
 YESTERDAY
  MAXIMUM         65    431 PM  93    2009  68     -3       86
  MINIMUM         56    457 AM  35    1967  48      8       51
                                      1919
  AVERAGE         61                        58      3       69

PRECIPITATION (IN)
  YESTERDAY        0.04          2.42 1977   0.11  -0.07     0.19
  MONTH TO DATE    3.11                      3.11   0.00     1.66
  SINCE MAR 1      7.37                      6.90   0.47     3.67
  SINCE JAN 1     11.58                     12.58  -1.00    10.66

SNOWFALL (IN)
  YESTERDAY        0.0           0.0    MM   0.0    0.0      0.0
  MONTH TO DATE    0.0                       0.5   -0.5      0.3
  SINCE MAR 1      7.0                       3.4    3.6      1.3
  SINCE JUL 1     15.0                      22.4   -7.4     27.5
  SNOW DEPTH       0

DEGREE DAYS
 HEATING
  YESTERDAY        4                         8     -4        0
  MONTH TO DATE  199                       314   -115      273
  SINCE MAR 1    902                       979    -77      705
  SINCE JUL 1   3728                      4461   -733     3391

 COOLING
  YESTERDAY        0                         1     -1        4
  MONTH TO DATE   13                         8      5       18
  SINCE MAR 1     13                         9      4       23
  SINCE JAN 1     13                         9      4       23
..................................................................


WIND (MPH)
  HIGHEST WIND SPEED    22   HIGHEST WIND DIRECTION    NE (40)
  HIGHEST GUST SPEED    27   HIGHEST GUST DIRECTION    NE (40)
  AVERAGE WIND SPEED     7.2


SKY COVER
  POSSIBLE SUNSHINE  MM
  AVERAGE SKY COVER 1.0


WEATHER CONDITIONS
 THE FOLLOWING WEATHER WAS RECORDED YESTERDAY.
  LIGHT RAIN
  FOG


RELATIVE HUMIDITY (PERCENT)
 HIGHEST   100           200 AM
 LOWEST     73           400 PM
 AVERAGE    87

..........................................................


THE PHILADELPHIA PA CLIMATE NORMALS FOR TODAY
                         NORMAL    RECORD    YEAR
 MAXIMUM TEMPERATURE (F)   68        93      1915
 MINIMUM TEMPERATURE (F)   48        36      1967


SUNRISE AND SUNSET
APRIL 27 2017.........SUNRISE   606 AM EDT   SUNSET   752 PM EDT
APRIL 28 2017.........SUNRISE   605 AM EDT   SUNSET   753 PM EDT


-  INDICATES NEGATIVE NUMBERS.
R  INDICATES RECORD WAS SET OR TIED.
MM INDICATES DATA IS MISSING.
T  INDICATES TRACE AMOUNT.




$$
