000
CDUS43 KUNR 050832
CLIPHP


CLIMATE REPORT
NATIONAL WEATHER SERVICE RAPID CITY SD
131 AM MST MON DEC 5 2016


...................................

...THE PHILIP SD CLIMATE SUMMARY FOR DECEMBER 4 2016...

CLIMATE NORMAL PERIOD 1981 TO 2010
CLIMATE RECORD PERIOD 9999 TO 9999


WEATHER ITEM   OBSERVED TIME   NORMAL DEPARTURE LAST
                VALUE   (LST)  VALUE  FROM      YEAR
                                      NORMAL
......................................................
TEMPERATURE (F)
 YESTERDAY
  MAXIMUM         47    156 PM  38      9       49
  MINIMUM         24    523 AM  13     11       14
  AVERAGE         36            26     10       32

PRECIPITATION (IN)
  YESTERDAY        0.00          0.01  -0.01     0.00
  MONTH TO DATE    0.00          0.06  -0.06     0.02
  SINCE DEC 1      0.00          0.06  -0.06     0.02
  SINCE JAN 1     12.85         16.98  -4.13    19.25

DEGREE DAYS
 HEATING
  YESTERDAY       29            39    -10       33
  MONTH TO DATE  150           155     -5      144
  SINCE DEC 1    150           155     -5      144
  SINCE JUL 1   1288          1790   -502     1484

 COOLING
  YESTERDAY        0             0      0        0
  MONTH TO DATE    0             0      0        0
  SINCE DEC 1      0             0      0        0
  SINCE JAN 1    908           818     90      750
......................................................


WIND (MPH)
  HIGHEST WIND SPEED    16   HIGHEST WIND DIRECTION     W (250)
  HIGHEST GUST SPEED    20   HIGHEST GUST DIRECTION     W (250)
  AVERAGE WIND SPEED     6.4


SKY COVER
  AVERAGE SKY COVER 0.0


WEATHER CONDITIONS
 THE FOLLOWING WEATHER WAS RECORDED YESTERDAY.
  NO SIGNIFICANT WEATHER WAS OBSERVED.


RELATIVE HUMIDITY (PERCENT)
 HIGHEST    88           500 AM
 LOWEST     38           300 PM
 AVERAGE    63

..........................................................




SUNRISE AND SUNSET
DECEMBER  5 2016......SUNRISE   706 AM MST   SUNSET   408 PM MST
DECEMBER  6 2016......SUNRISE   707 AM MST   SUNSET   408 PM MST


-  INDICATES NEGATIVE NUMBERS.
R  INDICATES RECORD WAS SET OR TIED.
MM INDICATES DATA IS MISSING.
T  INDICATES TRACE AMOUNT.




$$
