000
CDUS43 KUNR 280832
CLIPHP


CLIMATE REPORT
NATIONAL WEATHER SERVICE RAPID CITY SD
232 AM MDT SAT MAY 28 2016


...................................

...THE PHILIP SD CLIMATE SUMMARY FOR MAY 27 2016...

CLIMATE NORMAL PERIOD 1981 TO 2010
CLIMATE RECORD PERIOD 9999 TO 9999


WEATHER ITEM   OBSERVED TIME   NORMAL DEPARTURE LAST
                VALUE   (LST)  VALUE  FROM      YEAR
                                      NORMAL
......................................................
TEMPERATURE (F)
 YESTERDAY
  MAXIMUM         69    350 PM  74     -5       76
  MINIMUM         48    353 AM  48      0       45
  AVERAGE         59            61     -2       61

PRECIPITATION (IN)
  YESTERDAY        T             0.10  -0.10     0.06
  MONTH TO DATE    1.34          2.64  -1.30     6.34
  SINCE MAR 1      6.01          5.75   0.26     6.77
  SINCE JAN 1      6.69          6.53   0.16     6.88

DEGREE DAYS
 HEATING
  YESTERDAY        6             5      1        4
  MONTH TO DATE  251           248      3      266
  SINCE MAR 1   1490          1750   -260     1497
  SINCE JUL 1   6302          7115   -813     6637

 COOLING
  YESTERDAY        0             1     -1        0
  MONTH TO DATE   10            22    -12        2
  SINCE MAR 1     11            25    -14        5
  SINCE JAN 1     11            25    -14        5
......................................................


WIND (MPH)
  HIGHEST WIND SPEED    16   HIGHEST WIND DIRECTION     N (350)
  HIGHEST GUST SPEED    22   HIGHEST GUST DIRECTION    NW (330)
  AVERAGE WIND SPEED     6.3


SKY COVER
  AVERAGE SKY COVER 0.5


WEATHER CONDITIONS
 THE FOLLOWING WEATHER WAS RECORDED YESTERDAY.
  LIGHT RAIN


RELATIVE HUMIDITY (PERCENT)
 HIGHEST    96          1000 PM
 LOWEST     49           400 PM
 AVERAGE    73

..........................................................




SUNRISE AND SUNSET
MAY 28 2016...........SUNRISE   508 AM MDT   SUNSET   820 PM MDT
MAY 29 2016...........SUNRISE   508 AM MDT   SUNSET   820 PM MDT


-  INDICATES NEGATIVE NUMBERS.
R  INDICATES RECORD WAS SET OR TIED.
MM INDICATES DATA IS MISSING.
T  INDICATES TRACE AMOUNT.




$$
