000
CDUS43 KUNR 270834
CLIPHP


CLIMATE REPORT
NATIONAL WEATHER SERVICE RAPID CITY SD
233 AM MDT MON JUL 27 2015


...................................

...THE PHILIP SD CLIMATE SUMMARY FOR JULY 26 2015...

CLIMATE NORMAL PERIOD 1981 TO 2010
CLIMATE RECORD PERIOD 9999 TO 9999


WEATHER ITEM   OBSERVED TIME   NORMAL DEPARTURE LAST
                VALUE   (LST)  VALUE  FROM      YEAR
                                      NORMAL
......................................................
TEMPERATURE (F)
 YESTERDAY
  MAXIMUM         92    200 PM  91      1       90
  MINIMUM         63    427 AM  61      2       56
  AVERAGE         78            76      2       73

PRECIPITATION (IN)
  YESTERDAY        T             0.05  -0.05     0.00
  MONTH TO DATE    0.35          1.78  -1.43     0.11
  SINCE JUN 1      6.18          4.71   1.47     4.11
  SINCE JAN 1     13.16         11.63   1.53     8.93

DEGREE DAYS
 HEATING
  YESTERDAY        0             0      0        0
  MONTH TO DATE    0             3     -3       16
  SINCE JUN 1     12            66    -54       94
  SINCE JUL 1      0             3     -3       16

 COOLING
  YESTERDAY       13            11      2        8
  MONTH TO DATE  246           249     -3      230
  SINCE JUN 1    356           372    -16      286
  SINCE JAN 1    362           399    -37      326
......................................................


WIND (MPH)
  HIGHEST WIND SPEED    28   HIGHEST WIND DIRECTION    NE (40)
  HIGHEST GUST SPEED    35   HIGHEST GUST DIRECTION     N (10)
  AVERAGE WIND SPEED     9.4


SKY COVER
  AVERAGE SKY COVER 0.0


WEATHER CONDITIONS
 THE FOLLOWING WEATHER WAS RECORDED YESTERDAY.
  THUNDERSTORM
  LIGHT RAIN


RELATIVE HUMIDITY (PERCENT)
 HIGHEST   100           400 AM
 LOWEST     44          1200 PM
 AVERAGE    72

..........................................................




SUNRISE AND SUNSET
JULY 27 2015..........SUNRISE   529 AM MDT   SUNSET   816 PM MDT
JULY 28 2015..........SUNRISE   530 AM MDT   SUNSET   815 PM MDT


-  INDICATES NEGATIVE NUMBERS.
R  INDICATES RECORD WAS SET OR TIED.
MM INDICATES DATA IS MISSING.
T  INDICATES TRACE AMOUNT.




$$
