000
CDUS43 KUNR 210833
CLIPHP


CLIMATE REPORT
NATIONAL WEATHER SERVICE RAPID CITY SD
132 AM MST WED FEB 21 2018


...................................

...THE PHILIP SD CLIMATE SUMMARY FOR FEBRUARY 20 2018...

CLIMATE NORMAL PERIOD 1981 TO 2010
CLIMATE RECORD PERIOD 9999 TO 9999


WEATHER ITEM   OBSERVED TIME   NORMAL DEPARTURE LAST
                VALUE   (LST)  VALUE  FROM      YEAR
                                      NORMAL
......................................................
TEMPERATURE (F)
 YESTERDAY
  MAXIMUM         12    222 PM  40    -28       63
  MINIMUM        -19   1157 PM  14    -33       40
  AVERAGE         -3            27    -30       52

PRECIPITATION (IN)
  YESTERDAY        0.01          0.02  -0.01     0.03
  MONTH TO DATE    0.90          0.26   0.64     0.16
  SINCE DEC 1      1.59          0.99   0.60     1.39
  SINCE JAN 1      1.20          0.56   0.64     0.97

DEGREE DAYS
 HEATING
  YESTERDAY       68            38     30       13
  MONTH TO DATE 1064           804    260      678
  SINCE DEC 1   3675          3434    241     3674
  SINCE JUL 1   5124          5069     55     4812

 COOLING
  YESTERDAY        0             0      0        0
  MONTH TO DATE    0             0      0        0
  SINCE DEC 1      0             0      0        0
  SINCE JAN 1      0             0      0        0
......................................................


WIND (MPH)
  HIGHEST WIND SPEED    18   HIGHEST WIND DIRECTION    NW (330)
  HIGHEST GUST SPEED    21   HIGHEST GUST DIRECTION    NW (330)
  AVERAGE WIND SPEED     9.5


SKY COVER
  AVERAGE SKY COVER 0.4


WEATHER CONDITIONS
 THE FOLLOWING WEATHER WAS RECORDED YESTERDAY.
  LIGHT SNOW
  FOG


RELATIVE HUMIDITY (PERCENT)
 HIGHEST    87          1200 AM
 LOWEST     69          1200 PM
 AVERAGE    78

..........................................................




SUNRISE AND SUNSET
FEBRUARY 21 2018......SUNRISE   636 AM MST   SUNSET   524 PM MST
FEBRUARY 22 2018......SUNRISE   635 AM MST   SUNSET   526 PM MST


-  INDICATES NEGATIVE NUMBERS.
R  INDICATES RECORD WAS SET OR TIED.
MM INDICATES DATA IS MISSING.
T  INDICATES TRACE AMOUNT.




$$
