000
CDUS43 KUNR 230835
CLIPHP


CLIMATE REPORT
NATIONAL WEATHER SERVICE RAPID CITY SD
134 AM MST MON JAN 23 2017


...................................

...THE PHILIP SD CLIMATE SUMMARY FOR JANUARY 22 2017...

CLIMATE NORMAL PERIOD 1981 TO 2010
CLIMATE RECORD PERIOD 9999 TO 9999


WEATHER ITEM   OBSERVED TIME   NORMAL DEPARTURE LAST
                VALUE   (LST)  VALUE  FROM      YEAR
                                      NORMAL
......................................................
TEMPERATURE (F)
 YESTERDAY
  MAXIMUM         37    127 PM  35      2       32
  MINIMUM         11   1040 PM  10      1       12
  AVERAGE         24            22      2       22

PRECIPITATION (IN)
  YESTERDAY        0.00          0.01  -0.01     0.00
  MONTH TO DATE    0.13          0.22  -0.09     0.14
  SINCE DEC 1      0.55          0.65  -0.10     1.13
  SINCE JAN 1      0.13          0.22  -0.09     0.14

DEGREE DAYS
 HEATING
  YESTERDAY       41            43     -2       43
  MONTH TO DATE 1168           953    215     1046
  SINCE DEC 1   2660          2253    407     2308
  SINCE JUL 1   3798          3888    -90     3648

 COOLING
  YESTERDAY        0             0      0        0
  MONTH TO DATE    0             0      0        0
  SINCE DEC 1      0             0      0        0
  SINCE JAN 1      0             0      0        0
......................................................


WIND (MPH)
  HIGHEST WIND SPEED    13   HIGHEST WIND DIRECTION     W (270)
  HIGHEST GUST SPEED    15   HIGHEST GUST DIRECTION     W (270)
  AVERAGE WIND SPEED     6.5


SKY COVER
  AVERAGE SKY COVER 0.0


WEATHER CONDITIONS
 THE FOLLOWING WEATHER WAS RECORDED YESTERDAY.
  FOG
  FOG W/VISIBILITY <= 1/4 MILE


RELATIVE HUMIDITY (PERCENT)
 HIGHEST    96          1200 AM
 LOWEST     69          1100 AM
 AVERAGE    83

..........................................................




SUNRISE AND SUNSET
JANUARY 23 2017.......SUNRISE   712 AM MST   SUNSET   445 PM MST
JANUARY 24 2017.......SUNRISE   711 AM MST   SUNSET   446 PM MST


-  INDICATES NEGATIVE NUMBERS.
R  INDICATES RECORD WAS SET OR TIED.
MM INDICATES DATA IS MISSING.
T  INDICATES TRACE AMOUNT.




$$
