657
CDUS43 KUNR 230831
CLIPHP


CLIMATE REPORT
NATIONAL WEATHER SERVICE RAPID CITY SD
131 AM MST THU FEB 23 2017


...................................

...THE PHILIP SD CLIMATE SUMMARY FOR FEBRUARY 22 2017...

CLIMATE NORMAL PERIOD 1981 TO 2010
CLIMATE RECORD PERIOD 9999 TO 9999


WEATHER ITEM   OBSERVED TIME   NORMAL DEPARTURE LAST
                VALUE   (LST)  VALUE  FROM      YEAR
                                      NORMAL
......................................................
TEMPERATURE (F)
 YESTERDAY
  MAXIMUM         58   1252 PM  40     18       54
  MINIMUM         32   1159 PM  14     18       16
  AVERAGE         45            27     18       35

PRECIPITATION (IN)
  YESTERDAY        T             0.03  -0.03     0.00
  MONTH TO DATE    0.16          0.31  -0.15     0.26
  SINCE DEC 1      1.39          1.04   0.35     1.46
  SINCE JAN 1      0.97          0.61   0.36     0.47

DEGREE DAYS
 HEATING
  YESTERDAY       20            38    -18       30
  MONTH TO DATE  703           880   -177      664
  SINCE DEC 1   3699          3510    189     3273
  SINCE JUL 1   4837          5145   -308     4613

 COOLING
  YESTERDAY        0             0      0        0
  MONTH TO DATE    0             0      0        0
  SINCE DEC 1      0             0      0        0
  SINCE JAN 1      0             0      0        0
......................................................


WIND (MPH)
  HIGHEST WIND SPEED    31   HIGHEST WIND DIRECTION    NW (320)
  HIGHEST GUST SPEED    38   HIGHEST GUST DIRECTION    NW (330)
  AVERAGE WIND SPEED    15.3


SKY COVER
  AVERAGE SKY COVER 0.4


WEATHER CONDITIONS
 THE FOLLOWING WEATHER WAS RECORDED YESTERDAY.
  LIGHT RAIN


RELATIVE HUMIDITY (PERCENT)
 HIGHEST    89          1000 PM
 LOWEST     33          1200 PM
 AVERAGE    61

..........................................................




SUNRISE AND SUNSET
FEBRUARY 23 2017......SUNRISE   633 AM MST   SUNSET   527 PM MST
FEBRUARY 24 2017......SUNRISE   631 AM MST   SUNSET   529 PM MST


-  INDICATES NEGATIVE NUMBERS.
R  INDICATES RECORD WAS SET OR TIED.
MM INDICATES DATA IS MISSING.
T  INDICATES TRACE AMOUNT.




$$
