000
CDUS43 KUNR 240831
CLIPHP


CLIMATE REPORT
NATIONAL WEATHER SERVICE RAPID CITY SD
131 AM MST MON NOV 24 2014


...................................

...THE PHILIP SD CLIMATE SUMMARY FOR NOVEMBER 23 2014...

CLIMATE NORMAL PERIOD 1981 TO 2010
CLIMATE RECORD PERIOD 9999 TO 9999


WEATHER ITEM   OBSERVED TIME   NORMAL DEPARTURE LAST
                VALUE   (LST)  VALUE  FROM      YEAR
                                      NORMAL
......................................................
TEMPERATURE (F)
 YESTERDAY
  MAXIMUM         50   1100 AM  43      7       31
  MINIMUM         40        MM  17     23       13
  AVERAGE         45            30     15       22

PRECIPITATION (IN)
  YESTERDAY        T             0.01  -0.01     0.00
  MONTH TO DATE    0.26          0.52  -0.26     0.41
  SINCE SEP 1      2.76          3.44  -0.68     4.86
  SINCE JAN 1     16.19         16.82  -0.63    15.27

DEGREE DAYS
 HEATING
  YESTERDAY       20            35    -15       43
  MONTH TO DATE  841           673    168      694
  SINCE SEP 1   1440          1351     89     1274
  SINCE JUL 1   1459          1376     83     1277

 COOLING
  YESTERDAY        0             0      0        0
  MONTH TO DATE    0             0      0        0
  SINCE SEP 1     70            83    -13      182
  SINCE JAN 1    649           818   -169      945
......................................................


WIND (MPH)
  HIGHEST WIND SPEED    39   HIGHEST WIND DIRECTION    NW (320)
  HIGHEST GUST SPEED    54   HIGHEST GUST DIRECTION    NW (320)
  AVERAGE WIND SPEED    20.5


SKY COVER
  AVERAGE SKY COVER 0.5


WEATHER CONDITIONS
 THE FOLLOWING WEATHER WAS RECORDED YESTERDAY.
  LIGHT RAIN


RELATIVE HUMIDITY (PERCENT)
 HIGHEST    70          1200 AM
 LOWEST     34           100 PM
 AVERAGE    52

..........................................................




SUNRISE AND SUNSET
NOVEMBER 24 2014......SUNRISE   653 AM MST   SUNSET   413 PM MST
NOVEMBER 25 2014......SUNRISE   654 AM MST   SUNSET   412 PM MST


-  INDICATES NEGATIVE NUMBERS.
R  INDICATES RECORD WAS SET OR TIED.
MM INDICATES DATA IS MISSING.
T  INDICATES TRACE AMOUNT.




$$
