000
CDUS43 KUNR 280836
CLIPHP


CLIMATE REPORT
NATIONAL WEATHER SERVICE RAPID CITY SD
135 AM MST FRI NOV 28 2014


...................................

...THE PHILIP SD CLIMATE SUMMARY FOR NOVEMBER 27 2014...

CLIMATE NORMAL PERIOD 1981 TO 2010
CLIMATE RECORD PERIOD 9999 TO 9999


WEATHER ITEM   OBSERVED TIME   NORMAL DEPARTURE LAST
                VALUE   (LST)  VALUE  FROM      YEAR
                                      NORMAL
......................................................
TEMPERATURE (F)
 YESTERDAY
  MAXIMUM         35    307 PM  41     -6       55
  MINIMUM         17    749 AM  16      1       13
  AVERAGE         26            28     -2       34

PRECIPITATION (IN)
  YESTERDAY        T             0.01  -0.01     0.00
  MONTH TO DATE    0.27          0.58  -0.31     0.41
  SINCE SEP 1      2.77          3.50  -0.73     4.86
  SINCE JAN 1     16.20         16.88  -0.68    15.27

DEGREE DAYS
 HEATING
  YESTERDAY       39            37      2       31
  MONTH TO DATE  920           817    103      829
  SINCE SEP 1   1519          1495     24     1409
  SINCE JUL 1   1538          1520     18     1412

 COOLING
  YESTERDAY        0             0      0        0
  MONTH TO DATE    0             0      0        0
  SINCE SEP 1     70            83    -13      182
  SINCE JAN 1    649           818   -169      945
......................................................


WIND (MPH)
  HIGHEST WIND SPEED    17   HIGHEST WIND DIRECTION     E (110)
  HIGHEST GUST SPEED    21   HIGHEST GUST DIRECTION     E (110)
  AVERAGE WIND SPEED     9.3


SKY COVER
  AVERAGE SKY COVER 0.7


WEATHER CONDITIONS
 THE FOLLOWING WEATHER WAS RECORDED YESTERDAY.
  LIGHT SNOW


RELATIVE HUMIDITY (PERCENT)
 HIGHEST    92           900 PM
 LOWEST     61           200 PM
 AVERAGE    77

..........................................................




SUNRISE AND SUNSET
NOVEMBER 28 2014......SUNRISE   658 AM MST   SUNSET   411 PM MST
NOVEMBER 29 2014......SUNRISE   659 AM MST   SUNSET   410 PM MST


-  INDICATES NEGATIVE NUMBERS.
R  INDICATES RECORD WAS SET OR TIED.
MM INDICATES DATA IS MISSING.
T  INDICATES TRACE AMOUNT.




$$
