202
CDUS43 KUNR 120837
CLIPHP


CLIMATE REPORT
NATIONAL WEATHER SERVICE RAPID CITY SD
137 AM MST FRI FEB 12 2016


...................................

...THE PHILIP SD CLIMATE SUMMARY FOR FEBRUARY 11 2016...

CLIMATE NORMAL PERIOD 1981 TO 2010
CLIMATE RECORD PERIOD 9999 TO 9999


WEATHER ITEM   OBSERVED TIME   NORMAL DEPARTURE LAST
                VALUE   (LST)  VALUE  FROM      YEAR
                                      NORMAL
......................................................
TEMPERATURE (F)
 YESTERDAY
  MAXIMUM         49    241 PM  38     11       35
  MINIMUM         29    152 AM  12     17        9
  AVERAGE         39            25     14       22

PRECIPITATION (IN)
  YESTERDAY        0.00          0.01  -0.01     0.00
  MONTH TO DATE    0.05          0.13  -0.08     0.05
  SINCE DEC 1      1.25          0.86   0.39     0.37
  SINCE JAN 1      0.26          0.43  -0.17     0.07

DEGREE DAYS
 HEATING
  YESTERDAY       26            40    -14       43
  MONTH TO DATE  369           451    -82      375
  SINCE DEC 1   2978          3081   -103     2766
  SINCE JUL 1   4318          4716   -398     4421

 COOLING
  YESTERDAY        0             0      0        0
  MONTH TO DATE    0             0      0        0
  SINCE DEC 1      0             0      0        0
  SINCE JAN 1      0             0      0        0
......................................................


WIND (MPH)
  HIGHEST WIND SPEED    17   HIGHEST WIND DIRECTION     N (340)
  HIGHEST GUST SPEED    22   HIGHEST GUST DIRECTION     N (340)
  AVERAGE WIND SPEED     5.7


SKY COVER
  AVERAGE SKY COVER 0.9


WEATHER CONDITIONS
 THE FOLLOWING WEATHER WAS RECORDED YESTERDAY.
  FOG


RELATIVE HUMIDITY (PERCENT)
 HIGHEST    92           100 AM
 LOWEST     53           100 PM
 AVERAGE    73

..........................................................




SUNRISE AND SUNSET
FEBRUARY 12 2016......SUNRISE   651 AM MST   SUNSET   511 PM MST
FEBRUARY 13 2016......SUNRISE   649 AM MST   SUNSET   513 PM MST


-  INDICATES NEGATIVE NUMBERS.
R  INDICATES RECORD WAS SET OR TIED.
MM INDICATES DATA IS MISSING.
T  INDICATES TRACE AMOUNT.




$$
