000
CDUS43 KUNR 230833
CLIPHP


CLIMATE REPORT
NATIONAL WEATHER SERVICE RAPID CITY SD
232 AM MDT TUE SEP 23 2014


...................................

...THE PHILIP SD CLIMATE SUMMARY FOR SEPTEMBER 22 2014...

CLIMATE NORMAL PERIOD 1981 TO 2010
CLIMATE RECORD PERIOD 9999 TO 9999


WEATHER ITEM   OBSERVED TIME   NORMAL DEPARTURE LAST
                VALUE   (LST)  VALUE  FROM      YEAR
                                      NORMAL
......................................................
TEMPERATURE (F)
 YESTERDAY
  MAXIMUM         83    120 PM  75      8       98
  MINIMUM         43    347 AM  44     -1       58
  AVERAGE         63            59      4       78

PRECIPITATION (IN)
  YESTERDAY        0.06          0.05   0.01      T
  MONTH TO DATE    0.56          1.10  -0.54     0.42
  SINCE SEP 1      0.56          1.10  -0.54     0.42
  SINCE JAN 1     13.99         14.48  -0.49    10.83

DEGREE DAYS
 HEATING
  YESTERDAY        2             7     -5        0
  MONTH TO DATE  149            92     57       23
  SINCE SEP 1    149            92     57       23
  SINCE JUL 1    168           117     51       26

 COOLING
  YESTERDAY        0             1     -1       13
  MONTH TO DATE   35            72    -37      174
  SINCE SEP 1     35            72    -37      174
  SINCE JAN 1    614           807   -193      937
......................................................


WIND (MPH)
  HIGHEST WIND SPEED    26   HIGHEST WIND DIRECTION     S (180)
  HIGHEST GUST SPEED    33   HIGHEST GUST DIRECTION     S (180)
  AVERAGE WIND SPEED    11.5


SKY COVER
  AVERAGE SKY COVER 0.1


WEATHER CONDITIONS
 THE FOLLOWING WEATHER WAS RECORDED YESTERDAY.
  RAIN
  LIGHT RAIN


RELATIVE HUMIDITY (PERCENT)
 HIGHEST    84          1100 PM
 LOWEST     33          1100 AM
 AVERAGE    59

..........................................................




SUNRISE AND SUNSET
SEPTEMBER 23 2014.....SUNRISE   635 AM MDT   SUNSET   642 PM MDT
SEPTEMBER 24 2014.....SUNRISE   636 AM MDT   SUNSET   640 PM MDT


-  INDICATES NEGATIVE NUMBERS.
R  INDICATES RECORD WAS SET OR TIED.
MM INDICATES DATA IS MISSING.
T  INDICATES TRACE AMOUNT.




$$
