000
CDUS43 KUNR 230833
CLIPHP


CLIMATE REPORT
NATIONAL WEATHER SERVICE RAPID CITY SD
232 AM MDT WED APR 23 2014


...................................

...THE PHILIP SD CLIMATE SUMMARY FOR APRIL 22 2014...

CLIMATE NORMAL PERIOD 1981 TO 2010
CLIMATE RECORD PERIOD 9999 TO 9999


WEATHER ITEM   OBSERVED TIME   NORMAL DEPARTURE LAST
                VALUE   (LST)  VALUE  FROM      YEAR
                                      NORMAL
......................................................
TEMPERATURE (F)
 YESTERDAY
  MAXIMUM         81    210 PM  63     18       32
  MINIMUM         41    350 AM  35      6       20
  AVERAGE         61            49     12       26

PRECIPITATION (IN)
  YESTERDAY        0.00          0.07  -0.07     0.34
  MONTH TO DATE    0.54          1.15  -0.61     1.96
  SINCE MAR 1      1.08          2.42  -1.34     2.36
  SINCE JAN 1      1.56          3.20  -1.64     3.18

DEGREE DAYS
 HEATING
  YESTERDAY        4            16    -12       39
  MONTH TO DATE  436           444     -8      646
  SINCE MAR 1   1426          1382     44     1601
  SINCE JUL 1   7029          6747    282     6627

 COOLING
  YESTERDAY        0             0      0        0
  MONTH TO DATE    0             0      0        0
  SINCE MAR 1      0             0      0        0
  SINCE JAN 1      0             0      0        0
......................................................


WIND (MPH)
  HIGHEST WIND SPEED    32   HIGHEST WIND DIRECTION     S (190)
  HIGHEST GUST SPEED    41   HIGHEST GUST DIRECTION     S (200)
  AVERAGE WIND SPEED    15.0


SKY COVER
  AVERAGE SKY COVER 0.1


WEATHER CONDITIONS
 THE FOLLOWING WEATHER WAS RECORDED YESTERDAY.
  NO SIGNIFICANT WEATHER WAS OBSERVED.


RELATIVE HUMIDITY (PERCENT)
 HIGHEST    62           500 AM
 LOWEST     25          1000 AM
 AVERAGE    44

..........................................................




SUNRISE AND SUNSET
APRIL 23 2014.........SUNRISE   550 AM MDT   SUNSET   740 PM MDT
APRIL 24 2014.........SUNRISE   548 AM MDT   SUNSET   741 PM MDT


-  INDICATES NEGATIVE NUMBERS.
R  INDICATES RECORD WAS SET OR TIED.
MM INDICATES DATA IS MISSING.
T  INDICATES TRACE AMOUNT.




$$
