000
CDUS43 KUNR 190832
CLIPHP


CLIMATE REPORT
NATIONAL WEATHER SERVICE RAPID CITY SD
232 AM MDT SAT APR 19 2014


...................................

...THE PHILIP SD CLIMATE SUMMARY FOR APRIL 18 2014...

CLIMATE NORMAL PERIOD 1981 TO 2010
CLIMATE RECORD PERIOD 9999 TO 9999


WEATHER ITEM   OBSERVED TIME   NORMAL DEPARTURE LAST
                VALUE   (LST)  VALUE  FROM      YEAR
                                      NORMAL
......................................................
TEMPERATURE (F)
 YESTERDAY
  MAXIMUM         83    406 PM  61     22       42
  MINIMUM         32    218 AM  33     -1       24
  AVERAGE         58            47     11       33

PRECIPITATION (IN)
  YESTERDAY        0.00          0.07  -0.07      T
  MONTH TO DATE    0.54          0.86  -0.32     1.44
  SINCE MAR 1      1.08          2.13  -1.05     1.84
  SINCE JAN 1      1.56          2.91  -1.35     2.66

DEGREE DAYS
 HEATING
  YESTERDAY        7            18    -11       32
  MONTH TO DATE  402           377     25      532
  SINCE MAR 1   1392          1315     77     1487
  SINCE JUL 1   6995          6680    315     6513

 COOLING
  YESTERDAY        0             0      0        0
  MONTH TO DATE    0             0      0        0
  SINCE MAR 1      0             0      0        0
  SINCE JAN 1      0             0      0        0
......................................................


WIND (MPH)
  HIGHEST WIND SPEED    26   HIGHEST WIND DIRECTION     S (200)
  HIGHEST GUST SPEED    36   HIGHEST GUST DIRECTION     S (200)
  AVERAGE WIND SPEED    14.5


SKY COVER
  AVERAGE SKY COVER 0.0


WEATHER CONDITIONS
 THE FOLLOWING WEATHER WAS RECORDED YESTERDAY.
  NO SIGNIFICANT WEATHER WAS OBSERVED.


RELATIVE HUMIDITY (PERCENT)
 HIGHEST    89           500 AM
 LOWEST     20           200 PM
 AVERAGE    55

..........................................................




SUNRISE AND SUNSET
APRIL 19 2014.........SUNRISE   556 AM MDT   SUNSET   735 PM MDT
APRIL 20 2014.........SUNRISE   555 AM MDT   SUNSET   737 PM MDT


-  INDICATES NEGATIVE NUMBERS.
R  INDICATES RECORD WAS SET OR TIED.
MM INDICATES DATA IS MISSING.
T  INDICATES TRACE AMOUNT.




$$
