000
CDUS43 KUNR 170831
CLIPHP


CLIMATE REPORT
NATIONAL WEATHER SERVICE RAPID CITY SD
231 AM MDT THU AUG 17 2017


...................................

...THE PHILIP SD CLIMATE SUMMARY FOR AUGUST 16 2017...

CLIMATE NORMAL PERIOD 1981 TO 2010
CLIMATE RECORD PERIOD 9999 TO 9999


WEATHER ITEM   OBSERVED TIME   NORMAL DEPARTURE LAST
                VALUE   (LST)  VALUE  FROM      YEAR
                                      NORMAL
......................................................
TEMPERATURE (F)
 YESTERDAY
  MAXIMUM         83    238 PM  89     -6       89
  MINIMUM         50   1143 PM  59     -9       59
  AVERAGE         67            74     -7       74

PRECIPITATION (IN)
  YESTERDAY        0.00          0.04  -0.04     0.00
  MONTH TO DATE    0.28          0.77  -0.49     1.97
  SINCE JUN 1      2.94          5.73  -2.79     4.41
  SINCE JAN 1      7.78         12.65  -4.87    11.13

DEGREE DAYS
 HEATING
  YESTERDAY        0             0      0        0
  MONTH TO DATE    6             0      6        0
  SINCE JUN 1     29            71    -42       11
  SINCE JUL 1      6             8     -2        4

 COOLING
  YESTERDAY        2             9     -7        9
  MONTH TO DATE   56           167   -111      175
  SINCE JUN 1    666           595     71      728
  SINCE JAN 1    679           622     57      742
......................................................


WIND (MPH)
  HIGHEST WIND SPEED    22   HIGHEST WIND DIRECTION     N (10)
  HIGHEST GUST SPEED    29   HIGHEST GUST DIRECTION     N (20)
  AVERAGE WIND SPEED     9.6


SKY COVER
  AVERAGE SKY COVER 0.4


WEATHER CONDITIONS
 THE FOLLOWING WEATHER WAS RECORDED YESTERDAY.
  NO SIGNIFICANT WEATHER WAS OBSERVED.


RELATIVE HUMIDITY (PERCENT)
 HIGHEST   100          1200 AM
 LOWEST     28           400 PM
 AVERAGE    64

..........................................................




SUNRISE AND SUNSET
AUGUST 17 2017........SUNRISE   553 AM MDT   SUNSET   747 PM MDT
AUGUST 18 2017........SUNRISE   554 AM MDT   SUNSET   746 PM MDT


-  INDICATES NEGATIVE NUMBERS.
R  INDICATES RECORD WAS SET OR TIED.
MM INDICATES DATA IS MISSING.
T  INDICATES TRACE AMOUNT.




$$
