378
CDUS45 KPSR 200817
CLIPHX

CLIMATE REPORT
NATIONAL WEATHER SERVICE PHOENIX AZ
116 AM MST FRI OCT 20 2017


...................................

...THE PHOENIX AZ CLIMATE SUMMARY FOR OCTOBER 19 2017...

CLIMATE NORMAL PERIOD 1981 TO 2010
CLIMATE RECORD PERIOD 1895 TO 2017


WEATHER ITEM   OBSERVED TIME   RECORD YEAR NORMAL DEPARTURE LAST
                VALUE   (LST)  VALUE       VALUE  FROM      YEAR
                                                  NORMAL
..................................................................
TEMPERATURE (F)
 YESTERDAY
  MAXIMUM         96    349 PM 101    2003  87      9       93
  MINIMUM         74    707 AM  40    1917  64     10       65
  AVERAGE         85                        75     10       79

PRECIPITATION (IN)
  YESTERDAY        0.00          1.69 1972   0.02  -0.02     0.00
  MONTH TO DATE    0.00                      0.36  -0.36     0.20
  SINCE OCT 1      0.00                      0.36  -0.36     0.20
  SINCE JAN 1      4.73                      6.28  -1.55     4.56

SNOWFALL (IN)
  YESTERDAY        0.0
  MONTH TO DATE    0.0
  SINCE JAN 1      0.0
  SINCE JUL 1      0.0
  SNOW DEPTH       0

DEGREE DAYS
 HEATING
  YESTERDAY        0                         0      0        0
  MONTH TO DATE    0                         0      0        0
  SINCE SEP 1      0                         0      0        0
  SINCE JUL 1      0                         0      0        0

 COOLING
  YESTERDAY       20                        11      9       14
  MONTH TO DATE  331                       268     63      294
  SINCE SEP 1   1025                       968     57      949
  SINCE JAN 1   4842                      4437    405     4701
..................................................................


WIND (MPH)
  HIGHEST WIND SPEED    15   HIGHEST WIND DIRECTION     W (270)
  HIGHEST GUST SPEED    20   HIGHEST GUST DIRECTION     N (340)
  AVERAGE WIND SPEED     6.4


SKY COVER
  AVERAGE SKY COVER 0.6


WEATHER CONDITIONS
 THE FOLLOWING WEATHER WAS RECORDED YESTERDAY.
  NO SIGNIFICANT WEATHER WAS OBSERVED.


RELATIVE HUMIDITY (PERCENT)
 HIGHEST    33           500 AM
 LOWEST     12           300 PM
 AVERAGE    23

..........................................................


THE PHOENIX AZ CLIMATE NORMALS FOR TODAY
                         NORMAL    RECORD    YEAR
 MAXIMUM TEMPERATURE (F)   87       103      2003
 MINIMUM TEMPERATURE (F)   63        40      1949


SUNRISE AND SUNSET
OCTOBER 20 2017.......SUNRISE   637 AM MST   SUNSET   548 PM MST
OCTOBER 21 2017.......SUNRISE   638 AM MST   SUNSET   547 PM MST


-  INDICATES NEGATIVE NUMBERS.
R  INDICATES RECORD WAS SET OR TIED.
MM INDICATES DATA IS MISSING.
T  INDICATES TRACE AMOUNT.

&&
.....................................................................

DEW POINT
  HIGHEST DEW POINT    45
   LOWEST DEW POINT    35
  AVERAGE DEW POINT    41
.....................................................................

$$
