000
CDUS45 KPSR 310819
CLIPHX

CLIMATE REPORT
NATIONAL WEATHER SERVICE PHOENIX AZ
118 AM MST WED AUG 31 2016


...................................

...THE PHOENIX AZ CLIMATE SUMMARY FOR AUGUST 30 2016...

CLIMATE NORMAL PERIOD 1981 TO 2010
CLIMATE RECORD PERIOD 1895 TO 2016


WEATHER ITEM   OBSERVED TIME   RECORD YEAR NORMAL DEPARTURE LAST
                VALUE   (LST)  VALUE       VALUE  FROM      YEAR
                                                  NORMAL
..................................................................
TEMPERATURE (F)
 YESTERDAY
  MAXIMUM        107    444 PM 113    2011 104      3      108
  MINIMUM         84    458 AM  64    1920  81      3       83
                                      1907
  AVERAGE         96                        92      4       96

PRECIPITATION (IN)
  YESTERDAY        0.00          0.34 1997   0.03  -0.03      T
  MONTH TO DATE    1.27                      0.98   0.29     0.92
  SINCE OCT 1      5.21                      7.37  -2.16     5.84
  SINCE JAN 1      4.04                      5.26  -1.22     4.80

SNOWFALL (IN)
  YESTERDAY        0.0
  MONTH TO DATE    0.0
  SINCE JAN 1      0.0
  SINCE JUL 1      0.0
  SNOW DEPTH       0

DEGREE DAYS
 HEATING
  YESTERDAY        0                         0      0        0
  MONTH TO DATE    0                         0      0        0
  SINCE JUN 1      0                         0      0        0
  SINCE JUL 1      0                         0      0        0

 COOLING
  YESTERDAY       31                        28      3       31
  MONTH TO DATE  810                       858    -48      962
  SINCE JUN 1   2716                      2556    160     2764
  SINCE JAN 1   3723                      3442    281     3789
..................................................................


WIND (MPH)
  HIGHEST WIND SPEED    30   HIGHEST WIND DIRECTION     E (80)
  HIGHEST GUST SPEED    37   HIGHEST GUST DIRECTION     E (80)
  AVERAGE WIND SPEED     7.4


SKY COVER
  AVERAGE SKY COVER 0.2


WEATHER CONDITIONS
 THE FOLLOWING WEATHER WAS RECORDED YESTERDAY.
  NO SIGNIFICANT WEATHER WAS OBSERVED.


RELATIVE HUMIDITY (PERCENT)
 HIGHEST    32          1100 PM
 LOWEST     15           400 PM
 AVERAGE    24

..........................................................


THE PHOENIX AZ CLIMATE NORMALS FOR TODAY
                         NORMAL    RECORD    YEAR
 MAXIMUM TEMPERATURE (F)  104       113      1950
 MINIMUM TEMPERATURE (F)   81        62      1962


SUNRISE AND SUNSET
AUGUST 31 2016........SUNRISE   602 AM MST   SUNSET   654 PM MST
SEPTEMBER  1 2016.....SUNRISE   603 AM MST   SUNSET   653 PM MST


-  INDICATES NEGATIVE NUMBERS.
R  INDICATES RECORD WAS SET OR TIED.
MM INDICATES DATA IS MISSING.
T  INDICATES TRACE AMOUNT.

&&
.....................................................................

DEW POINT
  HIGHEST DEW POINT    57
   LOWEST DEW POINT    45
  AVERAGE DEW POINT    51
.....................................................................

$$
