534
CDUS45 KPSR 310025
CLIPHX

CLIMATE REPORT
NATIONAL WEATHER SERVICE PHOENIX AZ
523 PM MST SAT JUL 30 2016


...................................

...THE PHOENIX AZ CLIMATE SUMMARY FOR JULY 30 2016...
VALID TODAY AS OF 0500 PM LOCAL TIME.

CLIMATE NORMAL PERIOD 1981 TO 2010
CLIMATE RECORD PERIOD 1895 TO 2016


WEATHER ITEM   OBSERVED TIME   RECORD YEAR NORMAL DEPARTURE LAST
                VALUE   (LST)  VALUE       VALUE  FROM      YEAR
                                                  NORMAL
..................................................................
TEMPERATURE (F)
 TODAY
  MAXIMUM        101    454 PM 115    1934 105     -4      106
  MINIMUM         80    513 AM  66    1913  84     -4       85
  AVERAGE         91                        94     -3       96

PRECIPITATION (IN)
  TODAY            T             1.16 1904   0.04  -0.04     0.00
  MONTH TO DATE    0.89                      1.01  -0.12     0.41
  SINCE OCT 1      3.94                      6.35  -2.41     4.20
  SINCE JAN 1      2.77                      4.24  -1.47     3.16

SNOWFALL (IN)
  TODAY            0.0
  MONTH TO DATE    0.0
  SINCE JAN 1      0.0
  SINCE JUL 1      0.0
  SNOW DEPTH       0

DEGREE DAYS
 HEATING
  TODAY            0                         0      0        0
  MONTH TO DATE    0                         0      0        0
  SINCE JUN 1      0                         0      0        0
  SINCE JUL 1      0                         0      0        0

 COOLING
  TODAY           26                        29     -3       31
  MONTH TO DATE  977                       896     81      897
  SINCE JUN 1   1877                      1670    207     1773
  SINCE JAN 1   2884                      2556    328     2798
..................................................................


WIND (MPH)
  HIGHEST WIND SPEED    21   HIGHEST WIND DIRECTION     E (80)
  HIGHEST GUST SPEED    24   HIGHEST GUST DIRECTION    NE (60)
  AVERAGE WIND SPEED     7.5


SKY COVER
  AVERAGE SKY COVER 0.6


WEATHER CONDITIONS
 THE FOLLOWING WEATHER WAS RECORDED TODAY.
  NO SIGNIFICANT WEATHER WAS OBSERVED.


RELATIVE HUMIDITY (PERCENT)
 HIGHEST    67           200 AM
 LOWEST     33           300 PM
 AVERAGE    50

..........................................................


THE PHOENIX AZ CLIMATE NORMALS FOR TOMORROW
                         NORMAL    RECORD    YEAR
 MAXIMUM TEMPERATURE (F)  105       115      1996
                                             1986
                                             1972
 MINIMUM TEMPERATURE (F)   84        70      1921
                                             1915


SUNRISE AND SUNSET
JULY 30 2016..........SUNRISE   540 AM MST   SUNSET   729 PM MST
JULY 31 2016..........SUNRISE   540 AM MST   SUNSET   728 PM MST


-  INDICATES NEGATIVE NUMBERS.
R  INDICATES RECORD WAS SET OR TIED.
MM INDICATES DATA IS MISSING.
T  INDICATES TRACE AMOUNT.

$$
