000
CDUS45 KPSR 250814
CLIPHX

CLIMATE REPORT
NATIONAL WEATHER SERVICE PHOENIX AZ
114 AM MST SUN JAN 25 2015


...................................

...THE PHOENIX AZ CLIMATE SUMMARY FOR JANUARY 24 2015...

CLIMATE NORMAL PERIOD 1981 TO 2010
CLIMATE RECORD PERIOD 1895 TO 2015


WEATHER ITEM   OBSERVED TIME   RECORD YEAR NORMAL DEPARTURE LAST
                VALUE   (LST)  VALUE       VALUE  FROM      YEAR
                                                  NORMAL
..................................................................
TEMPERATURE (F)
 YESTERDAY
  MAXIMUM         77    347 PM  80    1953  68      9       70
  MINIMUM         50    123 AM  24    1937  46      4       58
  AVERAGE         64                        57      7       64

PRECIPITATION (IN)
  YESTERDAY        0.00          0.51 1941   0.02  -0.02     0.00
  MONTH TO DATE    0.14                      0.71  -0.57     0.00
  SINCE OCT 1      1.18                      2.82  -1.64     2.82
  SINCE JAN 1      0.14                      0.71  -0.57     0.00

SNOWFALL (IN)
  YESTERDAY        0.0
  MONTH TO DATE    0.0
  SINCE JAN 1      0.0
  SINCE JUL 1      0.0
  SNOW DEPTH       0

DEGREE DAYS
 HEATING
  YESTERDAY        1                         8     -7        1
  MONTH TO DATE  166                       215    -49      138
  SINCE DEC 1    394                       513   -119      400
  SINCE JUL 1    448                       616   -168      455

 COOLING
  YESTERDAY        0                         0      0        0
  MONTH TO DATE    0                         0      0        1
  SINCE DEC 1     10                         1      9        1
  SINCE JAN 1      0                         0      0        1
..................................................................


WIND (MPH)
  HIGHEST WIND SPEED    24   HIGHEST WIND DIRECTION    NE (60)
  HIGHEST GUST SPEED    28   HIGHEST GUST DIRECTION    NE (60)
  AVERAGE WIND SPEED     9.1


SKY COVER
  AVERAGE SKY COVER 0.3


WEATHER CONDITIONS
 THE FOLLOWING WEATHER WAS RECORDED YESTERDAY.
  NO SIGNIFICANT WEATHER WAS OBSERVED.


RELATIVE HUMIDITY (PERCENT)
 HIGHEST    35           100 AM
 LOWEST      8           300 PM
 AVERAGE    22

..........................................................


THE PHOENIX AZ CLIMATE NORMALS FOR TODAY
                         NORMAL    RECORD    YEAR
 MAXIMUM TEMPERATURE (F)   68        83      1951
 MINIMUM TEMPERATURE (F)   46        23      1898


SUNRISE AND SUNSET
JANUARY 25 2015.......SUNRISE   728 AM MST   SUNSET   553 PM MST
JANUARY 26 2015.......SUNRISE   728 AM MST   SUNSET   554 PM MST


-  INDICATES NEGATIVE NUMBERS.
R  INDICATES RECORD WAS SET OR TIED.
MM INDICATES DATA IS MISSING.
T  INDICATES TRACE AMOUNT.

&&
.....................................................................

DEW POINT
  HIGHEST DEW POINT    25
   LOWEST DEW POINT    11
  AVERAGE DEW POINT    18
.....................................................................

$$
