000
CDUS45 KPSR 050819
CLIPHX

CDUS45 KPSR DDHHMM
CLIPHX

CLIMATE REPORT
NATIONAL WEATHER SERVICE PHOENIX AZ
116 AM MST SAT SEP 5 2015


...................................

...THE PHOENIX AZ CLIMATE SUMMARY FOR SEPTEMBER 4 2015...

CLIMATE NORMAL PERIOD 1981 TO 2010
CLIMATE RECORD PERIOD 1895 TO 2015


WEATHER ITEM   OBSERVED TIME   RECORD YEAR NORMAL DEPARTURE LAST
                VALUE   (LST)  VALUE       VALUE  FROM      YEAR
                                                  NORMAL
..................................................................
TEMPERATURE (F)
 YESTERDAY
  MAXIMUM         98    234 PM 112    1945 103     -5      107
  MINIMUM         76    646 AM  60    1921  80     -4       83
  AVERAGE         87                        92     -5       95

PRECIPITATION (IN)
  YESTERDAY        0.00          2.91 1939   0.02  -0.02      T
  MONTH TO DATE    0.02                      0.10  -0.08      T
  SINCE OCT 1      6.23                      7.49  -1.26     5.04
  SINCE JAN 1      5.19                      5.38  -0.19     2.22

SNOWFALL (IN)
  YESTERDAY        0.0
  MONTH TO DATE    0.0
  SINCE JAN 1      0.0
  SINCE JUL 1      0.0
  SNOW DEPTH       0

DEGREE DAYS
 HEATING
  YESTERDAY        0                         0      0        0
  MONTH TO DATE    0                         0      0        0
  SINCE SEP 1      0                         0      0        0
  SINCE JUL 1      0                         0      0        0

 COOLING
  YESTERDAY       22                        27     -5       30
  MONTH TO DATE   98                       108    -10      122
  SINCE SEP 1     98                       108    -10      122
  SINCE JAN 1   3914                      3577    337     3867
..................................................................


WIND (MPH)
  HIGHEST WIND SPEED    18   HIGHEST WIND DIRECTION     S (170)
  HIGHEST GUST SPEED    23   HIGHEST GUST DIRECTION     S (170)
  AVERAGE WIND SPEED     7.3


SKY COVER
  AVERAGE SKY COVER 0.6


WEATHER CONDITIONS
 THE FOLLOWING WEATHER WAS RECORDED YESTERDAY.
  NO SIGNIFICANT WEATHER WAS OBSERVED.


RELATIVE HUMIDITY (PERCENT)
 HIGHEST    67          1200 AM
 LOWEST     27           300 PM
 AVERAGE    47

..........................................................


THE PHOENIX AZ CLIMATE NORMALS FOR TODAY
                         NORMAL    RECORD    YEAR
 MAXIMUM TEMPERATURE (F)  103       113      1945
 MINIMUM TEMPERATURE (F)   80        61      1912


SUNRISE AND SUNSET
SEPTEMBER  5 2015.....SUNRISE   605 AM MST   SUNSET   648 PM MST
SEPTEMBER  6 2015.....SUNRISE   605 AM MST   SUNSET   647 PM MST


-  INDICATES NEGATIVE NUMBERS.
R  INDICATES RECORD WAS SET OR TIED.
MM INDICATES DATA IS MISSING.
T  INDICATES TRACE AMOUNT.

&&
.....................................................................

DEW POINT
  HIGHEST DEW POINT    65
   LOWEST DEW POINT    58
  AVERAGE DEW POINT    62
.....................................................................

$$
