000
CDUS45 KPSR 180817 CCA
CLIPHX

CLIMATE REPORT
NATIONAL WEATHER SERVICE PHOENIX AZ
115 AM MST FRI AUG 18 2017


...................................

...THE PHOENIX AZ CLIMATE SUMMARY FOR AUGUST 17 2017...

CLIMATE NORMAL PERIOD 1981 TO 2010
CLIMATE RECORD PERIOD 1895 TO 2017


WEATHER ITEM   OBSERVED TIME   RECORD YEAR NORMAL DEPARTURE LAST
                VALUE   (LST)  VALUE       VALUE  FROM      YEAR
                                                  NORMAL
..................................................................
TEMPERATURE (F)
 YESTERDAY
  MAXIMUM        104    321 PM 114    2013 104      0      109
  MINIMUM         78    644 AM  64    1918  83     -5       84
  AVERAGE         91                        94     -3       97

PRECIPITATION (IN)
  YESTERDAY        0.00          0.89 1904   0.03  -0.03     0.10
  MONTH TO DATE    1.37                      0.57   0.80     1.12
  SINCE OCT 1      6.50                      6.96  -0.46     5.06
  SINCE JAN 1      4.67                      4.85  -0.18     3.89

SNOWFALL (IN)
  YESTERDAY        0.0
  MONTH TO DATE    0.0
  SINCE JAN 1      0.0
  SINCE JUL 1      0.0
  SNOW DEPTH       0

DEGREE DAYS
 HEATING
  YESTERDAY        0                         0      0        0
  MONTH TO DATE    0                         0      0        0
  SINCE JUN 1      0                         0      0        0
  SINCE JUL 1      0                         0      0        0

 COOLING
  YESTERDAY       26                        29     -3       32
  MONTH TO DATE  471                       493    -22      482
  SINCE JUN 1   2307                      2191    116     2388
  SINCE JAN 1   3381                      3077    304     3395
..................................................................


WIND (MPH)
  HIGHEST WIND SPEED    13   HIGHEST WIND DIRECTION    SW (220)
  HIGHEST GUST SPEED    17   HIGHEST GUST DIRECTION     S (180)
  AVERAGE WIND SPEED     5.8


SKY COVER
  AVERAGE SKY COVER 0.1


WEATHER CONDITIONS
 THE FOLLOWING WEATHER WAS RECORDED YESTERDAY.
  NO SIGNIFICANT WEATHER WAS OBSERVED.


RELATIVE HUMIDITY (PERCENT)
 HIGHEST    32           700 AM
 LOWEST      7           400 PM
 AVERAGE    20

..........................................................


THE PHOENIX AZ CLIMATE NORMALS FOR TODAY
                         NORMAL    RECORD    YEAR
 MAXIMUM TEMPERATURE (F)  104       112      2011
 MINIMUM TEMPERATURE (F)   83        62      1918


SUNRISE AND SUNSET
AUGUST 18 2017........SUNRISE   553 AM MST   SUNSET   710 PM MST
AUGUST 19 2017........SUNRISE   554 AM MST   SUNSET   709 PM MST


-  INDICATES NEGATIVE NUMBERS.
R  INDICATES RECORD WAS SET OR TIED.
MM INDICATES DATA IS MISSING.
T  INDICATES TRACE AMOUNT.

&&
.....................................................................

DEW POINT
  HIGHEST DEW POINT    48
   LOWEST DEW POINT    27
  AVERAGE DEW POINT    39
.....................................................................

$$
