000
CDUS45 KPSR 280850
CLIPHX

CDUS45 KPSR DDHHMM
CLIPHX

CLIMATE REPORT
NATIONAL WEATHER SERVICE PHOENIX AZ
148 AM MST WED SEP 28 2016


...................................

...THE PHOENIX AZ CLIMATE SUMMARY FOR SEPTEMBER 27 2016...

CLIMATE NORMAL PERIOD 1981 TO 2010
CLIMATE RECORD PERIOD 1895 TO 2016


WEATHER ITEM   OBSERVED TIME   RECORD YEAR NORMAL DEPARTURE LAST
                VALUE   (LST)  VALUE       VALUE  FROM      YEAR
                                                  NORMAL
..................................................................
TEMPERATURE (F)
 YESTERDAY
  MAXIMUM         88    454 PM 107    2009  96     -8      104
  MINIMUM         69   1010 PM  51    1920  73     -4       81
                                      1908
  AVERAGE         79                        84     -5       93

PRECIPITATION (IN)
  YESTERDAY        T             1.64 2014   0.02  -0.02     0.00
  MONTH TO DATE    0.30                      0.58  -0.28     0.81
  SINCE OCT 1      5.51                      7.97  -2.46     7.02
  SINCE JAN 1      4.34                      5.86  -1.52     5.98

SNOWFALL (IN)
  YESTERDAY        0.0
  MONTH TO DATE    0.0
  SINCE JAN 1      0.0
  SINCE JUL 1      0.0
  SNOW DEPTH       0

DEGREE DAYS
 HEATING
  YESTERDAY        0                         0      0        0
  MONTH TO DATE    0                         0      0        0
  SINCE SEP 1      0                         0      0        0
  SINCE JUL 1      0                         0      0        0

 COOLING
  YESTERDAY       14                        19     -5       28
  MONTH TO DATE  597                       646    -49      672
  SINCE SEP 1    597                       646    -49      672
  SINCE JAN 1   4349                      4115    234     4488
..................................................................


WIND (MPH)
  HIGHEST WIND SPEED    22   HIGHEST WIND DIRECTION    NE (40)
  HIGHEST GUST SPEED    28   HIGHEST GUST DIRECTION    SE (120)
  AVERAGE WIND SPEED     8.5


SKY COVER
  AVERAGE SKY COVER 0.7


WEATHER CONDITIONS
 THE FOLLOWING WEATHER WAS RECORDED YESTERDAY.
  HAZE
  SANDSTORM


RELATIVE HUMIDITY (PERCENT)
 HIGHEST    41           300 AM
 LOWEST     26           400 PM
 AVERAGE    34

..........................................................


THE PHOENIX AZ CLIMATE NORMALS FOR TODAY
                         NORMAL    RECORD    YEAR
 MAXIMUM TEMPERATURE (F)   96       108      1992
 MINIMUM TEMPERATURE (F)   72        50      1923


SUNRISE AND SUNSET
SEPTEMBER 28 2016.....SUNRISE   621 AM MST   SUNSET   616 PM MST
SEPTEMBER 29 2016.....SUNRISE   621 AM MST   SUNSET   614 PM MST


-  INDICATES NEGATIVE NUMBERS.
R  INDICATES RECORD WAS SET OR TIED.
MM INDICATES DATA IS MISSING.
T  INDICATES TRACE AMOUNT.

&&
.....................................................................

DEW POINT
  HIGHEST DEW POINT    52
   LOWEST DEW POINT    48
  AVERAGE DEW POINT    49
.....................................................................

$$
