000
CDUS45 KPSR 280817
CLIPHX

CLIMATE REPORT
NATIONAL WEATHER SERVICE PHOENIX AZ
115 AM MST SAT FEB 28 2015


...................................

...THE PHOENIX AZ CLIMATE SUMMARY FOR FEBRUARY 27 2015...

CLIMATE NORMAL PERIOD 1981 TO 2010
CLIMATE RECORD PERIOD 1895 TO 2015


WEATHER ITEM   OBSERVED TIME   RECORD YEAR NORMAL DEPARTURE LAST
                VALUE   (LST)  VALUE       VALUE  FROM      YEAR
                                                  NORMAL
..................................................................
TEMPERATURE (F)
 YESTERDAY
  MAXIMUM         78    429 PM  92    1986  73      5       81
  MINIMUM         50    721 AM  28    1964  51     -1       56
  AVERAGE         64                        62      2       69

PRECIPITATION (IN)
  YESTERDAY        0.00          0.57 1905   0.03  -0.03     0.00
  MONTH TO DATE    0.01                      0.88  -0.87     0.00
  SINCE OCT 1      1.86                      3.90  -2.04     2.82
  SINCE JAN 1      0.82                      1.79  -0.97     0.00

SNOWFALL (IN)
  YESTERDAY        0.0
  MONTH TO DATE    0.0
  SINCE JAN 1      0.0
  SINCE JUL 1      0.0
  SNOW DEPTH       0

DEGREE DAYS
 HEATING
  YESTERDAY        1                         4     -3        0
  MONTH TO DATE   25                       159   -134       65
  SINCE DEC 1    441                       726   -285      479
  SINCE JUL 1    495                       829   -334      534

 COOLING
  YESTERDAY        0                         1     -1        4
  MONTH TO DATE   48                        10     38       52
  SINCE DEC 1     58                        13     45       56
  SINCE JAN 1     48                        12     36       56
..................................................................


WIND (MPH)
  HIGHEST WIND SPEED    20   HIGHEST WIND DIRECTION     W (260)
  HIGHEST GUST SPEED    25   HIGHEST GUST DIRECTION     W (270)
  AVERAGE WIND SPEED     8.7


SKY COVER
  AVERAGE SKY COVER 0.3


WEATHER CONDITIONS
 THE FOLLOWING WEATHER WAS RECORDED YESTERDAY.
  NO SIGNIFICANT WEATHER WAS OBSERVED.


RELATIVE HUMIDITY (PERCENT)
 HIGHEST    52           600 AM
 LOWEST     15           200 PM
 AVERAGE    34

..........................................................


THE PHOENIX AZ CLIMATE NORMALS FOR TODAY
                         NORMAL    RECORD    YEAR
 MAXIMUM TEMPERATURE (F)   73        89      1986
 MINIMUM TEMPERATURE (F)   51        30      1962


SUNRISE AND SUNSET
FEBRUARY 28 2015......SUNRISE   658 AM MST   SUNSET   624 PM MST
MARCH  1 2015.........SUNRISE   657 AM MST   SUNSET   625 PM MST


-  INDICATES NEGATIVE NUMBERS.
R  INDICATES RECORD WAS SET OR TIED.
MM INDICATES DATA IS MISSING.
T  INDICATES TRACE AMOUNT.

&&
.....................................................................

DEW POINT
  HIGHEST DEW POINT    42
   LOWEST DEW POINT    25
  AVERAGE DEW POINT    32
.....................................................................

$$
