000
CDUS45 KPSR 030012
CLIPHX

CLIMATE REPORT
NATIONAL WEATHER SERVICE PHOENIX AZ
511 PM MST SUN AUG 2 2015


...................................

...THE PHOENIX AZ CLIMATE SUMMARY FOR AUGUST 2 2015...
VALID TODAY AS OF 0500 PM LOCAL TIME.

CLIMATE NORMAL PERIOD 1981 TO 2010
CLIMATE RECORD PERIOD 1895 TO 2015


WEATHER ITEM   OBSERVED TIME   RECORD YEAR NORMAL DEPARTURE LAST
                VALUE   (LST)  VALUE       VALUE  FROM      YEAR
                                                  NORMAL
..................................................................
TEMPERATURE (F)
 TODAY
  MAXIMUM        108    457 PM 113    2011 105      3      102
                                      2009
                                      1918
  MINIMUM         86    629 AM  70    1946  84      2       78
  AVERAGE         97                        94      3       90

PRECIPITATION (IN)
  TODAY            0.00          1.09 1946   0.04  -0.04      T
  MONTH TO DATE    0.00                      0.07  -0.07      T
  SINCE OCT 1      4.92                      6.46  -1.54     3.87
  SINCE JAN 1      3.88                      4.35  -0.47     1.05

SNOWFALL (IN)
  TODAY            0.0
  MONTH TO DATE    0.0
  SINCE JAN 1      0.0
  SINCE JUL 1      0.0
  SNOW DEPTH       0

DEGREE DAYS
 HEATING
  TODAY            0                         0      0        0
  MONTH TO DATE    0                         0      0        0
  SINCE JUN 1      0                         0      0        0
  SINCE JUL 1      0                         0      0        0

 COOLING
  TODAY           32                        29      3       25
  MONTH TO DATE   59                        58      1       50
  SINCE JUN 1   1861                      1756    105     1889
  SINCE JAN 1   2886                      2642    244     2964
..................................................................


WIND (MPH)
  HIGHEST WIND SPEED    21   HIGHEST WIND DIRECTION     W (280)
  HIGHEST GUST SPEED    28   HIGHEST GUST DIRECTION     W (280)
  AVERAGE WIND SPEED     7.7


SKY COVER
  AVERAGE SKY COVER 0.3


WEATHER CONDITIONS
 THE FOLLOWING WEATHER WAS RECORDED TODAY.
  NO SIGNIFICANT WEATHER WAS OBSERVED.


RELATIVE HUMIDITY (PERCENT)
 HIGHEST    51           600 AM
 LOWEST     14           400 PM
 AVERAGE    33

..........................................................


THE PHOENIX AZ CLIMATE NORMALS FOR TOMORROW
                         NORMAL    RECORD    YEAR
 MAXIMUM TEMPERATURE (F)  105       114      2009
                                             1975
 MINIMUM TEMPERATURE (F)   84        66      1956


SUNRISE AND SUNSET
AUGUST  2 2015........SUNRISE   541 AM MST   SUNSET   727 PM MST
AUGUST  3 2015........SUNRISE   542 AM MST   SUNSET   726 PM MST


-  INDICATES NEGATIVE NUMBERS.
R  INDICATES RECORD WAS SET OR TIED.
MM INDICATES DATA IS MISSING.
T  INDICATES TRACE AMOUNT.

$$
