000
CDUS45 KPSR 170819
CLIPHX

CLIMATE REPORT
NATIONAL WEATHER SERVICE PHOENIX AZ
118 AM MST WED SEP 17 2014


...................................

...THE PHOENIX AZ CLIMATE SUMMARY FOR SEPTEMBER 16 2014...

CLIMATE NORMAL PERIOD 1981 TO 2010
CLIMATE RECORD PERIOD 1895 TO 2014


WEATHER ITEM   OBSERVED TIME   RECORD YEAR NORMAL DEPARTURE LAST
                VALUE   (LST)  VALUE       VALUE  FROM      YEAR
                                                  NORMAL
..................................................................
TEMPERATURE (F)
 YESTERDAY
  MAXIMUM         92   1047 AM 109    1928 100     -8      106
  MINIMUM         80    143 PM  56    1906  77      3       88
  AVERAGE         86                        89     -3       97

PRECIPITATION (IN)
  YESTERDAY        0.01          1.33 1969   0.03  -0.02     0.00
  MONTH TO DATE    3.31                      0.38   2.93     0.86
  SINCE OCT 1      8.35                      7.77   0.58     6.52
  SINCE JAN 1      5.53                      5.66  -0.13     5.60

SNOWFALL (IN)
  YESTERDAY        0.0
  MONTH TO DATE    0.0
  SINCE JAN 1      0.0
  SINCE JUL 1      0.0
  SNOW DEPTH       0

DEGREE DAYS
 HEATING
  YESTERDAY        0                         0      0        0
  MONTH TO DATE    0                         0      0        0
  SINCE SEP 1      0                         0      0        0
  SINCE JUL 1      0                         0      0        0

 COOLING
  YESTERDAY       21                        24     -3       32
  MONTH TO DATE  425                       411     14      424
  SINCE SEP 1    425                       411     14      424
  SINCE JAN 1   4170                      3880    290     4312
..................................................................


WIND (MPH)
  HIGHEST WIND SPEED    21   HIGHEST WIND DIRECTION     S (160)
  HIGHEST GUST SPEED    28   HIGHEST GUST DIRECTION    SE (150)
  AVERAGE WIND SPEED    10.4


SKY COVER
  AVERAGE SKY COVER 0.8


WEATHER CONDITIONS
 THE FOLLOWING WEATHER WAS RECORDED YESTERDAY.
  LIGHT RAIN


RELATIVE HUMIDITY (PERCENT)
 HIGHEST    69           200 PM
 LOWEST     38          1100 AM
 AVERAGE    54

..........................................................


THE PHOENIX AZ CLIMATE NORMALS FOR TODAY
                         NORMAL    RECORD    YEAR
 MAXIMUM TEMPERATURE (F)  100       109      1962
 MINIMUM TEMPERATURE (F)   77        56      1906


SUNRISE AND SUNSET
SEPTEMBER 17 2014.....SUNRISE   613 AM MST   SUNSET   632 PM MST
SEPTEMBER 18 2014.....SUNRISE   614 AM MST   SUNSET   630 PM MST


-  INDICATES NEGATIVE NUMBERS.
R  INDICATES RECORD WAS SET OR TIED.
MM INDICATES DATA IS MISSING.
T  INDICATES TRACE AMOUNT.

&&
.....................................................................

DEW POINT
  HIGHEST DEW POINT    70
   LOWEST DEW POINT    62
  AVERAGE DEW POINT    66
.....................................................................

$$
