000
CDUS45 KPSR 310824
CLIPHX

CLIMATE REPORT
NATIONAL WEATHER SERVICE PHOENIX AZ
123 AM MST THU JUL 31 2014


...................................

...THE PHOENIX AZ CLIMATE SUMMARY FOR JULY 30 2014...

CLIMATE NORMAL PERIOD 1981 TO 2010
CLIMATE RECORD PERIOD 1895 TO 2014


WEATHER ITEM   OBSERVED TIME   RECORD YEAR NORMAL DEPARTURE LAST
                VALUE   (LST)  VALUE       VALUE  FROM      YEAR
                                                  NORMAL
..................................................................
TEMPERATURE (F)
 YESTERDAY
  MAXIMUM        111    434 PM 115    1934 105      6      108
  MINIMUM         92    626 AM  66    1913  84      8       86
  AVERAGE        102                        94      8       97

PRECIPITATION (IN)
  YESTERDAY        0.00          1.16 1904   0.04  -0.04     0.00
  MONTH TO DATE    0.06                      1.01  -0.95     1.77
  SINCE OCT 1      3.87                      6.35  -2.48     5.30
  SINCE JAN 1      1.05                      4.24  -3.19     4.38

SNOWFALL (IN)
  YESTERDAY        0.0
  MONTH TO DATE    0.0
  SINCE JAN 1      0.0
  SINCE JUL 1      0.0
  SNOW DEPTH       0

DEGREE DAYS
 HEATING
  YESTERDAY        0                         0      0        0
  MONTH TO DATE    0                         0      0        0
  SINCE JUN 1      0                         0      0        0
  SINCE JUL 1      0                         0      0        0

 COOLING
  YESTERDAY       37                        29      8       32
  MONTH TO DATE  951                       896     55      924
  SINCE JUN 1   1806                      1670    136     1826
  SINCE JAN 1   2881                      2556    325     2924
..................................................................


WIND (MPH)
  HIGHEST WIND SPEED    16   HIGHEST WIND DIRECTION     W (270)
  HIGHEST GUST SPEED    20   HIGHEST GUST DIRECTION     W (270)
  AVERAGE WIND SPEED     5.4


SKY COVER
  AVERAGE SKY COVER 0.3


WEATHER CONDITIONS
 THE FOLLOWING WEATHER WAS RECORDED YESTERDAY.
  NO SIGNIFICANT WEATHER WAS OBSERVED.


RELATIVE HUMIDITY (PERCENT)
 HIGHEST    30           600 AM
 LOWEST     12           500 PM
 AVERAGE    21

..........................................................


THE PHOENIX AZ CLIMATE NORMALS FOR TODAY
                         NORMAL    RECORD    YEAR
 MAXIMUM TEMPERATURE (F)  105       115      1996
                                             1986
                                             1972
 MINIMUM TEMPERATURE (F)   84        70      1921
                                             1915


SUNRISE AND SUNSET
JULY 31 2014..........SUNRISE   540 AM MST   SUNSET   728 PM MST
AUGUST  1 2014........SUNRISE   541 AM MST   SUNSET   728 PM MST


-  INDICATES NEGATIVE NUMBERS.
R  INDICATES RECORD WAS SET OR TIED.
MM INDICATES DATA IS MISSING.
T  INDICATES TRACE AMOUNT.

&&
.....................................................................

DEW POINT
  HIGHEST DEW POINT    56
   LOWEST DEW POINT    47
  AVERAGE DEW POINT    52
.....................................................................

$$
