000
CDUS43 KILX 270652
CLIPIA


CLIMATE REPORT
NATIONAL WEATHER SERVICE LINCOLN IL
1251 AM CST SAT DEC 27 2014


...................................

...THE PEORIA IL CLIMATE SUMMARY FOR DECEMBER 26 2014...

CLIMATE NORMAL PERIOD 1981 TO 2010
CLIMATE RECORD PERIOD 1883 TO 2014


WEATHER ITEM   OBSERVED TIME   RECORD YEAR NORMAL DEPARTURE LAST
                VALUE   (LST)  VALUE       VALUE  FROM      YEAR
                                                  NORMAL
..................................................................
TEMPERATURE (F)
 YESTERDAY
  MAXIMUM         54    310 PM  59    1942  33     21       37
  MINIMUM         36    751 AM -19    1914  18     18       17
  AVERAGE         45                        26     19       27

PRECIPITATION (IN)
  YESTERDAY        0.00          1.12 1942   0.07  -0.07     0.00
  MONTH TO DATE    1.22                      2.09  -0.87     1.47
  SINCE DEC 1      1.22                      2.09  -0.87     1.47
  SINCE JAN 1     39.76                     36.16   3.60    43.54

SNOWFALL (IN)
  YESTERDAY        0.0           5.4  2009   0.3   -0.3      0.0
  MONTH TO DATE    T                         5.9   -5.9      7.9
  SINCE DEC 1      T                         5.9   -5.9      7.9
  SINCE JUL 1      1.3                       7.0   -5.7      8.5
  SNOW DEPTH       0

DEGREE DAYS
 HEATING
  YESTERDAY       20                        39    -19       38
  MONTH TO DATE  775                       933   -158     1041
  SINCE DEC 1    775                       933   -158     1041
  SINCE JUL 1   2016                      2081    -65     2223

 COOLING
  YESTERDAY        0                         0      0        0
  MONTH TO DATE    0                         0      0        0
  SINCE DEC 1      0                         0      0        0
  SINCE JAN 1   1156                      1039    117     1174
..................................................................


WIND (MPH)
  HIGHEST WIND SPEED    17   HIGHEST WIND DIRECTION    SW (220)
  HIGHEST GUST SPEED    22   HIGHEST GUST DIRECTION    SW (210)
  AVERAGE WIND SPEED    10.7


SKY COVER
  POSSIBLE SUNSHINE  MM
  AVERAGE SKY COVER 0.2


WEATHER CONDITIONS
 THE FOLLOWING WEATHER WAS RECORDED YESTERDAY.
  NO SIGNIFICANT WEATHER WAS OBSERVED.


RELATIVE HUMIDITY (PERCENT)
 HIGHEST    89           700 AM
 LOWEST     59           100 PM
 AVERAGE    74

..........................................................


THE PEORIA IL CLIMATE NORMALS FOR TODAY
                         NORMAL    RECORD    YEAR
 MAXIMUM TEMPERATURE (F)   33        64      1946
 MINIMUM TEMPERATURE (F)   18       -18      1924


SUNRISE AND SUNSET
DECEMBER 27 2014......SUNRISE   722 AM CST   SUNSET   438 PM CST
DECEMBER 28 2014......SUNRISE   722 AM CST   SUNSET   439 PM CST


-  INDICATES NEGATIVE NUMBERS.
R  INDICATES RECORD WAS SET OR TIED.
MM INDICATES DATA IS MISSING.
T  INDICATES TRACE AMOUNT.




$$
