211
CDUS43 KILX 260700
CLIPIA


CLIMATE REPORT
NATIONAL WEATHER SERVICE LINCOLN IL
159 AM CDT FRI AUG 26 2016


...................................

...THE PEORIA IL CLIMATE SUMMARY FOR AUGUST 25 2016...

CLIMATE NORMAL PERIOD 1981 TO 2010
CLIMATE RECORD PERIOD 1883 TO 2016


WEATHER ITEM   OBSERVED TIME   RECORD YEAR NORMAL DEPARTURE LAST
                VALUE   (LST)  VALUE       VALUE  FROM      YEAR
                                                  NORMAL
..................................................................
TEMPERATURE (F)
 YESTERDAY
  MAXIMUM         82    455 PM  99    1936  83     -1       76
  MINIMUM         69   1043 PM  46    1917  63      6       54
  AVERAGE         76                        73      3       65

PRECIPITATION (IN)
  YESTERDAY        0.46          2.30 1954   0.11   0.35     0.00
  MONTH TO DATE    5.34                      2.60   2.74     2.00
  SINCE JUN 1     13.79                      9.98   3.81    19.44
  SINCE JAN 1     22.90                     24.31  -1.41    32.21

SNOWFALL (IN)
  YESTERDAY        0.0           0.0    MM   0.0    0.0      0.0
  MONTH TO DATE    0.0                       0.0    0.0      0.0
  SINCE JUN 1      0.0                       0.0    0.0      0.0
  SINCE JUL 1      0.0                       0.0    0.0      0.0
  SNOW DEPTH       0

DEGREE DAYS
 HEATING
  YESTERDAY        0                         0      0        0
  MONTH TO DATE    0                         0      0        0
  SINCE JUN 1      4                        19    -15       12
  SINCE JUL 1      4                         1      3        5

 COOLING
  YESTERDAY       11                         8      3        0
  MONTH TO DATE  290                       231     59      257
  SINCE JUN 1    981                       781    200      913
  SINCE JAN 1   1087                       862    225     1067
..................................................................


WIND (MPH)
  HIGHEST WIND SPEED    25   HIGHEST WIND DIRECTION    SW (220)
  HIGHEST GUST SPEED    30   HIGHEST GUST DIRECTION    SW (220)
  AVERAGE WIND SPEED     4.8


SKY COVER
  POSSIBLE SUNSHINE  MM
  AVERAGE SKY COVER 0.6


WEATHER CONDITIONS
 THE FOLLOWING WEATHER WAS RECORDED YESTERDAY.
  THUNDERSTORM
  HEAVY RAIN
  RAIN
  LIGHT RAIN
  FOG


RELATIVE HUMIDITY (PERCENT)
 HIGHEST   100           500 AM
 LOWEST     74           500 PM
 AVERAGE    87

..........................................................


THE PEORIA IL CLIMATE NORMALS FOR TODAY
                         NORMAL    RECORD    YEAR
 MAXIMUM TEMPERATURE (F)   83        98      2003
                                             1936
 MINIMUM TEMPERATURE (F)   63        41      1910


SUNRISE AND SUNSET
AUGUST 26 2016........SUNRISE   620 AM CDT   SUNSET   740 PM CDT
AUGUST 27 2016........SUNRISE   621 AM CDT   SUNSET   738 PM CDT


-  INDICATES NEGATIVE NUMBERS.
R  INDICATES RECORD WAS SET OR TIED.
MM INDICATES DATA IS MISSING.
T  INDICATES TRACE AMOUNT.




$$
