000
CDUS43 KILX 180639
CLIPIA


CLIMATE REPORT
NATIONAL WEATHER SERVICE LINCOLN IL
139 AM CDT THU SEP 18 2014


...................................

...THE PEORIA IL CLIMATE SUMMARY FOR SEPTEMBER 17 2014...

CLIMATE NORMAL PERIOD 1981 TO 2010
CLIMATE RECORD PERIOD 1883 TO 2014


WEATHER ITEM   OBSERVED TIME   RECORD YEAR NORMAL DEPARTURE LAST
                VALUE   (LST)  VALUE       VALUE  FROM      YEAR
                                                  NORMAL
..................................................................
TEMPERATURE (F)
 YESTERDAY
  MAXIMUM         70    328 PM  95    1927  77     -7       76
  MINIMUM         49    503 AM  36    1937  55     -6       51
  AVERAGE         60                        66     -6       64

PRECIPITATION (IN)
  YESTERDAY        T             1.52 1968   0.10  -0.10     0.00
  MONTH TO DATE    4.98                      1.86   3.12     0.72
  SINCE SEP 1      4.98                      1.86   3.12     0.72
  SINCE JAN 1     35.06                     26.81   8.25    32.55

SNOWFALL (IN)
  YESTERDAY        0.0           0.0    MM   0.0    0.0      0.0
  MONTH TO DATE    0.0                       0.0    0.0      0.0
  SINCE SEP 1      0.0                       0.0    0.0      0.0
  SINCE JUL 1      0.0                       0.0    0.0      0.0
  SNOW DEPTH       0

DEGREE DAYS
 HEATING
  YESTERDAY        5                         3      2        1
  MONTH TO DATE   62                        23     39       10
  SINCE SEP 1     62                        23     39       10
  SINCE JUL 1     64                        29     35       15

 COOLING
  YESTERDAY        0                         3     -3        0
  MONTH TO DATE   76                        88    -12      147
  SINCE SEP 1     76                        88    -12      147
  SINCE JAN 1   1100                       995    105     1089
..................................................................


WIND (MPH)
  HIGHEST WIND SPEED    13   HIGHEST WIND DIRECTION     S (190)
  HIGHEST GUST SPEED    15   HIGHEST GUST DIRECTION     S (190)
  AVERAGE WIND SPEED     3.1


SKY COVER
  POSSIBLE SUNSHINE  MM
  AVERAGE SKY COVER 0.5


WEATHER CONDITIONS
 THE FOLLOWING WEATHER WAS RECORDED YESTERDAY.
  LIGHT RAIN
  FOG
  HAZE


RELATIVE HUMIDITY (PERCENT)
 HIGHEST    93           400 AM
 LOWEST     55           300 PM
 AVERAGE    74

..........................................................


THE PEORIA IL CLIMATE NORMALS FOR TODAY
                         NORMAL    RECORD    YEAR
 MAXIMUM TEMPERATURE (F)   76        95      1895
 MINIMUM TEMPERATURE (F)   54        34      1916


SUNRISE AND SUNSET
SEPTEMBER 18 2014.....SUNRISE   642 AM CDT   SUNSET   703 PM CDT
SEPTEMBER 19 2014.....SUNRISE   643 AM CDT   SUNSET   701 PM CDT


-  INDICATES NEGATIVE NUMBERS.
R  INDICATES RECORD WAS SET OR TIED.
MM INDICATES DATA IS MISSING.
T  INDICATES TRACE AMOUNT.




$$
