000
CDUS43 KILX 250644
CLIPIA


CLIMATE REPORT
NATIONAL WEATHER SERVICE LINCOLN IL
143 AM CDT MON MAY 25 2015


...................................

...THE PEORIA IL CLIMATE SUMMARY FOR MAY 24 2015...

CLIMATE NORMAL PERIOD 1981 TO 2010
CLIMATE RECORD PERIOD 1883 TO 2015


WEATHER ITEM   OBSERVED TIME   RECORD YEAR NORMAL DEPARTURE LAST
                VALUE   (LST)  VALUE       VALUE  FROM      YEAR
                                                  NORMAL
..................................................................
TEMPERATURE (F)
 YESTERDAY
  MAXIMUM         85    406 PM  93    1939  76      9       80
                                      1921
  MINIMUM         66    556 AM  34    1925  54     12       52
  AVERAGE         76                        65     11       66

PRECIPITATION (IN)
  YESTERDAY        0.24          1.51 1995   0.14   0.10     0.00
  MONTH TO DATE    3.72                      3.41   0.31     1.20
  SINCE MAR 1      7.75                      9.84  -2.09     6.86
  SINCE JAN 1     11.47                     13.41  -1.94    11.73

SNOWFALL (IN)
  YESTERDAY        0.0           0.0    MM   0.0    0.0      0.0
  MONTH TO DATE    0.0                       0.0    0.0      0.0
  SINCE MAR 1      2.7                       3.3   -0.6      7.4
  SINCE JUL 1     27.0                      24.6    2.4     57.6
  SNOW DEPTH       0

DEGREE DAYS
 HEATING
  YESTERDAY        0                         3     -3        0
  MONTH TO DATE   74                       130    -56      119
  SINCE MAR 1   1091                      1279   -188     1407
  SINCE JUL 1   5797                      5795      2     6586

 COOLING
  YESTERDAY       11                         3      8        1
  MONTH TO DATE   97                        42     55       77
  SINCE MAR 1    108                        56     52       83
  SINCE JAN 1    108                        56     52       83
..................................................................


WIND (MPH)
  HIGHEST WIND SPEED    26   HIGHEST WIND DIRECTION     S (180)
  HIGHEST GUST SPEED    34   HIGHEST GUST DIRECTION     S (170)
  AVERAGE WIND SPEED     9.1


SKY COVER
  POSSIBLE SUNSHINE  MM
  AVERAGE SKY COVER 0.7


WEATHER CONDITIONS
 THE FOLLOWING WEATHER WAS RECORDED YESTERDAY.
  HEAVY RAIN
  LIGHT RAIN
  FOG


RELATIVE HUMIDITY (PERCENT)
 HIGHEST    84          1000 PM
 LOWEST     47           200 AM
 AVERAGE    66

..........................................................


THE PEORIA IL CLIMATE NORMALS FOR TODAY
                         NORMAL    RECORD    YEAR
 MAXIMUM TEMPERATURE (F)   76        93      1911
 MINIMUM TEMPERATURE (F)   54        30      1925


SUNRISE AND SUNSET
MAY 25 2015...........SUNRISE   534 AM CDT   SUNSET   818 PM CDT
MAY 26 2015...........SUNRISE   533 AM CDT   SUNSET   819 PM CDT


-  INDICATES NEGATIVE NUMBERS.
R  INDICATES RECORD WAS SET OR TIED.
MM INDICATES DATA IS MISSING.
T  INDICATES TRACE AMOUNT.




$$
