000
CDUS43 KILX 310628
CLIPIA


CLIMATE REPORT
NATIONAL WEATHER SERVICE LINCOLN IL
128 AM CDT FRI JUL 31 2015


...................................

...THE PEORIA IL CLIMATE SUMMARY FOR JULY 30 2015...

CLIMATE NORMAL PERIOD 1981 TO 2010
CLIMATE RECORD PERIOD 1883 TO 2015


WEATHER ITEM   OBSERVED TIME   RECORD YEAR NORMAL DEPARTURE LAST
                VALUE   (LST)  VALUE       VALUE  FROM      YEAR
                                                  NORMAL
..................................................................
TEMPERATURE (F)
 YESTERDAY
  MAXIMUM         90    316 PM 104    1885  85      5       83
  MINIMUM         67    312 AM  48    1971  65      2       60
  AVERAGE         79                        75      4       72

PRECIPITATION (IN)
  YESTERDAY        0.00          2.04 1926   0.12  -0.12     0.00
  MONTH TO DATE    5.84                      3.73   2.11     1.49
  SINCE JUN 1     17.44                      7.26  10.18    11.16
  SINCE JAN 1     30.21                     21.59   8.62    23.14

SNOWFALL (IN)
  YESTERDAY        0.0           0.0    MM   0.0    0.0      0.0
  MONTH TO DATE    0.0                       0.0    0.0      0.0
  SINCE JUN 1      0.0                       0.0    0.0      0.0
  SINCE JUL 1      0.0                       0.0    0.0      0.0
  SNOW DEPTH       0

DEGREE DAYS
 HEATING
  YESTERDAY        0                         0      0        0
  MONTH TO DATE    5                         0      5        2
  SINCE JUN 1     12                        18     -6        2
  SINCE JUL 1      5                         0      5        2

 COOLING
  YESTERDAY       14                        10      4        7
  MONTH TO DATE  353                       319     34      224
  SINCE JUN 1    641                       541    100      516
  SINCE JAN 1    795                       622    173      674
..................................................................


WIND (MPH)
  HIGHEST WIND SPEED    15   HIGHEST WIND DIRECTION     W (280)
  HIGHEST GUST SPEED    20   HIGHEST GUST DIRECTION     W (270)
  AVERAGE WIND SPEED     6.6


SKY COVER
  POSSIBLE SUNSHINE  MM
  AVERAGE SKY COVER 0.0


WEATHER CONDITIONS
 THE FOLLOWING WEATHER WAS RECORDED YESTERDAY.
  NO SIGNIFICANT WEATHER WAS OBSERVED.


RELATIVE HUMIDITY (PERCENT)
 HIGHEST    81           300 AM
 LOWEST     38           200 PM
 AVERAGE    60

..........................................................


THE PEORIA IL CLIMATE NORMALS FOR TODAY
                         NORMAL    RECORD    YEAR
 MAXIMUM TEMPERATURE (F)   85       102      1988
                                             1890
 MINIMUM TEMPERATURE (F)   65        47      1971


SUNRISE AND SUNSET
JULY 31 2015..........SUNRISE   554 AM CDT   SUNSET   815 PM CDT
AUGUST  1 2015........SUNRISE   555 AM CDT   SUNSET   814 PM CDT


-  INDICATES NEGATIVE NUMBERS.
R  INDICATES RECORD WAS SET OR TIED.
MM INDICATES DATA IS MISSING.
T  INDICATES TRACE AMOUNT.




$$
