000
CDUS43 KILX 232133
CLIPIA


CLIMATE REPORT
NATIONAL WEATHER SERVICE LINCOLN IL
433 PM CDT WED APR 23 2014


...................................

...THE PEORIA IL CLIMATE SUMMARY FOR APRIL 23 2014...
VALID TODAY AS OF 0400 PM LOCAL TIME.

CLIMATE NORMAL PERIOD 1981 TO 2010
CLIMATE RECORD PERIOD 1883 TO 2014


WEATHER ITEM   OBSERVED TIME   RECORD YEAR NORMAL DEPARTURE LAST
                VALUE   (LST)  VALUE       VALUE  FROM      YEAR
                                                  NORMAL
..................................................................
TEMPERATURE (F)
 TODAY
  MAXIMUM         63    253 PM  88    1886  66     -3       55
  MINIMUM         39    429 AM  23    1910  44     -5       38
  AVERAGE         51                        55     -4       47

PRECIPITATION (IN)
  TODAY            0.00          2.00 1976   0.12  -0.12     0.51
  MONTH TO DATE    2.70                      2.72  -0.02     7.66
  SINCE MAR 1      4.64                      5.52  -0.88    10.29
  SINCE JAN 1      9.51                      9.09   0.42    17.02

SNOWFALL (IN)
  TODAY            0.0           1.4  1967   0.0    0.0      0.0
  MONTH TO DATE    0.3                       0.6   -0.3       T
  SINCE MAR 1      7.4                       3.3    4.1     10.8
  SINCE JUL 1     57.6                      24.6   33.0     22.7
  SNOW DEPTH       0

DEGREE DAYS
 HEATING
  TODAY           14                        11      3       18
  MONTH TO DATE  313                       330    -17      377
  SINCE MAR 1   1247                      1086    161     1329
  SINCE JUL 1   6426                      5602    824     5622

 COOLING
  TODAY            0                         1     -1        0
  MONTH TO DATE    6                         6      0        1
  SINCE MAR 1      6                         7     -1        1
  SINCE JAN 1      6                         7     -1        1
..................................................................


WIND (MPH)
  HIGHEST WIND SPEED    16   HIGHEST WIND DIRECTION     E (80)
  HIGHEST GUST SPEED    20   HIGHEST GUST DIRECTION     E (80)
  AVERAGE WIND SPEED     8.3


SKY COVER
  POSSIBLE SUNSHINE  MM
  AVERAGE SKY COVER 0.2


WEATHER CONDITIONS
 THE FOLLOWING WEATHER WAS RECORDED TODAY.
  NO SIGNIFICANT WEATHER WAS OBSERVED.


RELATIVE HUMIDITY (PERCENT)
 HIGHEST    64           600 AM
 LOWEST     27           300 PM
 AVERAGE    46

..........................................................


THE PEORIA IL CLIMATE NORMALS FOR TOMORROW
                         NORMAL    RECORD    YEAR
 MAXIMUM TEMPERATURE (F)   66        85      1990
                                             1948
                                             1925
 MINIMUM TEMPERATURE (F)   45        22      1910


SUNRISE AND SUNSET
APRIL 23 2014.........SUNRISE   608 AM CDT   SUNSET   746 PM CDT
APRIL 24 2014.........SUNRISE   607 AM CDT   SUNSET   747 PM CDT


-  INDICATES NEGATIVE NUMBERS.
R  INDICATES RECORD WAS SET OR TIED.
MM INDICATES DATA IS MISSING.
T  INDICATES TRACE AMOUNT.




$$
