614
CDUS43 KILX 202136
CLIPIA


CLIMATE REPORT
NATIONAL WEATHER SERVICE LINCOLN IL
436 PM CDT THU JUL 20 2017


...................................

...THE PEORIA IL CLIMATE SUMMARY FOR JULY 20 2017...
VALID TODAY AS OF 0400 PM LOCAL TIME.

CLIMATE NORMAL PERIOD 1981 TO 2010
CLIMATE RECORD PERIOD 1883 TO 2017


WEATHER ITEM   OBSERVED TIME   RECORD YEAR NORMAL DEPARTURE LAST
                VALUE   (LST)  VALUE       VALUE  FROM      YEAR
                                                  NORMAL
..................................................................
TEMPERATURE (F)
 TODAY
  MAXIMUM         96    259 PM 102    1930  86     10       89
  MINIMUM         73    518 AM  51    1971  66      7       69
  AVERAGE         85                        76      9       79

PRECIPITATION (IN)
  TODAY            0.01          1.43 1990   0.12  -0.11     0.00
  MONTH TO DATE    3.28                      2.53   0.75     4.10
  SINCE JUN 1      5.06                      6.06  -1.00     7.54
  SINCE JAN 1     23.55                     20.39   3.16    16.65

SNOWFALL (IN)
  TODAY            0.0           0.0    MM   0.0    0.0      0.0
  MONTH TO DATE    0.0                       0.0    0.0      0.0
  SINCE JUN 1      0.0                       0.0    0.0      0.0
  SINCE JUL 1      0.0                       0.0    0.0      0.0
  SNOW DEPTH       0

DEGREE DAYS
 HEATING
  TODAY            0                         0      0        0
  MONTH TO DATE    0                         0      0        4
  SINCE JUN 1      6                        18    -12        4
  SINCE JUL 1      0                         0      0        4

 COOLING
  TODAY           20                        11      9       14
  MONTH TO DATE  252                       218     34      208
  SINCE JUN 1    511                       440     71      535
  SINCE JAN 1    592                       521     71      641
..................................................................


WIND (MPH)
  HIGHEST WIND SPEED    17   HIGHEST WIND DIRECTION    SW (230)
  HIGHEST GUST SPEED    22   HIGHEST GUST DIRECTION    SW (210)
  AVERAGE WIND SPEED     8.3


SKY COVER
  POSSIBLE SUNSHINE  MM
  AVERAGE SKY COVER 0.1


WEATHER CONDITIONS
 THE FOLLOWING WEATHER WAS RECORDED TODAY.
  LIGHT RAIN
  FOG


RELATIVE HUMIDITY (PERCENT)
 HIGHEST    93           600 AM
 LOWEST     62           100 PM
 AVERAGE    78

..........................................................


THE PEORIA IL CLIMATE NORMALS FOR TOMORROW
                         NORMAL    RECORD    YEAR
 MAXIMUM TEMPERATURE (F)   86       105      1901
 MINIMUM TEMPERATURE (F)   66        51      1970
                                             1944


SUNRISE AND SUNSET
JULY 20 2017..........SUNRISE   545 AM CDT   SUNSET   825 PM CDT
JULY 21 2017..........SUNRISE   546 AM CDT   SUNSET   824 PM CDT


-  INDICATES NEGATIVE NUMBERS.
R  INDICATES RECORD WAS SET OR TIED.
MM INDICATES DATA IS MISSING.
T  INDICATES TRACE AMOUNT.




$$
