000
CDUS43 KILX 260632
CLIPIA


CLIMATE REPORT
NATIONAL WEATHER SERVICE LINCOLN IL
131 AM CDT TUE SEP 26 2017


...................................

...THE PEORIA IL CLIMATE SUMMARY FOR SEPTEMBER 25 2017...

CLIMATE NORMAL PERIOD 1981 TO 2010
CLIMATE RECORD PERIOD 1883 TO 2017


WEATHER ITEM   OBSERVED TIME   RECORD YEAR NORMAL DEPARTURE LAST
                VALUE   (LST)  VALUE       VALUE  FROM      YEAR
                                                  NORMAL
..................................................................
TEMPERATURE (F)
 YESTERDAY
  MAXIMUM         92R   232 PM  92    1891  73     19       87
  MINIMUM         67    639 AM  33    1907  51     16       63
  AVERAGE         80                        62     18       75

PRECIPITATION (IN)
  YESTERDAY        0.00          1.71 1941   0.10  -0.10      T
  MONTH TO DATE    0.54                      2.67  -2.13     3.86
  SINCE SEP 1      0.54                      2.67  -2.13     3.86
  SINCE JAN 1     26.27                     27.62  -1.35    28.87

SNOWFALL (IN)
  YESTERDAY        0.0           1.0  1942   0.0    0.0      0.0
  MONTH TO DATE    0.0                       0.0    0.0      0.0
  SINCE SEP 1      0.0                       0.0    0.0      0.0
  SINCE JUL 1      0.0                       0.0    0.0      0.0
  SNOW DEPTH       0

DEGREE DAYS
 HEATING
  YESTERDAY        0                         5     -5        0
  MONTH TO DATE   21                        55    -34        0
  SINCE SEP 1     21                        55    -34        0
  SINCE JUL 1     21                        61    -40        4

 COOLING
  YESTERDAY       15                         2     13       10
  MONTH TO DATE  169                       108     61      212
  SINCE SEP 1    169                       108     61      212
  SINCE JAN 1   1095                      1015     80     1369
..................................................................


WIND (MPH)
  HIGHEST WIND SPEED    12   HIGHEST WIND DIRECTION     S (160)
  HIGHEST GUST SPEED    17   HIGHEST GUST DIRECTION     S (170)
  AVERAGE WIND SPEED     3.6


SKY COVER
  POSSIBLE SUNSHINE  MM
  AVERAGE SKY COVER 0.1


WEATHER CONDITIONS
 THE FOLLOWING WEATHER WAS RECORDED YESTERDAY.
  NO SIGNIFICANT WEATHER WAS OBSERVED.


RELATIVE HUMIDITY (PERCENT)
 HIGHEST    81           600 AM
 LOWEST     32           400 PM
 AVERAGE    57

..........................................................


THE PEORIA IL CLIMATE NORMALS FOR TODAY
                         NORMAL    RECORD    YEAR
 MAXIMUM TEMPERATURE (F)   73        93      1897
 MINIMUM TEMPERATURE (F)   51        29      1928


SUNRISE AND SUNSET
SEPTEMBER 26 2017.....SUNRISE   650 AM CDT   SUNSET   649 PM CDT
SEPTEMBER 27 2017.....SUNRISE   651 AM CDT   SUNSET   647 PM CDT


-  INDICATES NEGATIVE NUMBERS.
R  INDICATES RECORD WAS SET OR TIED.
MM INDICATES DATA IS MISSING.
T  INDICATES TRACE AMOUNT.




$$
