000
CDUS43 KILX 030651
CLIPIA


CLIMATE REPORT
NATIONAL WEATHER SERVICE LINCOLN IL
151 AM CDT TUE MAY 3 2016


...................................

...THE PEORIA IL CLIMATE SUMMARY FOR MAY 2 2016...

CLIMATE NORMAL PERIOD 1981 TO 2010
CLIMATE RECORD PERIOD 1883 TO 2016


WEATHER ITEM   OBSERVED TIME   RECORD YEAR NORMAL DEPARTURE LAST
                VALUE   (LST)  VALUE       VALUE  FROM      YEAR
                                                  NORMAL
..................................................................
TEMPERATURE (F)
 YESTERDAY
  MAXIMUM         59    423 PM  92    1901  69    -10       78
  MINIMUM         47   1159 PM  30    1911  47      0       48
  AVERAGE         53                        58     -5       63

PRECIPITATION (IN)
  YESTERDAY        0.00          2.46 1935   0.14  -0.14     0.00
  MONTH TO DATE    T                         0.27  -0.27     0.00
  SINCE MAR 1      4.87                      6.70  -1.83     4.03
  SINCE JAN 1      6.25                     10.27  -4.02     7.75

SNOWFALL (IN)
  YESTERDAY        0.0           0.0    MM   0.0    0.0      0.0
  MONTH TO DATE    0.0                       0.0    0.0      0.0
  SINCE MAR 1      0.2                       3.3   -3.1      2.7
  SINCE JUL 1     15.3                      24.6   -9.3     27.0
  SNOW DEPTH       0

DEGREE DAYS
 HEATING
  YESTERDAY       12                         8      4        2
  MONTH TO DATE   25                        16      9       13
  SINCE MAR 1    936                      1165   -229     1030
  SINCE JUL 1   4519                      5681  -1162     5736

 COOLING
  YESTERDAY        0                         1     -1        0
  MONTH TO DATE    0                         2     -2        0
  SINCE MAR 1     18                        16      2       11
  SINCE JAN 1     18                        16      2       11
..................................................................


WIND (MPH)
  HIGHEST WIND SPEED    14   HIGHEST WIND DIRECTION    NE (60)
  HIGHEST GUST SPEED    19   HIGHEST GUST DIRECTION    NE (30)
  AVERAGE WIND SPEED     4.6


SKY COVER
  POSSIBLE SUNSHINE  MM
  AVERAGE SKY COVER 0.9


WEATHER CONDITIONS
 THE FOLLOWING WEATHER WAS RECORDED YESTERDAY.
  NO SIGNIFICANT WEATHER WAS OBSERVED.


RELATIVE HUMIDITY (PERCENT)
 HIGHEST    86          1200 AM
 LOWEST     57           400 PM
 AVERAGE    72

..........................................................


THE PEORIA IL CLIMATE NORMALS FOR TODAY
                         NORMAL    RECORD    YEAR
 MAXIMUM TEMPERATURE (F)   69        92      1895
 MINIMUM TEMPERATURE (F)   48        28      2005


SUNRISE AND SUNSET
MAY  3 2016...........SUNRISE   554 AM CDT   SUNSET   757 PM CDT
MAY  4 2016...........SUNRISE   553 AM CDT   SUNSET   758 PM CDT


-  INDICATES NEGATIVE NUMBERS.
R  INDICATES RECORD WAS SET OR TIED.
MM INDICATES DATA IS MISSING.
T  INDICATES TRACE AMOUNT.




$$
