000
CDUS45 KPIH 240731
CLIPIH


CLIMATE REPORT
NATIONAL WEATHER SERVICE POCATELLO ID
130 AM MDT WED AUG 24 2016


...................................

...THE POCATELLO ID CLIMATE SUMMARY FOR AUGUST 23 2016...

CLIMATE NORMAL PERIOD 1981 TO 2010
CLIMATE RECORD PERIOD 1939 TO 2016


WEATHER ITEM   OBSERVED TIME   RECORD YEAR NORMAL DEPARTURE LAST
                VALUE   (LST)  VALUE       VALUE  FROM      YEAR
                                                  NORMAL
..................................................................
TEMPERATURE (F)
 YESTERDAY
  MAXIMUM         80    410 PM  97    1969  86     -6       88
                                      1967
  MINIMUM         46    408 AM  36    2015  50     -4       36
                                      1988
                                      1978
  AVERAGE         63                        68     -5       62

PRECIPITATION (IN)
  YESTERDAY        0.00          0.60 1987   0.02  -0.02     0.00
  MONTH TO DATE    0.24                      0.43  -0.19     0.48
  SINCE OCT 1     11.15                     11.11   0.04     9.16
  SINCE JAN 1      7.58                      7.89  -0.31     6.77

SNOWFALL (IN)
  YESTERDAY        0.0
  MONTH TO DATE    0.0
  SINCE JUN 1      0.0
  SINCE JUL 1      0.0
  SNOW DEPTH       0

DEGREE DAYS
 HEATING
  YESTERDAY        2                         1      1        3
  MONTH TO DATE    7                        10     -3       15
  SINCE JUN 1     67                       161    -94       66
  SINCE JUL 1     24                        30     -6       38

 COOLING
  YESTERDAY        0                         4     -4        0
  MONTH TO DATE   95                       122    -27      109
  SINCE JUN 1    381                       340     41      405
  SINCE JAN 1    381                       345     36      409
..................................................................


WIND (MPH)
  HIGHEST WIND SPEED    25   HIGHEST WIND DIRECTION    SW (230)
  HIGHEST GUST SPEED    29   HIGHEST GUST DIRECTION     W (260)
  AVERAGE WIND SPEED    14.7


SKY COVER
  POSSIBLE SUNSHINE  MM
  AVERAGE SKY COVER 0.0


WEATHER CONDITIONS
 THE FOLLOWING WEATHER WAS RECORDED YESTERDAY.
  NO SIGNIFICANT WEATHER WAS OBSERVED.


RELATIVE HUMIDITY (PERCENT)
 HIGHEST    36           400 AM
 LOWEST     11           400 PM
 AVERAGE    24

..........................................................


THE POCATELLO ID CLIMATE NORMALS FOR TODAY
                         NORMAL    RECORD    YEAR
 MAXIMUM TEMPERATURE (F)   85        98      1988
 MINIMUM TEMPERATURE (F)   49        35      2010


SUNRISE AND SUNSET
AUGUST 24 2016........SUNRISE   647 AM MDT   SUNSET   817 PM MDT
AUGUST 25 2016........SUNRISE   648 AM MDT   SUNSET   816 PM MDT


-  INDICATES NEGATIVE NUMBERS.
R  INDICATES RECORD WAS SET OR TIED.
MM INDICATES DATA IS MISSING.
T  INDICATES TRACE AMOUNT.




$$
