000
CDUS45 KPIH 050732
CLIPIH


CLIMATE REPORT
NATIONAL WEATHER SERVICE POCATELLO ID
132 AM MDT SUN JUL 5 2015


...................................

...THE POCATELLO ID CLIMATE SUMMARY FOR JULY 4 2015...

CLIMATE NORMAL PERIOD 1981 TO 2010
CLIMATE RECORD PERIOD 1939 TO 2015


WEATHER ITEM   OBSERVED TIME   RECORD YEAR NORMAL DEPARTURE LAST
                VALUE   (LST)  VALUE       VALUE  FROM      YEAR
                                                  NORMAL
..................................................................
TEMPERATURE (F)
 YESTERDAY
  MAXIMUM         97    323 PM 100    2001  85     12       98
  MINIMUM         61    240 AM  39    1983  51     10       53
  AVERAGE         79                        68     11       76

PRECIPITATION (IN)
  YESTERDAY        0.00          1.33 2009   0.02  -0.02      T
  MONTH TO DATE    0.00                      0.08  -0.08      T
  SINCE OCT 1      7.30                     10.12  -2.82     7.51
  SINCE JAN 1      4.91                      6.90  -1.99     6.14

SNOWFALL (IN)
  YESTERDAY        0.0
  MONTH TO DATE    0.0
  SINCE JUN 1      0.0
  SINCE JUL 1      0.0
  SNOW DEPTH       0

DEGREE DAYS
 HEATING
  YESTERDAY        0                         1     -1        0
  MONTH TO DATE    0                         5     -5        2
  SINCE JUN 1     28                       136   -108      112
  SINCE JUL 1      0                         5     -5        2

 COOLING
  YESTERDAY       14                         4     10       11
  MONTH TO DATE   54                        15     39       21
  SINCE JUN 1    189                        61    128       41
  SINCE JAN 1    193                        66    127       41
..................................................................


WIND (MPH)
  HIGHEST WIND SPEED    16   HIGHEST WIND DIRECTION    SW (220)
  HIGHEST GUST SPEED    21   HIGHEST GUST DIRECTION    SW (230)
  AVERAGE WIND SPEED     9.0


SKY COVER
  POSSIBLE SUNSHINE  MM
  AVERAGE SKY COVER 0.0


WEATHER CONDITIONS
 THE FOLLOWING WEATHER WAS RECORDED YESTERDAY.
  NO SIGNIFICANT WEATHER WAS OBSERVED.


RELATIVE HUMIDITY (PERCENT)
 HIGHEST    73           300 AM
 LOWEST     12           200 PM
 AVERAGE    43

..........................................................


THE POCATELLO ID CLIMATE NORMALS FOR TODAY
                         NORMAL    RECORD    YEAR
 MAXIMUM TEMPERATURE (F)   85       100      1981
 MINIMUM TEMPERATURE (F)   51        37      1999


SUNRISE AND SUNSET
JULY  5 2015..........SUNRISE   558 AM MDT   SUNSET   912 PM MDT
JULY  6 2015..........SUNRISE   558 AM MDT   SUNSET   912 PM MDT


-  INDICATES NEGATIVE NUMBERS.
R  INDICATES RECORD WAS SET OR TIED.
MM INDICATES DATA IS MISSING.
T  INDICATES TRACE AMOUNT.




$$
