000
CDUS45 KPIH 290736
CLIPIH


CLIMATE REPORT
NATIONAL WEATHER SERVICE POCATELLO ID
135 AM MDT THU SEP 29 2016


...................................

...THE POCATELLO ID CLIMATE SUMMARY FOR SEPTEMBER 28 2016...

CLIMATE NORMAL PERIOD 1981 TO 2010
CLIMATE RECORD PERIOD 1939 TO 2016


WEATHER ITEM   OBSERVED TIME   RECORD YEAR NORMAL DEPARTURE LAST
                VALUE   (LST)  VALUE       VALUE  FROM      YEAR
                                                  NORMAL
..................................................................
TEMPERATURE (F)
 YESTERDAY
  MAXIMUM         84    330 PM  90    1994  70     14       82
  MINIMUM         40    641 AM  22    1999  38      2       47
  AVERAGE         62                        54      8       65

PRECIPITATION (IN)
  YESTERDAY        0.00          0.38 1965   0.03  -0.03      T
  MONTH TO DATE    2.10                      0.78   1.32     0.82
  SINCE OCT 1     13.25                     12.07   1.18    10.13
  SINCE JAN 1      9.68                      8.85   0.83     7.74

SNOWFALL (IN)
  YESTERDAY        0.0
  MONTH TO DATE    0.0
  SINCE SEP 1      0.0
  SINCE JUL 1      0.0
  SNOW DEPTH       0

DEGREE DAYS
 HEATING
  YESTERDAY        3                        11     -8        0
  MONTH TO DATE  203                       179     24       99
  SINCE SEP 1    203                       179     24       99
  SINCE JUL 1    241                       225     16      138

 COOLING
  YESTERDAY        0                         0      0        0
  MONTH TO DATE   16                        20     -4       37
  SINCE SEP 1     16                        20     -4       37
  SINCE JAN 1    415                       390     25      498
..................................................................


WIND (MPH)
  HIGHEST WIND SPEED    32   HIGHEST WIND DIRECTION     S (170)
  HIGHEST GUST SPEED    40   HIGHEST GUST DIRECTION     S (170)
  AVERAGE WIND SPEED     5.4


SKY COVER
  POSSIBLE SUNSHINE  MM
  AVERAGE SKY COVER 0.0


WEATHER CONDITIONS
 THE FOLLOWING WEATHER WAS RECORDED YESTERDAY.
  NO SIGNIFICANT WEATHER WAS OBSERVED.


RELATIVE HUMIDITY (PERCENT)
 HIGHEST   100           400 AM
 LOWEST     21           500 PM
 AVERAGE    61

..........................................................


THE POCATELLO ID CLIMATE NORMALS FOR TODAY
                         NORMAL    RECORD    YEAR
 MAXIMUM TEMPERATURE (F)   69        89      1989
 MINIMUM TEMPERATURE (F)   38        19      1985


SUNRISE AND SUNSET
SEPTEMBER 29 2016.....SUNRISE   726 AM MDT   SUNSET   714 PM MDT
SEPTEMBER 30 2016.....SUNRISE   727 AM MDT   SUNSET   712 PM MDT


-  INDICATES NEGATIVE NUMBERS.
R  INDICATES RECORD WAS SET OR TIED.
MM INDICATES DATA IS MISSING.
T  INDICATES TRACE AMOUNT.




$$
