000
CDUS45 KPIH 170731
CLIPIH


CLIMATE REPORT
NATIONAL WEATHER SERVICE POCATELLO ID
130 AM MDT TUE OCT 17 2017


...................................

...THE POCATELLO ID CLIMATE SUMMARY FOR OCTOBER 16 2017...

CLIMATE NORMAL PERIOD 1981 TO 2010
CLIMATE RECORD PERIOD 1939 TO 2017


WEATHER ITEM   OBSERVED TIME   RECORD YEAR NORMAL DEPARTURE LAST
                VALUE   (LST)  VALUE       VALUE  FROM      YEAR
                                                  NORMAL
..................................................................
TEMPERATURE (F)
 YESTERDAY
  MAXIMUM         62    501 PM  81    2015  61      1       58
  MINIMUM         21    600 AM  20    1966  33    -12       38
  AVERAGE         42                        47     -5       48

PRECIPITATION (IN)
  YESTERDAY        0.00          0.51 2016   0.03  -0.03     0.51
  MONTH TO DATE    0.49                      0.45   0.04     1.46
  SINCE OCT 1      0.49                      0.45   0.04     1.46
  SINCE JAN 1     14.99                      9.36   5.63    11.14

SNOWFALL (IN)
  YESTERDAY        0.0
  MONTH TO DATE    0.1
  SINCE SEP 1      0.1
  SINCE JUL 1      0.1
  SNOW DEPTH       0

DEGREE DAYS
 HEATING
  YESTERDAY       23                        18      5       17
  MONTH TO DATE  360                       244    116      211
  SINCE SEP 1    603                       447    156      416
  SINCE JUL 1    607                       493    114      454

 COOLING
  YESTERDAY        0                         0      0        0
  MONTH TO DATE    0                         0      0        0
  SINCE SEP 1     66                        22     44       17
  SINCE JAN 1    575                       392    183      416
..................................................................


WIND (MPH)
  HIGHEST WIND SPEED     9   HIGHEST WIND DIRECTION    NW (320)
  HIGHEST GUST SPEED    12   HIGHEST GUST DIRECTION    NW (320)
  AVERAGE WIND SPEED     3.4


SKY COVER
  POSSIBLE SUNSHINE  MM
  AVERAGE SKY COVER 0.0


WEATHER CONDITIONS
 THE FOLLOWING WEATHER WAS RECORDED YESTERDAY.
  HAZE


RELATIVE HUMIDITY (PERCENT)
 HIGHEST    96           700 AM
 LOWEST     19           400 PM
 AVERAGE    58

..........................................................


THE POCATELLO ID CLIMATE NORMALS FOR TODAY
                         NORMAL    RECORD    YEAR
 MAXIMUM TEMPERATURE (F)   61        81      1958
 MINIMUM TEMPERATURE (F)   33        14      1996


SUNRISE AND SUNSET
OCTOBER 17 2017.......SUNRISE   747 AM MDT   SUNSET   644 PM MDT
OCTOBER 18 2017.......SUNRISE   748 AM MDT   SUNSET   642 PM MDT


-  INDICATES NEGATIVE NUMBERS.
R  INDICATES RECORD WAS SET OR TIED.
MM INDICATES DATA IS MISSING.
T  INDICATES TRACE AMOUNT.




$$
