000
CDUS45 KPIH 010733
CLIPIH


CLIMATE REPORT
NATIONAL WEATHER SERVICE POCATELLO ID
1232 AM MST SUN MAR 1 2015


...................................

...THE POCATELLO ID CLIMATE SUMMARY FOR FEBRUARY 28 2015...

CLIMATE NORMAL PERIOD 1981 TO 2010
CLIMATE RECORD PERIOD 1939 TO 2015


WEATHER ITEM   OBSERVED TIME   RECORD YEAR NORMAL DEPARTURE LAST
                VALUE   (LST)  VALUE       VALUE  FROM      YEAR
                                                  NORMAL
..................................................................
TEMPERATURE (F)
 YESTERDAY
  MAXIMUM         47    359 PM  64    1992  43      4       54
  MINIMUM         19    740 AM -17    1993  23     -4       36
  AVERAGE         33                        32      1       45

PRECIPITATION (IN)
  YESTERDAY        0.00          0.67 2004   0.04  -0.04      T
  MONTH TO DATE    0.67                      0.97  -0.30     1.08
  SINCE OCT 1      3.49                      5.18  -1.69     3.08
  SINCE JAN 1      1.10                      1.96  -0.86     1.71

SNOWFALL (IN)
  YESTERDAY        0.0
  MONTH TO DATE    2.1
  SINCE DEC 1     10.2
  SINCE JUL 1     14.8
  SNOW DEPTH       0

DEGREE DAYS
 HEATING
  YESTERDAY       32                        32      0       20
  MONTH TO DATE  734                      1027   -293      868
  SINCE DEC 1   2814                      3545   -731     3368
  SINCE JUL 1   4341                      5273   -932     4980

 COOLING
  YESTERDAY        0                         0      0        0
  MONTH TO DATE    0                         0      0        0
  SINCE DEC 1      0                         0      0        0
  SINCE JAN 1      0                         0      0        0
..................................................................


WIND (MPH)
  HIGHEST WIND SPEED    23   HIGHEST WIND DIRECTION    NE (30)
  HIGHEST GUST SPEED    28   HIGHEST GUST DIRECTION    NE (30)
  AVERAGE WIND SPEED    13.1


SKY COVER
  POSSIBLE SUNSHINE  MM
  AVERAGE SKY COVER 0.1


WEATHER CONDITIONS
 THE FOLLOWING WEATHER WAS RECORDED YESTERDAY.
  FOG


RELATIVE HUMIDITY (PERCENT)
 HIGHEST   100          1200 AM
 LOWEST     27           500 PM
 AVERAGE    64

..........................................................


THE POCATELLO ID CLIMATE NORMALS FOR TODAY
                         NORMAL    RECORD    YEAR
 MAXIMUM TEMPERATURE (F)   43        63      1992
 MINIMUM TEMPERATURE (F)   23        -9      1993


SUNRISE AND SUNSET
MARCH  1 2015.........SUNRISE   707 AM MST   SUNSET   620 PM MST
MARCH  2 2015.........SUNRISE   705 AM MST   SUNSET   621 PM MST


-  INDICATES NEGATIVE NUMBERS.
R  INDICATES RECORD WAS SET OR TIED.
MM INDICATES DATA IS MISSING.
T  INDICATES TRACE AMOUNT.




$$
