000
CDUS45 KPIH 220730
CLIPIH


CLIMATE REPORT
NATIONAL WEATHER SERVICE POCATELLO ID
1229 AM MST SUN JAN 22 2017


...................................

...THE POCATELLO ID CLIMATE SUMMARY FOR JANUARY 21 2017...

CLIMATE NORMAL PERIOD 1981 TO 2010
CLIMATE RECORD PERIOD 1939 TO 2017


WEATHER ITEM   OBSERVED TIME   RECORD YEAR NORMAL DEPARTURE LAST
                VALUE   (LST)  VALUE       VALUE  FROM      YEAR
                                                  NORMAL
..................................................................
TEMPERATURE (F)
 YESTERDAY
  MAXIMUM         34   1159 PM  50    1994  33      1       34
                                      1943
  MINIMUM         26    840 AM -25    1962  16     10       10
  AVERAGE         30                        24      6       22

PRECIPITATION (IN)
  YESTERDAY        0.01          0.52 2012   0.03  -0.02     0.00
  MONTH TO DATE    1.99                      0.71   1.28     0.71
  SINCE OCT 1      8.55                      3.93   4.62     4.28
  SINCE JAN 1      1.99                      0.71   1.28     0.71

SNOWFALL (IN)
  YESTERDAY        T
  MONTH TO DATE   17.7
  SINCE DEC 1     46.2
  SINCE JUL 1     48.8
  SNOW DEPTH       7

DEGREE DAYS
 HEATING
  YESTERDAY       35                        40     -5       43
  MONTH TO DATE 1035                       860    175      821
  SINCE DEC 1   2432                      2117    315     2056
  SINCE JUL 1   3867                      3845     22     3500

 COOLING
  YESTERDAY        0                         0      0        0
  MONTH TO DATE    0                         0      0        0
  SINCE DEC 1      0                         0      0        0
  SINCE JAN 1      0                         0      0        0
..................................................................


WIND (MPH)
  HIGHEST WIND SPEED    23   HIGHEST WIND DIRECTION    SW (240)
  HIGHEST GUST SPEED    27   HIGHEST GUST DIRECTION    SW (220)
  AVERAGE WIND SPEED    10.8


SKY COVER
  POSSIBLE SUNSHINE  MM
  AVERAGE SKY COVER 0.7


WEATHER CONDITIONS
 THE FOLLOWING WEATHER WAS RECORDED YESTERDAY.
  LIGHT SNOW
  FOG


RELATIVE HUMIDITY (PERCENT)
 HIGHEST   100           800 AM
 LOWEST     72           700 PM
 AVERAGE    86

..........................................................


THE POCATELLO ID CLIMATE NORMALS FOR TODAY
                         NORMAL    RECORD    YEAR
 MAXIMUM TEMPERATURE (F)   33        49      1994
                                             1981
 MINIMUM TEMPERATURE (F)   16       -30      1962


SUNRISE AND SUNSET
JANUARY 22 2017.......SUNRISE   754 AM MST   SUNSET   531 PM MST
JANUARY 23 2017.......SUNRISE   753 AM MST   SUNSET   532 PM MST


-  INDICATES NEGATIVE NUMBERS.
R  INDICATES RECORD WAS SET OR TIED.
MM INDICATES DATA IS MISSING.
T  INDICATES TRACE AMOUNT.




$$
