000
CDUS45 KPIH 250747
CLIPIH


CLIMATE REPORT
NATIONAL WEATHER SERVICE POCATELLO ID
1240 AM MST SUN JAN 25 2015


...................................

...THE POCATELLO ID CLIMATE SUMMARY FOR JANUARY 24 2015...

CLIMATE NORMAL PERIOD 1981 TO 2010
CLIMATE RECORD PERIOD 1939 TO 2015


WEATHER ITEM   OBSERVED TIME   RECORD YEAR NORMAL DEPARTURE LAST
                VALUE   (LST)  VALUE       VALUE  FROM      YEAR
                                                  NORMAL
..................................................................
TEMPERATURE (F)
 YESTERDAY
  MAXIMUM         32    522 PM  52    1994  33     -1       42
                                      1953
  MINIMUM         26    755 AM -19    1949  16     10       11
  AVERAGE         29                        25      4       27

PRECIPITATION (IN)
  YESTERDAY        0.00          0.30 2009   0.03  -0.03     0.00
                                      1954
  MONTH TO DATE    0.37                      0.79  -0.42     0.46
  SINCE OCT 1      2.76                      4.01  -1.25     1.83
  SINCE JAN 1      0.37                      0.79  -0.42     0.46

SNOWFALL (IN)
  YESTERDAY        0.0
  MONTH TO DATE    0.9
  SINCE DEC 1      8.1
  SINCE JUL 1     12.7
  SNOW DEPTH       0

DEGREE DAYS
 HEATING
  YESTERDAY       36                        40     -4       38
  MONTH TO DATE  874                       980   -106      854
  SINCE DEC 1   1880                      2237   -357     2242
  SINCE JUL 1   3407                      3965   -558     3854

 COOLING
  YESTERDAY        0                         0      0        0
  MONTH TO DATE    0                         0      0        0
  SINCE DEC 1      0                         0      0        0
  SINCE JAN 1      0                         0      0        0
..................................................................


WIND (MPH)
  HIGHEST WIND SPEED    14   HIGHEST WIND DIRECTION     N (10)
  HIGHEST GUST SPEED    18   HIGHEST GUST DIRECTION     N (10)
  AVERAGE WIND SPEED     4.3


SKY COVER
  POSSIBLE SUNSHINE  MM
  AVERAGE SKY COVER 1.0


WEATHER CONDITIONS
 THE FOLLOWING WEATHER WAS RECORDED YESTERDAY.
  FOG


RELATIVE HUMIDITY (PERCENT)
 HIGHEST   100           300 AM
 LOWEST     85           400 PM
 AVERAGE    93

..........................................................


THE POCATELLO ID CLIMATE NORMALS FOR TODAY
                         NORMAL    RECORD    YEAR
 MAXIMUM TEMPERATURE (F)   33        54      1953
 MINIMUM TEMPERATURE (F)   16       -31      1949


SUNRISE AND SUNSET
JANUARY 25 2015.......SUNRISE   752 AM MST   SUNSET   534 PM MST
JANUARY 26 2015.......SUNRISE   751 AM MST   SUNSET   535 PM MST


-  INDICATES NEGATIVE NUMBERS.
R  INDICATES RECORD WAS SET OR TIED.
MM INDICATES DATA IS MISSING.
T  INDICATES TRACE AMOUNT.




$$
