222
CDUS43 KABR 061009
CLIPIR


CLIMATE REPORT
NATIONAL WEATHER SERVICE ABERDEEN SD
408 AM CST SAT FEB 6 2016


...................................

...THE PIERRE SD CLIMATE SUMMARY FOR FEBRUARY 5 2016...

CLIMATE NORMAL PERIOD 1981 TO 2010
CLIMATE RECORD PERIOD 1892 TO 2016


WEATHER ITEM   OBSERVED TIME   RECORD YEAR NORMAL DEPARTURE LAST
                VALUE   (LST)  VALUE       VALUE  FROM      YEAR
                                                  NORMAL
..................................................................
TEMPERATURE (F)
 YESTERDAY
  MAXIMUM         41    324 PM  61    1991  32      9       44
  MINIMUM         22    344 AM -25    1936  11     11        6
  AVERAGE         32                        22     10       25

PRECIPITATION (IN)
  YESTERDAY        T             0.20 1976   0.02  -0.02     0.00
  MONTH TO DATE    T                         0.08  -0.08     0.14
  SINCE DEC 1      1.18                      1.05   0.13     1.09
  SINCE JAN 1      0.17                      0.50  -0.33     0.27

SNOWFALL (IN)
  YESTERDAY        T             4.5  1944   0.2   -0.2      0.0
  MONTH TO DATE    T                         0.8   -0.8      1.5
  SINCE OCT 1     22.9                      16.7    6.2     22.3
  SINCE JUL 1     22.9                      16.7    6.2     22.3
  SNOW DEPTH       T

DEGREE DAYS
 HEATING
  YESTERDAY       33                        43    -10       40
  MONTH TO DATE  190                       217    -27      268
  SINCE DEC 1   2815                      2957   -142     2813
  SINCE JUL 1   4112                      4577   -465     4535

 COOLING
  YESTERDAY        0                         0      0        0
  MONTH TO DATE    0                         0      0        0
  SINCE DEC 1      0                         0      0        0
  SINCE JAN 1      0                         0      0        0
..................................................................


WIND (MPH)
  RESULTANT WIND SPEED   7   RESULTANT WIND DIRECTION   W (280)
  HIGHEST WIND SPEED    24   HIGHEST WIND DIRECTION     N (340)
  HIGHEST GUST SPEED    29   HIGHEST GUST DIRECTION     N (340)
  AVERAGE WIND SPEED    10.3




RELATIVE HUMIDITY (PERCENT)
 HIGHEST    88           700 AM
 LOWEST     54           400 PM
 AVERAGE    71

..........................................................


THE PIERRE SD CLIMATE NORMALS FOR TODAY
                         NORMAL    RECORD    YEAR
 MAXIMUM TEMPERATURE (F)   33        62      1987
 MINIMUM TEMPERATURE (F)   12       -23      1936


SUNRISE AND SUNSET
FEBRUARY  6 2016......SUNRISE   754 AM CST   SUNSET   557 PM CST
FEBRUARY  7 2016......SUNRISE   753 AM CST   SUNSET   558 PM CST


-  INDICATES NEGATIVE NUMBERS.
R  INDICATES RECORD WAS SET OR TIED.
MM INDICATES DATA IS MISSING.
T  INDICATES TRACE AMOUNT.




$$
