000
CDUS43 KABR 061005
CLIPIR


CLIMATE REPORT
NATIONAL WEATHER SERVICE ABERDEEN SD
404 AM CST TUE DEC 6 2016


...................................

...THE PIERRE SD CLIMATE SUMMARY FOR DECEMBER 5 2016...

CLIMATE NORMAL PERIOD 1981 TO 2010
CLIMATE RECORD PERIOD 1892 TO 2016


WEATHER ITEM   OBSERVED TIME   RECORD YEAR NORMAL DEPARTURE LAST
                VALUE   (LST)  VALUE       VALUE  FROM      YEAR
                                                  NORMAL
..................................................................
TEMPERATURE (F)
 YESTERDAY
  MAXIMUM         35   1232 PM  70    1939  34      1       43
  MINIMUM         14   1159 PM -15    1950  15     -1       24
  AVERAGE         25                        24      1       34

PRECIPITATION (IN)
  YESTERDAY       MM             0.45 1906   0.02  MM        0.00
  MONTH TO DATE    T                         0.10  -0.10     0.07
  SINCE DEC 1      T                         0.10  -0.10     0.07
  SINCE JAN 1     19.31                     19.56  -0.25    21.56

SNOWFALL (IN)
  YESTERDAY       MM             2.7  1960   0.2   MM        0.0
  MONTH TO DATE    T                         0.9   -0.9      0.8
  SINCE OCT 1     10.1                       7.2    2.9      5.9
  SINCE JUL 1     10.1                       7.2    2.9      5.9
  SNOW DEPTH       1

DEGREE DAYS
 HEATING
  YESTERDAY       40                        41     -1       31
  MONTH TO DATE  188                       200    -12      181
  SINCE DEC 1    188                       200    -12      181
  SINCE JUL 1   1325                      1820   -495     1478

 COOLING
  YESTERDAY        0                         0      0        0
  MONTH TO DATE    0                         0      0        0
  SINCE DEC 1      0                         0      0        0
  SINCE JAN 1    961                       868     93      839
..................................................................


WIND (MPH)
  RESULTANT WIND SPEED  15   RESULTANT WIND DIRECTION  NW (310)
  HIGHEST WIND SPEED    48   HIGHEST WIND DIRECTION    NW (300)
  HIGHEST GUST SPEED    59   HIGHEST GUST DIRECTION    NW (300)
  AVERAGE WIND SPEED    21.1




RELATIVE HUMIDITY (PERCENT)
 HIGHEST    92           800 AM
 LOWEST     67           900 PM
 AVERAGE    80

..........................................................


THE PIERRE SD CLIMATE NORMALS FOR TODAY
                         NORMAL    RECORD    YEAR
 MAXIMUM TEMPERATURE (F)   34        74      1939
 MINIMUM TEMPERATURE (F)   14       -23      1950


SUNRISE AND SUNSET
DECEMBER  6 2016......SUNRISE   803 AM CST   SUNSET   502 PM CST
DECEMBER  7 2016......SUNRISE   804 AM CST   SUNSET   502 PM CST


-  INDICATES NEGATIVE NUMBERS.
R  INDICATES RECORD WAS SET OR TIED.
MM INDICATES DATA IS MISSING.
T  INDICATES TRACE AMOUNT.




$$
