000
CDUS43 KABR 241031
CLIPIR


CLIMATE REPORT
NATIONAL WEATHER SERVICE ABERDEEN SD
531 AM CDT FRI OCT 24 2014


...................................

...THE PIERRE SD CLIMATE SUMMARY FOR OCTOBER 23 2014...

CLIMATE NORMAL PERIOD 1981 TO 2010
CLIMATE RECORD PERIOD 1892 TO 2014


WEATHER ITEM   OBSERVED TIME   RECORD YEAR NORMAL DEPARTURE LAST
                VALUE   (LST)  VALUE       VALUE  FROM      YEAR
                                                  NORMAL
..................................................................
TEMPERATURE (F)
 YESTERDAY
  MAXIMUM         71    328 PM  85    1973  58     13       45
  MINIMUM         33    626 AM  15    1981  34     -1       29
  AVERAGE         52                        46      6       37

PRECIPITATION (IN)
  YESTERDAY        0.00          0.66 1975   0.04  -0.04     0.02
  MONTH TO DATE    0.29                      1.34  -1.05     4.66
  SINCE SEP 1      0.90                      3.21  -2.31     5.82
  SINCE JAN 1     17.12                     18.39  -1.27    22.74

SNOWFALL (IN)
  YESTERDAY        0.0           1.5  1995   0.1   -0.1      0.0
  MONTH TO DATE    0.0                       0.5   -0.5       T
  SINCE OCT 1      0.0                       0.5   -0.5       T
  SINCE JUL 1      0.0                       0.5   -0.5       T
  SNOW DEPTH       0

DEGREE DAYS
 HEATING
  YESTERDAY       13                        19     -6       28
  MONTH TO DATE  269                       338    -69      399
  SINCE SEP 1    396                       489    -93      455
  SINCE JUL 1    424                       509    -85      464

 COOLING
  YESTERDAY        0                         0      0        0
  MONTH TO DATE    2                         2      0        0
  SINCE SEP 1     86                        88     -2      167
  SINCE JAN 1    622                       865   -243      853
..................................................................


WIND (MPH)
  RESULTANT WIND SPEED   2   RESULTANT WIND DIRECTION   S (180)
  HIGHEST WIND SPEED     9   HIGHEST WIND DIRECTION     S (200)
  HIGHEST GUST SPEED    12   HIGHEST GUST DIRECTION     S (190)
  AVERAGE WIND SPEED     4.4




RELATIVE HUMIDITY (PERCENT)
 HIGHEST    92           700 AM
 LOWEST     23           400 PM
 AVERAGE    58

..........................................................


THE PIERRE SD CLIMATE NORMALS FOR TODAY
                         NORMAL    RECORD    YEAR
 MAXIMUM TEMPERATURE (F)   57        84      1989
 MINIMUM TEMPERATURE (F)   33        15      1987


SUNRISE AND SUNSET
OCTOBER 24 2014.......SUNRISE   808 AM CDT   SUNSET   642 PM CDT
OCTOBER 25 2014.......SUNRISE   809 AM CDT   SUNSET   641 PM CDT


-  INDICATES NEGATIVE NUMBERS.
R  INDICATES RECORD WAS SET OR TIED.
MM INDICATES DATA IS MISSING.
T  INDICATES TRACE AMOUNT.




$$
