000
CDUS43 KABR 031355
CLIPIR


CLIMATE REPORT
NATIONAL WEATHER SERVICE ABERDEEN SD
855 AM CDT THU SEP 3 2015


...................................

...THE PIERRE SD CLIMATE SUMMARY FOR SEPTEMBER 2 2015...

CLIMATE NORMAL PERIOD 1981 TO 2010
CLIMATE RECORD PERIOD 1892 TO 2015


WEATHER ITEM   OBSERVED TIME   RECORD YEAR NORMAL DEPARTURE LAST
                VALUE   (LST)  VALUE       VALUE  FROM      YEAR
                                                  NORMAL
..................................................................
TEMPERATURE (F)
 YESTERDAY
  MAXIMUM         96    401 PM 108    1983  83     13       84
  MINIMUM         58    454 AM  40    1974  55      3       53
  AVERAGE         77                        69      8       69

PRECIPITATION (IN)
  YESTERDAY        0.00          2.74 1999   0.06  -0.06     0.00
  MONTH TO DATE    0.00                      0.11  -0.11      T
  SINCE SEP 1      0.00                      0.11  -0.11      T
  SINCE JAN 1     18.15                     15.29   2.86    16.22

DEGREE DAYS
 HEATING
  YESTERDAY        0                         2     -2        0
  MONTH TO DATE    0                         4     -4        0
  SINCE SEP 1      0                         4     -4        0
  SINCE JUL 1     25                        24      1       28

 COOLING
  YESTERDAY       12                         6      6        4
  MONTH TO DATE   22                        12     10        5
  SINCE SEP 1     22                        12     10        5
  SINCE JAN 1    732                       789    -57      541
..................................................................


WIND (MPH)
  RESULTANT WIND SPEED   4   RESULTANT WIND DIRECTION  SE (130)
  HIGHEST WIND SPEED    17   HIGHEST WIND DIRECTION     S (180)
  HIGHEST GUST SPEED    24   HIGHEST GUST DIRECTION     S (190)
  AVERAGE WIND SPEED     4.9




RELATIVE HUMIDITY (PERCENT)
 HIGHEST   100           200 AM
 LOWEST     28           300 PM
 AVERAGE    64

..........................................................


THE PIERRE SD CLIMATE NORMALS FOR TODAY
                         NORMAL    RECORD    YEAR
 MAXIMUM TEMPERATURE (F)   82       104      2005
 MINIMUM TEMPERATURE (F)   55        36      1974


SUNRISE AND SUNSET
SEPTEMBER  3 2015.....SUNRISE   706 AM CDT   SUNSET   814 PM CDT
SEPTEMBER  4 2015.....SUNRISE   707 AM CDT   SUNSET   812 PM CDT


-  INDICATES NEGATIVE NUMBERS.
R  INDICATES RECORD WAS SET OR TIED.
MM INDICATES DATA IS MISSING.
T  INDICATES TRACE AMOUNT.




$$
