000
CDUS43 KABR 271036
CLIPIR


CLIMATE REPORT
NATIONAL WEATHER SERVICE ABERDEEN SD
536 AM CDT WED AUG 27 2014


...................................

...THE PIERRE SD CLIMATE SUMMARY FOR AUGUST 26 2014...

CLIMATE NORMAL PERIOD 1981 TO 2010
CLIMATE RECORD PERIOD 1892 TO 2014


WEATHER ITEM   OBSERVED TIME   RECORD YEAR NORMAL DEPARTURE LAST
                VALUE   (LST)  VALUE       VALUE  FROM      YEAR
                                                  NORMAL
..................................................................
TEMPERATURE (F)
 YESTERDAY
  MAXIMUM         73    603 PM 108    1991  85    -12      101
  MINIMUM         47    357 AM  44    1934  58    -11       71
  AVERAGE         60                        72    -12       86

PRECIPITATION (IN)
  YESTERDAY        0.01          0.84 1997   0.05  -0.04     0.00
  MONTH TO DATE    2.17                      1.55   0.62     2.47
  SINCE JUN 1      7.43                      7.73  -0.30     8.01
  SINCE JAN 1     15.36                     14.93   0.43    16.87

DEGREE DAYS
 HEATING
  YESTERDAY        5                         1      4        0
  MONTH TO DATE    9                         6      3        0
  SINCE JUN 1     95                        65     30       69
  SINCE JUL 1     28                        12     16        9

 COOLING
  YESTERDAY        0                         7     -7       21
  MONTH TO DATE  186                       250    -64      208
  SINCE JUN 1    475                       711   -236      593
  SINCE JAN 1    523                       743   -220      615
..................................................................


WIND (MPH)
  RESULTANT WIND SPEED   7   RESULTANT WIND DIRECTION   E (100)
  HIGHEST WIND SPEED    17   HIGHEST WIND DIRECTION     E (100)
  HIGHEST GUST SPEED    21   HIGHEST GUST DIRECTION    SE (140)
  AVERAGE WIND SPEED     8.6




RELATIVE HUMIDITY (PERCENT)
 HIGHEST    93           300 AM
 LOWEST     53           300 PM
 AVERAGE    73

..........................................................


THE PIERRE SD CLIMATE NORMALS FOR TODAY
                         NORMAL    RECORD    YEAR
 MAXIMUM TEMPERATURE (F)   85       110      1973
 MINIMUM TEMPERATURE (F)   58        41      1992


SUNRISE AND SUNSET
AUGUST 27 2014........SUNRISE   658 AM CDT   SUNSET   826 PM CDT
AUGUST 28 2014........SUNRISE   659 AM CDT   SUNSET   824 PM CDT


-  INDICATES NEGATIVE NUMBERS.
R  INDICATES RECORD WAS SET OR TIED.
MM INDICATES DATA IS MISSING.
T  INDICATES TRACE AMOUNT.




$$
