000
CDUS43 KABR 011027
CLIPIR


CLIMATE REPORT
NATIONAL WEATHER SERVICE ABERDEEN SD
527 AM CDT FRI AUG 1 2014


...................................

...THE PIERRE SD CLIMATE SUMMARY FOR JULY 31 2014...

CLIMATE NORMAL PERIOD 1981 TO 2010
CLIMATE RECORD PERIOD 1892 TO 2014


WEATHER ITEM   OBSERVED TIME   RECORD YEAR NORMAL DEPARTURE LAST
                VALUE   (LST)  VALUE       VALUE  FROM      YEAR
                                                  NORMAL
..................................................................
TEMPERATURE (F)
 YESTERDAY
  MAXIMUM         88    403 PM 108    1988  90     -2       86
  MINIMUM         57    606 AM  50    1968  63     -6       57
  AVERAGE         73                        76     -3       72

PRECIPITATION (IN)
  YESTERDAY        0.00          1.06 1959   0.08  -0.08     0.00
  MONTH TO DATE    0.87                      2.61  -1.74     2.58
  SINCE JUN 1      5.26                      6.18  -0.92     5.54
  SINCE JAN 1     13.19                     13.38  -0.19    14.40

DEGREE DAYS
 HEATING
  YESTERDAY        0                         0      0        0
  MONTH TO DATE   19                         0     19        9
  SINCE JUN 1     86                        59     27       69
  SINCE JUL 1     19                         6     13        9

 COOLING
  YESTERDAY        8                        11     -3        7
  MONTH TO DATE  230                       327    -97      266
  SINCE JUN 1    289                       461   -172      385
  SINCE JAN 1    337                       493   -156      407
..................................................................


WIND (MPH)
  RESULTANT WIND SPEED   4   RESULTANT WIND DIRECTION  NE (60)
  HIGHEST WIND SPEED    14   HIGHEST WIND DIRECTION     E (80)
  HIGHEST GUST SPEED    17   HIGHEST GUST DIRECTION     E (80)
  AVERAGE WIND SPEED     6.4




RELATIVE HUMIDITY (PERCENT)
 HIGHEST    86           400 AM
 LOWEST     24           400 PM
 AVERAGE    55

..........................................................


THE PIERRE SD CLIMATE NORMALS FOR TODAY
                         NORMAL    RECORD    YEAR
 MAXIMUM TEMPERATURE (F)   90       109      1943
 MINIMUM TEMPERATURE (F)   63        49      2009


SUNRISE AND SUNSET
AUGUST  1 2014........SUNRISE   628 AM CDT   SUNSET   906 PM CDT
AUGUST  2 2014........SUNRISE   629 AM CDT   SUNSET   905 PM CDT


-  INDICATES NEGATIVE NUMBERS.
R  INDICATES RECORD WAS SET OR TIED.
MM INDICATES DATA IS MISSING.
T  INDICATES TRACE AMOUNT.




$$
