000
CDUS43 KABR 261324
CLIPIR


CLIMATE REPORT...CORRECTED
NATIONAL WEATHER SERVICE ABERDEEN SD
721 AM CST THU FEB 26 2015


...................................

...THE PIERRE SD CLIMATE SUMMARY FOR FEBRUARY 25 2015...

CLIMATE NORMAL PERIOD 1981 TO 2010
CLIMATE RECORD PERIOD 1892 TO 2015


WEATHER ITEM   OBSERVED TIME   RECORD YEAR NORMAL DEPARTURE LAST
                VALUE   (LST)  VALUE       VALUE  FROM      YEAR
                                                  NORMAL
..................................................................
TEMPERATURE (F)
 YESTERDAY
  MAXIMUM         29    159 AM  72    1958  38     -9       14
  MINIMUM          2   1129 PM -17    2011  17    -15       -9
  AVERAGE         16                        27    -11        3

PRECIPITATION (IN)
  YESTERDAY        T             0.41 1930   0.03  -0.03     0.00
  MONTH TO DATE    0.22                      0.51  -0.29     0.40
  SINCE DEC 1      1.17                      1.48  -0.31     2.02
  SINCE JAN 1      0.35                      0.93  -0.58     0.54

SNOWFALL (IN)
  YESTERDAY        T             2.5  1941   0.3   -0.3      0.0
  MONTH TO DATE    1.5                       5.2   -3.7      6.9
  SINCE OCT 1     22.3                      21.1    1.2     24.6
  SINCE JUL 1     22.3                      21.1    1.2     24.6
  SNOW DEPTH       0

DEGREE DAYS
 HEATING
  YESTERDAY       49                        38     11       62
  MONTH TO DATE 1080                      1028     52     1233
  SINCE DEC 1   3625                      3768   -143     4211
  SINCE JUL 1   5347                      5388    -41     5830

 COOLING
  YESTERDAY        0                         0      0        0
  MONTH TO DATE    0                         0      0        0
  SINCE DEC 1      0                         0      0        0
  SINCE JAN 1      0                         0      0        0
..................................................................


WIND (MPH)
  RESULTANT WIND SPEED  13   RESULTANT WIND DIRECTION  NE (30)
  HIGHEST WIND SPEED    24   HIGHEST WIND DIRECTION    NE (30)
  HIGHEST GUST SPEED    30   HIGHEST GUST DIRECTION    NE (30)
  AVERAGE WIND SPEED    15.1




RELATIVE HUMIDITY (PERCENT)
 HIGHEST    88           400 AM
 LOWEST     66           700 PM
 AVERAGE    77

..........................................................


THE PIERRE SD CLIMATE NORMALS FOR TODAY
                         NORMAL    RECORD    YEAR
 MAXIMUM TEMPERATURE (F)   38        65      2004
                                             1958
 MINIMUM TEMPERATURE (F)   17       -15      1934


SUNRISE AND SUNSET
FEBRUARY 26 2015......SUNRISE   724 AM CST   SUNSET   625 PM CST
FEBRUARY 27 2015......SUNRISE   722 AM CST   SUNSET   626 PM CST


-  INDICATES NEGATIVE NUMBERS.
R  INDICATES RECORD WAS SET OR TIED.
MM INDICATES DATA IS MISSING.
T  INDICATES TRACE AMOUNT.




$$
