000
CDUS43 KABR 252347
CLIPIR


CLIMATE REPORT
NATIONAL WEATHER SERVICE ABERDEEN SD
546 PM CST SUN FEB 25 2018


...................................

...THE PIERRE SD CLIMATE SUMMARY FOR FEBRUARY 25 2018...
VALID TODAY AS OF 0500 PM LOCAL TIME.

CLIMATE NORMAL PERIOD 1981 TO 2010
CLIMATE RECORD PERIOD 1892 TO 2018


WEATHER ITEM   OBSERVED TIME   RECORD YEAR NORMAL DEPARTURE LAST
                VALUE   (LST)  VALUE       VALUE  FROM      YEAR
                                                  NORMAL
..................................................................
TEMPERATURE (F)
 TODAY
  MAXIMUM         32    437 PM  72    1958  38     -6       39
  MINIMUM         15    750 AM -17    2011  17     -2       19
  AVERAGE         24                        27     -3       29

PRECIPITATION (IN)
  TODAY            0.00          0.41 1930   0.03  -0.03      T
  MONTH TO DATE    1.49                      0.51   0.98     0.16
  SINCE DEC 1      2.04                      1.48   0.56     2.81
  SINCE JAN 1      1.57                      0.93   0.64     1.11

SNOWFALL (IN)
  TODAY            0.0
  MONTH TO DATE   16.6
  SINCE OCT 1     21.0
  SINCE JUL 1     21.0
  SNOW DEPTH      MM

DEGREE DAYS
 HEATING
  TODAY           41                        38      3       36
  MONTH TO DATE 1385                      1028    357      867
  SINCE DEC 1   4071                      3768    303     3918
  SINCE JUL 1   5528                      5388    140     5055
..................................................................


WIND (MPH)
  HIGHEST GUST SPEED    29   HIGHEST GUST DIRECTION     W (290)




..........................................................


THE PIERRE SD CLIMATE NORMALS FOR TOMORROW
                         NORMAL    RECORD    YEAR
 MAXIMUM TEMPERATURE (F)   38        65      2004
                                             1958
 MINIMUM TEMPERATURE (F)   17       -15      1934


SUNRISE AND SUNSET
FEBRUARY 25 2018......SUNRISE   725 AM CST   SUNSET   624 PM CST
FEBRUARY 26 2018......SUNRISE   723 AM CST   SUNSET   625 PM CST


-  INDICATES NEGATIVE NUMBERS.
R  INDICATES RECORD WAS SET OR TIED.
MM INDICATES DATA IS MISSING.
T  INDICATES TRACE AMOUNT.




$$
