000
CDUS43 KABR 111038
CLIPIR


CLIMATE REPORT
NATIONAL WEATHER SERVICE ABERDEEN SD
436 AM CST MON DEC 11 2017


...................................

...THE PIERRE SD CLIMATE SUMMARY FOR DECEMBER 10 2017...

CLIMATE NORMAL PERIOD 1981 TO 2010
CLIMATE RECORD PERIOD 1892 TO 2017


WEATHER ITEM   OBSERVED TIME   RECORD YEAR NORMAL DEPARTURE LAST
                VALUE   (LST)  VALUE       VALUE  FROM      YEAR
                                                  NORMAL
..................................................................
TEMPERATURE (F)
 YESTERDAY
  MAXIMUM         58R   315 PM  58    1987  32     26       12
  MINIMUM         37    840 AM -14    1972  13     24       -6
  AVERAGE         48                        23     25        3

PRECIPITATION (IN)
  YESTERDAY        0.00          0.36 1970   0.02  -0.02     0.13
  MONTH TO DATE    0.10                      0.19  -0.09     0.19
  SINCE DEC 1      0.10                      0.19  -0.09     0.19
  SINCE JAN 1     13.56                     19.65  -6.09    19.50

SNOWFALL (IN)
  YESTERDAY        0.0           3.6  1970   0.2   -0.2      1.5
  MONTH TO DATE    0.7                       1.8   -1.1      2.2
  SINCE OCT 1      0.7                       8.1   -7.4     12.3
  SINCE JUL 1      0.7                       8.1   -7.4     12.3
  SNOW DEPTH       0

DEGREE DAYS
 HEATING
  YESTERDAY       17                        42    -25       62
  MONTH TO DATE  323                       408    -85      480
  SINCE DEC 1    323                       408    -85      480
  SINCE JUL 1   1780                      2028   -248     1617

 COOLING
  YESTERDAY        0                         0      0        0
  MONTH TO DATE    0                         0      0        0
  SINCE DEC 1      0                         0      0        0
  SINCE JAN 1    868                       868      0      961
..................................................................


WIND (MPH)
  RESULTANT WIND SPEED  13   RESULTANT WIND DIRECTION  NW (300)
  HIGHEST WIND SPEED    23   HIGHEST WIND DIRECTION    NW (310)
  HIGHEST GUST SPEED    28   HIGHEST GUST DIRECTION    NW (310)
  AVERAGE WIND SPEED    13.6




RELATIVE HUMIDITY (PERCENT)
 HIGHEST    52           200 AM
 LOWEST     23           300 PM
 AVERAGE    38

..........................................................


THE PIERRE SD CLIMATE NORMALS FOR TODAY
                         NORMAL    RECORD    YEAR
 MAXIMUM TEMPERATURE (F)   32        64      1939
 MINIMUM TEMPERATURE (F)   13       -16      1972


SUNRISE AND SUNSET
DECEMBER 11 2017......SUNRISE   807 AM CST   SUNSET   502 PM CST
DECEMBER 12 2017......SUNRISE   808 AM CST   SUNSET   502 PM CST


-  INDICATES NEGATIVE NUMBERS.
R  INDICATES RECORD WAS SET OR TIED.
MM INDICATES DATA IS MISSING.
T  INDICATES TRACE AMOUNT.




$$
