000
CDUS43 KABR 211200
CLIPIR


CLIMATE REPORT
NATIONAL WEATHER SERVICE ABERDEEN SD
700 AM CDT MON AUG 21 2017


...................................

...THE PIERRE SD CLIMATE SUMMARY FOR AUGUST 20 2017...

CLIMATE NORMAL PERIOD 1981 TO 2010
CLIMATE RECORD PERIOD 1892 TO 2017


WEATHER ITEM   OBSERVED TIME   RECORD YEAR NORMAL DEPARTURE LAST
                VALUE   (LST)  VALUE       VALUE  FROM      YEAR
                                                  NORMAL
..................................................................
TEMPERATURE (F)
 YESTERDAY
  MAXIMUM         80    300 PM 108    1976  87     -7       74
  MINIMUM         59   1134 PM  43    1950  60     -1       50
  AVERAGE         70                        73     -3       62

PRECIPITATION (IN)
  YESTERDAY        T             0.96 1979   0.05  -0.05     0.00
  MONTH TO DATE    1.71                      1.26   0.45     1.91
  SINCE JUN 1      4.58                      7.44  -2.86     8.05
  SINCE JAN 1      9.03                     14.64  -5.61    15.49

DEGREE DAYS
 HEATING
  YESTERDAY        0                         0      0        3
  MONTH TO DATE    5                         0      5        3
  SINCE JUN 1     29                        59    -30       19
  SINCE JUL 1      5                         6     -1        7

 COOLING
  YESTERDAY        5                         9     -4        0
  MONTH TO DATE   75                       203   -128      192
  SINCE JUN 1    675                       664     11      770
  SINCE JAN 1    696                       696      0      793
..................................................................


WIND (MPH)
  RESULTANT WIND SPEED  10   RESULTANT WIND DIRECTION  NE (40)
  HIGHEST WIND SPEED    32   HIGHEST WIND DIRECTION     N (350)
  HIGHEST GUST SPEED    41   HIGHEST GUST DIRECTION     N (360)
  AVERAGE WIND SPEED    13.2




RELATIVE HUMIDITY (PERCENT)
 HIGHEST    90          1200 AM
 LOWEST     30           300 PM
 AVERAGE    60

..........................................................


THE PIERRE SD CLIMATE NORMALS FOR TODAY
                         NORMAL    RECORD    YEAR
 MAXIMUM TEMPERATURE (F)   87       104      1947
 MINIMUM TEMPERATURE (F)   59        43      1986


SUNRISE AND SUNSET
AUGUST 21 2017........SUNRISE   651 AM CDT   SUNSET   836 PM CDT
AUGUST 22 2017........SUNRISE   653 AM CDT   SUNSET   834 PM CDT


-  INDICATES NEGATIVE NUMBERS.
R  INDICATES RECORD WAS SET OR TIED.
MM INDICATES DATA IS MISSING.
T  INDICATES TRACE AMOUNT.




$$
