000
CDUS41 KPBZ 142218
CLIPIT

CLIMATE REPORT
NATIONAL WEATHER SERVICE PITTSBURGH PA
516 PM EST SUN FEB 14 2016

...................................

...THE PITTSBURGH PA CLIMATE SUMMARY FOR FEBRUARY 14 2016...
VALID TODAY AS OF 0500 PM LOCAL TIME.

CLIMATE NORMAL PERIOD 1981 TO 2010
CLIMATE RECORD PERIOD 1871 TO 2016

WEATHER ITEM   OBSERVED TIME   RECORD YEAR NORMAL DEPARTURE LAST
                VALUE   (LST)  VALUE       VALUE  FROM      YEAR
                                                  NORMAL
..................................................................
TEMPERATURE (F)
 TODAY
  MAXIMUM         17    359 PM  64    1918  39    -22       30
  MINIMUM         -2    731 AM  -7    1905  23    -25        3
  AVERAGE          8                        31    -23       17

PRECIPITATION (IN)
  TODAY            T             0.90 2005   0.08  -0.08     0.18
  MONTH TO DATE    0.88                      1.20  -0.32     1.02
  SINCE JUN 1     28.75                     26.99   1.76    25.02
  SINCE JAN 1      2.67                      3.90  -1.23     3.27

SNOWFALL (IN)
  TODAY            T            10.4  1940   0.4   -0.4      3.5
  MONTH TO DATE    6.7                       5.1    1.6      7.8
  SINCE OCT 1     21.6                      27.6   -6.0     30.6
  SINCE JUL 1     21.6                      27.6   -6.0     30.6
  SNOW DEPTH       3

DEGREE DAYS
 HEATING
  TODAY           57                        34     23       48
  MONTH TO DATE  514                       493     21      555
  SINCE DEC 1   2321                      2639   -318     2686
  SINCE JUL 1   3175                      3802   -627     3924

 COOLING
  TODAY            0                         0      0        0
  MONTH TO DATE    0                         0      0        0
  SINCE DEC 1      0                         0      0        0
  SINCE JAN 1      0                         0      0        0
..................................................................

WIND (MPH)
  HIGHEST WIND SPEED    12   HIGHEST WIND DIRECTION     E (100)
  HIGHEST GUST SPEED    15   HIGHEST GUST DIRECTION     S (160)
  AVERAGE WIND SPEED     2.7


SKY COVER
  POSSIBLE SUNSHINE  MM
  AVERAGE SKY COVER 0.7


WEATHER CONDITIONS
 THE FOLLOWING WEATHER WAS RECORDED TODAY.
  LIGHT SNOW
  FOG


RELATIVE HUMIDITY (PERCENT)
 HIGHEST    91           800 AM
 LOWEST     42           200 PM
 AVERAGE    67

..........................................................


THE PITTSBURGH PA CLIMATE NORMALS FOR TOMORROW
                         NORMAL    RECORD    YEAR
 MAXIMUM TEMPERATURE (F)   39        69      1954
 MINIMUM TEMPERATURE (F)   23       -10      1875


SUNRISE AND SUNSET
FEBRUARY 14 2016......SUNRISE   716 AM EST   SUNSET   554 PM EST
FEBRUARY 15 2016......SUNRISE   715 AM EST   SUNSET   555 PM EST


-  INDICATES NEGATIVE NUMBERS.
R  INDICATES RECORD WAS SET OR TIED.
MM INDICATES DATA IS MISSING.
T  INDICATES TRACE AMOUNT.

&&

SNOW DEPTH IS MEASURED AT 7 AM EST OR 8 AM EDT.

$$
