000
CDUS41 KPBZ 172214
CLIPIT

CLIMATE REPORT
NATIONAL WEATHER SERVICE PITTSBURGH PA
514 PM EST FRI NOV 17 2017

...................................

...THE PITTSBURGH PA CLIMATE SUMMARY FOR NOVEMBER 17 2017...
VALID TODAY AS OF 0500 PM LOCAL TIME.

CLIMATE NORMAL PERIOD 1981 TO 2010
CLIMATE RECORD PERIOD 1871 TO 2017

WEATHER ITEM   OBSERVED TIME   RECORD YEAR NORMAL DEPARTURE LAST
                VALUE   (LST)  VALUE       VALUE  FROM      YEAR
                                                  NORMAL
..................................................................
TEMPERATURE (F)
 TODAY
  MAXIMUM         43    359 PM  75    1958  51     -8       61
  MINIMUM         36    842 AM  11    1959  34      2       32
  AVERAGE         40                        43     -3       47

PRECIPITATION (IN)
  TODAY            0.00          1.29 1929   0.11  -0.11     0.00
  MONTH TO DATE    2.15                      1.78   0.37     0.26
  SINCE JUN 1     19.67                     18.79   0.88    16.79
  SINCE JAN 1     38.38                     33.89   4.49    30.41

SNOWFALL (IN)
  TODAY            0.0           8.7  1980   0.0    0.0      0.0
  MONTH TO DATE    T                         0.8   -0.8      0.0
  SINCE OCT 1      T                         1.2   -1.2      0.0
  SINCE JUL 1      T                         1.2   -1.2      0.0
  SNOW DEPTH       0

DEGREE DAYS
 HEATING
  TODAY           25                        22      3       18
  MONTH TO DATE  386                       334     52      262
  SINCE SEP 1    701                       822   -121      553
  SINCE JUL 1    706                       835   -129      554

 COOLING
  TODAY            0                         0      0        0
  MONTH TO DATE    0                         0      0        4
  SINCE SEP 1    160                        84     76      183
  SINCE JAN 1    864                       736    128     1158
..................................................................

WIND (MPH)
  HIGHEST WIND SPEED    15   HIGHEST WIND DIRECTION    NW (330)
  HIGHEST GUST SPEED    18   HIGHEST GUST DIRECTION    NW (330)
  AVERAGE WIND SPEED     5.6


SKY COVER
  POSSIBLE SUNSHINE  MM
  AVERAGE SKY COVER 0.9


WEATHER CONDITIONS
 THE FOLLOWING WEATHER WAS RECORDED TODAY.
  NO SIGNIFICANT WEATHER WAS OBSERVED.


RELATIVE HUMIDITY (PERCENT)
 HIGHEST    76          1200 AM
 LOWEST     57           300 PM
 AVERAGE    67

..........................................................


THE PITTSBURGH PA CLIMATE NORMALS FOR TOMORROW
                         NORMAL    RECORD    YEAR
 MAXIMUM TEMPERATURE (F)   50        77      1921
 MINIMUM TEMPERATURE (F)   34         8      1959


SUNRISE AND SUNSET
NOVEMBER 17 2017......SUNRISE   710 AM EST   SUNSET   502 PM EST
NOVEMBER 18 2017......SUNRISE   711 AM EST   SUNSET   501 PM EST


-  INDICATES NEGATIVE NUMBERS.
R  INDICATES RECORD WAS SET OR TIED.
MM INDICATES DATA IS MISSING.
T  INDICATES TRACE AMOUNT.

&&

&&

SNOW DEPTH IS MEASURED AT 7 AM EST OR 8 AM EDT.

SNOW DEPTH IS MEASURED AT 7 AM EST OR 8 AM EDT.

$$
$$
