000
CDUS41 KPBZ 292111
CLIPIT

CLIMATE REPORT
NATIONAL WEATHER SERVICE PITTSBURGH PA
510 PM EDT FRI MAY 29 2015

...................................

...THE PITTSBURGH PA CLIMATE SUMMARY FOR MAY 29 2015...
VALID TODAY AS OF 0500 PM LOCAL TIME.

CLIMATE NORMAL PERIOD 1981 TO 2010
CLIMATE RECORD PERIOD 1871 TO 2015

WEATHER ITEM   OBSERVED TIME   RECORD YEAR NORMAL DEPARTURE LAST
                VALUE   (LST)  VALUE       VALUE  FROM      YEAR
                                                  NORMAL
..................................................................
TEMPERATURE (F)
 TODAY
  MAXIMUM         86    254 PM  95    1881  74     12       78
  MINIMUM         60    517 AM  39    1884  53      7       60
  AVERAGE         73                        64      9       69

PRECIPITATION (IN)
  TODAY            0.00          1.29 2012   0.15  -0.15      T
  MONTH TO DATE    2.40                      3.66  -1.26     4.32
  SINCE JUN 1     35.91                     37.90  -1.99    39.40
  SINCE JAN 1     14.16                     14.81  -0.65    15.09

SNOWFALL (IN)
  TODAY            0.0           0.0  2002   0.0    0.0      0.0
                                      2001
  MONTH TO DATE    0.0                       0.0    0.0      0.0
  SINCE OCT 1     47.5                      41.9    5.6     63.4
  SINCE JUL 1     47.5                      41.9    5.6     63.4
  SNOW DEPTH       0

DEGREE DAYS
 HEATING
  TODAY            0                         4     -4        0
  MONTH TO DATE   91                       190    -99      150
  SINCE MAR 1   1348                      1409    -61     1477
  SINCE JUL 1   6016                      5666    350     6008

 COOLING
  TODAY            8                         2      6        4
  MONTH TO DATE  119                        38     81       59
  SINCE MAR 1    120                        48     72       69
  SINCE JAN 1    120                        48     72       69
..................................................................

WIND (MPH)
  HIGHEST WIND SPEED    18   HIGHEST WIND DIRECTION    SW (210)
  HIGHEST GUST SPEED    24   HIGHEST GUST DIRECTION     S (190)
  AVERAGE WIND SPEED     5.6


SKY COVER
  POSSIBLE SUNSHINE  MM
  AVERAGE SKY COVER 0.5


WEATHER CONDITIONS
 THE FOLLOWING WEATHER WAS RECORDED TODAY.
  NO SIGNIFICANT WEATHER WAS OBSERVED.


RELATIVE HUMIDITY (PERCENT)
 HIGHEST    78           500 AM
 LOWEST     45           300 PM
 AVERAGE    62

..........................................................


THE PITTSBURGH PA CLIMATE NORMALS FOR TOMORROW
                         NORMAL    RECORD    YEAR
 MAXIMUM TEMPERATURE (F)   75        94      1919
                                             1881
 MINIMUM TEMPERATURE (F)   54        37      1961
                                             1930


SUNRISE AND SUNSET
MAY 29 2015...........SUNRISE   554 AM EDT   SUNSET   843 PM EDT
MAY 30 2015...........SUNRISE   554 AM EDT   SUNSET   844 PM EDT


-  INDICATES NEGATIVE NUMBERS.
R  INDICATES RECORD WAS SET OR TIED.
MM INDICATES DATA IS MISSING.
T  INDICATES TRACE AMOUNT.

&&

SNOW DEPTH IS MEASURED AT 7 AM EST OR 8 AM EDT.

$$
