000
CDUS41 KPBZ 211350
CLIPIT

CLIMATE REPORT
NATIONAL WEATHER SERVICE PITTSBURGH PA
850 AM EST SAT JAN 21 2017

...................................

...THE PITTSBURGH PA CLIMATE SUMMARY FOR JANUARY 21 2017...
VALID AS OF 0800 AM LOCAL TIME.

CLIMATE NORMAL PERIOD 1981 TO 2010
CLIMATE RECORD PERIOD 1871 TO 2017

WEATHER ITEM   OBSERVED TIME   RECORD YEAR NORMAL DEPARTURE LAST
                VALUE   (LST)  VALUE       VALUE  FROM      YEAR
                                                  NORMAL
..................................................................
TEMPERATURE (F)
 TODAY
  MAXIMUM         48   1220 AM  74    1906
  MINIMUM         38    311 AM -18    1985  21     17       10

PRECIPITATION (IN)
  TODAY            0.00          1.64 1917   0.09  -0.09      T
  MONTH TO DATE    2.19                      1.85   0.34     1.36
  SINCE JUN 1     23.58                     24.94  -1.36    27.44
  SINCE JAN 1      2.19                      1.85   0.34     1.36

SNOWFALL (IN)
  TODAY            0.0           4.5  2012   0.4   -0.4       T
  MONTH TO DATE    2.4                       7.7   -5.3      9.0
  SINCE OCT 1     10.5                      18.4   -7.9      9.3
  SINCE JUL 1     10.5                      18.4   -7.9      9.3
  SNOW DEPTH       0

DEGREE DAYS
 HEATING
  TODAY           22

 COOLING
  TODAY            0
..................................................................


WEATHER CONDITIONS
 THE FOLLOWING WEATHER WAS RECORDED TODAY.
  FOG
  FOG W/VISIBILITY <= 1/4 MILE


RELATIVE HUMIDITY (PERCENT)
 HIGHEST   100          1200 AM

..........................................................


THE PITTSBURGH PA CLIMATE NORMALS FOR TOMORROW
                         NORMAL    RECORD    YEAR
 MAXIMUM TEMPERATURE (F)   36        75      1906
 MINIMUM TEMPERATURE (F)   21       -14      1936


SUNRISE AND SUNSET
JANUARY 21 2017.......SUNRISE   739 AM EST   SUNSET   526 PM EST
JANUARY 22 2017.......SUNRISE   738 AM EST   SUNSET   527 PM EST


-  INDICATES NEGATIVE NUMBERS.
R  INDICATES RECORD WAS SET OR TIED.
MM INDICATES DATA IS MISSING.
T  INDICATES TRACE AMOUNT.

&&

SNOW DEPTH IS MEASURED AT 7 AM EST OR 8 AM EDT.

$$
