000
CDUS41 KPBZ 222213
CLIPIT


CLIMATE REPORT
NATIONAL WEATHER SERVICE PITTSBURGH PA
512 PM EST SAT NOV 22 2014


...................................

...THE PITTSBURGH PA CLIMATE SUMMARY FOR NOVEMBER 22 2014...
VALID TODAY AS OF 0500 PM LOCAL TIME.

CLIMATE NORMAL PERIOD 1981 TO 2010
CLIMATE RECORD PERIOD 1871 TO 2014


WEATHER ITEM   OBSERVED TIME   RECORD YEAR NORMAL DEPARTURE LAST
                VALUE   (LST)  VALUE       VALUE  FROM      YEAR
                                                  NORMAL
..................................................................
TEMPERATURE (F)
 TODAY
  MAXIMUM         46    359 PM  73    1934  48     -2       53
  MINIMUM         15    332 AM   4    1880  33    -18       37
  AVERAGE         31                        41    -10       45

PRECIPITATION (IN)
  TODAY            0.03          1.27 1878   0.12  -0.09     0.16
  MONTH TO DATE    1.57                      2.36  -0.79     2.08
  SINCE JUN 1     18.72                     19.37  -0.65    20.16
  SINCE JAN 1     33.81                     34.47  -0.66    32.50

SNOWFALL (IN)
  TODAY            0.0           2.8  1971   0.1   -0.1      0.0
  MONTH TO DATE    0.5                       1.2   -0.7      3.8
  SINCE OCT 1      0.5                       1.6   -1.1      3.9
  SINCE JUL 1      0.5                       1.6   -1.1      3.9
  SNOW DEPTH       0

DEGREE DAYS
 HEATING
  TODAY           34                        24     10       20
  MONTH TO DATE  595                       452    143      460
  SINCE SEP 1   1034                       940     94      855
  SINCE JUL 1   1055                       953    102      866

 COOLING
  TODAY            0                         0      0        0
  MONTH TO DATE    0                         0      0        0
  SINCE SEP 1     79                        84     -5      112
  SINCE JAN 1    700                       736    -36      831
..................................................................


WIND (MPH)
  HIGHEST WIND SPEED    14   HIGHEST WIND DIRECTION    SW (210)
  HIGHEST GUST SPEED    21   HIGHEST GUST DIRECTION     S (200)
  AVERAGE WIND SPEED     4.1


SKY COVER
  POSSIBLE SUNSHINE  MM
  AVERAGE SKY COVER 0.6


WEATHER CONDITIONS
 THE FOLLOWING WEATHER WAS RECORDED TODAY.
  LIGHT RAIN
  LT FREEZING RAIN
  FOG


RELATIVE HUMIDITY (PERCENT)
 HIGHEST    80           200 AM
 LOWEST     58          1000 AM
 AVERAGE    69

..........................................................


THE PITTSBURGH PA CLIMATE NORMALS FOR TOMORROW
                         NORMAL    RECORD    YEAR
 MAXIMUM TEMPERATURE (F)   48        74      1979
 MINIMUM TEMPERATURE (F)   33         8      1880


SUNRISE AND SUNSET
NOVEMBER 22 2014......SUNRISE   715 AM EST   SUNSET   459 PM EST
NOVEMBER 23 2014......SUNRISE   716 AM EST   SUNSET   458 PM EST


-  INDICATES NEGATIVE NUMBERS.
R  INDICATES RECORD WAS SET OR TIED.
MM INDICATES DATA IS MISSING.
T  INDICATES TRACE AMOUNT.






&&
SNOW DEPTH IS MEASURED AT 7 AM EST OR 8 AM EDT.
$$
