000
CDUS41 KPBZ 172127
CLIPIT


CLIMATE REPORT
NATIONAL WEATHER SERVICE PITTSBURGH PA
526 PM EDT THU APR 17 2014


...................................

...THE PITTSBURGH PA CLIMATE SUMMARY FOR APRIL 17 2014...
VALID TODAY AS OF 0500 PM LOCAL TIME.

CLIMATE NORMAL PERIOD 1981 TO 2010
CLIMATE RECORD PERIOD 1871 TO 2014


WEATHER ITEM   OBSERVED TIME   RECORD YEAR NORMAL DEPARTURE LAST
                VALUE   (LST)  VALUE       VALUE  FROM      YEAR
                                                  NORMAL
..................................................................
TEMPERATURE (F)
 TODAY
  MAXIMUM         64    314 PM  87    1896  63      1       67
  MINIMUM         35    612 AM  16    1875  41     -6       51
  AVERAGE         50                        52     -2       59

PRECIPITATION (IN)
  TODAY            0.00          1.20 1967   0.11  -0.11     0.00
  MONTH TO DATE    2.40                      1.77   0.63     2.31
  SINCE JUN 1     33.01                     32.90   0.11    35.41
  SINCE JAN 1      8.70                      9.81  -1.11     9.05

SNOWFALL (IN)
  TODAY            0.0           1.0  1951   0.1   -0.1      0.0
  MONTH TO DATE    0.1                       1.3   -1.2       T
  SINCE OCT 1     63.4                      41.2   22.2     57.4
  SINCE JUL 1     63.4                      41.2   22.2     57.4
  SNOW DEPTH       0

DEGREE DAYS
 HEATING
  TODAY           15                        14      1        6
  MONTH TO DATE  236                       280    -44      231
  SINCE MAR 1   1176                      1068    108     1125
  SINCE JUL 1   5707                      5325    382     5237

 COOLING
  TODAY            0                         0      0        0
  MONTH TO DATE   10                         0     10        9
  SINCE MAR 1     10                         1      9        9
  SINCE JAN 1     10                         1      9        9
..................................................................


WIND (MPH)
  HIGHEST WIND SPEED    16   HIGHEST WIND DIRECTION     S (170)
  HIGHEST GUST SPEED    23   HIGHEST GUST DIRECTION    SE (140)
  AVERAGE WIND SPEED     9.9


SKY COVER
  POSSIBLE SUNSHINE  MM
  AVERAGE SKY COVER 0.8


WEATHER CONDITIONS
 THE FOLLOWING WEATHER WAS RECORDED TODAY.
  NO SIGNIFICANT WEATHER WAS OBSERVED.


RELATIVE HUMIDITY (PERCENT)
 HIGHEST    48           700 AM
 LOWEST     23           400 PM
 AVERAGE    36

..........................................................


THE PITTSBURGH PA CLIMATE NORMALS FOR TOMORROW
                         NORMAL    RECORD    YEAR
 MAXIMUM TEMPERATURE (F)   63        90      1896
 MINIMUM TEMPERATURE (F)   41        14      1875


SUNRISE AND SUNSET
APRIL 17 2014.........SUNRISE   639 AM EDT   SUNSET   802 PM EDT
APRIL 18 2014.........SUNRISE   638 AM EDT   SUNSET   803 PM EDT


-  INDICATES NEGATIVE NUMBERS.
R  INDICATES RECORD WAS SET OR TIED.
MM INDICATES DATA IS MISSING.
T  INDICATES TRACE AMOUNT.





&&
SNOW DEPTH IS MEASURED AT 7 AM EST OR 8 AM EDT.
$$
