000
CDUS41 KPBZ 242222
CLIPIT


CLIMATE REPORT
NATIONAL WEATHER SERVICE PITTSBURGH PA
521 PM EST MON NOV 24 2014


...................................

...THE PITTSBURGH PA CLIMATE SUMMARY FOR NOVEMBER 24 2014...
VALID TODAY AS OF 0500 PM LOCAL TIME.

CLIMATE NORMAL PERIOD 1981 TO 2010
CLIMATE RECORD PERIOD 1871 TO 2014


WEATHER ITEM   OBSERVED TIME   RECORD YEAR NORMAL DEPARTURE LAST
                VALUE   (LST)  VALUE       VALUE  FROM      YEAR
                                                  NORMAL
..................................................................
TEMPERATURE (F)
 TODAY
  MAXIMUM         68    135 PM  69    1931  48     20       25
  MINIMUM         54    103 AM  11    1950  32     22       15
  AVERAGE         61                        40     21       20

PRECIPITATION (IN)
  TODAY            0.08          1.54 1950   0.11  -0.03      T
  MONTH TO DATE    1.80                      2.58  -0.78     2.10
  SINCE JUN 1     18.95                     19.59  -0.64    20.18
  SINCE JAN 1     34.04                     34.69  -0.65    32.52

SNOWFALL (IN)
  TODAY            0.0          14.0  1950   0.1   -0.1      0.1
  MONTH TO DATE    0.5                       1.4   -0.9      4.8
  SINCE OCT 1      0.5                       1.8   -1.3      4.9
  SINCE JUL 1      0.5                       1.8   -1.3      4.9
  SNOW DEPTH       0

DEGREE DAYS
 HEATING
  TODAY            4                        25    -21       45
  MONTH TO DATE  607                       502    105      541
  SINCE SEP 1   1046                       990     56      936
  SINCE JUL 1   1067                      1003     64      947

 COOLING
  TODAY            0                         0      0        0
  MONTH TO DATE    0                         0      0        0
  SINCE SEP 1     79                        84     -5      112
  SINCE JAN 1    700                       736    -36      831
..................................................................


WIND (MPH)
  HIGHEST WIND SPEED    40   HIGHEST WIND DIRECTION    SW (240)
  HIGHEST GUST SPEED    52   HIGHEST GUST DIRECTION    SW (240)
  AVERAGE WIND SPEED    17.3


SKY COVER
  POSSIBLE SUNSHINE  MM
  AVERAGE SKY COVER 0.7


WEATHER CONDITIONS
 THE FOLLOWING WEATHER WAS RECORDED TODAY.
  LIGHT RAIN
  FOG
  HAZE


RELATIVE HUMIDITY (PERCENT)
 HIGHEST    93          1200 AM
 LOWEST     39           100 PM
 AVERAGE    66

..........................................................


THE PITTSBURGH PA CLIMATE NORMALS FOR TOMORROW
                         NORMAL    RECORD    YEAR
 MAXIMUM TEMPERATURE (F)   47        71      1908
                                             1896
 MINIMUM TEMPERATURE (F)   32         7      1950


SUNRISE AND SUNSET
NOVEMBER 24 2014......SUNRISE   717 AM EST   SUNSET   457 PM EST
NOVEMBER 25 2014......SUNRISE   719 AM EST   SUNSET   457 PM EST


-  INDICATES NEGATIVE NUMBERS.
R  INDICATES RECORD WAS SET OR TIED.
MM INDICATES DATA IS MISSING.
T  INDICATES TRACE AMOUNT.






&&
SNOW DEPTH IS MEASURED AT 7 AM EST OR 8 AM EDT.
$$
