000
CDUS41 KPBZ 311224
CLIPIT


CLIMATE REPORT
NATIONAL WEATHER SERVICE PITTSBURGH PA
824 AM EDT FRI OCT 31 2014


...................................

...THE PITTSBURGH PA CLIMATE SUMMARY FOR OCTOBER 31 2014...
VALID AS OF 0800 AM LOCAL TIME.

CLIMATE NORMAL PERIOD 1981 TO 2010
CLIMATE RECORD PERIOD 1871 TO 2014


WEATHER ITEM   OBSERVED TIME   RECORD YEAR NORMAL DEPARTURE LAST
                VALUE   (LST)  VALUE       VALUE  FROM      YEAR
                                                  NORMAL
..................................................................
TEMPERATURE (F)
 TODAY
  MINIMUM         43    659 AM  20    1887  39      4       56

PRECIPITATION (IN)
  TODAY            0.00          1.22 1899   0.09  -0.09     0.16
  MONTH TO DATE    1.76                      2.29  -0.53     2.35
  SINCE JUN 1     17.02                     17.01   0.01    18.08
  SINCE JAN 1     32.11                     32.11   0.00    30.42

SNOWFALL (IN)
  TODAY            0.0           6.6  1993   0.0    0.0      0.0
  MONTH TO DATE    T                         0.4   -0.4      0.1
  SINCE OCT 1      T                         0.4   -0.4      0.1
  SINCE JUL 1      T                         0.4   -0.4      0.1
  SNOW DEPTH       0

DEGREE DAYS
 HEATING
  TODAY           21

 COOLING
  TODAY            0
..................................................................





WEATHER CONDITIONS
 THE FOLLOWING WEATHER WAS RECORDED TODAY.
  NO SIGNIFICANT WEATHER WAS OBSERVED.


RELATIVE HUMIDITY (PERCENT)
 HIGHEST    82           600 AM

..........................................................


THE PITTSBURGH PA CLIMATE NORMALS FOR TOMORROW
                         NORMAL    RECORD    YEAR
 MAXIMUM TEMPERATURE (F)   57        80      1950
 MINIMUM TEMPERATURE (F)   39        26      1954


SUNRISE AND SUNSET
OCTOBER 31 2014.......SUNRISE   750 AM EDT   SUNSET   619 PM EDT
NOVEMBER  1 2014......SUNRISE   751 AM EDT   SUNSET   618 PM EDT


-  INDICATES NEGATIVE NUMBERS.
R  INDICATES RECORD WAS SET OR TIED.
MM INDICATES DATA IS MISSING.
T  INDICATES TRACE AMOUNT.





&&
SNOW DEPTH IS MEASURED AT 7 AM EST OR 8 AM EDT.
$$
