247
CDUS41 KPBZ 262112
CLIPIT

CLIMATE REPORT
NATIONAL WEATHER SERVICE PITTSBURGH PA
512 PM EDT FRI MAY 26 2017

...................................

...THE PITTSBURGH PA CLIMATE SUMMARY FOR MAY 26 2017...
VALID TODAY AS OF 0500 PM LOCAL TIME.

CLIMATE NORMAL PERIOD 1981 TO 2010
CLIMATE RECORD PERIOD 1871 TO 2017

WEATHER ITEM   OBSERVED TIME   RECORD YEAR NORMAL DEPARTURE LAST
                VALUE   (LST)  VALUE       VALUE  FROM      YEAR
                                                  NORMAL
..................................................................
TEMPERATURE (F)
 TODAY
  MAXIMUM         68    359 PM  94    1880  73     -5       82
  MINIMUM         57    957 AM  34    1969  52      5       67
  AVERAGE         63                        63      0       75

PRECIPITATION (IN)
  TODAY            0.30          0.80 1901   0.14   0.16     0.00
  MONTH TO DATE    4.28                      3.23   1.05     3.61
  SINCE JUN 1     39.23                     37.47   1.76    39.70
  SINCE JAN 1     17.84                     14.38   3.46    13.62

SNOWFALL (IN)
  TODAY            0.0           T    1961   0.0    0.0      0.0
  MONTH TO DATE    0.0                       0.0    0.0       T
  SINCE OCT 1     32.0                      41.9   -9.9     29.6
  SINCE JUL 1     32.0                      41.9   -9.9     29.6
  SNOW DEPTH       0

DEGREE DAYS
 HEATING
  TODAY            2                         4     -2        0
  MONTH TO DATE  173                       178     -5      178
  SINCE MAR 1   1194                      1397   -203     1104
  SINCE JUL 1   4620                      5654  -1034     4670

 COOLING
  TODAY            0                         2     -2       10
  MONTH TO DATE   35                        32      3       20
  SINCE MAR 1     61                        42     19       23
  SINCE JAN 1     62                        42     20       23
..................................................................

WIND (MPH)
  HIGHEST WIND SPEED    24   HIGHEST WIND DIRECTION     W (290)
  HIGHEST GUST SPEED    29   HIGHEST GUST DIRECTION    NW (300)
  AVERAGE WIND SPEED    11.9


SKY COVER
  POSSIBLE SUNSHINE  MM
  AVERAGE SKY COVER 0.9


WEATHER CONDITIONS
 THE FOLLOWING WEATHER WAS RECORDED TODAY.
  RAIN
  LIGHT RAIN
  FOG


RELATIVE HUMIDITY (PERCENT)
 HIGHEST   100           200 AM
 LOWEST     68           400 PM
 AVERAGE    84

..........................................................


THE PITTSBURGH PA CLIMATE NORMALS FOR TOMORROW
                         NORMAL    RECORD    YEAR
 MAXIMUM TEMPERATURE (F)   74        92      1880
 MINIMUM TEMPERATURE (F)   53        34      1961


SUNRISE AND SUNSET
MAY 26 2017...........SUNRISE   556 AM EDT   SUNSET   841 PM EDT
MAY 27 2017...........SUNRISE   555 AM EDT   SUNSET   842 PM EDT


-  INDICATES NEGATIVE NUMBERS.
R  INDICATES RECORD WAS SET OR TIED.
MM INDICATES DATA IS MISSING.
T  INDICATES TRACE AMOUNT.

&&

SNOW DEPTH IS MEASURED AT 7 AM EST OR 8 AM EDT.

$$
