000
CDUS41 KPBZ 281331
CLIPIT


CLIMATE REPORT
NATIONAL WEATHER SERVICE PITTSBURGH PA
831 AM EST SAT FEB 28 2015


...................................

...THE PITTSBURGH PA CLIMATE SUMMARY FOR FEBRUARY 28 2015...
VALID AS OF 0800 AM LOCAL TIME.

CLIMATE NORMAL PERIOD 1981 TO 2010
CLIMATE RECORD PERIOD 1871 TO 2015


WEATHER ITEM   OBSERVED TIME   RECORD YEAR NORMAL DEPARTURE LAST
                VALUE   (LST)  VALUE       VALUE  FROM      YEAR
                                                  NORMAL
..................................................................
TEMPERATURE (F)
 TODAY
  MINIMUM         -1R   653 AM  -1    1934  25    -26        1

PRECIPITATION (IN)
  TODAY            0.00          1.21 2011   0.09  -0.09     0.00
  MONTH TO DATE    1.75                      2.39  -0.64     2.25
  SINCE JUN 1     25.75                     28.18  -2.43    28.74
  SINCE JAN 1      4.00                      5.09  -1.09     4.43

SNOWFALL (IN)
  TODAY            0.0           4.8  2005   0.4   -0.4      0.0
  MONTH TO DATE   15.2                      10.3    4.9     16.1
  SINCE OCT 1     37.0                      32.8    4.2     58.4
  SINCE JUL 1     37.0                      32.8    4.2     58.4
  SNOW DEPTH       4

DEGREE DAYS
 HEATING
  TODAY           62

 COOLING
  TODAY            0
..................................................................





WEATHER CONDITIONS
 THE FOLLOWING WEATHER WAS RECORDED TODAY.
  NO SIGNIFICANT WEATHER WAS OBSERVED.


RELATIVE HUMIDITY (PERCENT)
 HIGHEST    79           200 AM

..........................................................


THE PITTSBURGH PA CLIMATE NORMALS FOR TOMORROW
                         NORMAL    RECORD    YEAR
 MAXIMUM TEMPERATURE (F)   43        72      1972
 MINIMUM TEMPERATURE (F)   26         3      1980


SUNRISE AND SUNSET
FEBRUARY 28 2015......SUNRISE   656 AM EST   SUNSET   611 PM EST
MARCH  1 2015.........SUNRISE   655 AM EST   SUNSET   612 PM EST


-  INDICATES NEGATIVE NUMBERS.
R  INDICATES RECORD WAS SET OR TIED.
MM INDICATES DATA IS MISSING.
T  INDICATES TRACE AMOUNT.





&&
SNOW DEPTH IS MEASURED AT 7 AM EST OR 8 AM EDT.
$$
