000
CDUS41 KPBZ 242114
CLIPIT

CLIMATE REPORT
NATIONAL WEATHER SERVICE PITTSBURGH PA
513 PM EDT SUN JUL 24 2016

...................................

...THE PITTSBURGH PA CLIMATE SUMMARY FOR JULY 24 2016...
VALID TODAY AS OF 0500 PM LOCAL TIME.

CLIMATE NORMAL PERIOD 1981 TO 2010
CLIMATE RECORD PERIOD 1871 TO 2016

WEATHER ITEM   OBSERVED TIME   RECORD YEAR NORMAL DEPARTURE LAST
                VALUE   (LST)  VALUE       VALUE  FROM      YEAR
                                                  NORMAL
..................................................................
TEMPERATURE (F)
 TODAY
  MAXIMUM         91    122 PM  98    1934  82      9       85
  MINIMUM         68    620 AM  52    1977  63      5       55
  AVERAGE         80                        73      7       70

PRECIPITATION (IN)
  TODAY            0.33          2.01 1912   0.12   0.21     0.00
  MONTH TO DATE    1.76                      3.00  -1.24     3.61
  SINCE JUN 1      4.86                      7.30  -2.44    10.95
  SINCE JAN 1     18.48                     22.40  -3.92    25.43

SNOWFALL (IN)
  TODAY            0.0           0.0  2002   0.0    0.0      0.0
                                      2001
  MONTH TO DATE    0.0                       0.0    0.0      0.0
  SINCE OCT 1     29.6                      41.9  -12.3     47.5
  SINCE JUL 1      0.0                       0.0    0.0      0.0
  SNOW DEPTH       0

DEGREE DAYS
 HEATING
  TODAY            0                         0      0        0
  MONTH TO DATE    1                         0      1        0
  SINCE JUN 1     15                        38    -23       25
  SINCE JUL 1      1                         0      1        0

 COOLING
  TODAY           15                         8      7        5
  MONTH TO DATE  252                       189     63      174
  SINCE JUN 1    472                       339    133      367
  SINCE JAN 1    542                       391    151      501
..................................................................

WIND (MPH)
  HIGHEST WIND SPEED    39   HIGHEST WIND DIRECTION    NW (300)
  HIGHEST GUST SPEED    49   HIGHEST GUST DIRECTION    NW (300)
  AVERAGE WIND SPEED     3.0


SKY COVER
  POSSIBLE SUNSHINE  MM
  AVERAGE SKY COVER 0.6


WEATHER CONDITIONS
 THE FOLLOWING WEATHER WAS RECORDED TODAY.
  THUNDERSTORM
  HEAVY RAIN
  LIGHT RAIN


RELATIVE HUMIDITY (PERCENT)
 HIGHEST    84          1200 AM
 LOWEST     47           200 PM
 AVERAGE    66

..........................................................


THE PITTSBURGH PA CLIMATE NORMALS FOR TOMORROW
                         NORMAL    RECORD    YEAR
 MAXIMUM TEMPERATURE (F)   82        96      1934
                                             1892
                                             1885
 MINIMUM TEMPERATURE (F)   63        51      2014
                                             1953


SUNRISE AND SUNSET
JULY 24 2016..........SUNRISE   611 AM EDT   SUNSET   843 PM EDT
JULY 25 2016..........SUNRISE   612 AM EDT   SUNSET   842 PM EDT


-  INDICATES NEGATIVE NUMBERS.
R  INDICATES RECORD WAS SET OR TIED.
MM INDICATES DATA IS MISSING.
T  INDICATES TRACE AMOUNT.

&&

SNOW DEPTH IS MEASURED AT 7 AM EST OR 8 AM EDT.

$$
