000
CDUS41 KRLX 260718
CLIPKB


CLIMATE REPORT
NATIONAL WEATHER SERVICE CHARLESTON WV
318 AM EDT THU MAY 26 2016


...................................

...THE PARKERSBURG WV CLIMATE SUMMARY FOR MAY 25 2016...

CLIMATE NORMAL PERIOD 1981 TO 2010
CLIMATE RECORD PERIOD 1889 TO 2016


WEATHER ITEM   OBSERVED TIME   RECORD YEAR NORMAL DEPARTURE LAST
                VALUE   (LST)  VALUE       VALUE  FROM      YEAR
                                                  NORMAL
..................................................................
TEMPERATURE (F)
 YESTERDAY
  MAXIMUM         84    137 PM  92    1991  76      8       84
  MINIMUM         50    532 AM  33    2013  53     -3       57
  AVERAGE         67                        65      2       71

PRECIPITATION (IN)
  YESTERDAY        0.00          0.12 2006   0.15  -0.15     0.00
  MONTH TO DATE    3.69                      3.42   0.27     0.69
  SINCE JAN 1     16.41                     16.07   0.34    16.95

SNOWFALL (IN)
  YESTERDAY       MM
  MONTH TO DATE   MM
  SINCE SEP 1     MM
  SNOW DEPTH      MM

DEGREE DAYS
 HEATING
  YESTERDAY        0                         3     -3        0
  MONTH TO DATE  159                       131     28       75
  SINCE MAR 1    928                      1147   -219     1124
  SINCE JUL 1   4141                      4937   -796     5342

 COOLING
  YESTERDAY        2                         3     -1        6
  MONTH TO DATE   16                        43    -27       97
  SINCE MAR 1     36                        64    -28      109
  SINCE JAN 1     36                        64    -28      109
..................................................................


WIND (MPH)
  HIGHEST WIND SPEED    14   HIGHEST WIND DIRECTION    SW (240)
  HIGHEST GUST SPEED    20   HIGHEST GUST DIRECTION    NW (310)
  AVERAGE WIND SPEED     2.2


SKY COVER
  POSSIBLE SUNSHINE  MM
  AVERAGE SKY COVER 0.1


WEATHER CONDITIONS
 THE FOLLOWING WEATHER WAS RECORDED YESTERDAY.
  FOG


RELATIVE HUMIDITY (PERCENT)
 HIGHEST    96           400 AM
 LOWEST     34           100 PM
 AVERAGE    65

..........................................................


THE PARKERSBURG WV CLIMATE NORMALS FOR TODAY
                         NORMAL    RECORD    YEAR
 MAXIMUM TEMPERATURE (F)   76        93      1911
 MINIMUM TEMPERATURE (F)   54        35      1988


SUNRISE AND SUNSET
MAY 26 2016...........SUNRISE   604 AM EDT   SUNSET   842 PM EDT
MAY 27 2016...........SUNRISE   603 AM EDT   SUNSET   843 PM EDT


-  INDICATES NEGATIVE NUMBERS.
R  INDICATES RECORD WAS SET OR TIED.
MM INDICATES DATA IS MISSING.
T  INDICATES TRACE AMOUNT.




$$
