000
CDUS41 KRLX 200715
CLIPKB


CLIMATE REPORT
NATIONAL WEATHER SERVICE CHARLESTON WV
315 AM EDT SUN APR 20 2014


...................................

...THE PARKERSBURG WV CLIMATE SUMMARY FOR APRIL 19 2014...

CLIMATE NORMAL PERIOD 1981 TO 2010
CLIMATE RECORD PERIOD 1889 TO 2014


WEATHER ITEM   OBSERVED TIME   RECORD YEAR NORMAL DEPARTURE LAST
                VALUE   (LST)  VALUE       VALUE  FROM      YEAR
                                                  NORMAL
..................................................................
TEMPERATURE (F)
 YESTERDAY
  MAXIMUM         70    224 PM  89    1942  68      2       73
  MINIMUM         43    410 AM  25    1983  43      0       41
  AVERAGE         57                        55      2       57

PRECIPITATION (IN)
  YESTERDAY        0.00          1.53 2011   0.11  -0.11     0.19
  MONTH TO DATE    1.96                      2.04  -0.08     1.05
  SINCE JAN 1      7.37                     11.42  -4.05     9.26

SNOWFALL (IN)
  YESTERDAY       MM
  MONTH TO DATE   MM
  SINCE SEP 1     MM
  SINCE JUL 1     MM
  SNOW DEPTH      MM

DEGREE DAYS
 HEATING
  YESTERDAY        8                        10     -2        8
  MONTH TO DATE  200                       248    -48      195
  SINCE MAR 1    785                       919   -134     1007
  SINCE JUL 1   4548                      4709   -161     4743

 COOLING
  YESTERDAY        0                         1     -1        0
  MONTH TO DATE    5                         9     -4       29
  SINCE MAR 1      5                        12     -7       29
  SINCE JAN 1      5                        12     -7       29
..................................................................


WIND (MPH)
  HIGHEST WIND SPEED    15   HIGHEST WIND DIRECTION    NE (60)
  HIGHEST GUST SPEED    21   HIGHEST GUST DIRECTION    NE (40)
  AVERAGE WIND SPEED     6.9


SKY COVER
  POSSIBLE SUNSHINE  MM
  AVERAGE SKY COVER 0.0


WEATHER CONDITIONS
 THE FOLLOWING WEATHER WAS RECORDED YESTERDAY.
  NO SIGNIFICANT WEATHER WAS OBSERVED.


RELATIVE HUMIDITY (PERCENT)
 HIGHEST    76           200 AM
 LOWEST     22           300 PM
 AVERAGE    49

..........................................................


THE PARKERSBURG WV CLIMATE NORMALS FOR TODAY
                         NORMAL    RECORD    YEAR
 MAXIMUM TEMPERATURE (F)   68        91      1976
 MINIMUM TEMPERATURE (F)   43        25      1926


SUNRISE AND SUNSET
APRIL 20 2014.........SUNRISE   642 AM EDT   SUNSET   808 PM EDT
APRIL 21 2014.........SUNRISE   640 AM EDT   SUNSET   809 PM EDT


-  INDICATES NEGATIVE NUMBERS.
R  INDICATES RECORD WAS SET OR TIED.
MM INDICATES DATA IS MISSING.
T  INDICATES TRACE AMOUNT.




$$
