000
CDUS41 KRLX 132232
CLIPKB


CLIMATE REPORT
NATIONAL WEATHER SERVICE CHARLESTON WV
531 PM EST WED DEC 13 2017


...................................

...THE PARKERSBURG WV CLIMATE SUMMARY FOR DECEMBER 13 2017...
VALID TODAY AS OF 0500 PM LOCAL TIME.

CLIMATE NORMAL PERIOD 1981 TO 2010
CLIMATE RECORD PERIOD 1889 TO 2017


WEATHER ITEM   OBSERVED TIME   RECORD YEAR NORMAL DEPARTURE LAST
                VALUE   (LST)  VALUE       VALUE  FROM      YEAR
                                                  NORMAL
..................................................................
TEMPERATURE (F)
 TODAY
  MAXIMUM         28    359 PM  70    1927  44    -16       36
  MINIMUM         17    759 AM  -2    1962  28    -11       27
  AVERAGE         23                        36    -13       32

PRECIPITATION (IN)
  TODAY            T             1.46 2007   0.10  -0.10     0.10
  MONTH TO DATE    0.59                      1.37  -0.78     1.59
  SINCE DEC 1      0.59                      1.37  -0.78     1.59
  SINCE JAN 1     49.39                     39.46   9.93    33.70

DEGREE DAYS
 HEATING
  TODAY           42                        29     13       33
  MONTH TO DATE  386                       359     27      378
  SINCE DEC 1    386                       359     27      378
  SINCE JUL 1   1286                      1344    -58     1132

 COOLING
  TODAY            0                         0      0        0
  MONTH TO DATE    0                         0      0        0
  SINCE DEC 1      0                         0      0        0
  SINCE JAN 1    975                       955     20     1352
..................................................................


WIND (MPH)
  HIGHEST WIND SPEED    14   HIGHEST WIND DIRECTION    SE (140)
  HIGHEST GUST SPEED    19   HIGHEST GUST DIRECTION    SE (140)
  AVERAGE WIND SPEED     9.7


SKY COVER
  POSSIBLE SUNSHINE  MM
  AVERAGE SKY COVER 0.8


WEATHER CONDITIONS
 THE FOLLOWING WEATHER WAS RECORDED TODAY.
  LIGHT SNOW


RELATIVE HUMIDITY (PERCENT)
 HIGHEST    73           100 AM
 LOWEST     42           400 PM
 AVERAGE    58

..........................................................


THE PARKERSBURG WV CLIMATE NORMALS FOR TOMORROW
                         NORMAL    RECORD    YEAR
 MAXIMUM TEMPERATURE (F)   43        69      2015
 MINIMUM TEMPERATURE (F)   27         6      2010


SUNRISE AND SUNSET
DECEMBER 13 2017......SUNRISE   737 AM EST   SUNSET   503 PM EST
DECEMBER 14 2017......SUNRISE   738 AM EST   SUNSET   503 PM EST


-  INDICATES NEGATIVE NUMBERS.
R  INDICATES RECORD WAS SET OR TIED.
MM INDICATES DATA IS MISSING.
T  INDICATES TRACE AMOUNT.




$$
