000
CDUS41 KRLX 220720
CLIPKB


CLIMATE REPORT
NATIONAL WEATHER SERVICE CHARLESTON WV
316 AM EDT WED OCT 22 2014


...................................

...THE PARKERSBURG WV CLIMATE SUMMARY FOR OCTOBER 21 2014...

CLIMATE NORMAL PERIOD 1981 TO 2010
CLIMATE RECORD PERIOD 1889 TO 2014


WEATHER ITEM   OBSERVED TIME   RECORD YEAR NORMAL DEPARTURE LAST
                VALUE   (LST)  VALUE       VALUE  FROM      YEAR
                                                  NORMAL
..................................................................
TEMPERATURE (F)
 YESTERDAY
  MAXIMUM         53    947 AM  85    1979  65    -12       67
  MINIMUM         46   1132 PM  21    1952  43      3       35
  AVERAGE         50                        54     -4       51

PRECIPITATION (IN)
  YESTERDAY        0.20          0.79 2005   0.09   0.11     0.00
  MONTH TO DATE    2.94                      1.90   1.04     1.20
  SINCE JAN 1     21.11                     33.77 -12.66    35.12

SNOWFALL (IN)
  YESTERDAY       MM
  MONTH TO DATE   MM
  SINCE SEP 1     MM
  SINCE JUL 1     MM
  SNOW DEPTH      MM

DEGREE DAYS
 HEATING
  YESTERDAY       15                        12      3       14
  MONTH TO DATE  174                        MM     MM       MM
  SINCE SEP 1    244                        MM     MM       MM
  SINCE JUL 1    246                        MM     MM       MM

 COOLING
  YESTERDAY        0                         0      0        0
  MONTH TO DATE    6                        MM     MM       MM
  SINCE SEP 1    105                        MM     MM       MM
  SINCE JAN 1    595                        MM     MM       MM
..................................................................


WIND (MPH)
  HIGHEST WIND SPEED    13   HIGHEST WIND DIRECTION     W (280)
  HIGHEST GUST SPEED    19   HIGHEST GUST DIRECTION    NW (310)
  AVERAGE WIND SPEED     5.6


SKY COVER
  POSSIBLE SUNSHINE  MM
  AVERAGE SKY COVER 0.9


WEATHER CONDITIONS
 THE FOLLOWING WEATHER WAS RECORDED YESTERDAY.
  RAIN
  LIGHT RAIN
  FOG


RELATIVE HUMIDITY (PERCENT)
 HIGHEST    93           400 AM
 LOWEST     80           800 PM
 AVERAGE    87

..........................................................


THE PARKERSBURG WV CLIMATE NORMALS FOR TODAY
                         NORMAL    RECORD    YEAR
 MAXIMUM TEMPERATURE (F)   65        88      1979
 MINIMUM TEMPERATURE (F)   42        23      1930


SUNRISE AND SUNSET
OCTOBER 22 2014.......SUNRISE   743 AM EDT   SUNSET   637 PM EDT
OCTOBER 23 2014.......SUNRISE   744 AM EDT   SUNSET   636 PM EDT


-  INDICATES NEGATIVE NUMBERS.
R  INDICATES RECORD WAS SET OR TIED.
MM INDICATES DATA IS MISSING.
T  INDICATES TRACE AMOUNT.




$$
