000
CDUS41 KRLX 302122
CLIPKB


CLIMATE REPORT
NATIONAL WEATHER SERVICE CHARLESTON WV
520 PM EDT MON MAR 30 2015


...................................

...THE PARKERSBURG WV CLIMATE SUMMARY FOR MARCH 30 2015...
VALID TODAY AS OF 0500 PM LOCAL TIME.

CLIMATE NORMAL PERIOD 1981 TO 2010
CLIMATE RECORD PERIOD 1889 TO 2015


WEATHER ITEM   OBSERVED TIME   RECORD YEAR NORMAL DEPARTURE LAST
                VALUE   (LST)  VALUE       VALUE  FROM      YEAR
                                                  NORMAL
..................................................................
TEMPERATURE (F)
 TODAY
  MAXIMUM         58    354 PM  84    1998  60     -2       MM
  MINIMUM         43    721 AM  17    1941  37      6       MM
  AVERAGE         51                        48      3       MM

PRECIPITATION (IN)
  TODAY            T             0.47 2004   0.13  -0.13     0.02
  MONTH TO DATE    5.59                      3.60   1.99       MM
  SINCE MAR 1      5.59                      3.60   1.99       MM
  SINCE JAN 1      9.48                      9.25   0.23       MM

DEGREE DAYS
 HEATING
  TODAY           14                        17     -3       MM
  MONTH TO DATE  730                       653     77       MM
  SINCE MAR 1    730                       653     77       MM
  SINCE JUL 1   4948                      4443    505       MM

 COOLING
  TODAY            0                         0      0       MM
  MONTH TO DATE    0                         0      0       MM
  SINCE MAR 1      0                         0      0       MM
  SINCE JAN 1      0                         0      0       MM
..................................................................


WIND (MPH)
  HIGHEST WIND SPEED    26   HIGHEST WIND DIRECTION     W (280)
  HIGHEST GUST SPEED    35   HIGHEST GUST DIRECTION     W (290)
  AVERAGE WIND SPEED    11.9


SKY COVER
  POSSIBLE SUNSHINE  MM
  AVERAGE SKY COVER 0.7


WEATHER CONDITIONS
 THE FOLLOWING WEATHER WAS RECORDED TODAY.
  LIGHT RAIN


RELATIVE HUMIDITY (PERCENT)
 HIGHEST    76           400 AM
 LOWEST     28           300 PM
 AVERAGE    52

..........................................................


THE PARKERSBURG WV CLIMATE NORMALS FOR TOMORROW
                         NORMAL    RECORD    YEAR
 MAXIMUM TEMPERATURE (F)   60        86      1986
 MINIMUM TEMPERATURE (F)   38        14      1923


SUNRISE AND SUNSET
MARCH 30 2015.........SUNRISE   714 AM EDT   SUNSET   747 PM EDT
MARCH 31 2015.........SUNRISE   712 AM EDT   SUNSET   748 PM EDT


-  INDICATES NEGATIVE NUMBERS.
R  INDICATES RECORD WAS SET OR TIED.
MM INDICATES DATA IS MISSING.
T  INDICATES TRACE AMOUNT.




$$
