106
CDUS46 KLOX 270909
CLIPMD


CLIMATE REPORT
NATIONAL WEATHER SERVICE LOS ANGELES/OXNARD CA
209 AM PDT WED JUL 27 2016


...................................

...THE PALMDALE AIRPORT CA CLIMATE SUMMARY FOR JULY 26 2016...

CLIMATE NORMAL PERIOD 1981 TO 2010
CLIMATE RECORD PERIOD 1931 TO 2016


WEATHER ITEM   OBSERVED TIME   RECORD YEAR NORMAL DEPARTURE LAST
                VALUE   (LST)  VALUE       VALUE  FROM      YEAR
                                                  NORMAL
..................................................................
TEMPERATURE (F)
 YESTERDAY
  MAXIMUM        105    217 PM 109    1975  99      6       90
  MINIMUM         77    458 AM  51    1983  66     11       68
  AVERAGE         91                        82      9       79

PRECIPITATION (IN)
  YESTERDAY        0.00          T    2013   0.00   0.00     0.00
  MONTH TO DATE    0.00                      0.08  -0.08     0.95
  SINCE OCT 1      4.28                      7.85  -3.57     5.20
  SINCE JAN 1      2.47                      5.40  -2.93     2.63

SNOWFALL (IN)
  YESTERDAY        0.0          MM      MM  MM               0.0
  MONTH TO DATE    0.0                      MM               0.0
  SINCE JUN 1      0.0                      MM               0.0
  SINCE JUL 1      0.0                      MM               0.0
  SNOW DEPTH       0

DEGREE DAYS
 HEATING
  YESTERDAY        0                         0      0        0
  MONTH TO DATE    0                         0      0        0
  SINCE JUN 1      0                         7     -7        0
  SINCE JUL 1      0                         0      0        0

 COOLING
  YESTERDAY       26                        17      9       14
  MONTH TO DATE  461                       414     47      338
  SINCE JUN 1    949                       720    229      786
  SINCE JAN 1   1093                       890    203      911
..................................................................


WIND (MPH)
  HIGHEST WIND SPEED    25   HIGHEST WIND DIRECTION     W (250)
  HIGHEST GUST SPEED    29   HIGHEST GUST DIRECTION     W (250)
  AVERAGE WIND SPEED    10.4


SKY COVER
  POSSIBLE SUNSHINE  MM
  AVERAGE SKY COVER 0.0


WEATHER CONDITIONS
 THE FOLLOWING WEATHER WAS RECORDED YESTERDAY.
  HAZE


RELATIVE HUMIDITY (PERCENT)
 HIGHEST    25           200 AM
 LOWEST     11          1000 AM
 AVERAGE    18

..........................................................


THE PALMDALE AIRPORT CA CLIMATE NORMALS FOR TODAY
                         NORMAL    RECORD    YEAR
 MAXIMUM TEMPERATURE (F)   99       110      1934
 MINIMUM TEMPERATURE (F)   66        49      1965


SUNRISE AND SUNSET
JULY 27 2016..........SUNRISE   559 AM PDT   SUNSET   758 PM PDT
JULY 28 2016..........SUNRISE   600 AM PDT   SUNSET   757 PM PDT


-  INDICATES NEGATIVE NUMBERS.
R  INDICATES RECORD WAS SET OR TIED.
MM INDICATES DATA IS MISSING.
T  INDICATES TRACE AMOUNT.




$$
