000
CDUS46 KLOX 300119
CLIPMD


CLIMATE REPORT
NATIONAL WEATHER SERVICE LOS ANGELES/OXNARD CA
618 PM PDT SAT AUG 29 2015


...................................

...THE PALMDALE AIRPORT CA CLIMATE SUMMARY FOR AUGUST 29 2015...
VALID TODAY AS OF 0600 PM LOCAL TIME.

CLIMATE NORMAL PERIOD 1981 TO 2010
CLIMATE RECORD PERIOD 1931 TO 2015


WEATHER ITEM   OBSERVED TIME   RECORD YEAR NORMAL DEPARTURE LAST
                VALUE   (LST)  VALUE       VALUE  FROM      YEAR
                                                  NORMAL
..................................................................
TEMPERATURE (F)
 TODAY
  MAXIMUM         99    208 PM 108    1998  96      3      101
  MINIMUM         72    434 AM  49    1947  63      9       63
  AVERAGE         86                        79      7       82

PRECIPITATION (IN)
  TODAY            0.00          0.21 1931   0.01  -0.01     0.00
  MONTH TO DATE    T                         0.13  -0.13     0.04
  SINCE OCT 1      5.85                      8.00  -2.15     5.03
  SINCE JAN 1      3.28                      5.55  -2.27     3.09

SNOWFALL (IN)
  TODAY            0.0           0.0  1973  MM               0.0
  MONTH TO DATE    0.0                      MM               0.0
  SINCE JUN 1      0.0                      MM               0.0
  SINCE JUL 1      0.0                      MM               0.0
  SNOW DEPTH       0

DEGREE DAYS
 HEATING
  TODAY            0                         0      0        0
  MONTH TO DATE    0                         0      0        0
  SINCE JUN 1      0                         7     -7        0
  SINCE JUL 1      0                         0      0        0

 COOLING
  TODAY           21                        14      7       17
  MONTH TO DATE  528                       477     51      451
  SINCE JUN 1   1400                      1285    115     1457
  SINCE JAN 1   1525                      1455     70     1676
..................................................................


WIND (MPH)
  HIGHEST WIND SPEED    24   HIGHEST WIND DIRECTION    SW (240)
  HIGHEST GUST SPEED    32   HIGHEST GUST DIRECTION     W (250)
  AVERAGE WIND SPEED    10.7


SKY COVER
  POSSIBLE SUNSHINE  MM
  AVERAGE SKY COVER 0.0


WEATHER CONDITIONS
 THE FOLLOWING WEATHER WAS RECORDED TODAY.
  NO SIGNIFICANT WEATHER WAS OBSERVED.


RELATIVE HUMIDITY (PERCENT)
 HIGHEST    38           500 AM
 LOWEST      9          1200 PM
 AVERAGE    24

..........................................................


THE PALMDALE AIRPORT CA CLIMATE NORMALS FOR TOMORROW
                         NORMAL    RECORD    YEAR
 MAXIMUM TEMPERATURE (F)   96       108      1996
 MINIMUM TEMPERATURE (F)   62        47      1945


SUNRISE AND SUNSET
AUGUST 29 2015........SUNRISE   623 AM PDT   SUNSET   723 PM PDT
AUGUST 30 2015........SUNRISE   624 AM PDT   SUNSET   722 PM PDT


-  INDICATES NEGATIVE NUMBERS.
R  INDICATES RECORD WAS SET OR TIED.
MM INDICATES DATA IS MISSING.
T  INDICATES TRACE AMOUNT.




$$
