000
CDUS44 KMOB 041432 CCA
CLIPNS

CLIMATE REPORT...CORRECTED PEAK GUST
NATIONAL WEATHER SERVICE MOBILE AL
125 AM CDT WED MAY 4 2016


...................................

...THE PENSACOLA CLIMATE SUMMARY FOR MAY 3 2016...

CLIMATE NORMAL PERIOD 1981 TO 2010
CLIMATE RECORD PERIOD 1879 TO 2016


WEATHER ITEM   OBSERVED TIME   RECORD YEAR NORMAL DEPARTURE LAST
                VALUE   (LST)  VALUE       VALUE  FROM      YEAR
                                                  NORMAL
..................................................................
TEMPERATURE (F)
 YESTERDAY
  MAXIMUM         83   1253 PM  90    1951  80      3       78
  MINIMUM         68    414 AM  48    1921  62      6       57
  AVERAGE         76                        71      5       68

PRECIPITATION (IN)
  YESTERDAY        0.38          3.83 1917   0.14   0.24     0.00
  MONTH TO DATE    0.38                      0.39  -0.01     0.00
  SINCE MAR 1     14.03                     10.52   3.51    12.36
  SINCE JAN 1     22.68                     20.21   2.47    22.77

DEGREE DAYS
 COOLING
  YESTERDAY       11                         6      5        3
  MONTH TO DATE   36                        18     18        8
  SINCE MAR 1    263                       152    111      309
  SINCE JAN 1    281                       166    115      316
..................................................................


WIND (MPH)
  HIGHEST WIND SPEED    15   HIGHEST WIND DIRECTION     N (340)
  HIGHEST GUST SPEED    20   HIGHEST GUST DIRECTION    NW (330)
  AVERAGE WIND SPEED     5.1


SKY COVER
  POSSIBLE SUNSHINE  MM
  AVERAGE SKY COVER 0.7


WEATHER CONDITIONS
 THE FOLLOWING WEATHER WAS RECORDED YESTERDAY.
  THUNDERSTORM
  HEAVY RAIN
  RAIN
  LIGHT RAIN
  FOG


RELATIVE HUMIDITY (PERCENT)
 HIGHEST    93           600 AM
 LOWEST     58           100 PM
 AVERAGE    76

..........................................................


THE PENSACOLA CLIMATE NORMALS FOR TODAY
                         NORMAL    RECORD    YEAR
 MAXIMUM TEMPERATURE (F)   80        97      1952
 MINIMUM TEMPERATURE (F)   63        44      1921


SUNRISE AND SUNSET
MAY  4 2016...........SUNRISE   602 AM CDT   SUNSET   729 PM CDT
MAY  5 2016...........SUNRISE   601 AM CDT   SUNSET   730 PM CDT


-  INDICATES NEGATIVE NUMBERS.
R  INDICATES RECORD WAS SET OR TIED.
MM INDICATES DATA IS MISSING.
T  INDICATES TRACE AMOUNT.




$$
