000
CDUS44 KMOB 280645
CLIPNS


CLIMATE REPORT
NATIONAL WEATHER SERVICE MOBILE AL
145 AM CDT WED SEP 28 2016


...................................

...THE PENSACOLA CLIMATE SUMMARY FOR SEPTEMBER 27 2016...

CLIMATE NORMAL PERIOD 1981 TO 2010
CLIMATE RECORD PERIOD 1879 TO 2016


WEATHER ITEM   OBSERVED TIME   RECORD YEAR NORMAL DEPARTURE LAST
                VALUE   (LST)  VALUE       VALUE  FROM      YEAR
                                                  NORMAL
..................................................................
TEMPERATURE (F)
 YESTERDAY
  MAXIMUM         88   1205 PM  93    1984  84      4       83
                                      1895
  MINIMUM         72    415 AM  50    1975  67      5       71
  AVERAGE         80                        76      4       77

PRECIPITATION (IN)
  YESTERDAY        0.02          9.10 1998   0.20  -0.18     0.82
  MONTH TO DATE    3.36                      5.42  -2.06     1.78
  SINCE MAR 1     45.49                     40.50   4.99    37.08
  SINCE JAN 1     54.14                     50.19   3.95    47.49

DEGREE DAYS
 COOLING
  YESTERDAY       15                        11      4       12
  MONTH TO DATE  480                       373    107      394
  SINCE SEP 1    480                       373    107      394
  SINCE JAN 1   2783                      2340    443     2694
..................................................................


WIND (MPH)
  HIGHEST WIND SPEED    14   HIGHEST WIND DIRECTION    SE (140)
  HIGHEST GUST SPEED    18   HIGHEST GUST DIRECTION    SE (140)
  AVERAGE WIND SPEED     3.6


SKY COVER
  POSSIBLE SUNSHINE  MM
  AVERAGE SKY COVER 0.2


WEATHER CONDITIONS
 THE FOLLOWING WEATHER WAS RECORDED YESTERDAY.
  THUNDERSTORM
  LIGHT RAIN


RELATIVE HUMIDITY (PERCENT)
 HIGHEST    93          1200 AM
 LOWEST     59          1200 PM
 AVERAGE    76

..........................................................


THE PENSACOLA CLIMATE NORMALS FOR TODAY
                         NORMAL    RECORD    YEAR
 MAXIMUM TEMPERATURE (F)   84        93      1986
                                             1961
                                             1953
 MINIMUM TEMPERATURE (F)   67        49      1967


SUNRISE AND SUNSET
SEPTEMBER 28 2016.....SUNRISE   641 AM CDT   SUNSET   637 PM CDT
SEPTEMBER 29 2016.....SUNRISE   641 AM CDT   SUNSET   636 PM CDT


-  INDICATES NEGATIVE NUMBERS.
R  INDICATES RECORD WAS SET OR TIED.
MM INDICATES DATA IS MISSING.
T  INDICATES TRACE AMOUNT.




$$
