000
CDUS44 KMOB 292227
CLIPNS


CLIMATE REPORT
NATIONAL WEATHER SERVICE MOBILE AL
526 PM CDT MON JUN 29 2015


...................................

...THE PENSACOLA CLIMATE SUMMARY FOR JUNE 29 2015...
VALID TODAY AS OF 0500 PM LOCAL TIME.

CLIMATE NORMAL PERIOD 1981 TO 2010
CLIMATE RECORD PERIOD 1879 TO 2015


WEATHER ITEM   OBSERVED TIME   RECORD YEAR NORMAL DEPARTURE LAST
                VALUE   (LST)  VALUE       VALUE  FROM      YEAR
                                                  NORMAL
..................................................................
TEMPERATURE (F)
 TODAY
  MAXIMUM         89    249 PM 101    1954  90     -1       92
  MINIMUM         73    450 AM  65    1966  74     -1       76
  AVERAGE         81                        82     -1       84

PRECIPITATION (IN)
  TODAY            0.00         10.10 1887   0.25  -0.25     0.00
  MONTH TO DATE    4.10                      6.36  -2.26     3.26
  SINCE MAR 1     21.59                     20.67   0.92    48.41
  SINCE JAN 1     32.00                     30.36   1.64    59.74

DEGREE DAYS
 COOLING
  TODAY           16                        17     -1       19
  MONTH TO DATE  464                       448     16      459
  SINCE JUN 1    464                       448     16      459
  SINCE JAN 1   1117                       896    221      910
..................................................................


WIND (MPH)
  HIGHEST WIND SPEED    17   HIGHEST WIND DIRECTION     W (270)
  HIGHEST GUST SPEED    24   HIGHEST GUST DIRECTION     W (260)
  AVERAGE WIND SPEED     6.6


SKY COVER
  POSSIBLE SUNSHINE  MM
  AVERAGE SKY COVER 0.4


WEATHER CONDITIONS
 THE FOLLOWING WEATHER WAS RECORDED TODAY.
  NO SIGNIFICANT WEATHER WAS OBSERVED.


RELATIVE HUMIDITY (PERCENT)
 HIGHEST    94           100 AM
 LOWEST     55          1200 PM
 AVERAGE    75

..........................................................


THE PENSACOLA CLIMATE NORMALS FOR TOMORROW
                         NORMAL    RECORD    YEAR
 MAXIMUM TEMPERATURE (F)   90       101      1894
 MINIMUM TEMPERATURE (F)   74        64      1923


SUNRISE AND SUNSET
JUNE 29 2015..........SUNRISE   549 AM CDT   SUNSET   755 PM CDT
JUNE 30 2015..........SUNRISE   550 AM CDT   SUNSET   755 PM CDT


-  INDICATES NEGATIVE NUMBERS.
R  INDICATES RECORD WAS SET OR TIED.
MM INDICATES DATA IS MISSING.
T  INDICATES TRACE AMOUNT.




$$
