000
CDUS44 KMOB 210645
CLIPNS


CLIMATE REPORT
NATIONAL WEATHER SERVICE MOBILE AL
145 AM CDT SAT OCT 21 2017


...................................

...THE PENSACOLA CLIMATE SUMMARY FOR OCTOBER 20 2017...

CLIMATE NORMAL PERIOD 1981 TO 2010
CLIMATE RECORD PERIOD 1879 TO 2017


WEATHER ITEM   OBSERVED TIME   RECORD YEAR NORMAL DEPARTURE LAST
                VALUE   (LST)  VALUE       VALUE  FROM      YEAR
                                                  NORMAL
..................................................................
TEMPERATURE (F)
 YESTERDAY
  MAXIMUM         85   1245 PM  89    2016  78      7       89
                                      2004
  MINIMUM         66    635 AM  35    1989  59      7       69
  AVERAGE         76                        68      8       79

PRECIPITATION (IN)
  YESTERDAY        0.00          5.47 1909   0.17  -0.17     0.00
  MONTH TO DATE    4.74                      3.41   1.33      T
  SINCE MAR 1     67.25                     44.47  22.78    45.49
  SINCE JAN 1     82.60                     54.16  28.44    54.14

DEGREE DAYS
 HEATING
  YESTERDAY        0                         1     -1        0
  MONTH TO DATE    0                        10    -10        0
  SINCE SEP 1      0                        11    -11        0
  SINCE JUL 1      0                        11    -11        0

 COOLING
  YESTERDAY       11                         5      6       14
  MONTH TO DATE  271                       138    133      234
  SINCE SEP 1    745                       541    204      750
  SINCE JAN 1   3224                      2508    716     3053
..................................................................


WIND (MPH)
  HIGHEST WIND SPEED    14   HIGHEST WIND DIRECTION    SE (130)
  HIGHEST GUST SPEED    18   HIGHEST GUST DIRECTION    SE (120)
  AVERAGE WIND SPEED     5.4


SKY COVER
  POSSIBLE SUNSHINE  MM
  AVERAGE SKY COVER 0.1


WEATHER CONDITIONS
 THE FOLLOWING WEATHER WAS RECORDED YESTERDAY.
  NO SIGNIFICANT WEATHER WAS OBSERVED.


RELATIVE HUMIDITY (PERCENT)
 HIGHEST    73          1200 AM
 LOWEST     37          1200 PM
 AVERAGE    55

..........................................................


THE PENSACOLA CLIMATE NORMALS FOR TODAY
                         NORMAL    RECORD    YEAR
 MAXIMUM TEMPERATURE (F)   78        88      2005
                                             1963
 MINIMUM TEMPERATURE (F)   59        34      1989


SUNRISE AND SUNSET
OCTOBER 21 2017.......SUNRISE   655 AM CDT   SUNSET   611 PM CDT
OCTOBER 22 2017.......SUNRISE   656 AM CDT   SUNSET   610 PM CDT


-  INDICATES NEGATIVE NUMBERS.
R  INDICATES RECORD WAS SET OR TIED.
MM INDICATES DATA IS MISSING.
T  INDICATES TRACE AMOUNT.




$$
