000
CDUS44 KMOB 140640
CLIPNS


CLIMATE REPORT
NATIONAL WEATHER SERVICE MOBILE AL
1239 AM CST THU DEC 14 2017


...................................

...THE PENSACOLA CLIMATE SUMMARY FOR DECEMBER 13 2017...

CLIMATE NORMAL PERIOD 1981 TO 2010
CLIMATE RECORD PERIOD 1879 TO 2017


WEATHER ITEM   OBSERVED TIME   RECORD YEAR NORMAL DEPARTURE LAST
                VALUE   (LST)  VALUE       VALUE  FROM      YEAR
                                                  NORMAL
..................................................................
TEMPERATURE (F)
 YESTERDAY
  MAXIMUM         57    347 PM  80    2016  63     -6       80
  MINIMUM         37    653 AM  11    1962  45     -8       65
  AVERAGE         47                        54     -7       73

PRECIPITATION (IN)
  YESTERDAY        0.00          4.23 1885   0.15  -0.15     0.95
  MONTH TO DATE    3.02                      2.02   1.00     7.04
  SINCE MAR 1     75.92                     53.05  22.87    53.39
  SINCE JAN 1     91.27                     62.74  28.53    62.04

SNOWFALL (IN)
  YESTERDAY        0.0           0.0  2002   0.0    0.0      0.0
                                      2001
                                      2000
  MONTH TO DATE    T                         0.0    0.0      0.0
  SINCE MAR 1      T                         0.0    0.0      0.0
  SINCE JUL 1      T                         0.0    0.0      0.0
  SNOW DEPTH       0

DEGREE DAYS
 HEATING
  YESTERDAY       18                        12      6        0
  MONTH TO DATE  146                       135     11       88
  SINCE DEC 1    146                       135     11       88
  SINCE JUL 1    281                       347    -66      157

 COOLING
  YESTERDAY        0                         0      0        8
  MONTH TO DATE   10                         7      3       17
  SINCE DEC 1     10                         7      3       17
  SINCE JAN 1   3343                      2603    740     3225
..................................................................


WIND (MPH)
  HIGHEST WIND SPEED    14   HIGHEST WIND DIRECTION    SW (220)
  HIGHEST GUST SPEED    17   HIGHEST GUST DIRECTION    SW (230)
  AVERAGE WIND SPEED     7.0


SKY COVER
  POSSIBLE SUNSHINE  MM
  AVERAGE SKY COVER 0.0


WEATHER CONDITIONS
 THE FOLLOWING WEATHER WAS RECORDED YESTERDAY.
  NO SIGNIFICANT WEATHER WAS OBSERVED.


RELATIVE HUMIDITY (PERCENT)
 HIGHEST    70           200 AM
 LOWEST     32           100 PM
 AVERAGE    51

..........................................................


THE PENSACOLA CLIMATE NORMALS FOR TODAY
                         NORMAL    RECORD    YEAR
 MAXIMUM TEMPERATURE (F)   63        77      2013
                                             1921
 MINIMUM TEMPERATURE (F)   45        25      2010
                                             1962


SUNRISE AND SUNSET
DECEMBER 14 2017......SUNRISE   638 AM CST   SUNSET   450 PM CST
DECEMBER 15 2017......SUNRISE   638 AM CST   SUNSET   450 PM CST


-  INDICATES NEGATIVE NUMBERS.
R  INDICATES RECORD WAS SET OR TIED.
MM INDICATES DATA IS MISSING.
T  INDICATES TRACE AMOUNT.




$$
