070
CDUS44 KMOB 270634
CLIPNS


CLIMATE REPORT
NATIONAL WEATHER SERVICE MOBILE AL
133 AM CDT FRI MAY 27 2016


...................................

...THE PENSACOLA CLIMATE SUMMARY FOR MAY 26 2016...

CLIMATE NORMAL PERIOD 1981 TO 2010
CLIMATE RECORD PERIOD 1879 TO 2016


WEATHER ITEM   OBSERVED TIME   RECORD YEAR NORMAL DEPARTURE LAST
                VALUE   (LST)  VALUE       VALUE  FROM      YEAR
                                                  NORMAL
..................................................................
TEMPERATURE (F)
 YESTERDAY
  MAXIMUM         86    250 PM  98    2012  86      0       80
                                      1953
  MINIMUM         73    156 AM  48    1979  69      4       69
  AVERAGE         80                        77      3       75

PRECIPITATION (IN)
  YESTERDAY        0.00          2.92 1981   0.14  -0.14     2.36
  MONTH TO DATE    1.88                      3.46  -1.58     5.13
  SINCE MAR 1     15.53                     13.59   1.94    17.49
  SINCE JAN 1     24.18                     23.28   0.90    27.90

DEGREE DAYS
 COOLING
  YESTERDAY       15                        12      3       10
  MONTH TO DATE  273                       234     39      284
  SINCE MAR 1    500                       368    132      585
  SINCE JAN 1    518                       382    136      592
..................................................................


WIND (MPH)
  HIGHEST WIND SPEED    17   HIGHEST WIND DIRECTION    SE (130)
  HIGHEST GUST SPEED    26   HIGHEST GUST DIRECTION    SE (140)
  AVERAGE WIND SPEED     9.0


SKY COVER
  POSSIBLE SUNSHINE  MM
  AVERAGE SKY COVER 0.3


WEATHER CONDITIONS
 THE FOLLOWING WEATHER WAS RECORDED YESTERDAY.
  NO SIGNIFICANT WEATHER WAS OBSERVED.


RELATIVE HUMIDITY (PERCENT)
 HIGHEST    87           500 AM
 LOWEST     59           200 PM
 AVERAGE    73

..........................................................


THE PENSACOLA CLIMATE NORMALS FOR TODAY
                         NORMAL    RECORD    YEAR
 MAXIMUM TEMPERATURE (F)   86       102      1953
 MINIMUM TEMPERATURE (F)   69        50      1961


SUNRISE AND SUNSET
MAY 27 2016...........SUNRISE   548 AM CDT   SUNSET   744 PM CDT
MAY 28 2016...........SUNRISE   548 AM CDT   SUNSET   744 PM CDT


-  INDICATES NEGATIVE NUMBERS.
R  INDICATES RECORD WAS SET OR TIED.
MM INDICATES DATA IS MISSING.
T  INDICATES TRACE AMOUNT.




$$
