000
CDUS44 KMOB 310658
CLIPNS


CLIMATE REPORT
NATIONAL WEATHER SERVICE MOBILE AL
157 AM CDT WED AUG 31 2016


...................................

...THE PENSACOLA CLIMATE SUMMARY FOR AUGUST 30 2016...

CLIMATE NORMAL PERIOD 1981 TO 2010
CLIMATE RECORD PERIOD 1879 TO 2016


WEATHER ITEM   OBSERVED TIME   RECORD YEAR NORMAL DEPARTURE LAST
                VALUE   (LST)  VALUE       VALUE  FROM      YEAR
                                                  NORMAL
..................................................................
TEMPERATURE (F)
 YESTERDAY
  MAXIMUM         94    227 PM 103    1951  89      5       89
  MINIMUM         77    551 AM  62    1992  74      3       70
  AVERAGE         86                        81      5       80

PRECIPITATION (IN)
  YESTERDAY        0.00          6.29 1950   0.19  -0.19     0.03
  MONTH TO DATE   12.04                      6.57   5.47     6.71
  SINCE MAR 1     42.13                     34.89   7.24    35.30
  SINCE JAN 1     50.78                     44.58   6.20    45.71

DEGREE DAYS
 COOLING
  YESTERDAY       21                        16      5       15
  MONTH TO DATE  556                       507     49      535
  SINCE JUN 1   1687                      1505    182     1629
  SINCE JAN 1   2283                      1953    330     2282
..................................................................


WIND (MPH)
  HIGHEST WIND SPEED    13   HIGHEST WIND DIRECTION     E (80)
  HIGHEST GUST SPEED    18   HIGHEST GUST DIRECTION     E (80)
  AVERAGE WIND SPEED     6.6


SKY COVER
  POSSIBLE SUNSHINE  MM
  AVERAGE SKY COVER 0.1


WEATHER CONDITIONS
 THE FOLLOWING WEATHER WAS RECORDED YESTERDAY.
  NO SIGNIFICANT WEATHER WAS OBSERVED.


RELATIVE HUMIDITY (PERCENT)
 HIGHEST    79           300 AM
 LOWEST     46           400 PM
 AVERAGE    63

..........................................................


THE PENSACOLA CLIMATE NORMALS FOR TODAY
                         NORMAL    RECORD    YEAR
 MAXIMUM TEMPERATURE (F)   89       101      1954
 MINIMUM TEMPERATURE (F)   74        64      1986
                                             1946


SUNRISE AND SUNSET
AUGUST 31 2016........SUNRISE   625 AM CDT   SUNSET   712 PM CDT
SEPTEMBER  1 2016.....SUNRISE   626 AM CDT   SUNSET   711 PM CDT


-  INDICATES NEGATIVE NUMBERS.
R  INDICATES RECORD WAS SET OR TIED.
MM INDICATES DATA IS MISSING.
T  INDICATES TRACE AMOUNT.




$$
