000
CDUS44 KMOB 300645
CLIPNS


CLIMATE REPORT
NATIONAL WEATHER SERVICE MOBILE AL
1245 AM CST FRI JAN 30 2015


...................................

...THE PENSACOLA CLIMATE SUMMARY FOR JANUARY 29 2015...

CLIMATE NORMAL PERIOD 1981 TO 2010
CLIMATE RECORD PERIOD 1879 TO 2015


WEATHER ITEM   OBSERVED TIME   RECORD YEAR NORMAL DEPARTURE LAST
                VALUE   (LST)  VALUE       VALUE  FROM      YEAR
                                                  NORMAL
..................................................................
TEMPERATURE (F)
 YESTERDAY
  MAXIMUM         68    218 PM  79    1974  61      7       30
  MINIMUM         44    622 AM  17    1966  43      1       23
  AVERAGE         56                        52      4       27

PRECIPITATION (IN)
  YESTERDAY        0.00          3.16 1991   0.16  -0.16     0.04
  MONTH TO DATE    6.47                      4.30   2.17     3.45
  SINCE MAR 1     78.31                     59.88  18.43    63.79
  SINCE JAN 1      6.47                      4.30   2.17     3.45

SNOWFALL (IN)
  YESTERDAY        0.0          MM      MM   0.0    0.0       T
  MONTH TO DATE    0.0                       0.0    0.0      1.0
  SINCE MAR 1      0.0                       0.0    0.0      1.0
  SINCE JUL 1      0.0                       0.0    0.0      1.0
  SNOW DEPTH       0

DEGREE DAYS
 HEATING
  YESTERDAY        9                        13     -4       38
  MONTH TO DATE  397                       402     -5      528
  SINCE DEC 1    670                       772   -102      818
  SINCE JUL 1    997                       984     13     1023

 COOLING
  YESTERDAY        0                         0      0        0
  MONTH TO DATE    3                         0      3        0
  SINCE DEC 1     16                        13      3       38
  SINCE JAN 1      3                         0      3        0
..................................................................


WIND (MPH)
  HIGHEST WIND SPEED    17   HIGHEST WIND DIRECTION     S (190)
  HIGHEST GUST SPEED    22   HIGHEST GUST DIRECTION    SE (150)
  AVERAGE WIND SPEED     8.5


SKY COVER
  POSSIBLE SUNSHINE  MM
  AVERAGE SKY COVER 0.1


WEATHER CONDITIONS
 THE FOLLOWING WEATHER WAS RECORDED YESTERDAY.
  NO SIGNIFICANT WEATHER WAS OBSERVED.


RELATIVE HUMIDITY (PERCENT)
 HIGHEST    89           500 AM
 LOWEST     55           100 PM
 AVERAGE    72

..........................................................


THE PENSACOLA CLIMATE NORMALS FOR TODAY
                         NORMAL    RECORD    YEAR
 MAXIMUM TEMPERATURE (F)   61        78      1974
                                             1957
                                             1950
 MINIMUM TEMPERATURE (F)   43        11      1966


SUNRISE AND SUNSET
JANUARY 30 2015.......SUNRISE   641 AM CST   SUNSET   523 PM CST
JANUARY 31 2015.......SUNRISE   641 AM CST   SUNSET   524 PM CST


-  INDICATES NEGATIVE NUMBERS.
R  INDICATES RECORD WAS SET OR TIED.
MM INDICATES DATA IS MISSING.
T  INDICATES TRACE AMOUNT.




$$
