000
CDUS44 KMOB 290645
CLIPNS


CLIMATE REPORT
NATIONAL WEATHER SERVICE MOBILE AL
145 AM CDT SUN MAR 29 2015


...................................

...THE PENSACOLA CLIMATE SUMMARY FOR MARCH 28 2015...

CLIMATE NORMAL PERIOD 1981 TO 2010
CLIMATE RECORD PERIOD 1879 TO 2015


WEATHER ITEM   OBSERVED TIME   RECORD YEAR NORMAL DEPARTURE LAST
                VALUE   (LST)  VALUE       VALUE  FROM      YEAR
                                                  NORMAL
..................................................................
TEMPERATURE (F)
 YESTERDAY
  MAXIMUM         65    322 PM  83    2009  72     -7       65
  MINIMUM         42    614 AM  34    1937  53    -11       59
  AVERAGE         54                        63     -9       62

PRECIPITATION (IN)
  YESTERDAY        0.00          4.01 2014   0.18  -0.18     4.01
  MONTH TO DATE    2.38                      5.27  -2.89     8.27
  SINCE MAR 1      2.38                      5.27  -2.89     8.27
  SINCE JAN 1     12.79                     14.96  -2.17    19.60

SNOWFALL (IN)
  YESTERDAY        0.0          MM      MM   0.0    0.0      0.0
  MONTH TO DATE    0.0                       0.0    0.0      0.0
  SINCE MAR 1      0.0                       0.0    0.0      0.0
  SINCE JUL 1      0.0                       0.0    0.0      1.0
  SNOW DEPTH       0

DEGREE DAYS
 HEATING
  YESTERDAY       11                         4      7        3
  MONTH TO DATE   90                       166    -76      193
  SINCE MAR 1     90                       166    -76      193
  SINCE JUL 1   1533                      1474     59     1530

 COOLING
  YESTERDAY        0                         2     -2        0
  MONTH TO DATE   86                        28     58        6
  SINCE MAR 1     86                        28     58        6
  SINCE JAN 1     93                        42     51       21
..................................................................


WIND (MPH)
  HIGHEST WIND SPEED    17   HIGHEST WIND DIRECTION    NW (330)
  HIGHEST GUST SPEED    29   HIGHEST GUST DIRECTION    NW (330)
  AVERAGE WIND SPEED     6.5


SKY COVER
  POSSIBLE SUNSHINE  MM
  AVERAGE SKY COVER 0.0


WEATHER CONDITIONS
 THE FOLLOWING WEATHER WAS RECORDED YESTERDAY.
  NO SIGNIFICANT WEATHER WAS OBSERVED.


RELATIVE HUMIDITY (PERCENT)
 HIGHEST    76           400 AM
 LOWEST     30           100 PM
 AVERAGE    53

..........................................................


THE PENSACOLA CLIMATE NORMALS FOR TODAY
                         NORMAL    RECORD    YEAR
 MAXIMUM TEMPERATURE (F)   72        83      1974
                                             1884
 MINIMUM TEMPERATURE (F)   54        34      1955


SUNRISE AND SUNSET
MARCH 29 2015.........SUNRISE   642 AM CDT   SUNSET   706 PM CDT
MARCH 30 2015.........SUNRISE   641 AM CDT   SUNSET   706 PM CDT


-  INDICATES NEGATIVE NUMBERS.
R  INDICATES RECORD WAS SET OR TIED.
MM INDICATES DATA IS MISSING.
T  INDICATES TRACE AMOUNT.




$$
