000
CDUS44 KMOB 260645
CLIPNS


CLIMATE REPORT
NATIONAL WEATHER SERVICE MOBILE AL
1245 AM CST SUN FEB 26 2017


...................................

...THE PENSACOLA CLIMATE SUMMARY FOR FEBRUARY 25 2017...

CLIMATE NORMAL PERIOD 1981 TO 2010
CLIMATE RECORD PERIOD 1879 TO 2017


WEATHER ITEM   OBSERVED TIME   RECORD YEAR NORMAL DEPARTURE LAST
                VALUE   (LST)  VALUE       VALUE  FROM      YEAR
                                                  NORMAL
..................................................................
TEMPERATURE (F)
 YESTERDAY
  MAXIMUM         76    324 PM  82    2011  66     10       66
  MINIMUM         53   1159 PM  27    1989  48      5       43
  AVERAGE         65                        57      8       55

PRECIPITATION (IN)
  YESTERDAY        T             3.65 2013   0.18  -0.18     0.00
  MONTH TO DATE    3.62                      4.51  -0.89     4.71
  SINCE MAR 1     71.32                     64.72   6.60    73.92
  SINCE JAN 1     15.35                      9.14   6.21     8.65

SNOWFALL (IN)
  YESTERDAY        0.0          MM      MM   0.0    0.0      0.0
  MONTH TO DATE    0.0                       0.0    0.0      0.0
  SINCE MAR 1      0.0                       0.0    0.0      0.0
  SINCE JUL 1      0.0                       0.0    0.0      0.0
  SNOW DEPTH       0

DEGREE DAYS
 HEATING
  YESTERDAY        0                         9     -9       10
  MONTH TO DATE   74                       273   -199      211
  SINCE DEC 1    457                      1072   -615      763
  SINCE JUL 1    526                      1284   -758      840

 COOLING
  YESTERDAY        0                         0      0        0
  MONTH TO DATE   40                         0     40       18
  SINCE DEC 1    151                        19    132       93
  SINCE JAN 1    104                         6     98       18
..................................................................


WIND (MPH)
  HIGHEST WIND SPEED    22   HIGHEST WIND DIRECTION     N (340)
  HIGHEST GUST SPEED    28   HIGHEST GUST DIRECTION    NW (330)
  AVERAGE WIND SPEED    12.1


SKY COVER
  POSSIBLE SUNSHINE  MM
  AVERAGE SKY COVER 0.2


WEATHER CONDITIONS
 THE FOLLOWING WEATHER WAS RECORDED YESTERDAY.
  LIGHT RAIN


RELATIVE HUMIDITY (PERCENT)
 HIGHEST    90           100 AM
 LOWEST     16           100 PM
 AVERAGE    53

..........................................................


THE PENSACOLA CLIMATE NORMALS FOR TODAY
                         NORMAL    RECORD    YEAR
 MAXIMUM TEMPERATURE (F)   66        82      1972
 MINIMUM TEMPERATURE (F)   48        26      1967


SUNRISE AND SUNSET
FEBRUARY 26 2017......SUNRISE   618 AM CST   SUNSET   546 PM CST
FEBRUARY 27 2017......SUNRISE   617 AM CST   SUNSET   546 PM CST


-  INDICATES NEGATIVE NUMBERS.
R  INDICATES RECORD WAS SET OR TIED.
MM INDICATES DATA IS MISSING.
T  INDICATES TRACE AMOUNT.




$$
