000
CDUS44 KMOB 190645
CLIPNS


CLIMATE REPORT
NATIONAL WEATHER SERVICE MOBILE AL
145 AM CDT SAT AUG 19 2017


...................................

...THE PENSACOLA CLIMATE SUMMARY FOR AUGUST 18 2017...

CLIMATE NORMAL PERIOD 1981 TO 2010
CLIMATE RECORD PERIOD 1879 TO 2017


WEATHER ITEM   OBSERVED TIME   RECORD YEAR NORMAL DEPARTURE LAST
                VALUE   (LST)  VALUE       VALUE  FROM      YEAR
                                                  NORMAL
..................................................................
TEMPERATURE (F)
 YESTERDAY
  MAXIMUM         95    120 PM  98    1993  89      6       90
                                      1990
  MINIMUM         79   1159 PM  66    2004  74      5       77
  AVERAGE         87                        82      5       84

PRECIPITATION (IN)
  YESTERDAY        T             3.46 2013   0.20  -0.20     0.00
  MONTH TO DATE   12.47                      4.15   8.32     9.73
  SINCE MAR 1     51.53                     32.47  19.06    39.82
  SINCE JAN 1     66.88                     42.16  24.72    48.47

DEGREE DAYS
 COOLING
  YESTERDAY       22                        17      5       19
  MONTH TO DATE  339                       306     33      322
  SINCE JUN 1   1430                      1304    126     1453
  SINCE JAN 1   2226                      1752    474     2049
..................................................................


WIND (MPH)
  HIGHEST WIND SPEED    21   HIGHEST WIND DIRECTION     S (180)
  HIGHEST GUST SPEED    25   HIGHEST GUST DIRECTION     S (180)
  AVERAGE WIND SPEED     7.6


SKY COVER
  POSSIBLE SUNSHINE  MM
  AVERAGE SKY COVER 0.2


WEATHER CONDITIONS
 THE FOLLOWING WEATHER WAS RECORDED YESTERDAY.
  THUNDERSTORM
  RAIN


RELATIVE HUMIDITY (PERCENT)
 HIGHEST    85           300 AM
 LOWEST     52           100 PM
 AVERAGE    69

..........................................................


THE PENSACOLA CLIMATE NORMALS FOR TODAY
                         NORMAL    RECORD    YEAR
 MAXIMUM TEMPERATURE (F)   89       102      2000
 MINIMUM TEMPERATURE (F)   74        67      1976


SUNRISE AND SUNSET
AUGUST 19 2017........SUNRISE   618 AM CDT   SUNSET   726 PM CDT
AUGUST 20 2017........SUNRISE   619 AM CDT   SUNSET   725 PM CDT


-  INDICATES NEGATIVE NUMBERS.
R  INDICATES RECORD WAS SET OR TIED.
MM INDICATES DATA IS MISSING.
T  INDICATES TRACE AMOUNT.




$$
