000
CDUS44 KMOB 282234
CLIPNS


CLIMATE REPORT
NATIONAL WEATHER SERVICE MOBILE AL
532 PM CDT THU MAY 28 2015


...................................

...THE PENSACOLA CLIMATE SUMMARY FOR MAY 28 2015...
VALID TODAY AS OF 0500 PM LOCAL TIME.

CLIMATE NORMAL PERIOD 1981 TO 2010
CLIMATE RECORD PERIOD 1879 TO 2015


WEATHER ITEM   OBSERVED TIME   RECORD YEAR NORMAL DEPARTURE LAST
                VALUE   (LST)  VALUE       VALUE  FROM      YEAR
                                                  NORMAL
..................................................................
TEMPERATURE (F)
 TODAY
  MAXIMUM         83    344 PM  98    2012  86     -3       86
  MINIMUM         72    616 AM  55    1961  69      3       71
  AVERAGE         78                        78      0       79

PRECIPITATION (IN)
  TODAY            0.00          2.66 1948   0.14  -0.14     1.57
  MONTH TO DATE    5.13                      3.73   1.40     4.12
  SINCE MAR 1     17.49                     13.86   3.63    43.43
  SINCE JAN 1     27.90                     23.55   4.35    54.76

DEGREE DAYS
 COOLING
  TODAY           13                        13      0       14
  MONTH TO DATE  308                       259     49      270
  SINCE MAR 1    609                       393    216      404
  SINCE JAN 1    616                       407    209      419
..................................................................


WIND (MPH)
  HIGHEST WIND SPEED    13   HIGHEST WIND DIRECTION     S (200)
  HIGHEST GUST SPEED    17   HIGHEST GUST DIRECTION     S (170)
  AVERAGE WIND SPEED     7.4


SKY COVER
  POSSIBLE SUNSHINE  MM
  AVERAGE SKY COVER 0.4


WEATHER CONDITIONS
 THE FOLLOWING WEATHER WAS RECORDED TODAY.
  THUNDERSTORM


RELATIVE HUMIDITY (PERCENT)
 HIGHEST   100           200 AM
 LOWEST     69           300 PM
 AVERAGE    85

..........................................................


THE PENSACOLA CLIMATE NORMALS FOR TOMORROW
                         NORMAL    RECORD    YEAR
 MAXIMUM TEMPERATURE (F)   86        98      2012
 MINIMUM TEMPERATURE (F)   69        58      1988
                                             1984


SUNRISE AND SUNSET
MAY 28 2015...........SUNRISE   548 AM CDT   SUNSET   744 PM CDT
MAY 29 2015...........SUNRISE   548 AM CDT   SUNSET   745 PM CDT


-  INDICATES NEGATIVE NUMBERS.
R  INDICATES RECORD WAS SET OR TIED.
MM INDICATES DATA IS MISSING.
T  INDICATES TRACE AMOUNT.




$$
