000
CDUS44 KMOB 210645
CLIPNS


CLIMATE REPORT
NATIONAL WEATHER SERVICE MOBILE AL
1245 AM CST SAT JAN 21 2017


...................................

...THE PENSACOLA CLIMATE SUMMARY FOR JANUARY 20 2017...

CLIMATE NORMAL PERIOD 1981 TO 2010
CLIMATE RECORD PERIOD 1879 TO 2017


WEATHER ITEM   OBSERVED TIME   RECORD YEAR NORMAL DEPARTURE LAST
                VALUE   (LST)  VALUE       VALUE  FROM      YEAR
                                                  NORMAL
..................................................................
TEMPERATURE (F)
 YESTERDAY
  MAXIMUM         77R  1109 AM  76    1974  61     16       68
  MINIMUM         64    621 AM  11    1985  42     22       41
  AVERAGE         71                        51     20       55

PRECIPITATION (IN)
  YESTERDAY        0.11          2.02 1958   0.16  -0.05     0.01
  MONTH TO DATE   10.10                      2.85   7.25     1.31
  SINCE MAR 1     66.07                     58.43   7.64    66.58
  SINCE JAN 1     10.10                      2.85   7.25     1.31

SNOWFALL (IN)
  YESTERDAY        0.0          MM      MM   0.0    0.0      0.0
  MONTH TO DATE    0.0                       0.0    0.0      0.0
  SINCE MAR 1      0.0                       0.0    0.0      0.0
  SINCE JUL 1      0.0                       0.0    0.0      0.0
  SNOW DEPTH       0

DEGREE DAYS
 HEATING
  YESTERDAY        0                        14    -14       10
  MONTH TO DATE  118                       280   -162      301
  SINCE DEC 1    312                       650   -338      418
  SINCE JUL 1    381                       862   -481      495

 COOLING
  YESTERDAY        6                         0      6        0
  MONTH TO DATE   60                         0     60        0
  SINCE DEC 1    107                        13     94       75
  SINCE JAN 1     60                         0     60        0
..................................................................


WIND (MPH)
  HIGHEST WIND SPEED    18   HIGHEST WIND DIRECTION    SW (230)
  HIGHEST GUST SPEED    24   HIGHEST GUST DIRECTION     S (180)
  AVERAGE WIND SPEED     7.5


SKY COVER
  POSSIBLE SUNSHINE  MM
  AVERAGE SKY COVER 0.6


WEATHER CONDITIONS
 THE FOLLOWING WEATHER WAS RECORDED YESTERDAY.
  HEAVY RAIN
  LIGHT RAIN
  FOG
  FOG W/VISIBILITY <= 1/4 MILE


RELATIVE HUMIDITY (PERCENT)
 HIGHEST    93           100 AM
 LOWEST     79          1100 AM
 AVERAGE    86

..........................................................


THE PENSACOLA CLIMATE NORMALS FOR TODAY
                         NORMAL    RECORD    YEAR
 MAXIMUM TEMPERATURE (F)   61        78      1993
 MINIMUM TEMPERATURE (F)   42         5      1985


SUNRISE AND SUNSET
JANUARY 21 2017.......SUNRISE   645 AM CST   SUNSET   516 PM CST
JANUARY 22 2017.......SUNRISE   644 AM CST   SUNSET   517 PM CST


-  INDICATES NEGATIVE NUMBERS.
R  INDICATES RECORD WAS SET OR TIED.
MM INDICATES DATA IS MISSING.
T  INDICATES TRACE AMOUNT.




$$
