000
CDUS41 KALY 210622
CLIPOU


CLIMATE REPORT
NATIONAL WEATHER SERVICE ALBANY NY
222 AM EDT MON APR 21 2014




THE POUGHKEEPSIE NY CLIMATE SUMMARY FOR APRIL 20 2014...

CLIMATE NORMAL PERIOD 1981 TO 2010
CLIMATE RECORD PERIOD 1949 TO 2014


WEATHER ITEM   OBSERVED TIME   RECORD YEAR NORMAL DEPARTURE LAST
                VALUE   (LST)  VALUE       VALUE  FROM      YEAR
                                                  NORMAL

TEMPERATURE (F)
 YESTERDAY
  MAXIMUM         63    252 PM  86    2005  63      0       59
  MINIMUM         32    529 AM  24    1961  38     -6       38
  AVERAGE         48                        50     -2       49

PRECIPITATION (IN)
  YESTERDAY        0.00          1.39 1972   0.11  -0.11     0.26
  MONTH TO DATE    1.72                      2.53  -0.81     1.32
  SINCE MAR 1      4.47                      6.10  -1.63     2.80
  SINCE JAN 1      8.75                     11.84  -3.09     6.46

DEGREE DAYS
 HEATING
  YESTERDAY       17                        15      2       16
  MONTH TO DATE  330                       365    -35      330
  SINCE MAR 1   1357                      1239    118     1198
  SINCE JUL 1   6060                      5810    250     5319

 COOLING
  YESTERDAY        0                         0      0        0
  MONTH TO DATE    6                         0      6        0
  SINCE MAR 1      6                         0      6        0
  SINCE JAN 1      6                         0      6        0



WIND (MPH)
  HIGHEST WIND SPEED    10   HIGHEST WIND DIRECTION    SW (220)
  HIGHEST GUST SPEED    19   HIGHEST GUST DIRECTION     W (260)
  AVERAGE WIND SPEED     3.5


SKY COVER
  AVERAGE SKY COVER 0.0



RELATIVE HUMIDITY (PERCENT)
 HIGHEST    78           500 AM
 LOWEST     22           200 PM
 AVERAGE    50




THE POUGHKEEPSIE NY CLIMATE NORMALS FOR TODAY
                         NORMAL    RECORD    YEAR
 MAXIMUM TEMPERATURE (F)   63        84      1985
 MINIMUM TEMPERATURE (F)   39        27      1981


SUNRISE AND SUNSET
APRIL 21 2014.........SUNRISE   606 AM EDT   SUNSET   743 PM EDT
APRIL 22 2014.........SUNRISE   605 AM EDT   SUNSET   744 PM EDT


-  INDICATES NEGATIVE NUMBERS.
R  INDICATES RECORD WAS SET OR TIED.
MM INDICATES DATA IS MISSING.
T  INDICATES TRACE AMOUNT.





RECORDS FOR KPOU DATE BACK TO 1949...
HOWEVER...DATA IS MISSING FROM JANUARY 1993 - JULY 2000.
$$
