000
CDUS41 KALY 230623
CLIPOU


CLIMATE REPORT
NATIONAL WEATHER SERVICE ALBANY NY
122 AM EST SUN NOV 23 2014


...................................

...THE POUGHKEEPSIE NY CLIMATE SUMMARY FOR NOVEMBER 22 2014...

CLIMATE NORMAL PERIOD 1981 TO 2010
CLIMATE RECORD PERIOD 1949 TO 2014


WEATHER ITEM   OBSERVED TIME   RECORD YEAR NORMAL DEPARTURE LAST
                VALUE   (LST)  VALUE       VALUE  FROM      YEAR
                                                  NORMAL
..................................................................
TEMPERATURE (F)
 YESTERDAY
  MAXIMUM         43   1159 PM  65    2007  50     -7       54
  MINIMUM         22    707 AM  14    1984  30     -8       42
  AVERAGE         33                        40     -7       48

PRECIPITATION (IN)
  YESTERDAY        0.00          1.74 1991   0.12  -0.12     0.14
  MONTH TO DATE    1.07                      2.52  -1.45     0.81
  SINCE SEP 1      5.35                     11.27  -5.92     4.74
  SINCE JAN 1     30.02                     42.05 -12.03    34.96

DEGREE DAYS
 HEATING
  YESTERDAY       32                        25      7       17
  MONTH TO DATE  537                       485     52      482
  SINCE SEP 1    941                      1044   -103      967
  SINCE JUL 1    946                      1061   -115      970

 COOLING
  YESTERDAY        0                         0      0        0
  MONTH TO DATE    0                         0      0        0
  SINCE SEP 1     99                        68     31       72
  SINCE JAN 1    696                       672     24      829
..................................................................


WIND (MPH)
  HIGHEST WIND SPEED    16   HIGHEST WIND DIRECTION    SW (230)
  HIGHEST GUST SPEED    23   HIGHEST GUST DIRECTION    SW (240)
  AVERAGE WIND SPEED     7.3


SKY COVER
  AVERAGE SKY COVER 0.3



RELATIVE HUMIDITY (PERCENT)
 HIGHEST    68          1200 AM
 LOWEST     24           200 PM
 AVERAGE    46

..........................................................


THE POUGHKEEPSIE NY CLIMATE NORMALS FOR TODAY
                         NORMAL    RECORD    YEAR
 MAXIMUM TEMPERATURE (F)   49        69      1992
 MINIMUM TEMPERATURE (F)   29         9      1989


SUNRISE AND SUNSET
NOVEMBER 23 2014......SUNRISE   654 AM EST   SUNSET   430 PM EST
NOVEMBER 24 2014......SUNRISE   655 AM EST   SUNSET   429 PM EST


-  INDICATES NEGATIVE NUMBERS.
R  INDICATES RECORD WAS SET OR TIED.
MM INDICATES DATA IS MISSING.
T  INDICATES TRACE AMOUNT.





RECORDS FOR KPOU DATE BACK TO 1949...
HOWEVER...DATA IS MISSING FROM JANUARY 1993 - JULY 2000.
$$
