000
CDUS41 KALY 240624
CLIPOU


CLIMATE REPORT
NATIONAL WEATHER SERVICE ALBANY NY
223 AM EDT FRI OCT 24 2014


...................................

...THE POUGHKEEPSIE NY CLIMATE SUMMARY FOR OCTOBER 23 2014...

CLIMATE NORMAL PERIOD 1981 TO 2010
CLIMATE RECORD PERIOD 1949 TO 2014


WEATHER ITEM   OBSERVED TIME   RECORD YEAR NORMAL DEPARTURE LAST
                VALUE   (LST)  VALUE       VALUE  FROM      YEAR
                                                  NORMAL
..................................................................
TEMPERATURE (F)
 YESTERDAY
  MAXIMUM         52    732 PM  78    1979  61     -9       55
  MINIMUM         48   1045 AM  22    1982  37     11       33
  AVERAGE         50                        48      2       44

PRECIPITATION (IN)
  YESTERDAY        0.52          2.57 1990   0.15   0.37      T
  MONTH TO DATE    3.67                      3.41   0.26     1.37
  SINCE SEP 1      4.19                      7.69  -3.50     3.69
  SINCE JAN 1     28.86                     38.47  -9.61    33.91

DEGREE DAYS
 HEATING
  YESTERDAY       15                        16     -1       21
  MONTH TO DATE  200                       295    -95      178
  SINCE SEP 1    289                       418   -129      318
  SINCE JUL 1    294                       435   -141      321

 COOLING
  YESTERDAY        0                         0      0        0
  MONTH TO DATE   13                         0     13        8
  SINCE SEP 1     99                        64     35       72
  SINCE JAN 1    696                       668     28      829
..................................................................


WIND (MPH)
  HIGHEST WIND SPEED    25   HIGHEST WIND DIRECTION     N (360)
  HIGHEST GUST SPEED    33   HIGHEST GUST DIRECTION     N (350)
  AVERAGE WIND SPEED    13.3


SKY COVER
  AVERAGE SKY COVER 1.0



RELATIVE HUMIDITY (PERCENT)
 HIGHEST    86          1200 AM
 LOWEST     71           700 PM
 AVERAGE    79

..........................................................


THE POUGHKEEPSIE NY CLIMATE NORMALS FOR TODAY
                         NORMAL    RECORD    YEAR
 MAXIMUM TEMPERATURE (F)   60        78      2001
 MINIMUM TEMPERATURE (F)   36        21      1969


SUNRISE AND SUNSET
OCTOBER 24 2014.......SUNRISE   718 AM EDT   SUNSET   601 PM EDT
OCTOBER 25 2014.......SUNRISE   719 AM EDT   SUNSET   600 PM EDT


-  INDICATES NEGATIVE NUMBERS.
R  INDICATES RECORD WAS SET OR TIED.
MM INDICATES DATA IS MISSING.
T  INDICATES TRACE AMOUNT.





RECORDS FOR KPOU DATE BACK TO 1949...
HOWEVER...DATA IS MISSING FROM JANUARY 1993 - JULY 2000.
$$
