000
CDUS41 KALY 282146
CLIPOU


CLIMATE REPORT
NATIONAL WEATHER SERVICE ALBANY NY
446 PM EST FRI NOV 28 2014


...................................

...THE POUGHKEEPSIE NY CLIMATE SUMMARY FOR NOVEMBER 28 2014...
VALID TODAY AS OF 0400 PM LOCAL TIME.

CLIMATE NORMAL PERIOD 1981 TO 2010
CLIMATE RECORD PERIOD 1949 TO 2014


WEATHER ITEM   OBSERVED TIME   RECORD YEAR NORMAL DEPARTURE LAST
                VALUE   (LST)  VALUE       VALUE  FROM      YEAR
                                                  NORMAL
..................................................................
TEMPERATURE (F)
 TODAY
  MAXIMUM         36   1218 PM  66    1990  47    -11       34
  MINIMUM         20    729 AM  11    1951  28     -8       22
  AVERAGE         28                        38    -10       28

PRECIPITATION (IN)
  TODAY            0.00          1.96 1958   0.12  -0.12     0.00
  MONTH TO DATE    2.19                      3.23  -1.04     2.43
  SINCE SEP 1      6.47                     11.98  -5.51     6.36
  SINCE JAN 1     31.14                     42.76 -11.62    36.58

DEGREE DAYS
 HEATING
  TODAY           37                        27     10       37
  MONTH TO DATE  671                       644     27      676
  SINCE SEP 1   1075                      1203   -128     1161
  SINCE JUL 1   1080                      1220   -140     1164

 COOLING
  TODAY            0                         0      0        0
  MONTH TO DATE    0                         0      0        0
  SINCE SEP 1     99                        68     31       72
  SINCE JAN 1    696                       672     24      829
..................................................................


WIND (MPH)
  HIGHEST WIND SPEED    10   HIGHEST WIND DIRECTION     W (290)
  HIGHEST GUST SPEED    21   HIGHEST GUST DIRECTION     W (290)
  AVERAGE WIND SPEED     2.6


SKY COVER
  AVERAGE SKY COVER 0.6



RELATIVE HUMIDITY (PERCENT)
 HIGHEST    92          1200 AM
 LOWEST     51           200 PM
 AVERAGE    72

..........................................................


THE POUGHKEEPSIE NY CLIMATE NORMALS FOR TOMORROW
                         NORMAL    RECORD    YEAR
 MAXIMUM TEMPERATURE (F)   47        66      2011
 MINIMUM TEMPERATURE (F)   28        15      1955


SUNRISE AND SUNSET
NOVEMBER 28 2014......SUNRISE   700 AM EST   SUNSET   427 PM EST
NOVEMBER 29 2014......SUNRISE   701 AM EST   SUNSET   427 PM EST


-  INDICATES NEGATIVE NUMBERS.
R  INDICATES RECORD WAS SET OR TIED.
MM INDICATES DATA IS MISSING.
T  INDICATES TRACE AMOUNT.






RECORDS FOR KPOU DATE BACK TO 1949...
HOWEVER...DATA IS MISSING FROM JANUARY 1993 - JULY 2000.
$$
