000
CDUS46 KLOX 010901
CLIPRB


CLIMATE REPORT
NATIONAL WEATHER SERVICE LOS ANGELES/OXNARD CA
201 AM PDT TUE SEP 1 2015


...................................

...THE PASO ROBLES AIRPORT CA CLIMATE SUMMARY FOR AUGUST 31 2015...

CLIMATE NORMAL PERIOD 1981 TO 2010
CLIMATE RECORD PERIOD 1948 TO 2015


WEATHER ITEM   OBSERVED TIME   RECORD YEAR NORMAL DEPARTURE LAST
                VALUE   (LST)  VALUE       VALUE  FROM      YEAR
                                                  NORMAL
..................................................................
TEMPERATURE (F)
 YESTERDAY
  MAXIMUM         94    238 PM 107    1976  92      2       99
  MINIMUM         53    552 AM  45    1989  53      0       56
  AVERAGE         74                        72      2       78

PRECIPITATION (IN)
  YESTERDAY        0.00          0.04 1964   0.00   0.00     0.00
  MONTH TO DATE    0.00                      0.11  -0.11     0.00
  SINCE OCT 1     10.98                     12.56  -1.58     4.92
  SINCE JAN 1      5.26                      8.90  -3.64     4.46

SNOWFALL (IN)
  YESTERDAY        0.0
  MONTH TO DATE    0.0
  SINCE JUN 1      0.0
  SINCE JUL 1      0.0

DEGREE DAYS
 HEATING
  YESTERDAY        0                         0      0        0
  MONTH TO DATE    0                         0      0        0
  SINCE JUN 1      8                        35    -27       11
  SINCE JUL 1      0                         8     -8        0

 COOLING
  YESTERDAY        9                         7      2       13
  MONTH TO DATE  322                       256     66      278
  SINCE JUN 1    868                       665    203      854
  SINCE JAN 1    939                       733    206     1007
..................................................................


WIND (MPH)
  HIGHEST WIND SPEED    17   HIGHEST WIND DIRECTION    NW (310)
  HIGHEST GUST SPEED    25   HIGHEST GUST DIRECTION     N (360)
  AVERAGE WIND SPEED     6.2


SKY COVER
  POSSIBLE SUNSHINE  MM
  AVERAGE SKY COVER 0.0


WEATHER CONDITIONS
 THE FOLLOWING WEATHER WAS RECORDED YESTERDAY.
  NO SIGNIFICANT WEATHER WAS OBSERVED.


RELATIVE HUMIDITY (PERCENT)
 HIGHEST    86           400 AM
 LOWEST     14           300 PM
 AVERAGE    50

..........................................................


THE PASO ROBLES AIRPORT CA CLIMATE NORMALS FOR TODAY
                         NORMAL    RECORD    YEAR
 MAXIMUM TEMPERATURE (F)   92       112      1955
 MINIMUM TEMPERATURE (F)   52        42      1960


SUNRISE AND SUNSET
SEPTEMBER  1 2015.....SUNRISE   634 AM PDT   SUNSET   730 PM PDT
SEPTEMBER  2 2015.....SUNRISE   635 AM PDT   SUNSET   729 PM PDT


-  INDICATES NEGATIVE NUMBERS.
R  INDICATES RECORD WAS SET OR TIED.
MM INDICATES DATA IS MISSING.
T  INDICATES TRACE AMOUNT.




$$
