000
CDUS46 KLOX 250906
CLIPRB


CLIMATE REPORT
NATIONAL WEATHER SERVICE LOS ANGELES/OXNARD CA
206 AM PDT WED MAY 25 2016


...................................

...THE PASO ROBLES AIRPORT CA CLIMATE SUMMARY FOR MAY 24 2016...

CLIMATE NORMAL PERIOD 1981 TO 2010
CLIMATE RECORD PERIOD 1948 TO 2016


WEATHER ITEM   OBSERVED TIME   RECORD YEAR NORMAL DEPARTURE LAST
                VALUE   (LST)  VALUE       VALUE  FROM      YEAR
                                                  NORMAL
..................................................................
TEMPERATURE (F)
 YESTERDAY
  MAXIMUM         70    155 PM  99    2001  83    -13       81
  MINIMUM         53   1159 PM  35    1980  47      6       50
  AVERAGE         62                        65     -3       66

PRECIPITATION (IN)
  YESTERDAY        0.00          0.00   MM   0.00   0.00     0.00
  MONTH TO DATE    T                         0.23  -0.23     0.15
  SINCE OCT 1      8.06                     12.40  -4.34     8.63
  SINCE JAN 1      6.00                      8.74  -2.74     2.91

SNOWFALL (IN)
  YESTERDAY        0.0
  MONTH TO DATE    0.0
  SINCE MAR 1      0.0
  SINCE JUL 1      0.0

DEGREE DAYS
 HEATING
  YESTERDAY        3                         3      0        0
  MONTH TO DATE   67                        94    -27      111
  SINCE MAR 1    469                       713   -244      439
  SINCE JUL 1   2256                      2806   -550     1799

 COOLING
  YESTERDAY        0                         2     -2        1
  MONTH TO DATE   28                        38    -10        8
  SINCE MAR 1     33                        47    -14       48
  SINCE JAN 1     33                        47    -14       48
..................................................................


WIND (MPH)
  HIGHEST WIND SPEED    22   HIGHEST WIND DIRECTION    SW (210)
  HIGHEST GUST SPEED    27   HIGHEST GUST DIRECTION     S (180)
  AVERAGE WIND SPEED     9.2


SKY COVER
  POSSIBLE SUNSHINE  MM
  AVERAGE SKY COVER 0.5


WEATHER CONDITIONS
 THE FOLLOWING WEATHER WAS RECORDED YESTERDAY.
  NO SIGNIFICANT WEATHER WAS OBSERVED.


RELATIVE HUMIDITY (PERCENT)
 HIGHEST    83          1200 AM
 LOWEST     47           200 PM
 AVERAGE    65

..........................................................


THE PASO ROBLES AIRPORT CA CLIMATE NORMALS FOR TODAY
                         NORMAL    RECORD    YEAR
 MAXIMUM TEMPERATURE (F)   83       100      1951
 MINIMUM TEMPERATURE (F)   47        33      1980


SUNRISE AND SUNSET
MAY 25 2016...........SUNRISE   551 AM PDT   SUNSET   809 PM PDT
MAY 26 2016...........SUNRISE   550 AM PDT   SUNSET   809 PM PDT


-  INDICATES NEGATIVE NUMBERS.
R  INDICATES RECORD WAS SET OR TIED.
MM INDICATES DATA IS MISSING.
T  INDICATES TRACE AMOUNT.




$$
