000
CDUS46 KLOX 220901
CLIPRB


CLIMATE REPORT
NATIONAL WEATHER SERVICE LOS ANGELES/OXNARD CA
101 AM PST THU FEB 22 2018


...................................

...THE PASO ROBLES AIRPORT CA CLIMATE SUMMARY FOR FEBRUARY 21 2018...

CLIMATE NORMAL PERIOD 1981 TO 2010
CLIMATE RECORD PERIOD 1948 TO 2018


WEATHER ITEM   OBSERVED TIME   RECORD YEAR NORMAL DEPARTURE LAST
                VALUE   (LST)  VALUE       VALUE  FROM      YEAR
                                                  NORMAL
..................................................................
TEMPERATURE (F)
 YESTERDAY
  MAXIMUM         58    339 PM  79    1991  63     -5       63
  MINIMUM         22R   457 AM  22    1953  39    -17       46
  AVERAGE         40                        51    -11       55

PRECIPITATION (IN)
  YESTERDAY        0.00          0.66 2005   0.10  -0.10     0.09
  MONTH TO DATE    T                         1.90  -1.90     3.84
  SINCE OCT 1      2.30                      8.31  -6.01    14.43
  SINCE JAN 1      2.03                      4.65  -2.62    10.75

SNOWFALL (IN)
  YESTERDAY        0.0
  MONTH TO DATE    0.0
  SINCE DEC 1      0.0
  SINCE JUL 1      0.0

DEGREE DAYS
 HEATING
  YESTERDAY       25                        14     11       10
  MONTH TO DATE  263                       322    -59      231
  SINCE DEC 1   1166                      1449   -283     1282
  SINCE JUL 1   1543                      1998   -455     1666

 COOLING
  YESTERDAY        0                         0      0        0
  MONTH TO DATE    0                         0      0        0
  SINCE DEC 1      0                         0      0        0
  SINCE JAN 1      0                         0      0        0
..................................................................


WIND (MPH)
  HIGHEST WIND SPEED    13   HIGHEST WIND DIRECTION    SW (210)
  HIGHEST GUST SPEED    16   HIGHEST GUST DIRECTION    SW (220)
  AVERAGE WIND SPEED     3.3


SKY COVER
  POSSIBLE SUNSHINE  MM
  AVERAGE SKY COVER 0.2


WEATHER CONDITIONS
 THE FOLLOWING WEATHER WAS RECORDED YESTERDAY.
  NO SIGNIFICANT WEATHER WAS OBSERVED.


RELATIVE HUMIDITY (PERCENT)
 HIGHEST    88           400 AM
 LOWEST     24           100 PM
 AVERAGE    56

..........................................................


THE PASO ROBLES AIRPORT CA CLIMATE NORMALS FOR TODAY
                         NORMAL    RECORD    YEAR
 MAXIMUM TEMPERATURE (F)   63        82      2002
 MINIMUM TEMPERATURE (F)   39        22      1953


SUNRISE AND SUNSET
FEBRUARY 22 2018......SUNRISE   641 AM PST   SUNSET   551 PM PST
FEBRUARY 23 2018......SUNRISE   640 AM PST   SUNSET   552 PM PST


-  INDICATES NEGATIVE NUMBERS.
R  INDICATES RECORD WAS SET OR TIED.
MM INDICATES DATA IS MISSING.
T  INDICATES TRACE AMOUNT.




$$
