000
CDUS46 KLOX 250857
CLIPRB


CLIMATE REPORT
NATIONAL WEATHER SERVICE LOS ANGELES/OXNARD CA
157 AM PDT THU MAY 25 2017


...................................

...THE PASO ROBLES AIRPORT CA CLIMATE SUMMARY FOR MAY 24 2017...

CLIMATE NORMAL PERIOD 1981 TO 2010
CLIMATE RECORD PERIOD 1948 TO 2017


WEATHER ITEM   OBSERVED TIME   RECORD YEAR NORMAL DEPARTURE LAST
                VALUE   (LST)  VALUE       VALUE  FROM      YEAR
                                                  NORMAL
..................................................................
TEMPERATURE (F)
 YESTERDAY
  MAXIMUM         82    223 PM  99    2001  83     -1       70
  MINIMUM         51    532 AM  35    1980  47      4       53
  AVERAGE         67                        65      2       62

PRECIPITATION (IN)
  YESTERDAY        0.00          T    1993   0.00   0.00     0.00
  MONTH TO DATE    0.18                      0.23  -0.05      T
  SINCE OCT 1     16.14                     12.40   3.74     8.06
  SINCE JAN 1     12.46                      8.74   3.72     6.00

SNOWFALL (IN)
  YESTERDAY        0.0
  MONTH TO DATE    0.0
  SINCE MAR 1      0.0
  SINCE JUL 1      0.0

DEGREE DAYS
 HEATING
  YESTERDAY        0                         3     -3        3
  MONTH TO DATE   61                        94    -33       67
  SINCE MAR 1    512                       713   -201      469
  SINCE JUL 1   2313                      2806   -493     2256

 COOLING
  YESTERDAY        2                         2      0        0
  MONTH TO DATE   71                        38     33       28
  SINCE MAR 1     72                        47     25       33
  SINCE JAN 1     72                        47     25       33
..................................................................


WIND (MPH)
  HIGHEST WIND SPEED    26   HIGHEST WIND DIRECTION    SW (210)
  HIGHEST GUST SPEED    33   HIGHEST GUST DIRECTION    SW (210)
  AVERAGE WIND SPEED    11.0


SKY COVER
  POSSIBLE SUNSHINE  MM
  AVERAGE SKY COVER 0.0


WEATHER CONDITIONS
 THE FOLLOWING WEATHER WAS RECORDED YESTERDAY.
  NO SIGNIFICANT WEATHER WAS OBSERVED.


RELATIVE HUMIDITY (PERCENT)
 HIGHEST    89           500 AM
 LOWEST     23           200 PM
 AVERAGE    56

..........................................................


THE PASO ROBLES AIRPORT CA CLIMATE NORMALS FOR TODAY
                         NORMAL    RECORD    YEAR
 MAXIMUM TEMPERATURE (F)   83       100      1951
 MINIMUM TEMPERATURE (F)   47        33      1980


SUNRISE AND SUNSET
MAY 25 2017...........SUNRISE   551 AM PDT   SUNSET   809 PM PDT
MAY 26 2017...........SUNRISE   550 AM PDT   SUNSET   809 PM PDT


-  INDICATES NEGATIVE NUMBERS.
R  INDICATES RECORD WAS SET OR TIED.
MM INDICATES DATA IS MISSING.
T  INDICATES TRACE AMOUNT.




$$
