000
CDUS46 KLOX 080857
CLIPRB


CLIMATE REPORT
NATIONAL WEATHER SERVICE LOS ANGELES/OXNARD CA
1256 AM PST THU DEC 8 2016


...................................

...THE PASO ROBLES AIRPORT CA CLIMATE SUMMARY FOR DECEMBER 7 2016...

CLIMATE NORMAL PERIOD 1981 TO 2010
CLIMATE RECORD PERIOD 1948 TO 2016


WEATHER ITEM   OBSERVED TIME   RECORD YEAR NORMAL DEPARTURE LAST
                VALUE   (LST)  VALUE       VALUE  FROM      YEAR
                                                  NORMAL
..................................................................
TEMPERATURE (F)
 YESTERDAY
  MAXIMUM         52    400 PM  76    2006  60     -8       71
                                      1979
  MINIMUM         30    745 AM  20    1978  34     -4       35
  AVERAGE         41                        47     -6       53

PRECIPITATION (IN)
  YESTERDAY        T             1.22 1949   0.05  -0.05     0.00
  MONTH TO DATE    T                         0.33  -0.33     0.08
  SINCE OCT 1      2.65                      1.98   0.67     1.37
  SINCE JAN 1      8.65                     11.10  -2.45     6.68

SNOWFALL (IN)
  YESTERDAY       MM
  MONTH TO DATE    0.0
  SINCE DEC 1      0.0
  SINCE JUL 1      0.0

DEGREE DAYS
 HEATING
  YESTERDAY       24                        18      6       12
  MONTH TO DATE  131                       123      8      112
  SINCE DEC 1    131                       123      8      112
  SINCE JUL 1    515                       672   -157      548

 COOLING
  YESTERDAY        0                         0      0        0
  MONTH TO DATE    0                         0      0        0
  SINCE DEC 1      0                         0      0        0
  SINCE JAN 1   1073                       927    146     1315
..................................................................


WIND (MPH)
  HIGHEST WIND SPEED    15   HIGHEST WIND DIRECTION     S (160)
  HIGHEST GUST SPEED    MM   HIGHEST GUST DIRECTION    MM
  AVERAGE WIND SPEED     3.3


SKY COVER
  POSSIBLE SUNSHINE  MM
  AVERAGE SKY COVER 0.5


WEATHER CONDITIONS
 THE FOLLOWING WEATHER WAS RECORDED YESTERDAY.
  FOG


RELATIVE HUMIDITY (PERCENT)
 HIGHEST   100          1200 AM
 LOWEST     59           300 PM
 AVERAGE    80

..........................................................


THE PASO ROBLES AIRPORT CA CLIMATE NORMALS FOR TODAY
                         NORMAL    RECORD    YEAR
 MAXIMUM TEMPERATURE (F)   60        76      1979
 MINIMUM TEMPERATURE (F)   34        18      1956


SUNRISE AND SUNSET
DECEMBER  8 2016......SUNRISE   700 AM PST   SUNSET   449 PM PST
DECEMBER  9 2016......SUNRISE   701 AM PST   SUNSET   449 PM PST


-  INDICATES NEGATIVE NUMBERS.
R  INDICATES RECORD WAS SET OR TIED.
MM INDICATES DATA IS MISSING.
T  INDICATES TRACE AMOUNT.




$$
