000
CDUS45 KFGZ 010830
CLIPRC
CLIMATE REPORT
NATIONAL WEATHER SERVICE FLAGSTAFF, AZ
128 AM MST TUE SEP 1 2015


...................................

...THE PRESCOTT AZ AIRPORT CLIMATE SUMMARY FOR AUGUST 31 2015...

CLIMATE NORMAL PERIOD 1981 TO 2010
CLIMATE RECORD PERIOD 1948 TO 2015


WEATHER ITEM   OBSERVED TIME   RECORD YEAR NORMAL DEPARTURE LAST
                VALUE   (LST)  VALUE       VALUE  FROM      YEAR
                                                  NORMAL
..................................................................
TEMPERATURE (F)
 YESTERDAY
  MAXIMUM         88    341 PM 101    1950  86      2       86
  MINIMUM         63    603 AM  45    1957  58      5       59
  AVERAGE         76                        72      4

PRECIPITATION (IN)
  YESTERDAY        0.00          0.70 1960   0.07  -0.07     0.00
  MONTH TO DATE    1.61                      2.62  -1.01     4.67
  SINCE SEP 1     17.02                     13.97   3.05    12.19
  SINCE JAN 1     12.34                      9.66   2.68     7.47

DEGREE DAYS
 HEATING
  YESTERDAY        0                                0
  MONTH TO DATE    0                                0
  SINCE JUL 1      0                               -1

 COOLING
  YESTERDAY       11                                4
  MONTH TO DATE  365                               99
  SINCE JAN 1    966                              145
..................................................................


WIND (MPH)
  HIGHEST WIND SPEED    18   HIGHEST WIND DIRECTION     S (200)
  HIGHEST GUST SPEED    26   HIGHEST GUST DIRECTION     S (200)
  AVERAGE WIND SPEED     6.8


SKY COVER
  AVERAGE SKY COVER 0.3


WEATHER CONDITIONS
 THE FOLLOWING WEATHER WAS RECORDED YESTERDAY.
  NO SIGNIFICANT WEATHER WAS OBSERVED.


RELATIVE HUMIDITY (PERCENT)
 HIGHEST    78
 LOWEST     29

..........................................................


THE PRESCOTT AZ AIRPORT CLIMATE NORMALS FOR TODAY
                         NORMAL    RECORD    YEAR
 MAXIMUM TEMPERATURE (F)   85       101      1950
 MINIMUM TEMPERATURE (F)   58        45      1951


SUNRISE AND SUNSET
SEPTEMBER  1 2015.....SUNRISE   603 AM MST   SUNSET   656 PM MST
SEPTEMBER  2 2015.....SUNRISE   603 AM MST   SUNSET   655 PM MST


-  INDICATES NEGATIVE NUMBERS.
R  INDICATES RECORD WAS SET OR TIED.
MM INDICATES DATA IS MISSING.
T  INDICATES TRACE AMOUNT.




$$
