000
CDUS45 KFGZ 240736
CLIPRC
CLIMATE REPORT
NATIONAL WEATHER SERVICE FLAGSTAFF, AZ
1234 AM MST FRI FEB 24 2017


...................................

...THE PRESCOTT AZ AIRPORT CLIMATE SUMMARY FOR FEBRUARY 23 2017...

CLIMATE NORMAL PERIOD 1981 TO 2010
CLIMATE RECORD PERIOD 1948 TO 2017


WEATHER ITEM   OBSERVED TIME   RECORD YEAR NORMAL DEPARTURE LAST
                VALUE   (LST)  VALUE       VALUE  FROM      YEAR
                                                  NORMAL
..................................................................
TEMPERATURE (F)
 YESTERDAY
  MAXIMUM         47    301 PM  72    1989  56     -9       56
  MINIMUM         26    722 AM  13    1966  30     -4       31
  AVERAGE         37                        43     -6

PRECIPITATION (IN)
  YESTERDAY        0.00          0.51 2015   0.05  -0.05     0.00
  MONTH TO DATE    0.48                      1.13  -0.65     0.09
  SINCE SEP 1      9.16                      6.56   2.60     4.97
  SINCE JAN 1      2.41                      2.25   0.16     1.48

DEGREE DAYS
 HEATING
  YESTERDAY       28                                6
  MONTH TO DATE  394                             -153
  SINCE JUL 1   2577                             -487

 COOLING
  YESTERDAY        0                                0
  MONTH TO DATE    0                                0
  SINCE JAN 1      0                                0
..................................................................


WIND (MPH)
  HIGHEST WIND SPEED    18   HIGHEST WIND DIRECTION     W (250)
  HIGHEST GUST SPEED    24   HIGHEST GUST DIRECTION    SW (240)
  AVERAGE WIND SPEED     8.3


SKY COVER
  AVERAGE SKY COVER 0.2


WEATHER CONDITIONS
 THE FOLLOWING WEATHER WAS RECORDED YESTERDAY.
  NO SIGNIFICANT WEATHER WAS OBSERVED.


RELATIVE HUMIDITY (PERCENT)
 HIGHEST    75
 LOWEST     31

..........................................................


THE PRESCOTT AZ AIRPORT CLIMATE NORMALS FOR TODAY
                         NORMAL    RECORD    YEAR
 MAXIMUM TEMPERATURE (F)   56        76      1989
 MINIMUM TEMPERATURE (F)   30        13      1960


SUNRISE AND SUNSET
FEBRUARY 24 2017......SUNRISE   705 AM MST   SUNSET   622 PM MST
FEBRUARY 25 2017......SUNRISE   703 AM MST   SUNSET   622 PM MST


-  INDICATES NEGATIVE NUMBERS.
R  INDICATES RECORD WAS SET OR TIED.
MM INDICATES DATA IS MISSING.
T  INDICATES TRACE AMOUNT.




$$
