000
CDUS45 KFGZ 220837
CLIPRC
CLIMATE REPORT
NATIONAL WEATHER SERVICE FLAGSTAFF, AZ
137 AM MST FRI SEP 22 2017


...................................

...THE PRESCOTT AZ AIRPORT CLIMATE SUMMARY FOR SEPTEMBER 21 2017...

CLIMATE NORMAL PERIOD 1981 TO 2010
CLIMATE RECORD PERIOD 1948 TO 2017


WEATHER ITEM   OBSERVED TIME   RECORD YEAR NORMAL DEPARTURE LAST
                VALUE   (LST)  VALUE       VALUE  FROM      YEAR
                                                  NORMAL
..................................................................
TEMPERATURE (F)
 YESTERDAY
  MAXIMUM         76    318 PM  92    1954  81     -5       80
  MINIMUM         54    639 AM  35    1978  51      3       57
  AVERAGE         65                        66     -1

PRECIPITATION (IN)
  YESTERDAY        0.00          0.27 1952   0.05  -0.05      T
  MONTH TO DATE    0.53                      1.12  -0.59     1.96
  SINCE SEP 1      0.53                      1.12  -0.59     1.96
  SINCE JAN 1     12.38                     10.78   1.60    12.72

DEGREE DAYS
 HEATING
  YESTERDAY        0                               -2
  MONTH TO DATE    1                              -10
  SINCE JUL 1      1                              -11

 COOLING
  YESTERDAY        0                               -3
  MONTH TO DATE  123                               23
  SINCE JAN 1   1141                              220
..................................................................


WIND (MPH)
  HIGHEST WIND SPEED    26   HIGHEST WIND DIRECTION    SW (210)
  HIGHEST GUST SPEED    37   HIGHEST GUST DIRECTION     S (180)
  AVERAGE WIND SPEED    11.2


SKY COVER
  AVERAGE SKY COVER 0.0


WEATHER CONDITIONS
 THE FOLLOWING WEATHER WAS RECORDED YESTERDAY.
  NO SIGNIFICANT WEATHER WAS OBSERVED.


RELATIVE HUMIDITY (PERCENT)
 HIGHEST    72
 LOWEST     21

..........................................................


THE PRESCOTT AZ AIRPORT CLIMATE NORMALS FOR TODAY
                         NORMAL    RECORD    YEAR
 MAXIMUM TEMPERATURE (F)   80        92      1989
 MINIMUM TEMPERATURE (F)   51        36      1988


SUNRISE AND SUNSET
SEPTEMBER 22 2017.....SUNRISE   618 AM MST   SUNSET   626 PM MST
SEPTEMBER 23 2017.....SUNRISE   619 AM MST   SUNSET   625 PM MST


-  INDICATES NEGATIVE NUMBERS.
R  INDICATES RECORD WAS SET OR TIED.
MM INDICATES DATA IS MISSING.
T  INDICATES TRACE AMOUNT.




$$
