000
CDUS45 KFGZ 220741
CLIPRC
CLIMATE REPORT
NATIONAL WEATHER SERVICE FLAGSTAFF, AZ
1239 AM MST WED NOV 22 2017


...................................

...THE PRESCOTT AZ AIRPORT CLIMATE SUMMARY FOR NOVEMBER 21 2017...

CLIMATE NORMAL PERIOD 1981 TO 2010
CLIMATE RECORD PERIOD 1948 TO 2017


WEATHER ITEM   OBSERVED TIME   RECORD YEAR NORMAL DEPARTURE LAST
                VALUE   (LST)  VALUE       VALUE  FROM      YEAR
                                                  NORMAL
..................................................................
TEMPERATURE (F)
 YESTERDAY
  MAXIMUM         73R   305 PM  73    2002  58     15       52
  MINIMUM         38    658 AM  13    1956  30      8       41
  AVERAGE         56                        44     12

PRECIPITATION (IN)
  YESTERDAY        0.00          0.39 1967   0.03  -0.03     0.31
  MONTH TO DATE    T                         0.62  -0.62     0.95
  SINCE SEP 1      0.53                      3.05  -2.52     3.98
  SINCE JAN 1     12.38                     12.71  -0.33    14.74

DEGREE DAYS
 HEATING
  YESTERDAY        9                              -12
  MONTH TO DATE  248                             -117
  SINCE JUL 1    458                             -213

 COOLING
  YESTERDAY        0                                0
  MONTH TO DATE    0                                0
  SINCE JAN 1   1145                              204
..................................................................


WIND (MPH)
  HIGHEST WIND SPEED    10   HIGHEST WIND DIRECTION     N (360)
  HIGHEST GUST SPEED    13   HIGHEST GUST DIRECTION     N (10)
  AVERAGE WIND SPEED     4.2


SKY COVER
  AVERAGE SKY COVER 0.0


WEATHER CONDITIONS
 THE FOLLOWING WEATHER WAS RECORDED YESTERDAY.
  NO SIGNIFICANT WEATHER WAS OBSERVED.


RELATIVE HUMIDITY (PERCENT)
 HIGHEST    49
 LOWEST     13

..........................................................


THE PRESCOTT AZ AIRPORT CLIMATE NORMALS FOR TODAY
                         NORMAL    RECORD    YEAR
 MAXIMUM TEMPERATURE (F)   58        73      1995
 MINIMUM TEMPERATURE (F)   30        17      1975


SUNRISE AND SUNSET
NOVEMBER 22 2017......SUNRISE   711 AM MST   SUNSET   521 PM MST
NOVEMBER 23 2017......SUNRISE   711 AM MST   SUNSET   521 PM MST


-  INDICATES NEGATIVE NUMBERS.
R  INDICATES RECORD WAS SET OR TIED.
MM INDICATES DATA IS MISSING.
T  INDICATES TRACE AMOUNT.




$$
