000
CDUS45 KFGZ 200743
CLIPRC
CLIMATE REPORT
NATIONAL WEATHER SERVICE FLAGSTAFF, AZ
1237 AM MST TUE FEB 20 2018


...................................

...THE PRESCOTT AZ AIRPORT CLIMATE SUMMARY FOR FEBRUARY 19 2018...

CLIMATE NORMAL PERIOD 1981 TO 2010
CLIMATE RECORD PERIOD 1948 TO 2018


WEATHER ITEM   OBSERVED TIME   RECORD YEAR NORMAL DEPARTURE LAST
                VALUE   (LST)  VALUE       VALUE  FROM      YEAR
                                                  NORMAL
..................................................................
TEMPERATURE (F)
 YESTERDAY
  MAXIMUM         47   1201 AM  72    2015  56     -9       48
                                      1981
  MINIMUM         21   1150 PM  12    1955  29     -8       36
  AVERAGE         34                        42     -8

PRECIPITATION (IN)
  YESTERDAY        0.01          1.15 1993   0.06  -0.05     0.02
  MONTH TO DATE    0.20                      0.91  -0.71     0.48
  SINCE SEP 1      1.44                      6.34  -4.90     9.16
  SINCE JAN 1      0.91                      2.03  -1.12     2.41

DEGREE DAYS
 HEATING
  YESTERDAY       31                                8
  MONTH TO DATE  351                             -106
  SINCE JUL 1   2200                             -774

 COOLING
  YESTERDAY        0                                0
  MONTH TO DATE    0                                0
  SINCE JAN 1      0                                0
..................................................................


WIND (MPH)
  HIGHEST WIND SPEED    36   HIGHEST WIND DIRECTION    SW (210)
  HIGHEST GUST SPEED    47   HIGHEST GUST DIRECTION    SW (240)
  AVERAGE WIND SPEED    17.5


SKY COVER
  AVERAGE SKY COVER 0.6


WEATHER CONDITIONS
 THE FOLLOWING WEATHER WAS RECORDED YESTERDAY.
  SNOW
  LIGHT SNOW
  FOG
  HAZE


RELATIVE HUMIDITY (PERCENT)
 HIGHEST    85
 LOWEST     24

..........................................................


THE PRESCOTT AZ AIRPORT CLIMATE NORMALS FOR TODAY
                         NORMAL    RECORD    YEAR
 MAXIMUM TEMPERATURE (F)   56        72      1981
 MINIMUM TEMPERATURE (F)   29         8      1955


SUNRISE AND SUNSET
FEBRUARY 20 2018......SUNRISE   710 AM MST   SUNSET   618 PM MST
FEBRUARY 21 2018......SUNRISE   708 AM MST   SUNSET   619 PM MST


-  INDICATES NEGATIVE NUMBERS.
R  INDICATES RECORD WAS SET OR TIED.
MM INDICATES DATA IS MISSING.
T  INDICATES TRACE AMOUNT.




$$
