000
CDUS45 KFGZ 110933
CLIPRC
CLIMATE REPORT
NATIONAL WEATHER SERVICE FLAGSTAFF, AZ
232 AM MST THU FEB 11 2016


...................................

...THE PRESCOTT AZ AIRPORT CLIMATE SUMMARY FOR FEBRUARY 10 2016...

CLIMATE NORMAL PERIOD 1981 TO 2010
CLIMATE RECORD PERIOD 1948 TO 2016


WEATHER ITEM   OBSERVED TIME   RECORD YEAR NORMAL DEPARTURE LAST
                VALUE   (LST)  VALUE       VALUE  FROM      YEAR
                                                  NORMAL
..................................................................
TEMPERATURE (F)
 YESTERDAY
  MAXIMUM         71    416 PM  73    1951  54     17       68
  MINIMUM         29    733 AM   5    1949  28      1       31
  AVERAGE         50                        41      9

PRECIPITATION (IN)
  YESTERDAY        0.00          0.63 1963   0.05  -0.05     0.00
  MONTH TO DATE    0.09                      0.43  -0.34     0.00
  SINCE SEP 1      4.97                      5.86  -0.89     6.18
  SINCE JAN 1      1.48                      1.55  -0.07     1.50

DEGREE DAYS
 HEATING
  YESTERDAY       15                               -9
  MONTH TO DATE  262                               16
  SINCE JUL 1   2687                              -76

 COOLING
  YESTERDAY        0                                0
  MONTH TO DATE    0                                0
  SINCE JAN 1      0                                0
..................................................................


WIND (MPH)
  HIGHEST WIND SPEED    13   HIGHEST WIND DIRECTION    SW (210)
  HIGHEST GUST SPEED    32   HIGHEST GUST DIRECTION     W (250)
  AVERAGE WIND SPEED     4.3


SKY COVER
  AVERAGE SKY COVER 0.0


WEATHER CONDITIONS
 THE FOLLOWING WEATHER WAS RECORDED YESTERDAY.
  HAZE


RELATIVE HUMIDITY (PERCENT)
 HIGHEST    59
 LOWEST      9

..........................................................


THE PRESCOTT AZ AIRPORT CLIMATE NORMALS FOR TODAY
                         NORMAL    RECORD    YEAR
 MAXIMUM TEMPERATURE (F)   54        70      1996
 MINIMUM TEMPERATURE (F)   28        11      1955


SUNRISE AND SUNSET
FEBRUARY 11 2016......SUNRISE   720 AM MST   SUNSET   609 PM MST
FEBRUARY 12 2016......SUNRISE   719 AM MST   SUNSET   610 PM MST


-  INDICATES NEGATIVE NUMBERS.
R  INDICATES RECORD WAS SET OR TIED.
MM INDICATES DATA IS MISSING.
T  INDICATES TRACE AMOUNT.




$$
