000
CDUS45 KFGZ 190746
CLIPRC
CLIMATE REPORT
NATIONAL WEATHER SERVICE FLAGSTAFF, AZ
1245 AM MST FRI SEP 19 2014


...................................

...THE PRESCOTT AZ AIRPORT CLIMATE SUMMARY FOR SEPTEMBER 18 2014...

CLIMATE NORMAL PERIOD 1981 TO 2010
CLIMATE RECORD PERIOD 1948 TO 2014


WEATHER ITEM   OBSERVED TIME   RECORD YEAR NORMAL DEPARTURE LAST
                VALUE   (LST)  VALUE       VALUE  FROM      YEAR
                                                  NORMAL
..................................................................
TEMPERATURE (F)
 YESTERDAY
  MAXIMUM         83    235 PM  96    1956  82      1       83
  MINIMUM         56    634 AM  40    2006  53      3       57
  AVERAGE         70                        67      3

PRECIPITATION (IN)
  YESTERDAY        0.00          0.47 1965   0.05  -0.05     0.00
  MONTH TO DATE    1.23                      0.97   0.26     2.48
  SINCE SEP 1      1.23                      0.97   0.26     2.48
  SINCE JAN 1      8.70                     10.63  -1.93    10.70

DEGREE DAYS
 HEATING
  YESTERDAY        0                               -1
  MONTH TO DATE    0                               -7
  SINCE JUL 1      3                               -5

 COOLING
  YESTERDAY        5                                2
  MONTH TO DATE  100                                9
  SINCE JAN 1    994                               82
..................................................................


WIND (MPH)
  HIGHEST WIND SPEED    15   HIGHEST WIND DIRECTION    SW (240)
  HIGHEST GUST SPEED    19   HIGHEST GUST DIRECTION    SW (240)
  AVERAGE WIND SPEED     4.6


SKY COVER
  AVERAGE SKY COVER 0.3


WEATHER CONDITIONS
 THE FOLLOWING WEATHER WAS RECORDED YESTERDAY.
  NO SIGNIFICANT WEATHER WAS OBSERVED.


RELATIVE HUMIDITY (PERCENT)
 HIGHEST    86
 LOWEST     34

..........................................................


THE PRESCOTT AZ AIRPORT CLIMATE NORMALS FOR TODAY
                         NORMAL    RECORD    YEAR
 MAXIMUM TEMPERATURE (F)   81        94      2010
 MINIMUM TEMPERATURE (F)   52        33      1971


SUNRISE AND SUNSET
SEPTEMBER 19 2014.....SUNRISE   616 AM MST   SUNSET   631 PM MST
SEPTEMBER 20 2014.....SUNRISE   616 AM MST   SUNSET   629 PM MST


-  INDICATES NEGATIVE NUMBERS.
R  INDICATES RECORD WAS SET OR TIED.
MM INDICATES DATA IS MISSING.
T  INDICATES TRACE AMOUNT.




$$
