000
CDUS45 KFGZ 050855
CLIPRC
CLIMATE REPORT
NATIONAL WEATHER SERVICE FLAGSTAFF, AZ
154 AM MST SUN JUL 5 2015


...................................

...THE PRESCOTT AZ AIRPORT CLIMATE SUMMARY FOR JULY 4 2015...

CLIMATE NORMAL PERIOD 1981 TO 2010
CLIMATE RECORD PERIOD 1948 TO 2015


WEATHER ITEM   OBSERVED TIME   RECORD YEAR NORMAL DEPARTURE LAST
                VALUE   (LST)  VALUE       VALUE  FROM      YEAR
                                                  NORMAL
..................................................................
TEMPERATURE (F)
 YESTERDAY
  MAXIMUM         86    521 PM 104    2007  90     -4       87
  MINIMUM         67    508 AM  49    1979  60      7       65
  AVERAGE         77                        75      2

PRECIPITATION (IN)
  YESTERDAY        T             0.45 1957   0.04  -0.04      T
  MONTH TO DATE    0.02                      0.16  -0.14     0.01
  SINCE SEP 1     11.99                      9.40   2.59     5.70
  SINCE JAN 1      7.31                      5.09   2.22     0.98

DEGREE DAYS
 HEATING
  YESTERDAY        0                                0
  MONTH TO DATE    0                                0
  SINCE JUL 1      0                                0

 COOLING
  YESTERDAY       12                                2
  MONTH TO DATE   54                               14
  SINCE JAN 1    368                              100
..................................................................


WIND (MPH)
  HIGHEST WIND SPEED    21   HIGHEST WIND DIRECTION     W (270)
  HIGHEST GUST SPEED    26   HIGHEST GUST DIRECTION     W (270)
  AVERAGE WIND SPEED     6.4


SKY COVER
  AVERAGE SKY COVER 0.4


WEATHER CONDITIONS
 THE FOLLOWING WEATHER WAS RECORDED YESTERDAY.
  NO SIGNIFICANT WEATHER WAS OBSERVED.


RELATIVE HUMIDITY (PERCENT)
 HIGHEST    81
 LOWEST     32

..........................................................


THE PRESCOTT AZ AIRPORT CLIMATE NORMALS FOR TODAY
                         NORMAL    RECORD    YEAR
 MAXIMUM TEMPERATURE (F)   90       101      2007
 MINIMUM TEMPERATURE (F)   61        50      2000


SUNRISE AND SUNSET
JULY  5 2015..........SUNRISE   522 AM MST   SUNSET   746 PM MST
JULY  6 2015..........SUNRISE   523 AM MST   SUNSET   746 PM MST


-  INDICATES NEGATIVE NUMBERS.
R  INDICATES RECORD WAS SET OR TIED.
MM INDICATES DATA IS MISSING.
T  INDICATES TRACE AMOUNT.




$$
