000
CDUS45 KFGZ 300735
CLIPRC
CLIMATE REPORT
NATIONAL WEATHER SERVICE FLAGSTAFF, AZ
1234 AM MST SAT JUL 30 2016


...................................

...THE PRESCOTT AZ AIRPORT CLIMATE SUMMARY FOR JULY 29 2016...

CLIMATE NORMAL PERIOD 1981 TO 2010
CLIMATE RECORD PERIOD 1948 TO 2016


WEATHER ITEM   OBSERVED TIME   RECORD YEAR NORMAL DEPARTURE LAST
                VALUE   (LST)  VALUE       VALUE  FROM      YEAR
                                                  NORMAL
..................................................................
TEMPERATURE (F)
 YESTERDAY
  MAXIMUM        102R   251 PM 100    1995  88     14       86
  MINIMUM         72   1159 PM  55    1990  62     10       69
  AVERAGE         87                        75     12

PRECIPITATION (IN)
  YESTERDAY        0.02          0.48 1966   0.10  -0.08     0.00
  MONTH TO DATE    0.73                      1.93  -1.20     3.17
  SINCE SEP 1      8.37                     11.17  -2.80    15.14
  SINCE JAN 1      4.88                      6.86  -1.98    10.46

DEGREE DAYS
 HEATING
  YESTERDAY        0                                0
  MONTH TO DATE    0                                0
  SINCE JUL 1      0                                0

 COOLING
  YESTERDAY       22                               12
  MONTH TO DATE  389                               80
  SINCE JAN 1    752                              215
..................................................................


WIND (MPH)
  HIGHEST WIND SPEED    25   HIGHEST WIND DIRECTION    NE (40)
  HIGHEST GUST SPEED    30   HIGHEST GUST DIRECTION    NE (40)
  AVERAGE WIND SPEED     8.2


SKY COVER
  AVERAGE SKY COVER 0.3


WEATHER CONDITIONS
 THE FOLLOWING WEATHER WAS RECORDED YESTERDAY.
  THUNDERSTORM
  LIGHT RAIN


RELATIVE HUMIDITY (PERCENT)
 HIGHEST    46
 LOWEST     14

..........................................................


THE PRESCOTT AZ AIRPORT CLIMATE NORMALS FOR TODAY
                         NORMAL    RECORD    YEAR
 MAXIMUM TEMPERATURE (F)   88        99      1978
 MINIMUM TEMPERATURE (F)   62        56      1958


SUNRISE AND SUNSET
JULY 30 2016..........SUNRISE   539 AM MST   SUNSET   733 PM MST
JULY 31 2016..........SUNRISE   540 AM MST   SUNSET   732 PM MST


-  INDICATES NEGATIVE NUMBERS.
R  INDICATES RECORD WAS SET OR TIED.
MM INDICATES DATA IS MISSING.
T  INDICATES TRACE AMOUNT.




$$
