000
CDUS45 KFGZ 230806
CLIPRC
CLIMATE REPORT
NATIONAL WEATHER SERVICE FLAGSTAFF, AZ
104 AM MST THU OCT 23 2014


...................................

...THE PRESCOTT AZ AIRPORT CLIMATE SUMMARY FOR OCTOBER 22 2014...

CLIMATE NORMAL PERIOD 1981 TO 2010
CLIMATE RECORD PERIOD 1948 TO 2014


WEATHER ITEM   OBSERVED TIME   RECORD YEAR NORMAL DEPARTURE LAST
                VALUE   (LST)  VALUE       VALUE  FROM      YEAR
                                                  NORMAL
..................................................................
TEMPERATURE (F)
 YESTERDAY
  MAXIMUM         76    358 PM  86    2003  70      6       76
  MINIMUM         44    656 AM  18    1996  39      5       35
  AVERAGE         60                        54      6

PRECIPITATION (IN)
  YESTERDAY        0.00          1.08 2000   0.02  -0.02     0.00
  MONTH TO DATE    0.14                      0.67  -0.53     0.23
  SINCE SEP 1      2.73                      2.18   0.55     2.71
  SINCE JAN 1     10.20                     11.84  -1.64    10.93

DEGREE DAYS
 HEATING
  YESTERDAY        5                               -6
  MONTH TO DATE   77                              -81
  SINCE JUL 1    102                              -94

 COOLING
  YESTERDAY        0                                0
  MONTH TO DATE    0                               -5
  SINCE JAN 1   1039                               99
..................................................................


WIND (MPH)
  HIGHEST WIND SPEED    10   HIGHEST WIND DIRECTION     N (10)
  HIGHEST GUST SPEED    15   HIGHEST GUST DIRECTION     N (340)
  AVERAGE WIND SPEED     3.3


SKY COVER
  AVERAGE SKY COVER 0.1


WEATHER CONDITIONS
 THE FOLLOWING WEATHER WAS RECORDED YESTERDAY.
  NO SIGNIFICANT WEATHER WAS OBSERVED.


RELATIVE HUMIDITY (PERCENT)
 HIGHEST    77
 LOWEST     25

..........................................................


THE PRESCOTT AZ AIRPORT CLIMATE NORMALS FOR TODAY
                         NORMAL    RECORD    YEAR
 MAXIMUM TEMPERATURE (F)   69        85      2003
 MINIMUM TEMPERATURE (F)   39        24      1996


SUNRISE AND SUNSET
OCTOBER 23 2014.......SUNRISE   642 AM MST   SUNSET   545 PM MST
OCTOBER 24 2014.......SUNRISE   643 AM MST   SUNSET   544 PM MST


-  INDICATES NEGATIVE NUMBERS.
R  INDICATES RECORD WAS SET OR TIED.
MM INDICATES DATA IS MISSING.
T  INDICATES TRACE AMOUNT.




$$
