000
CDUS45 KFGZ 290057
CLIPRC
CLIMATE REPORT
NATIONAL WEATHER SERVICE FLAGSTAFF, AZ
557 PM MST SUN DEC 28 2014


...................................

...THE PRESCOTT AZ AIRPORT CLIMATE SUMMARY FOR DECEMBER 28 2014...
VALID TODAY AS OF 0500 PM LOCAL TIME.

CLIMATE NORMAL PERIOD 1981 TO 2010
CLIMATE RECORD PERIOD 1948 TO 2014


WEATHER ITEM   OBSERVED TIME   RECORD YEAR NORMAL DEPARTURE LAST
                VALUE   (LST)  VALUE       VALUE  FROM      YEAR
                                                  NORMAL
..................................................................
TEMPERATURE (F)
 TODAY
  MAXIMUM         45    410 PM  68    1980  50     -5       51
  MINIMUM         17    724 AM   8    1966  25     -8       26
  AVERAGE         31                        38     -7

PRECIPITATION (IN)
  TODAY            0.00          0.63 1972   0.04  -0.04
  MONTH TO DATE    1.81                      0.86   0.95
  SINCE SEP 1      4.56                      4.21   0.35
  SINCE JAN 1     12.03                     13.87  -1.84

DEGREE DAYS
 HEATING
  TODAY           34                        28      6
  SINCE JUL 1   1292                      1623   -331

 COOLING
  TODAY            0                         0      0
  SINCE JAN 1   1039                       941     98
..................................................................


WIND (MPH)
  HIGHEST WIND SPEED    10   HIGHEST WIND DIRECTION     N (10)
  HIGHEST GUST SPEED    12   HIGHEST GUST DIRECTION     N (20)
  AVERAGE WIND SPEED     4.2


SKY COVER
  POSSIBLE SUNSHINE  MM
  AVERAGE SKY COVER 0.0


WEATHER CONDITIONS
 THE FOLLOWING WEATHER WAS RECORDED TODAY.
  NO SIGNIFICANT WEATHER WAS OBSERVED.


RELATIVE HUMIDITY (PERCENT)
 HIGHEST    67           100 AM
 LOWEST     25           400 PM

..........................................................


THE PRESCOTT AZ AIRPORT CLIMATE NORMALS FOR TOMORROW
                         NORMAL    RECORD    YEAR
 MAXIMUM TEMPERATURE (F)   50        68      2011
 MINIMUM TEMPERATURE (F)   25         7      1988


SUNRISE AND SUNSET
DECEMBER 28 2014......SUNRISE   736 AM MST   SUNSET   527 PM MST
DECEMBER 29 2014......SUNRISE   736 AM MST   SUNSET   528 PM MST


-  INDICATES NEGATIVE NUMBERS.
R  INDICATES RECORD WAS SET OR TIED.
MM INDICATES DATA IS MISSING.
T  INDICATES TRACE AMOUNT.




$$
