000
CDUS45 KFGZ 250743
CLIPRC
CLIMATE REPORT
NATIONAL WEATHER SERVICE FLAGSTAFF, AZ
1241 AM MST TUE JUL 25 2017


...................................

...THE PRESCOTT AZ AIRPORT CLIMATE SUMMARY FOR JULY 24 2017...

CLIMATE NORMAL PERIOD 1981 TO 2010
CLIMATE RECORD PERIOD 1948 TO 2017


WEATHER ITEM   OBSERVED TIME   RECORD YEAR NORMAL DEPARTURE LAST
                VALUE   (LST)  VALUE       VALUE  FROM      YEAR
                                                  NORMAL
..................................................................
TEMPERATURE (F)
 YESTERDAY
  MAXIMUM         78    557 PM 101    1996  89    -11       93
  MINIMUM         65    657 AM  54    1995  63      2       67
  AVERAGE         72                        76     -4

PRECIPITATION (IN)
  YESTERDAY        0.01          1.52 1970   0.09  -0.08     0.00
  MONTH TO DATE    3.17                      1.48   1.69     0.62
  SINCE SEP 1     14.82                     10.72   4.10     8.26
  SINCE JAN 1      8.07                      6.41   1.66     4.77

DEGREE DAYS
 HEATING
  YESTERDAY        0                                0
  MONTH TO DATE    0                                0
  SINCE JUL 1      0                                0

 COOLING
  YESTERDAY        7                               -4
  MONTH TO DATE  313                               56
  SINCE JAN 1    670                              185
..................................................................


WIND (MPH)
  HIGHEST WIND SPEED    20   HIGHEST WIND DIRECTION    SE (140)
  HIGHEST GUST SPEED    24   HIGHEST GUST DIRECTION    SE (140)
  AVERAGE WIND SPEED     6.8


SKY COVER
  AVERAGE SKY COVER 0.7


WEATHER CONDITIONS
 THE FOLLOWING WEATHER WAS RECORDED YESTERDAY.
  LIGHT RAIN
  FOG


RELATIVE HUMIDITY (PERCENT)
 HIGHEST   100
 LOWEST     60

..........................................................


THE PRESCOTT AZ AIRPORT CLIMATE NORMALS FOR TODAY
                         NORMAL    RECORD    YEAR
 MAXIMUM TEMPERATURE (F)   89        99      1995
 MINIMUM TEMPERATURE (F)   63        55      1986


SUNRISE AND SUNSET
JULY 25 2017..........SUNRISE   535 AM MST   SUNSET   737 PM MST
JULY 26 2017..........SUNRISE   536 AM MST   SUNSET   736 PM MST


-  INDICATES NEGATIVE NUMBERS.
R  INDICATES RECORD WAS SET OR TIED.
MM INDICATES DATA IS MISSING.
T  INDICATES TRACE AMOUNT.




$$
