000
CDUS46 KPDT 010827
CLIPSC

CLIMATE REPORT
NATIONAL WEATHER SERVICE PENDLETON OR
1226 AM PST SUN FEB 1 2015


...................................

...THE PASCO WA CLIMATE SUMMARY FOR JANUARY 31 2015...

CLIMATE NORMAL PERIOD 1981 TO 2010
CLIMATE RECORD PERIOD 1948 TO 2015


WEATHER ITEM   OBSERVED TIME   RECORD YEAR NORMAL DEPARTURE LAST
                VALUE   (LST)  VALUE       VALUE  FROM      YEAR
                                                  NORMAL
..................................................................
TEMPERATURE (F)
 YESTERDAY
  MAXIMUM         41    255 PM  66    1995  45     -4       41
  MINIMUM         36   1143 PM -16    1996  29      7       27
  AVERAGE         39                        37      2       34

PRECIPITATION (IN)
  YESTERDAY        T             0.54 1997   0.03  -0.03      T
  MONTH TO DATE    0.69                      1.22  -0.53     0.36
  SINCE OCT 1      3.06                      4.17  -1.11     0.94
  SINCE JAN 1      0.69                      1.22  -0.53     0.36

SNOWFALL (IN)
  YESTERDAY       MM
  SNOW DEPTH       0

DEGREE DAYS
 HEATING
  YESTERDAY       26                        28     -2       31
  MONTH TO DATE  904                       934    -30      908
  SINCE DEC 1   1782                      1922   -140     2060
  SINCE JUL 1   2847                      3151   -304     3410

 COOLING
  YESTERDAY        0                         0      0        0
  MONTH TO DATE    0                         0      0        0
  SINCE DEC 1      0                         0      0        0
  SINCE JAN 1      0                         0      0        0
..................................................................


WIND (MPH)
  RESULTANT WIND SPEED   1   RESULTANT WIND DIRECTION  NE (30)
  HIGHEST WIND SPEED     9   HIGHEST WIND DIRECTION     E (90)
  HIGHEST GUST SPEED    11   HIGHEST GUST DIRECTION    SW (220)


SKY COVER
  POSSIBLE SUNSHINE  MM
  AVERAGE SKY COVER 1.0


WEATHER CONDITIONS
THE FOLLOWING WEATHER WAS RECORDED YESTERDAY.
  LIGHT RAIN
  FOG


RELATIVE HUMIDITY (PERCENT)
 HIGHEST   100
 LOWEST     70
 AVERAGE    85

..........................................................


THE PASCO WA CLIMATE NORMALS FOR TODAY
                         NORMAL    RECORD    YEAR
 MAXIMUM TEMPERATURE (F)   45        59      2003
 MINIMUM TEMPERATURE (F)   29       -12      1996


SUNRISE AND SUNSET
FEBRUARY  1 2015......SUNRISE   720 AM PST   SUNSET   501 PM PST
FEBRUARY  2 2015......SUNRISE   718 AM PST   SUNSET   503 PM PST


-  INDICATES NEGATIVE NUMBERS.
R  INDICATES RECORD WAS SET OR TIED.
MM INDICATES DATA IS MISSING.
T  INDICATES TRACE AMOUNT.




$$
