000
CDUS46 KPDT 280836
CLIPSC

CLIMATE REPORT
NATIONAL WEATHER SERVICE PENDLETON OR
125 AM PDT MON JUL 28 2014


...................................

...THE PASCO WA CLIMATE SUMMARY FOR JULY 27 2014...

CLIMATE NORMAL PERIOD 1981 TO 2010
CLIMATE RECORD PERIOD 1948 TO 2014


WEATHER ITEM   OBSERVED TIME   RECORD YEAR NORMAL DEPARTURE LAST
                VALUE   (LST)  VALUE       VALUE  FROM      YEAR
                                                  NORMAL
..................................................................
TEMPERATURE (F)
 YESTERDAY
  MAXIMUM         95    250 PM 111    1998  93      2       93
  MINIMUM         51R   433 AM  52    2011  57     -6       57
                                      2005
  AVERAGE         73                        75     -2       75

PRECIPITATION (IN)
  YESTERDAY        0.00          0.09 1955   0.00   0.00     0.00
  MONTH TO DATE    0.03                      0.26  -0.23      T
  SINCE OCT 1      3.17                      8.14  -4.97     6.30
  SINCE JAN 1      2.59                      5.19  -2.60     2.94

SNOWFALL (IN)
  YESTERDAY        0.0
  SNOW DEPTH       0

DEGREE DAYS
 HEATING
  YESTERDAY        0                         0      0        0
  MONTH TO DATE    0                         1     -1        0
  SINCE JUN 1     18                        33    -15       19
  SINCE JUL 1      0                         1     -1        0

 COOLING
  YESTERDAY        8                        10     -2       10
  MONTH TO DATE  364                       227    137      337
  SINCE JUN 1    475                       336    139      461
  SINCE JAN 1    509                       369    140      507
..................................................................


WIND (MPH)
  RESULTANT WIND SPEED   5   RESULTANT WIND DIRECTION   N (350)
  HIGHEST WIND SPEED    14   HIGHEST WIND DIRECTION    NW (330)
  HIGHEST GUST SPEED    17   HIGHEST GUST DIRECTION    NW (320)


SKY COVER
  POSSIBLE SUNSHINE  MM
  AVERAGE SKY COVER 0.0


WEATHER CONDITIONS
 THE FOLLOWING WEATHER WAS RECORDED YESTERDAY.
  NO SIGNIFICANT WEATHER WAS OBSERVED.


RELATIVE HUMIDITY (PERCENT)
 HIGHEST    89
 LOWEST     26
 AVERAGE    58

..........................................................


THE PASCO WA CLIMATE NORMALS FOR TODAY
                         NORMAL    RECORD    YEAR
 MAXIMUM TEMPERATURE (F)   93       110      1998
 MINIMUM TEMPERATURE (F)   58        50      2011


SUNRISE AND SUNSET
JULY 28 2014..........SUNRISE   533 AM PDT   SUNSET   832 PM PDT
JULY 29 2014..........SUNRISE   535 AM PDT   SUNSET   830 PM PDT


-  INDICATES NEGATIVE NUMBERS.
R  INDICATES RECORD WAS SET OR TIED.
MM INDICATES DATA IS MISSING.
T  INDICATES TRACE AMOUNT.




$$
