000
CDUS46 KPDT 290828 RRA
CLIPSC

CLIMATE REPORT
NATIONAL WEATHER SERVICE PENDLETON OR
126 AM PDT WED MAR 29 2017


...................................

...THE PASCO WA CLIMATE SUMMARY FOR MARCH 28 2017...

CLIMATE NORMAL PERIOD 1981 TO 2010
CLIMATE RECORD PERIOD 1948 TO 2017


WEATHER ITEM   OBSERVED TIME   RECORD YEAR NORMAL DEPARTURE LAST
                VALUE   (LST)  VALUE       VALUE  FROM      YEAR
                                                  NORMAL
..................................................................
TEMPERATURE (F)
 YESTERDAY
  MAXIMUM         57    536 PM  77    1994  63     -6       55
  MINIMUM         40    844 PM  24    2008  37      3       28
                                      1998
  AVERAGE         49                        50     -1       42

PRECIPITATION (IN)
  YESTERDAY        0.00          0.31 2014   0.02  -0.02      T
  MONTH TO DATE    1.43                      0.71   0.72     1.18
  SINCE OCT 1      7.77                      5.74   2.03     5.51
  SINCE JAN 1      4.00                      2.79   1.21     2.75

SNOWFALL (IN)
  YESTERDAY        0.0
  SNOW DEPTH       0

DEGREE DAYS
 HEATING
  YESTERDAY       16                        15      1       23
  MONTH TO DATE  502                       534    -32      487
  SINCE MAR 1    502                       534    -32      487
  SINCE JUL 1   4824                      4417    407     4005

 COOLING
  YESTERDAY        0                         0      0        0
  MONTH TO DATE    0                         0      0        0
  SINCE MAR 1      0                         0      0        0
  SINCE JAN 1      0                         0      0        0
..................................................................


WIND (MPH)
  RESULTANT WIND SPEED  14   RESULTANT WIND DIRECTION  SW (220)
  HIGHEST WIND SPEED    25   HIGHEST WIND DIRECTION    SW (230)
  HIGHEST GUST SPEED    31   HIGHEST GUST DIRECTION    SW (230)


SKY COVER
  POSSIBLE SUNSHINE  MM
  AVERAGE SKY COVER 0.6


WEATHER CONDITIONS
 THE FOLLOWING WEATHER WAS RECORDED YESTERDAY.
  NO SIGNIFICANT WEATHER WAS OBSERVED.


RELATIVE HUMIDITY (PERCENT)
 HIGHEST    70
 LOWEST     40
 AVERAGE    55

..........................................................


THE PASCO WA CLIMATE NORMALS FOR TODAY
                         NORMAL    RECORD    YEAR
 MAXIMUM TEMPERATURE (F)   63        77      2004
 MINIMUM TEMPERATURE (F)   37        27      2016


SUNRISE AND SUNSET
MARCH 29 2017.........SUNRISE   641 AM PDT   SUNSET   722 PM PDT
MARCH 30 2017.........SUNRISE   639 AM PDT   SUNSET   723 PM PDT


-  INDICATES NEGATIVE NUMBERS.
R  INDICATES RECORD WAS SET OR TIED.
MM INDICATES DATA IS MISSING.
T  INDICATES TRACE AMOUNT.




$$
