000
CDUS46 KPDT 310838
CLIPSC

CLIMATE REPORT
NATIONAL WEATHER SERVICE PENDLETON OR
138 AM PDT FRI OCT 31 2014


...................................

...THE PASCO WA CLIMATE SUMMARY FOR OCTOBER 30 2014...

CLIMATE NORMAL PERIOD 1981 TO 2010
CLIMATE RECORD PERIOD 1948 TO 2014


WEATHER ITEM   OBSERVED TIME   RECORD YEAR NORMAL DEPARTURE LAST
                VALUE   (LST)  VALUE       VALUE  FROM      YEAR
                                                  NORMAL
..................................................................
TEMPERATURE (F)
 YESTERDAY
  MAXIMUM         58    325 PM  70    2009  59     -1       58
                                      1999
  MINIMUM         50    622 AM  16    2002  35     15       22
  AVERAGE         54                        47      7       40

PRECIPITATION (IN)
  YESTERDAY        0.01          0.33 1950   0.02  -0.01     0.00
  MONTH TO DATE    0.71                      0.63   0.08     0.04
  SINCE OCT 1      0.71                      0.63   0.08     0.04
  SINCE JAN 1      3.82                      6.51  -2.69     4.35

SNOWFALL (IN)
  YESTERDAY        0.0
  SNOW DEPTH       0

DEGREE DAYS
 HEATING
  YESTERDAY       11                        18     -7       25
  MONTH TO DATE  228                       388   -160      473
  SINCE SEP 1    270                       487   -217      541
  SINCE JUL 1    270                       499   -229      541

 COOLING
  YESTERDAY        0                         0      0        0
  MONTH TO DATE   11                         0     11        0
  SINCE SEP 1     73                        52     21      133
  SINCE JAN 1    991                       709    282      995
..................................................................


WIND (MPH)
  RESULTANT WIND SPEED   4   RESULTANT WIND DIRECTION  NW (320)
  HIGHEST WIND SPEED    15   HIGHEST WIND DIRECTION    NW (310)
  HIGHEST GUST SPEED    18   HIGHEST GUST DIRECTION    NW (320)


SKY COVER
  POSSIBLE SUNSHINE  MM
  AVERAGE SKY COVER 0.6


WEATHER CONDITIONS
 THE FOLLOWING WEATHER WAS RECORDED YESTERDAY.
  LIGHT RAIN
  FOG


RELATIVE HUMIDITY (PERCENT)
 HIGHEST   100
 LOWEST     80
 AVERAGE    90

..........................................................


THE PASCO WA CLIMATE NORMALS FOR TODAY
                         NORMAL    RECORD    YEAR
 MAXIMUM TEMPERATURE (F)   58        69      2013
                                             2009
 MINIMUM TEMPERATURE (F)   35         9      2002


SUNRISE AND SUNSET
OCTOBER 31 2014.......SUNRISE   736 AM PDT   SUNSET   543 PM PDT
NOVEMBER  1 2014......SUNRISE   738 AM PDT   SUNSET   542 PM PDT


-  INDICATES NEGATIVE NUMBERS.
R  INDICATES RECORD WAS SET OR TIED.
MM INDICATES DATA IS MISSING.
T  INDICATES TRACE AMOUNT.




$$
