000
CDUS46 KPDT 010841 RRB
CLIPSC

CLIMATE REPORT
NATIONAL WEATHER SERVICE PENDLETON OR
139 AM PDT TUE SEP 1 2015


...................................

...THE PASCO WA CLIMATE SUMMARY FOR AUGUST 31 2015...

CLIMATE NORMAL PERIOD 1981 TO 2010
CLIMATE RECORD PERIOD 1948 TO 2015


WEATHER ITEM   OBSERVED TIME   RECORD YEAR NORMAL DEPARTURE LAST
                VALUE   (LST)  VALUE       VALUE  FROM      YEAR
                                                  NORMAL
..................................................................
TEMPERATURE (F)
 YESTERDAY
  MAXIMUM         83    456 PM 101    1998  86     -3       80
  MINIMUM         59    547 AM  40    2008  52      7       56
  AVERAGE         71                        69      2       68

PRECIPITATION (IN)
  YESTERDAY        0.00          0.26 2010   0.01  -0.01     0.00
  MONTH TO DATE    0.03                      0.27  -0.24     0.47
  SINCE OCT 1      5.60                      8.43  -2.83     3.64
  SINCE JAN 1      3.23                      5.48  -2.25     3.06

SNOWFALL (IN)
  YESTERDAY        0.0
  SNOW DEPTH       0

DEGREE DAYS
 HEATING
  YESTERDAY        0                         1     -1        0
  MONTH TO DATE    0                         6     -6        0
  SINCE JUN 1      1                        44    -43       18
  SINCE JUL 1      0                        12    -12        0

 COOLING
  YESTERDAY        6                         5      1        3
  MONTH TO DATE  280                       247     33      337
  SINCE JUN 1    991                       624    367      884
  SINCE JAN 1   1073                       657    416      918
..................................................................


WIND (MPH)
  RESULTANT WIND SPEED  11   RESULTANT WIND DIRECTION  SW (230)
  HIGHEST WIND SPEED    21   HIGHEST WIND DIRECTION    SW (220)
  HIGHEST GUST SPEED    30   HIGHEST GUST DIRECTION    SW (210)


SKY COVER
  POSSIBLE SUNSHINE  MM
  AVERAGE SKY COVER 0.1


WEATHER CONDITIONS
 THE FOLLOWING WEATHER WAS RECORDED YESTERDAY.
  NO SIGNIFICANT WEATHER WAS OBSERVED.


RELATIVE HUMIDITY (PERCENT)
 HIGHEST    64
 LOWEST     26
 AVERAGE    45

..........................................................


THE PASCO WA CLIMATE NORMALS FOR TODAY
                         NORMAL    RECORD    YEAR
 MAXIMUM TEMPERATURE (F)   86       103      1998
 MINIMUM TEMPERATURE (F)   51        41      1999


SUNRISE AND SUNSET
SEPTEMBER  1 2015.....SUNRISE   617 AM PDT   SUNSET   735 PM PDT
SEPTEMBER  2 2015.....SUNRISE   618 AM PDT   SUNSET   734 PM PDT


-  INDICATES NEGATIVE NUMBERS.
R  INDICATES RECORD WAS SET OR TIED.
MM INDICATES DATA IS MISSING.
T  INDICATES TRACE AMOUNT.




$$
