000
CDUS46 KPDT 230843
CLIPSC

CLIMATE REPORT
NATIONAL WEATHER SERVICE PENDLETON OR
140 AM PDT TUE SEP 23 2014


...................................

...THE PASCO WA CLIMATE SUMMARY FOR SEPTEMBER 22 2014...

CLIMATE NORMAL PERIOD 1981 TO 2010
CLIMATE RECORD PERIOD 1948 TO 2014


WEATHER ITEM   OBSERVED TIME   RECORD YEAR NORMAL DEPARTURE LAST
                VALUE   (LST)  VALUE       VALUE  FROM      YEAR
                                                  NORMAL
..................................................................
TEMPERATURE (F)
 YESTERDAY
  MAXIMUM         86    302 PM  94    1999  78      8       71
  MINIMUM         53    357 AM  34    2002  45      8       55
  AVERAGE         70                        61      9       63

PRECIPITATION (IN)
  YESTERDAY        T             0.12 1973   0.02  -0.02     0.05
  MONTH TO DATE    T                         0.26  -0.26     0.76
  SINCE OCT 1      3.64                      8.69  -5.05     7.44
  SINCE JAN 1      3.06                      5.74  -2.68     4.08

SNOWFALL (IN)
  YESTERDAY        0.0
  SNOW DEPTH       0

DEGREE DAYS
 HEATING
  YESTERDAY        0                         5     -5        2
  MONTH TO DATE   33                        49    -16       18
  SINCE SEP 1     33                        49    -16       18
  SINCE JUL 1     33                        61    -28       18

 COOLING
  YESTERDAY        5                         1      4        0
  MONTH TO DATE   47                        47      0      133
  SINCE SEP 1     47                        47      0      133
  SINCE JAN 1    965                       704    261      995
..................................................................


WIND (MPH)
  RESULTANT WIND SPEED   4   RESULTANT WIND DIRECTION   S (170)
  HIGHEST WIND SPEED    17   HIGHEST WIND DIRECTION    SW (210)
  HIGHEST GUST SPEED    22   HIGHEST GUST DIRECTION    SW (220)


SKY COVER
  POSSIBLE SUNSHINE  MM
  AVERAGE SKY COVER 0.0


WEATHER CONDITIONS
 THE FOLLOWING WEATHER WAS RECORDED YESTERDAY.
  LIGHT RAIN


RELATIVE HUMIDITY (PERCENT)
 HIGHEST    93
 LOWEST     34
 AVERAGE    64

..........................................................


THE PASCO WA CLIMATE NORMALS FOR TODAY
                         NORMAL    RECORD    YEAR
 MAXIMUM TEMPERATURE (F)   77        93      2011
 MINIMUM TEMPERATURE (F)   44        32      2000


SUNRISE AND SUNSET
SEPTEMBER 23 2014.....SUNRISE   645 AM PDT   SUNSET   652 PM PDT
SEPTEMBER 24 2014.....SUNRISE   646 AM PDT   SUNSET   650 PM PDT


-  INDICATES NEGATIVE NUMBERS.
R  INDICATES RECORD WAS SET OR TIED.
MM INDICATES DATA IS MISSING.
T  INDICATES TRACE AMOUNT.




$$
