000
CDUS46 KPDT 220845
CLIPSC

CLIMATE REPORT
NATIONAL WEATHER SERVICE PENDLETON OR
1245 AM PST MON DEC 22 2014


...................................

...THE PASCO WA CLIMATE SUMMARY FOR DECEMBER 21 2014...

CLIMATE NORMAL PERIOD 1981 TO 2010
CLIMATE RECORD PERIOD 1948 TO 2014


WEATHER ITEM   OBSERVED TIME   RECORD YEAR NORMAL DEPARTURE LAST
                VALUE   (LST)  VALUE       VALUE  FROM      YEAR
                                                  NORMAL
..................................................................
TEMPERATURE (F)
 YESTERDAY
  MAXIMUM         59R   129 PM  57    1994  39     20       37
  MINIMUM         49   1159 PM   0    1998  25     24       26
  AVERAGE         54                        32     22       32

PRECIPITATION (IN)
  YESTERDAY        T             0.50 1967   0.05  -0.05      T
  MONTH TO DATE    0.69                      0.73  -0.04     0.12
  SINCE OCT 1      1.91                      2.47  -0.56     0.56
  SINCE JAN 1      5.02                      8.35  -3.33     4.87

SNOWFALL (IN)
  YESTERDAY        0.0
  SNOW DEPTH       0

DEGREE DAYS
 HEATING
  YESTERDAY       11                        33    -22       33
  MONTH TO DATE  578                       660    -82      809
  SINCE DEC 1    578                       660    -82      809
  SINCE JUL 1   1643                      1889   -246     2159

 COOLING
  YESTERDAY        0                         0      0        0
  MONTH TO DATE    0                         0      0        0
  SINCE DEC 1      0                         0      0        0
  SINCE JAN 1    991                       710    281      995
..................................................................


WIND (MPH)
  RESULTANT WIND SPEED  14   RESULTANT WIND DIRECTION  SW (240)
  HIGHEST WIND SPEED    26   HIGHEST WIND DIRECTION     W (250)
  HIGHEST GUST SPEED    38   HIGHEST GUST DIRECTION    SW (240)


SKY COVER
  POSSIBLE SUNSHINE  MM
  AVERAGE SKY COVER 0.3


WEATHER CONDITIONS
 THE FOLLOWING WEATHER WAS RECORDED YESTERDAY.
  LIGHT RAIN


RELATIVE HUMIDITY (PERCENT)
 HIGHEST    83
 LOWEST     55
 AVERAGE    69

..........................................................


THE PASCO WA CLIMATE NORMALS FOR TODAY
                         NORMAL    RECORD    YEAR
 MAXIMUM TEMPERATURE (F)   39        50      1992
 MINIMUM TEMPERATURE (F)   25        -2      2008


SUNRISE AND SUNSET
DECEMBER 22 2014......SUNRISE   737 AM PST   SUNSET   413 PM PST
DECEMBER 23 2014......SUNRISE   737 AM PST   SUNSET   414 PM PST


-  INDICATES NEGATIVE NUMBERS.
R  INDICATES RECORD WAS SET OR TIED.
MM INDICATES DATA IS MISSING.
T  INDICATES TRACE AMOUNT.


$$
