000
CDUS46 KPDT 080923
CLIPSC

CLIMATE REPORT
NATIONAL WEATHER SERVICE PENDLETON OR
1255 AM PST MON FEB 8 2016


...................................

...THE PASCO WA CLIMATE SUMMARY FOR FEBRUARY 7 2016...

CLIMATE NORMAL PERIOD 1981 TO 2010
CLIMATE RECORD PERIOD 1948 TO 2016


WEATHER ITEM   OBSERVED TIME   RECORD YEAR NORMAL DEPARTURE LAST
                VALUE   (LST)  VALUE       VALUE  FROM      YEAR
                                                  NORMAL
..................................................................
TEMPERATURE (F)
 YESTERDAY
  MAXIMUM         51    357 PM  67    2015  47      4       67
  MINIMUM         23    713 AM   2    1989  29     -6       45
  AVERAGE         37                        38     -1       56

PRECIPITATION (IN)
  YESTERDAY        0.00          0.20 1975   0.03  -0.03     0.10
  MONTH TO DATE    0.04                      0.24  -0.20     0.40
  SINCE OCT 1      3.99                      4.41  -0.42     3.46
  SINCE JAN 1      1.23                      1.46  -0.23     1.09

SNOWFALL (IN)
  YESTERDAY        0.0
  SNOW DEPTH       0

DEGREE DAYS
 HEATING
  YESTERDAY       28                        27      1        9
  MONTH TO DATE  192                       195     -3      154
  SINCE DEC 1   1991                      2117   -126     1936
  SINCE JUL 1   3093                      3346   -253     3001

 COOLING
  YESTERDAY        0                         0      0        0
  MONTH TO DATE    0                         0      0        0
  SINCE DEC 1      0                         0      0        0
  SINCE JAN 1      0                         0      0        0
..................................................................


WIND (MPH)
  RESULTANT WIND SPEED   2   RESULTANT WIND DIRECTION   N (340)
  HIGHEST WIND SPEED    10   HIGHEST WIND DIRECTION     N (20)
  HIGHEST GUST SPEED    12   HIGHEST GUST DIRECTION     N (20)


SKY COVER
  POSSIBLE SUNSHINE  MM
  AVERAGE SKY COVER 0.0


WEATHER CONDITIONS
 THE FOLLOWING WEATHER WAS RECORDED YESTERDAY.
  NO SIGNIFICANT WEATHER WAS OBSERVED.


RELATIVE HUMIDITY (PERCENT)
 HIGHEST    92
 LOWEST     54
 AVERAGE    73

..........................................................


THE PASCO WA CLIMATE NORMALS FOR TODAY
                         NORMAL    RECORD    YEAR
 MAXIMUM TEMPERATURE (F)   47        66      1996
 MINIMUM TEMPERATURE (F)   29         5      1994


SUNRISE AND SUNSET
FEBRUARY  8 2016......SUNRISE   711 AM PST   SUNSET   511 PM PST
FEBRUARY  9 2016......SUNRISE   709 AM PST   SUNSET   513 PM PST


-  INDICATES NEGATIVE NUMBERS.
R  INDICATES RECORD WAS SET OR TIED.
MM INDICATES DATA IS MISSING.
T  INDICATES TRACE AMOUNT.




$$
