000
CDUS46 KPDT 210839
CLIPSC

CLIMATE REPORT
NATIONAL WEATHER SERVICE PENDLETON OR
133 AM PDT THU SEP 21 2017


...................................

...THE PASCO WA CLIMATE SUMMARY FOR SEPTEMBER 20 2017...

CLIMATE NORMAL PERIOD 1981 TO 2010
CLIMATE RECORD PERIOD 1948 TO 2017


WEATHER ITEM   OBSERVED TIME   RECORD YEAR NORMAL DEPARTURE LAST
                VALUE   (LST)  VALUE       VALUE  FROM      YEAR
                                                  NORMAL
..................................................................
TEMPERATURE (F)
 YESTERDAY
  MAXIMUM         60    509 PM  94    1939  79    -19       73
  MINIMUM         43   1145 PM  35    1928  45     -2       43
                                      1895
  AVERAGE         52                        62    -10       58

PRECIPITATION (IN)
  YESTERDAY        0.09          0.27 2006   0.01   0.08     0.00
  MONTH TO DATE    0.13                      0.22  -0.09     0.24
  SINCE OCT 1     10.12                      8.65   1.47     8.38
  SINCE JAN 1      6.35                      5.70   0.65     5.62

SNOWFALL (IN)
  YESTERDAY       MM
  SNOW DEPTH       0

DEGREE DAYS
 HEATING
  YESTERDAY       13                         4      9        7
  MONTH TO DATE   37                        40     -3       46
  SINCE SEP 1     37                        40     -3       46
  SINCE JUL 1     37                        52    -15       46

 COOLING
  YESTERDAY        0                         1     -1        0
  MONTH TO DATE  101                        45     56       20
  SINCE SEP 1    101                        45     56       20
  SINCE JAN 1    979                       702    277      771
..................................................................


WIND (MPH)
  RESULTANT WIND SPEED   5   RESULTANT WIND DIRECTION  SW (220)
  HIGHEST WIND SPEED    18   HIGHEST WIND DIRECTION     S (190)
  HIGHEST GUST SPEED    23   HIGHEST GUST DIRECTION     S (190)


SKY COVER
  POSSIBLE SUNSHINE  MM
  AVERAGE SKY COVER 0.5


WEATHER CONDITIONS
 THE FOLLOWING WEATHER WAS RECORDED YESTERDAY.
  THUNDERSTORM
  LIGHT RAIN
  FOG


RELATIVE HUMIDITY (PERCENT)
 HIGHEST    89
 LOWEST     61
 AVERAGE    75

..........................................................


THE PASCO WA CLIMATE NORMALS FOR TODAY
                         NORMAL    RECORD    YEAR
 MAXIMUM TEMPERATURE (F)   78        94      1967
                                             1939
                                             1896
 MINIMUM TEMPERATURE (F)   45        31      1907


SUNRISE AND SUNSET
SEPTEMBER 21 2017.....SUNRISE   642 AM PDT   SUNSET   655 PM PDT
SEPTEMBER 22 2017.....SUNRISE   644 AM PDT   SUNSET   653 PM PDT


-  INDICATES NEGATIVE NUMBERS.
R  INDICATES RECORD WAS SET OR TIED.
MM INDICATES DATA IS MISSING.
T  INDICATES TRACE AMOUNT.




$$
