000
CDUS46 KPDT 010900
CLIPSC

CLIMATE REPORT
NATIONAL WEATHER SERVICE PENDLETON OR
156 AM PDT WED OCT 1 2014


...................................

...THE PASCO WA CLIMATE SUMMARY FOR SEPTEMBER 30 2014...

CLIMATE NORMAL PERIOD 1981 TO 2010
CLIMATE RECORD PERIOD 1948 TO 2014


WEATHER ITEM   OBSERVED TIME   RECORD YEAR NORMAL DEPARTURE LAST
                VALUE   (LST)  VALUE       VALUE  FROM      YEAR
                                                  NORMAL
..................................................................
TEMPERATURE (F)
 YESTERDAY
  MAXIMUM         74    135 PM  90    1991  74      0       67
  MINIMUM         50   1159 PM  38    2002  42      8       51
  AVERAGE         62                        58      4       59

PRECIPITATION (IN)
  YESTERDAY        0.01          0.34 2007   0.02  -0.01      T
  MONTH TO DATE    0.05                      0.40  -0.35     0.99
  SINCE OCT 1      3.69                      8.83  -5.14     7.67
  SINCE JAN 1      3.11                      5.88  -2.77     4.31

SNOWFALL (IN)
  YESTERDAY        0.0
  SNOW DEPTH       0

DEGREE DAYS
 HEATING
  YESTERDAY        3                         7     -4        6
  MONTH TO DATE   42                        98    -56       68
  SINCE SEP 1     42                        99    -57       68
  SINCE JUL 1     42                       111    -69       68

 COOLING
  YESTERDAY        0                         0      0        0
  MONTH TO DATE   62                        52     10      133
  SINCE SEP 1     62                        52     10      133
  SINCE JAN 1    980                       709    271      995
..................................................................


WIND (MPH)
  RESULTANT WIND SPEED   9   RESULTANT WIND DIRECTION   W (250)
  HIGHEST WIND SPEED    20   HIGHEST WIND DIRECTION    NW (320)
  HIGHEST GUST SPEED    27   HIGHEST GUST DIRECTION    SW (230)


SKY COVER
  POSSIBLE SUNSHINE  MM
  AVERAGE SKY COVER 0.1


WEATHER CONDITIONS
THE FOLLOWING WEATHER WAS RECORDED YESTERDAY.
  LIGHT RAIN


RELATIVE HUMIDITY (PERCENT)
 HIGHEST    77
 LOWEST     37
 AVERAGE    57

..........................................................


THE PASCO WA CLIMATE NORMALS FOR TODAY
                         NORMAL    RECORD    YEAR
 MAXIMUM TEMPERATURE (F)   73        88      1991
 MINIMUM TEMPERATURE (F)   42        31      2002


SUNRISE AND SUNSET
OCTOBER  1 2014.......SUNRISE   655 AM PDT   SUNSET   636 PM PDT
OCTOBER  2 2014.......SUNRISE   656 AM PDT   SUNSET   634 PM PDT


-  INDICATES NEGATIVE NUMBERS.
R  INDICATES RECORD WAS SET OR TIED.
MM INDICATES DATA IS MISSING.
T  INDICATES TRACE AMOUNT.




$$
