000
CDUS41 KALY 290631
CLIPSF


CLIMATE REPORT
NATIONAL WEATHER SERVICE ALBANY NY
230 AM EDT TUE JUL 29 2014


...................................

...THE PITTSFIELD MA CLIMATE SUMMARY FOR JULY 28 2014...

CLIMATE NORMAL PERIOD 1981 TO 2010
CLIMATE RECORD PERIOD 9999 TO 9999


WEATHER ITEM   OBSERVED TIME   NORMAL DEPARTURE LAST
                VALUE   (LST)  VALUE  FROM      YEAR
                                      NORMAL
......................................................
TEMPERATURE (F)
 YESTERDAY
  MAXIMUM         76    104 PM  79     -3       72
  MINIMUM         58   1159 PM  57      1       59
  AVERAGE         67            68     -1       66

PRECIPITATION (IN)
  YESTERDAY        2.49          0.16   2.33     0.13
  MONTH TO DATE    9.22          3.72   5.50     1.31
  SINCE JUN 1     14.57          8.12   6.45     8.68
  SINCE JAN 1     28.57         25.16   3.41    23.27

DEGREE DAYS
 HEATING
  YESTERDAY        0             1     -1        0
  MONTH TO DATE   11            28    -17        7
  SINCE JUN 1     69           129    -60      115
  SINCE JUL 1     11            28    -17        7

 COOLING
  YESTERDAY        2             4     -2        1
  MONTH TO DATE  114           101     13      221
  SINCE JUN 1    157           157      0      307
  SINCE JAN 1    163           170     -7      332
......................................................


WIND (MPH)
  HIGHEST WIND SPEED    28   HIGHEST WIND DIRECTION     W (250)
  HIGHEST GUST SPEED    40   HIGHEST GUST DIRECTION    SW (240)
  AVERAGE WIND SPEED     6.9


SKY COVER
  AVERAGE SKY COVER 0.6



RELATIVE HUMIDITY (PERCENT)
 HIGHEST   100
 LOWEST     69
 AVERAGE    85

..........................................................


THE PITTSFIELD MA CLIMATE NORMALS FOR TODAY
                         NORMAL
 MAXIMUM TEMPERATURE (F)   79
 MINIMUM TEMPERATURE (F)   57


SUNRISE AND SUNSET
JULY 29 2014..........SUNRISE   542 AM EDT   SUNSET   816 PM EDT
JULY 30 2014..........SUNRISE   543 AM EDT   SUNSET   815 PM EDT


-  INDICATES NEGATIVE NUMBERS.
R  INDICATES RECORD WAS SET OR TIED.
MM INDICATES DATA IS MISSING.
T  INDICATES TRACE AMOUNT.




$$
