000
CDUS41 KALY 312047
CLIPSF


CLIMATE REPORT
NATIONAL WEATHER SERVICE ALBANY NY
446 PM EDT WED AUG 31 2016


...................................

...THE PITTSFIELD MA CLIMATE SUMMARY FOR AUGUST 31 2016...
VALID TODAY AS OF 0400 PM LOCAL TIME.

CLIMATE NORMAL PERIOD 1981 TO 2010
CLIMATE RECORD PERIOD 9999 TO 9999


WEATHER ITEM   OBSERVED TIME   NORMAL DEPARTURE LAST
                VALUE   (LST)  VALUE  FROM      YEAR
                                      NORMAL
......................................................
TEMPERATURE (F)
 TODAY
  MAXIMUM         76    220 PM  75      1       82
  MINIMUM         55    313 AM  53      2       59
  AVERAGE         66            64      2       71

PRECIPITATION (IN)
  TODAY            0.00          0.12  -0.12     0.00
  MONTH TO DATE    2.62          4.09  -1.47     2.97
  SINCE JUN 1      9.27         12.74  -3.47    16.10
  SINCE JAN 1     23.37         29.78  -6.41    27.24

DEGREE DAYS
 HEATING
  TODAY            0             3     -3        0
  MONTH TO DATE   13            43    -30        9
  SINCE JUN 1    100           179    -79      139
  SINCE JUL 1     24            78    -54       28

 COOLING
  TODAY            1             2     -1        6
  MONTH TO DATE  146            93     53      110
  SINCE JUN 1    340           257     83      264
  SINCE JAN 1    381           270    111      308
......................................................


WIND (MPH)
  HIGHEST WIND SPEED    10   HIGHEST WIND DIRECTION    SW (220)
  HIGHEST GUST SPEED    14   HIGHEST GUST DIRECTION    SW (240)
  AVERAGE WIND SPEED     2.2


SKY COVER
  AVERAGE SKY COVER 0.2



RELATIVE HUMIDITY (PERCENT)
 HIGHEST   100
 LOWEST     68
 AVERAGE    84

..........................................................


THE PITTSFIELD MA CLIMATE NORMALS FOR TOMORROW
                         NORMAL
 MAXIMUM TEMPERATURE (F)   74
 MINIMUM TEMPERATURE (F)   53


SUNRISE AND SUNSET
AUGUST 31 2016........SUNRISE   618 AM EDT   SUNSET   728 PM EDT
SEPTEMBER  1 2016.....SUNRISE   619 AM EDT   SUNSET   726 PM EDT


-  INDICATES NEGATIVE NUMBERS.
R  INDICATES RECORD WAS SET OR TIED.
MM INDICATES DATA IS MISSING.
T  INDICATES TRACE AMOUNT.




$$
