000
CDUS41 KALY 300640
CLIPSF


CLIMATE REPORT
NATIONAL WEATHER SERVICE ALBANY NY
240 AM EDT SAT MAY 30 2015


...................................

...THE PITTSFIELD MA CLIMATE SUMMARY FOR MAY 29 2015...

CLIMATE NORMAL PERIOD 1981 TO 2010
CLIMATE RECORD PERIOD 9999 TO 9999


WEATHER ITEM   OBSERVED TIME   NORMAL DEPARTURE LAST
                VALUE   (LST)  VALUE  FROM      YEAR
                                      NORMAL
......................................................
TEMPERATURE (F)
 YESTERDAY
  MAXIMUM         80    251 PM  70     10       67
  MINIMUM         50    458 AM  47      3       38
  AVERAGE         65            59      6       53

PRECIPITATION (IN)
  YESTERDAY        0.00          0.16  -0.16      T
  MONTH TO DATE    1.28          3.89  -2.61     1.05
  SINCE MAR 1      5.75         11.12  -5.37     7.62
  SINCE JAN 1     10.84         16.72  -5.88    14.00

DEGREE DAYS
 HEATING
  YESTERDAY        0             7     -7       12
  MONTH TO DATE  166           312   -146      246
  SINCE MAR 1   1995          1967     28     2110
  SINCE JUL 1   7658          7347    311     7662

 COOLING
  YESTERDAY        0             1     -1        0
  MONTH TO DATE   41             3     38        5
  SINCE MAR 1     41             5     36        6
  SINCE JAN 1     41             5     36        6
......................................................


WIND (MPH)
  HIGHEST WIND SPEED    12   HIGHEST WIND DIRECTION     W (260)
  HIGHEST GUST SPEED    16   HIGHEST GUST DIRECTION     S (160)
  AVERAGE WIND SPEED     2.9


SKY COVER
  AVERAGE SKY COVER 0.1



RELATIVE HUMIDITY (PERCENT)
 HIGHEST   100
 LOWEST     42
 AVERAGE    71

..........................................................


THE PITTSFIELD MA CLIMATE NORMALS FOR TODAY
                         NORMAL
 MAXIMUM TEMPERATURE (F)   70
 MINIMUM TEMPERATURE (F)   48


SUNRISE AND SUNSET
MAY 30 2015...........SUNRISE   520 AM EDT   SUNSET   822 PM EDT
MAY 31 2015...........SUNRISE   519 AM EDT   SUNSET   823 PM EDT


-  INDICATES NEGATIVE NUMBERS.
R  INDICATES RECORD WAS SET OR TIED.
MM INDICATES DATA IS MISSING.
T  INDICATES TRACE AMOUNT.




$$
