000
CDUS41 KALY 020624
CLIPSF


CLIMATE REPORT
NATIONAL WEATHER SERVICE ALBANY NY
223 AM EDT THU APR 2 2015


...................................

...THE PITTSFIELD MA CLIMATE SUMMARY FOR APRIL 1 2015...

CLIMATE NORMAL PERIOD 1981 TO 2010
CLIMATE RECORD PERIOD 9999 TO 9999


WEATHER ITEM   OBSERVED TIME   NORMAL DEPARTURE LAST
                VALUE   (LST)  VALUE  FROM      YEAR
                                      NORMAL
......................................................
TEMPERATURE (F)
 YESTERDAY
  MAXIMUM         41    329 PM  48     -7       52
  MINIMUM         24   1159 PM  28     -4       25
  AVERAGE         33            38     -5       39

PRECIPITATION (IN)
  YESTERDAY        0.00          0.17  -0.17     0.00
  MONTH TO DATE    0.00          0.17  -0.17     0.00
  SINCE MAR 1      1.57          3.54  -1.97     3.13
  SINCE JAN 1      6.66          9.14  -2.48     9.51

DEGREE DAYS
 HEATING
  YESTERDAY       32            27      5       26
  MONTH TO DATE   32            27      5       26
  SINCE MAR 1   1233          1054    179     1257
  SINCE JUL 1   6896          6434    462     6809

 COOLING
  YESTERDAY        0             0      0        0
  MONTH TO DATE    0             0      0        0
  SINCE MAR 1      0             0      0        0
  SINCE JAN 1      0             0      0        0
......................................................


WIND (MPH)
  HIGHEST WIND SPEED    21   HIGHEST WIND DIRECTION     W (270)
  HIGHEST GUST SPEED    28   HIGHEST GUST DIRECTION     W (250)
  AVERAGE WIND SPEED     8.9


SKY COVER
  AVERAGE SKY COVER 0.0



RELATIVE HUMIDITY (PERCENT)
 HIGHEST    69
 LOWEST     27
 AVERAGE    48

..........................................................


THE PITTSFIELD MA CLIMATE NORMALS FOR TODAY
                         NORMAL
 MAXIMUM TEMPERATURE (F)   49
 MINIMUM TEMPERATURE (F)   28


SUNRISE AND SUNSET
APRIL  2 2015.........SUNRISE   634 AM EDT   SUNSET   720 PM EDT
APRIL  3 2015.........SUNRISE   633 AM EDT   SUNSET   721 PM EDT


-  INDICATES NEGATIVE NUMBERS.
R  INDICATES RECORD WAS SET OR TIED.
MM INDICATES DATA IS MISSING.
T  INDICATES TRACE AMOUNT.




$$
