000
CDUS41 KALY 010624
CLIPSF


CLIMATE REPORT
NATIONAL WEATHER SERVICE ALBANY NY
223 AM EDT FRI JUL 1 2016


...................................

...THE PITTSFIELD MA CLIMATE SUMMARY FOR JUNE 30 2016...

CLIMATE NORMAL PERIOD 1981 TO 2010
CLIMATE RECORD PERIOD 9999 TO 9999


WEATHER ITEM   OBSERVED TIME   NORMAL DEPARTURE LAST
                VALUE   (LST)  VALUE  FROM      YEAR
                                      NORMAL
......................................................
TEMPERATURE (F)
 YESTERDAY
  MAXIMUM         79    517 PM  77      2       71
  MINIMUM         56    504 AM  56      0       51
  AVERAGE         68            66      2       61

PRECIPITATION (IN)
  YESTERDAY        0.00          0.11  -0.11     0.10
  MONTH TO DATE    2.50          4.40  -1.90     8.13
  SINCE JUN 1      2.50          4.40  -1.90     8.13
  SINCE JAN 1     16.60         21.44  -4.84    19.27

DEGREE DAYS
 HEATING
  YESTERDAY        0             1     -1        4
  MONTH TO DATE   76           100    -24      111
  SINCE JUN 1     76           101    -25      111
  SINCE JUL 1   6205          7461  -1256     7775

 COOLING
  YESTERDAY        3             3      0        0
  MONTH TO DATE   39            56    -17       33
  SINCE JUN 1     39            56    -17       33
  SINCE JAN 1     80            69     11       77
......................................................


WIND (MPH)
  HIGHEST WIND SPEED    14   HIGHEST WIND DIRECTION     W (260)
  HIGHEST GUST SPEED    19   HIGHEST GUST DIRECTION     W (260)
  AVERAGE WIND SPEED     4.1


SKY COVER
  AVERAGE SKY COVER 0.2



RELATIVE HUMIDITY (PERCENT)
 HIGHEST    93
 LOWEST     36
 AVERAGE    65

..........................................................


THE PITTSFIELD MA CLIMATE NORMALS FOR TODAY
                         NORMAL
 MAXIMUM TEMPERATURE (F)   78
 MINIMUM TEMPERATURE (F)   56


SUNRISE AND SUNSET
JULY  1 2016..........SUNRISE   520 AM EDT   SUNSET   834 PM EDT
JULY  2 2016..........SUNRISE   521 AM EDT   SUNSET   834 PM EDT


-  INDICATES NEGATIVE NUMBERS.
R  INDICATES RECORD WAS SET OR TIED.
MM INDICATES DATA IS MISSING.
T  INDICATES TRACE AMOUNT.




$$
