000
CDUS41 KALY 270624
CLIPSF


CLIMATE REPORT
NATIONAL WEATHER SERVICE ALBANY NY
224 AM EDT TUE JUN 27 2017


...................................

...THE PITTSFIELD MA CLIMATE SUMMARY FOR JUNE 26 2017...

CLIMATE NORMAL PERIOD 1981 TO 2010
CLIMATE RECORD PERIOD 9999 TO 9999


WEATHER ITEM   OBSERVED TIME   NORMAL DEPARTURE LAST
                VALUE   (LST)  VALUE  FROM      YEAR
                                      NORMAL
......................................................
TEMPERATURE (F)
 YESTERDAY
  MAXIMUM         73    237 PM  77     -4       85
  MINIMUM         51    319 AM  55     -4       53
  AVERAGE         62            66     -4       69

PRECIPITATION (IN)
  YESTERDAY        0.11          0.12  -0.01     0.00
  MONTH TO DATE    3.30          3.94  -0.64     2.09
  SINCE JUN 1      3.30          3.94  -0.64     2.09
  SINCE JAN 1     22.08         20.98   1.10    16.19

DEGREE DAYS
 HEATING
  YESTERDAY        3             1      2        0
  MONTH TO DATE   95            96     -1       76
  SINCE JUN 1     95            96     -1       76
  SINCE JUL 1   6769          7456   -687     6205

 COOLING
  YESTERDAY        0             2     -2        4
  MONTH TO DATE   67            45     22       25
  SINCE JUN 1     67            45     22       25
  SINCE JAN 1     81            58     23       66
......................................................


WIND (MPH)
  HIGHEST WIND SPEED    20   HIGHEST WIND DIRECTION    NW (300)
  HIGHEST GUST SPEED    27   HIGHEST GUST DIRECTION    NW (300)
  AVERAGE WIND SPEED     5.6


SKY COVER
  AVERAGE SKY COVER 0.5



RELATIVE HUMIDITY (PERCENT)
 HIGHEST    93
 LOWEST     44
 AVERAGE    69

..........................................................


THE PITTSFIELD MA CLIMATE NORMALS FOR TODAY
                         NORMAL
 MAXIMUM TEMPERATURE (F)   77
 MINIMUM TEMPERATURE (F)   56


SUNRISE AND SUNSET
JUNE 27 2017..........SUNRISE   518 AM EDT   SUNSET   834 PM EDT
JUNE 28 2017..........SUNRISE   519 AM EDT   SUNSET   834 PM EDT


-  INDICATES NEGATIVE NUMBERS.
R  INDICATES RECORD WAS SET OR TIED.
MM INDICATES DATA IS MISSING.
T  INDICATES TRACE AMOUNT.




$$
