000
CDUS41 KALY 230623
CLIPSF


CLIMATE REPORT
NATIONAL WEATHER SERVICE ALBANY NY
122 AM EST SUN NOV 23 2014


...................................

...THE PITTSFIELD MA CLIMATE SUMMARY FOR NOVEMBER 22 2014...

CLIMATE NORMAL PERIOD 1981 TO 2010
CLIMATE RECORD PERIOD 9999 TO 9999


WEATHER ITEM   OBSERVED TIME   NORMAL DEPARTURE LAST
                VALUE   (LST)  VALUE  FROM      YEAR
                                      NORMAL
......................................................
TEMPERATURE (F)
 YESTERDAY
  MAXIMUM         37    901 PM  44     -7       46
  MINIMUM         12    657 AM  27    -15       35
  AVERAGE         25            36    -11       41

PRECIPITATION (IN)
  YESTERDAY        0.06          0.14  -0.08     0.20
  MONTH TO DATE    1.28          2.83  -1.55     1.53
  SINCE SEP 1      7.92         11.50  -3.58     6.95
  SINCE JAN 1     38.84         41.28  -2.44    35.05

DEGREE DAYS
 HEATING
  YESTERDAY       40            29     11       24
  MONTH TO DATE  652           568     84      584
  SINCE SEP 1   1311          1326    -15     1301
  SINCE JUL 1   1384          1404    -20     1357

 COOLING
  YESTERDAY        0             0      0        0
  MONTH TO DATE    0             0      0        0
  SINCE SEP 1     39            20     19       33
  SINCE JAN 1    238           290    -52      433
......................................................


WIND (MPH)
  HIGHEST WIND SPEED    18   HIGHEST WIND DIRECTION    SW (240)
  HIGHEST GUST SPEED    28   HIGHEST GUST DIRECTION    SW (240)
  AVERAGE WIND SPEED     6.5


SKY COVER
  AVERAGE SKY COVER 0.5



RELATIVE HUMIDITY (PERCENT)
 HIGHEST    92
 LOWEST     29
 AVERAGE    61

..........................................................


THE PITTSFIELD MA CLIMATE NORMALS FOR TODAY
                         NORMAL
 MAXIMUM TEMPERATURE (F)   44
 MINIMUM TEMPERATURE (F)   27


SUNRISE AND SUNSET
NOVEMBER 23 2014......SUNRISE   654 AM EST   SUNSET   425 PM EST
NOVEMBER 24 2014......SUNRISE   655 AM EST   SUNSET   424 PM EST


-  INDICATES NEGATIVE NUMBERS.
R  INDICATES RECORD WAS SET OR TIED.
MM INDICATES DATA IS MISSING.
T  INDICATES TRACE AMOUNT.




$$
