000
CDUS41 KALY 252146
CLIPSF


CLIMATE REPORT
NATIONAL WEATHER SERVICE ALBANY NY
446 PM EST SUN FEB 25 2018


...................................

...THE PITTSFIELD MA CLIMATE SUMMARY FOR FEBRUARY 25 2018...
VALID TODAY AS OF 0400 PM LOCAL TIME.

CLIMATE NORMAL PERIOD 1981 TO 2010
CLIMATE RECORD PERIOD 9999 TO 9999


WEATHER ITEM   OBSERVED TIME   NORMAL DEPARTURE LAST
                VALUE   (LST)  VALUE  FROM      YEAR
                                      NORMAL
......................................................
TEMPERATURE (F)
 TODAY
  MAXIMUM         36    442 PM  35      1       65
  MINIMUM         31   1217 AM  17     14       33
  AVERAGE         34            26      8       49

PRECIPITATION (IN)
  TODAY            0.47          0.09   0.38     0.96
  MONTH TO DATE    4.09          2.39   1.70     2.85
  SINCE DEC 1     10.90          8.31   2.59     8.59
  SINCE JAN 1      8.75          5.31   3.44     5.57

DEGREE DAYS
 HEATING
  TODAY           31            39     -8       16
  MONTH TO DATE  866          1041   -175      881
  SINCE DEC 1   3444          3615   -171     3206
  SINCE JUL 1   4769          5266   -497     4613

 COOLING
  TODAY            0             0      0        0
  MONTH TO DATE    0             0      0        0
  SINCE DEC 1      0             0      0        0
  SINCE JAN 1      0             0      0        0
......................................................


WIND (MPH)
  HIGHEST WIND SPEED    16   HIGHEST WIND DIRECTION     E (110)
  HIGHEST GUST SPEED    23   HIGHEST GUST DIRECTION    SE (120)
  AVERAGE WIND SPEED     6.2


SKY COVER
  AVERAGE SKY COVER 0.9



RELATIVE HUMIDITY (PERCENT)
 HIGHEST    92
 LOWEST     64
 AVERAGE    78

..........................................................


THE PITTSFIELD MA CLIMATE NORMALS FOR TOMORROW
                         NORMAL
 MAXIMUM TEMPERATURE (F)   36
 MINIMUM TEMPERATURE (F)   17


SUNRISE AND SUNSET
FEBRUARY 25 2018......SUNRISE   635 AM EST   SUNSET   538 PM EST
FEBRUARY 26 2018......SUNRISE   633 AM EST   SUNSET   539 PM EST


-  INDICATES NEGATIVE NUMBERS.
R  INDICATES RECORD WAS SET OR TIED.
MM INDICATES DATA IS MISSING.
T  INDICATES TRACE AMOUNT.




$$
