000
CDUS41 KALY 220623
CLIPSF


CLIMATE REPORT
NATIONAL WEATHER SERVICE ALBANY NY
223 AM EDT WED OCT 22 2014


...................................

...THE PITTSFIELD MA CLIMATE SUMMARY FOR OCTOBER 21 2014...

CLIMATE NORMAL PERIOD 1981 TO 2010
CLIMATE RECORD PERIOD 9999 TO 9999


WEATHER ITEM   OBSERVED TIME   NORMAL DEPARTURE LAST
                VALUE   (LST)  VALUE  FROM      YEAR
                                      NORMAL
......................................................
TEMPERATURE (F)
 YESTERDAY
  MAXIMUM         51    352 PM  56     -5       62
  MINIMUM         42    347 AM  36      6       34
  AVERAGE         47            46      1       48

PRECIPITATION (IN)
  YESTERDAY        0.15          0.16  -0.01     0.00
  MONTH TO DATE    2.91          3.53  -0.62     1.14
  SINCE SEP 1      4.32          7.49  -3.17     4.83
  SINCE JAN 1     35.24         37.27  -2.03    32.93

DEGREE DAYS
 HEATING
  YESTERDAY       18            19     -1       17
  MONTH TO DATE  261           336    -75      218
  SINCE SEP 1    465           550    -85      471
  SINCE JUL 1    538           628    -90      527

 COOLING
  YESTERDAY        0             0      0        0
  MONTH TO DATE    5             0      5        0
  SINCE SEP 1     39            19     20       33
  SINCE JAN 1    238           289    -51      433
......................................................


WIND (MPH)
  HIGHEST WIND SPEED     9   HIGHEST WIND DIRECTION    NE (40)
  HIGHEST GUST SPEED    15   HIGHEST GUST DIRECTION    NE (40)
  AVERAGE WIND SPEED     2.5


SKY COVER
  AVERAGE SKY COVER 1.0



RELATIVE HUMIDITY (PERCENT)
 HIGHEST   100
 LOWEST     89
 AVERAGE    95

..........................................................


THE PITTSFIELD MA CLIMATE NORMALS FOR TODAY
                         NORMAL
 MAXIMUM TEMPERATURE (F)   56
 MINIMUM TEMPERATURE (F)   35


SUNRISE AND SUNSET
OCTOBER 22 2014.......SUNRISE   714 AM EDT   SUNSET   600 PM EDT
OCTOBER 23 2014.......SUNRISE   716 AM EDT   SUNSET   559 PM EDT


-  INDICATES NEGATIVE NUMBERS.
R  INDICATES RECORD WAS SET OR TIED.
MM INDICATES DATA IS MISSING.
T  INDICATES TRACE AMOUNT.




$$
