000
CDUS41 KALY 200626
CLIPSF


CLIMATE REPORT
NATIONAL WEATHER SERVICE ALBANY NY
226 AM EDT WED AUG 20 2014


...................................

...THE PITTSFIELD MA CLIMATE SUMMARY FOR AUGUST 19 2014...

CLIMATE NORMAL PERIOD 1981 TO 2010
CLIMATE RECORD PERIOD 9999 TO 9999


WEATHER ITEM   OBSERVED TIME   NORMAL DEPARTURE LAST
                VALUE   (LST)  VALUE  FROM      YEAR
                                      NORMAL
......................................................
TEMPERATURE (F)
 YESTERDAY
  MAXIMUM         75    327 PM  77     -2       75
  MINIMUM         45    546 AM  56    -11       55
  AVERAGE         60            66     -6       65

PRECIPITATION (IN)
  YESTERDAY        0.00          0.13  -0.13     0.00
  MONTH TO DATE    1.27          2.57  -1.30     3.03
  SINCE JUN 1     15.85         11.22   4.63    11.71
  SINCE JAN 1     29.85         28.26   1.59    26.30

DEGREE DAYS
 HEATING
  YESTERDAY        5             1      4        0
  MONTH TO DATE   38            19     19       36
  SINCE JUN 1    114           151    -37      152
  SINCE JUL 1     56            50      6       44

 COOLING
  YESTERDAY        0             3     -3        0
  MONTH TO DATE   18            69    -51       20
  SINCE JUN 1    175           233    -58      331
  SINCE JAN 1    181           246    -65      356
......................................................


WIND (MPH)
  HIGHEST WIND SPEED    10   HIGHEST WIND DIRECTION     W (250)
  HIGHEST GUST SPEED    13   HIGHEST GUST DIRECTION     W (250)
  AVERAGE WIND SPEED     1.4


SKY COVER
  AVERAGE SKY COVER 0.1



RELATIVE HUMIDITY (PERCENT)
 HIGHEST   100
 LOWEST     35
 AVERAGE    68

..........................................................


THE PITTSFIELD MA CLIMATE NORMALS FOR TODAY
                         NORMAL
 MAXIMUM TEMPERATURE (F)   77
 MINIMUM TEMPERATURE (F)   56


SUNRISE AND SUNSET
AUGUST 20 2014........SUNRISE   605 AM EDT   SUNSET   747 PM EDT
AUGUST 21 2014........SUNRISE   607 AM EDT   SUNSET   745 PM EDT


-  INDICATES NEGATIVE NUMBERS.
R  INDICATES RECORD WAS SET OR TIED.
MM INDICATES DATA IS MISSING.
T  INDICATES TRACE AMOUNT.




$$
