000
CDUS46 KSGX 190119
CLIPSP


CLIMATE REPORT
NATIONAL WEATHER SERVICE SAN DIEGO, CA
518 PM PST SAT NOV 18 2017


...................................

...THE PALM SPRINGS INTL AIRPORT CA CLIMATE SUMMARY FOR NOVEMBER 18 2017...
VALID TODAY AS OF 0500 PM LOCAL TIME.

CLIMATE NORMAL PERIOD 1981 TO 2010
CLIMATE RECORD PERIOD 1893 TO 2017


WEATHER ITEM   OBSERVED TIME   RECORD YEAR NORMAL DEPARTURE LAST
                VALUE   (LST)  VALUE       VALUE  FROM      YEAR
                                                  NORMAL
..................................................................
TEMPERATURE (F)
 TODAY
  MAXIMUM         80    205 PM  93    1936  76      4       73
  MINIMUM         61    112 AM  31    1964  51     10       53
  AVERAGE         71                        63      8       63

PRECIPITATION (IN)
  TODAY            0.00          1.04 1964   0.02  -0.02     0.00
  MONTH TO DATE    T                         0.25  -0.25     0.00
  SINCE OCT 1      T                         0.69  -0.69     0.09
  SINCE JAN 1      7.17                      4.58   2.59     3.45

DEGREE DAYS
 HEATING
  TODAY            0                         3     -3        2
  MONTH TO DATE    0                        31    -31        2
  SINCE SEP 1      0                        35    -35        2
  SINCE JUL 1      0                        35    -35        2

 COOLING
  TODAY            6                         2      4        0
  MONTH TO DATE  108                        66     42      157
  SINCE SEP 1   1232                      1044    188     1150
  SINCE JAN 1   5115                      4128    987     4805
..................................................................


WIND (MPH)
  RESULTANT WIND SPEED   2   RESULTANT WIND DIRECTION  NW (310)
  HIGHEST WIND SPEED    14   HIGHEST WIND DIRECTION    NW (310)
  HIGHEST GUST SPEED    18   HIGHEST GUST DIRECTION    NW (310)
  AVERAGE WIND SPEED     6.3


SKY COVER
  POSSIBLE SUNSHINE  MM
  AVERAGE SKY COVER 0.0


WEATHER CONDITIONS
 THE FOLLOWING WEATHER WAS RECORDED TODAY.
  NO SIGNIFICANT WEATHER WAS OBSERVED.


RELATIVE HUMIDITY (PERCENT)
 HIGHEST    60          1200 AM
 LOWEST     11          1000 AM
 AVERAGE    36

..........................................................


THE PALM SPRINGS INTL AIRPORT CA CLIMATE NORMALS FOR TOMORROW
                         NORMAL    RECORD    YEAR
 MAXIMUM TEMPERATURE (F)   75        90      1989
                                             1936
 MINIMUM TEMPERATURE (F)   51        32      1964
                                             1941


SUNRISE AND SUNSET
NOVEMBER 18 2017......SUNRISE   621 AM PST   SUNSET   441 PM PST
NOVEMBER 19 2017......SUNRISE   622 AM PST   SUNSET   440 PM PST


-  INDICATES NEGATIVE NUMBERS.
R  INDICATES RECORD WAS SET OR TIED.
MM INDICATES DATA IS MISSING.
T  INDICATES TRACE AMOUNT.




$$
