000
CDUS46 KSGX 201236
CLIPSP


CLIMATE REPORT
NATIONAL WEATHER SERVICE SAN DIEGO, CA
435 AM PST SAT JAN 20 2018


...................................

...THE PALM SPRINGS INTL AIRPORT CA CLIMATE SUMMARY FOR JANUARY 19 2018...

CLIMATE NORMAL PERIOD 1981 TO 2010
CLIMATE RECORD PERIOD 1893 TO 2018


WEATHER ITEM   OBSERVED TIME   RECORD YEAR NORMAL DEPARTURE LAST
                VALUE   (LST)  VALUE       VALUE  FROM      YEAR
                                                  NORMAL
..................................................................
TEMPERATURE (F)
 YESTERDAY
  MAXIMUM         74    300 PM  91    1971  70      4       58
  MINIMUM         51    645 AM  23    1943  46      5       49
  AVERAGE         63                        58      5       54

PRECIPITATION (IN)
  YESTERDAY        T             1.16 1954   0.03  -0.03     0.26
  MONTH TO DATE    1.45                      0.78   0.67     0.93
  SINCE OCT 1      1.45                      2.63  -1.18     2.72
  SINCE JAN 1      1.45                      0.78   0.67     0.93

DEGREE DAYS
 HEATING
  YESTERDAY        2                         7     -5       11
  MONTH TO DATE   25                       157   -132      169
  SINCE DEC 1    119                       447   -328      391
  SINCE JUL 1    119                       543   -424      452

 COOLING
  YESTERDAY        0                         0      0        0
  MONTH TO DATE   25                         0     25        0
  SINCE DEC 1     54                         4     50        1
  SINCE JAN 1     25                         0     25        0
..................................................................


WIND (MPH)
  RESULTANT WIND SPEED   2   RESULTANT WIND DIRECTION  NE (50)
  HIGHEST WIND SPEED    23   HIGHEST WIND DIRECTION    NW (330)
  HIGHEST GUST SPEED    27   HIGHEST GUST DIRECTION    NW (320)
  AVERAGE WIND SPEED     5.5


SKY COVER
  POSSIBLE SUNSHINE  MM
  AVERAGE SKY COVER 0.0


WEATHER CONDITIONS
 THE FOLLOWING WEATHER WAS RECORDED YESTERDAY.
  LIGHT RAIN


RELATIVE HUMIDITY (PERCENT)
 HIGHEST    66           600 AM
 LOWEST     29           300 PM
 AVERAGE    48

..........................................................


THE PALM SPRINGS INTL AIRPORT CA CLIMATE NORMALS FOR TODAY
                         NORMAL    RECORD    YEAR
 MAXIMUM TEMPERATURE (F)   70        88      1971
 MINIMUM TEMPERATURE (F)   46        28      1963
                                             1943


SUNRISE AND SUNSET
JANUARY 20 2018.......SUNRISE   649 AM PST   SUNSET   505 PM PST
JANUARY 21 2018.......SUNRISE   649 AM PST   SUNSET   506 PM PST


-  INDICATES NEGATIVE NUMBERS.
R  INDICATES RECORD WAS SET OR TIED.
MM INDICATES DATA IS MISSING.
T  INDICATES TRACE AMOUNT.




$$
