000
CDUS46 KSGX 252318
CLIPSP


CLIMATE REPORT
NATIONAL WEATHER SERVICE SAN DIEGO, CA
418 PM PDT FRI JUL 25 2014


...................................

...THE PALM SPRINGS INTL AIRPORT CA CLIMATE SUMMARY FOR JULY 25 2014...
VALID TODAY AS OF 0400 PM LOCAL TIME.

CLIMATE NORMAL PERIOD 1981 TO 2010
CLIMATE RECORD PERIOD 1893 TO 2014


WEATHER ITEM   OBSERVED TIME   RECORD YEAR NORMAL DEPARTURE LAST
                VALUE   (LST)  VALUE       VALUE  FROM      YEAR
                                                  NORMAL
..................................................................
TEMPERATURE (F)
 TODAY
  MAXIMUM         97   1112 AM 119    1943 108    -11      103
  MINIMUM         85    149 PM  65    1958  78      7       83
                                      1935
  AVERAGE         91                        93     -2       93

PRECIPITATION (IN)
  TODAY            0.27          0.60 1936   0.02   0.25     0.00
  MONTH TO DATE    0.27                      0.15   0.12     0.83
  SINCE JUL 1      0.27                      0.15   0.12     0.83
  SINCE JAN 1      1.02                      3.09  -2.07     1.80

SNOWFALL (IN)
  TODAY            0.0
  MONTH TO DATE    0.0
  SINCE JAN 1      0.0
  SINCE JUL 1      0.0
  SNOW DEPTH      MM

DEGREE DAYS
 HEATING
  TODAY            0                         0      0        0
  MONTH TO DATE    0                         0      0        0
  SINCE JUN 1      0                         0      0        0
  SINCE JUL 1      0                         0      0        0

 COOLING
  TODAY           26                        28     -2       28
  MONTH TO DATE  731                       680     51      721
  SINCE JUN 1   1474                      1327    147     1467
  SINCE JAN 1   2584                      2086    498     2509
..................................................................


WIND (MPH)
  RESULTANT WIND SPEED   2   RESULTANT WIND DIRECTION   N (10)
  HIGHEST WIND SPEED    12   HIGHEST WIND DIRECTION     N (20)
  HIGHEST GUST SPEED    14   HIGHEST GUST DIRECTION     N (360)
  AVERAGE WIND SPEED     5.1


SKY COVER
  POSSIBLE SUNSHINE  MM
  AVERAGE SKY COVER 0.3


WEATHER CONDITIONS
 THE FOLLOWING WEATHER WAS RECORDED TODAY.
  RAIN
  LIGHT RAIN


RELATIVE HUMIDITY (PERCENT)
 HIGHEST    82           200 PM
 LOWEST     17           400 AM
 AVERAGE    50

..........................................................


THE PALM SPRINGS INTL AIRPORT CA CLIMATE NORMALS FOR TOMORROW
                         NORMAL    RECORD    YEAR
 MAXIMUM TEMPERATURE (F)  108       119      1998
                                             1933
 MINIMUM TEMPERATURE (F)   78        65      1955
                                             1941


SUNRISE AND SUNSET
JULY 25 2014..........SUNRISE   553 AM PDT   SUNSET   752 PM PDT
JULY 26 2014..........SUNRISE   554 AM PDT   SUNSET   751 PM PDT


-  INDICATES NEGATIVE NUMBERS.
R  INDICATES RECORD WAS SET OR TIED.
MM INDICATES DATA IS MISSING.
T  INDICATES TRACE AMOUNT.




$$
