000
CDUS46 KSGX 191135
CLIPSP


CLIMATE REPORT
NATIONAL WEATHER SERVICE SAN DIEGO, CA
435 AM PDT TUE SEP 19 2017


...................................

...THE PALM SPRINGS INTL AIRPORT CA CLIMATE SUMMARY FOR SEPTEMBER 18 2017...

CLIMATE NORMAL PERIOD 1981 TO 2010
CLIMATE RECORD PERIOD 1893 TO 2017


WEATHER ITEM   OBSERVED TIME   RECORD YEAR NORMAL DEPARTURE LAST
                VALUE   (LST)  VALUE       VALUE  FROM      YEAR
                                                  NORMAL
..................................................................
TEMPERATURE (F)
 YESTERDAY
  MAXIMUM         97    346 PM 112    1981 100     -3      106
  MINIMUM         71    454 AM  54    1978  72     -1       73
                                      1933
  AVERAGE         84                        86     -2       90

PRECIPITATION (IN)
  YESTERDAY        0.00          1.80 1929   0.01  -0.01     0.00
  MONTH TO DATE    1.20                      0.29   0.91     0.00
  SINCE OCT 1      8.96                      5.67   3.29     2.63
  SINCE JAN 1      7.17                      3.82   3.35     2.44

DEGREE DAYS
 HEATING
  YESTERDAY        0                         0      0        0
  MONTH TO DATE    0                         0      0        0
  SINCE SEP 1      0                         0      0        0
  SINCE JUL 1      0                         0      0        0

 COOLING
  YESTERDAY       19                        21     -2       25
  MONTH TO DATE  447                       421     26      375
  SINCE SEP 1    447                       421     26      375
  SINCE JAN 1   4330                      3505    825     4030
..................................................................


WIND (MPH)
  RESULTANT WIND SPEED   4   RESULTANT WIND DIRECTION  NW (330)
  HIGHEST WIND SPEED    18   HIGHEST WIND DIRECTION    NW (320)
  HIGHEST GUST SPEED    24   HIGHEST GUST DIRECTION    NW (320)
  AVERAGE WIND SPEED     6.8


SKY COVER
  POSSIBLE SUNSHINE  MM
  AVERAGE SKY COVER 0.0


WEATHER CONDITIONS
 THE FOLLOWING WEATHER WAS RECORDED YESTERDAY.
  NO SIGNIFICANT WEATHER WAS OBSERVED.


RELATIVE HUMIDITY (PERCENT)
 HIGHEST    66           500 AM
 LOWEST     24           100 PM
 AVERAGE    45

..........................................................


THE PALM SPRINGS INTL AIRPORT CA CLIMATE NORMALS FOR TODAY
                         NORMAL    RECORD    YEAR
 MAXIMUM TEMPERATURE (F)   99       114      1962
 MINIMUM TEMPERATURE (F)   72        50      1944


SUNRISE AND SUNSET
SEPTEMBER 19 2017.....SUNRISE   632 AM PDT   SUNSET   646 PM PDT
SEPTEMBER 20 2017.....SUNRISE   633 AM PDT   SUNSET   645 PM PDT


-  INDICATES NEGATIVE NUMBERS.
R  INDICATES RECORD WAS SET OR TIED.
MM INDICATES DATA IS MISSING.
T  INDICATES TRACE AMOUNT.




$$
