000
CDUS46 KSGX 191517
CLIPSP


CLIMATE REPORT
NATIONAL WEATHER SERVICE SAN DIEGO, CA
717 AM PST SUN FEB 19 2017


...................................

...THE PALM SPRINGS INTL AIRPORT CA CLIMATE SUMMARY FOR FEBRUARY 18 2017...

CLIMATE NORMAL PERIOD 1981 TO 2010
CLIMATE RECORD PERIOD 1893 TO 2017


WEATHER ITEM   OBSERVED TIME   RECORD YEAR NORMAL DEPARTURE LAST
                VALUE   (LST)  VALUE       VALUE  FROM      YEAR
                                                  NORMAL
..................................................................
TEMPERATURE (F)
 YESTERDAY
  MAXIMUM         60    327 PM  95    1981  73    -13       80
  MINIMUM         53    755 AM  30    1956  48      5       61
  AVERAGE         57                        61     -4       71

PRECIPITATION (IN)
  YESTERDAY        0.34          0.74 1980   0.05   0.29      T
  MONTH TO DATE    0.48                      0.60  -0.12      T
  SINCE OCT 1      5.80                      3.45   2.35     2.45
  SINCE JAN 1      4.01                      1.60   2.41     2.26

DEGREE DAYS
 HEATING
  YESTERDAY        8                         5      3        0
  MONTH TO DATE   30                       110    -80       56
  SINCE DEC 1    542                       641    -99      603
  SINCE JUL 1    603                       737   -134      710

 COOLING
  YESTERDAY        0                         1     -1        6
  MONTH TO DATE   44                        17     27       93
  SINCE DEC 1     45                        29     16       93
  SINCE JAN 1     44                        25     19       93
..................................................................


WIND (MPH)
  RESULTANT WIND SPEED   3   RESULTANT WIND DIRECTION   E (90)
  HIGHEST WIND SPEED    10   HIGHEST WIND DIRECTION     E (90)
  HIGHEST GUST SPEED    14   HIGHEST GUST DIRECTION    NW (310)
  AVERAGE WIND SPEED     3.0


SKY COVER
  POSSIBLE SUNSHINE  MM
  AVERAGE SKY COVER 0.9


WEATHER CONDITIONS
 THE FOLLOWING WEATHER WAS RECORDED YESTERDAY.
  HEAVY RAIN
  RAIN
  LIGHT RAIN
  FOG


RELATIVE HUMIDITY (PERCENT)
 HIGHEST   100          1200 AM
 LOWEST     72           200 PM
 AVERAGE    86

..........................................................


THE PALM SPRINGS INTL AIRPORT CA CLIMATE NORMALS FOR TODAY
                         NORMAL    RECORD    YEAR
 MAXIMUM TEMPERATURE (F)   73        94      1977
 MINIMUM TEMPERATURE (F)   49        32      1952
                                             1944


SUNRISE AND SUNSET
FEBRUARY 19 2017......SUNRISE   626 AM PST   SUNSET   534 PM PST
FEBRUARY 20 2017......SUNRISE   625 AM PST   SUNSET   535 PM PST


-  INDICATES NEGATIVE NUMBERS.
R  INDICATES RECORD WAS SET OR TIED.
MM INDICATES DATA IS MISSING.
T  INDICATES TRACE AMOUNT.




$$
