000
CDUS46 KSGX 271437
CLIPSP


CLIMATE REPORT
NATIONAL WEATHER SERVICE SAN DIEGO, CA
633 AM PST TUE JAN 27 2015


...................................

...THE PALM SPRINGS INTL AIRPORT CA CLIMATE SUMMARY FOR JANUARY 26 2015...

CLIMATE NORMAL PERIOD 1981 TO 2010
CLIMATE RECORD PERIOD 1893 TO 2015


WEATHER ITEM   OBSERVED TIME   RECORD YEAR NORMAL DEPARTURE LAST
                VALUE   (LST)  VALUE       VALUE  FROM      YEAR
                                                  NORMAL
..................................................................
TEMPERATURE (F)
 YESTERDAY
  MAXIMUM         67   1033 AM  90    1951  70     -3       78
  MINIMUM         57   1016 PM  29    1937  47     10       52
                                      1932
  AVERAGE         62                        58      4       65

PRECIPITATION (IN)
  YESTERDAY        0.12          0.66 1961   0.01   0.11     0.00
  MONTH TO DATE    0.12                      0.93  -0.81     0.00
  SINCE OCT 1      0.99                      2.78  -1.79     0.18
  SINCE JAN 1      0.12                      0.93  -0.81     0.00

SNOWFALL (IN)
  YESTERDAY        0.0
  MONTH TO DATE    0.0
  SINCE JAN 1      0.0
  SINCE JUL 1      0.0
  SNOW DEPTH       0

DEGREE DAYS
 HEATING
  YESTERDAY        3                         7     -4        0
  MONTH TO DATE  109                       206    -97       68
  SINCE DEC 1    324                       496   -172      288
  SINCE JUL 1    357                       592   -235      349

 COOLING
  YESTERDAY        0                         0      0        0
  MONTH TO DATE   14                         0     14       31
  SINCE DEC 1     38                         4     34       35
  SINCE JAN 1     14                         0     14       31
..................................................................


WIND (MPH)
  RESULTANT WIND SPEED   2   RESULTANT WIND DIRECTION   N (350)
  HIGHEST WIND SPEED    15   HIGHEST WIND DIRECTION     N (350)
  HIGHEST GUST SPEED    17   HIGHEST GUST DIRECTION     N (350)
  AVERAGE WIND SPEED     2.7


SKY COVER
  POSSIBLE SUNSHINE  MM
  AVERAGE SKY COVER 0.8


WEATHER CONDITIONS
 THE FOLLOWING WEATHER WAS RECORDED YESTERDAY.
  LIGHT RAIN
  FOG


RELATIVE HUMIDITY (PERCENT)
 HIGHEST    86           600 PM
 LOWEST     28           100 AM
 AVERAGE    57

..........................................................


THE PALM SPRINGS INTL AIRPORT CA CLIMATE NORMALS FOR TODAY
                         NORMAL    RECORD    YEAR
 MAXIMUM TEMPERATURE (F)   70        88      1971
 MINIMUM TEMPERATURE (F)   47        28      1950


SUNRISE AND SUNSET
JANUARY 27 2015.......SUNRISE   646 AM PST   SUNSET   512 PM PST
JANUARY 28 2015.......SUNRISE   645 AM PST   SUNSET   513 PM PST


-  INDICATES NEGATIVE NUMBERS.
R  INDICATES RECORD WAS SET OR TIED.
MM INDICATES DATA IS MISSING.
T  INDICATES TRACE AMOUNT.




$$
