000
CDUS46 KSGX 241136
CLIPSP


CLIMATE REPORT
NATIONAL WEATHER SERVICE SAN DIEGO, CA
436 AM PDT MON APR 24 2017


...................................

...THE PALM SPRINGS INTL AIRPORT CA CLIMATE SUMMARY FOR APRIL 23 2017...

CLIMATE NORMAL PERIOD 1981 TO 2010
CLIMATE RECORD PERIOD 1893 TO 2017


WEATHER ITEM   OBSERVED TIME   RECORD YEAR NORMAL DEPARTURE LAST
                VALUE   (LST)  VALUE       VALUE  FROM      YEAR
                                                  NORMAL
..................................................................
TEMPERATURE (F)
 YESTERDAY
  MAXIMUM         99    154 PM 105    1949  87     12       89
  MINIMUM         67    533 AM  41    1967  59      8       65
  AVERAGE         83                        73     10       77

PRECIPITATION (IN)
  YESTERDAY        0.00          0.00 2011   0.00   0.00     0.00
                                      2001
                                      1999
  MONTH TO DATE    0.00                      0.09  -0.09     0.11
  SINCE OCT 1      6.97                      4.58   2.39     2.58
  SINCE JAN 1      5.18                      2.73   2.45     2.39

DEGREE DAYS
 HEATING
  YESTERDAY        0                         0      0        0
  MONTH TO DATE    0                        17    -17        0
  SINCE MAR 1     19                        90    -71       28
  SINCE JUL 1    679                       868   -189      738

 COOLING
  YESTERDAY       18                         8     10       12
  MONTH TO DATE  258                       137    121      244
  SINCE MAR 1    504                       230    274      431
  SINCE JAN 1    549                       257    292      581
..................................................................


WIND (MPH)
  RESULTANT WIND SPEED   7   RESULTANT WIND DIRECTION  NW (320)
  HIGHEST WIND SPEED    28   HIGHEST WIND DIRECTION    NW (320)
  HIGHEST GUST SPEED    35   HIGHEST GUST DIRECTION    NW (330)
  AVERAGE WIND SPEED     8.6


SKY COVER
  POSSIBLE SUNSHINE  MM
  AVERAGE SKY COVER 0.0


WEATHER CONDITIONS
 THE FOLLOWING WEATHER WAS RECORDED YESTERDAY.
  NO SIGNIFICANT WEATHER WAS OBSERVED.


RELATIVE HUMIDITY (PERCENT)
 HIGHEST    31           300 AM
 LOWEST      6           200 PM
 AVERAGE    19

..........................................................


THE PALM SPRINGS INTL AIRPORT CA CLIMATE NORMALS FOR TODAY
                         NORMAL    RECORD    YEAR
 MAXIMUM TEMPERATURE (F)   87       102      1996
                                             1949
                                             1946
 MINIMUM TEMPERATURE (F)   59        43      1960


SUNRISE AND SUNSET
APRIL 24 2017.........SUNRISE   604 AM PDT   SUNSET   724 PM PDT
APRIL 25 2017.........SUNRISE   603 AM PDT   SUNSET   725 PM PDT


-  INDICATES NEGATIVE NUMBERS.
R  INDICATES RECORD WAS SET OR TIED.
MM INDICATES DATA IS MISSING.
T  INDICATES TRACE AMOUNT.




$$
