000
CDUS46 KSGX 061419
CLIPSP


CLIMATE REPORT
NATIONAL WEATHER SERVICE SAN DIEGO, CA
718 AM PDT FRI MAY 6 2016


...................................

...THE PALM SPRINGS INTL AIRPORT CA CLIMATE SUMMARY FOR MAY 5 2016...

CLIMATE NORMAL PERIOD 1981 TO 2010
CLIMATE RECORD PERIOD 1893 TO 2016


WEATHER ITEM   OBSERVED TIME   RECORD YEAR NORMAL DEPARTURE LAST
                VALUE   (LST)  VALUE       VALUE  FROM      YEAR
                                                  NORMAL
..................................................................
TEMPERATURE (F)
 YESTERDAY
  MAXIMUM         81    223 PM 109    1948  90     -9       87
  MINIMUM         63   1159 PM  41    1964  62      1       63
  AVERAGE         72                        76     -4       75

PRECIPITATION (IN)
  YESTERDAY        0.00          0.31 1969   0.01  -0.01     0.00
  MONTH TO DATE    0.00                      0.06  -0.06     0.00
  SINCE OCT 1      2.61                      4.66  -2.05     2.09
  SINCE JAN 1      2.42                      2.81  -0.39     1.22

DEGREE DAYS
 HEATING
  YESTERDAY        0                         0      0        0
  MONTH TO DATE    0                         0      0        0
  SINCE MAR 1     28                        94    -66       30
  SINCE JUL 1    738                       872   -134      401

 COOLING
  YESTERDAY        7                        11     -4       10
  MONTH TO DATE   63                        53     10       87
  SINCE MAR 1    530                       346    184      678
  SINCE JAN 1    680                       373    307      798
..................................................................


WIND (MPH)
  RESULTANT WIND SPEED  13   RESULTANT WIND DIRECTION  NW (310)
  HIGHEST WIND SPEED    31   HIGHEST WIND DIRECTION    NW (330)
  HIGHEST GUST SPEED    39   HIGHEST GUST DIRECTION     W (280)
  AVERAGE WIND SPEED    14.4


SKY COVER
  POSSIBLE SUNSHINE  MM
  AVERAGE SKY COVER 0.1


WEATHER CONDITIONS
 THE FOLLOWING WEATHER WAS RECORDED YESTERDAY.
  NO SIGNIFICANT WEATHER WAS OBSERVED.


RELATIVE HUMIDITY (PERCENT)
 HIGHEST    52           600 AM
 LOWEST     25           400 PM
 AVERAGE    39

..........................................................


THE PALM SPRINGS INTL AIRPORT CA CLIMATE NORMALS FOR TODAY
                         NORMAL    RECORD    YEAR
 MAXIMUM TEMPERATURE (F)   91       108      1963
 MINIMUM TEMPERATURE (F)   63        45      1964


SUNRISE AND SUNSET
MAY  6 2016...........SUNRISE   552 AM PDT   SUNSET   734 PM PDT
MAY  7 2016...........SUNRISE   551 AM PDT   SUNSET   735 PM PDT


-  INDICATES NEGATIVE NUMBERS.
R  INDICATES RECORD WAS SET OR TIED.
MM INDICATES DATA IS MISSING.
T  INDICATES TRACE AMOUNT.




$$
