756
CDUS46 KSGX 070119
CLIPSP


CLIMATE REPORT
NATIONAL WEATHER SERVICE SAN DIEGO, CA
519 PM PST SAT FEB 6 2016


...................................

...THE PALM SPRINGS INTL AIRPORT CA CLIMATE SUMMARY FOR FEBRUARY 6 2016...
VALID TODAY AS OF 0500 PM LOCAL TIME.

CLIMATE NORMAL PERIOD 1981 TO 2010
CLIMATE RECORD PERIOD 1893 TO 2016


WEATHER ITEM   OBSERVED TIME   RECORD YEAR NORMAL DEPARTURE LAST
                VALUE   (LST)  VALUE       VALUE  FROM      YEAR
                                                  NORMAL
..................................................................
TEMPERATURE (F)
 TODAY
  MAXIMUM         76    340 PM  98    1963  71      5       82
  MINIMUM         47    634 AM  32    1985  47      0       55
                                      1939
  AVERAGE         62                        59      3       69

PRECIPITATION (IN)
  TODAY            0.00          0.80 1969   0.03  -0.03     0.00
  MONTH TO DATE    0.00                      0.12  -0.12     0.00
  SINCE OCT 1      2.45                      2.97  -0.52     1.09
  SINCE JAN 1      2.26                      1.12   1.14     0.22

DEGREE DAYS
 HEATING
  TODAY            3                         7     -4        0
  MONTH TO DATE   56                        42     14        0
  SINCE DEC 1    603                       573     30      329
  SINCE JUL 1    710                       669     41      362

 COOLING
  TODAY            0                         1     -1        4
  MONTH TO DATE    0                         5     -5       12
  SINCE DEC 1      0                        17    -17       54
  SINCE JAN 1      0                        13    -13       30
..................................................................


WIND (MPH)
  RESULTANT WIND SPEED   2   RESULTANT WIND DIRECTION   W (280)
  HIGHEST WIND SPEED    12   HIGHEST WIND DIRECTION    NW (330)
  HIGHEST GUST SPEED    18   HIGHEST GUST DIRECTION    NW (300)
  AVERAGE WIND SPEED     4.2


SKY COVER
  POSSIBLE SUNSHINE  MM
  AVERAGE SKY COVER 0.0


WEATHER CONDITIONS
 THE FOLLOWING WEATHER WAS RECORDED TODAY.
  NO SIGNIFICANT WEATHER WAS OBSERVED.


RELATIVE HUMIDITY (PERCENT)
 HIGHEST    46           500 AM
 LOWEST     12           200 PM
 AVERAGE    29

..........................................................


THE PALM SPRINGS INTL AIRPORT CA CLIMATE NORMALS FOR TOMORROW
                         NORMAL    RECORD    YEAR
 MAXIMUM TEMPERATURE (F)   71        94      1963
 MINIMUM TEMPERATURE (F)   47        30      1955


SUNRISE AND SUNSET
FEBRUARY  6 2016......SUNRISE   639 AM PST   SUNSET   521 PM PST
FEBRUARY  7 2016......SUNRISE   638 AM PST   SUNSET   522 PM PST


-  INDICATES NEGATIVE NUMBERS.
R  INDICATES RECORD WAS SET OR TIED.
MM INDICATES DATA IS MISSING.
T  INDICATES TRACE AMOUNT.




$$
