000
CDUS46 KSGX 290017
CLIPSP


CLIMATE REPORT
NATIONAL WEATHER SERVICE SAN DIEGO, CA
416 PM PST SUN DEC 28 2014


...................................

...THE PALM SPRINGS INTL AIRPORT CA CLIMATE SUMMARY FOR DECEMBER 28 2014...
VALID TODAY AS OF 0400 PM LOCAL TIME.

CLIMATE NORMAL PERIOD 1981 TO 2010
CLIMATE RECORD PERIOD 1893 TO 2014


WEATHER ITEM   OBSERVED TIME   RECORD YEAR NORMAL DEPARTURE LAST
                VALUE   (LST)  VALUE       VALUE  FROM      YEAR
                                                  NORMAL
..................................................................
TEMPERATURE (F)
 TODAY
  MAXIMUM         60    340 PM  86    1963  67     -7       72
                                      1950
  MINIMUM         38    326 AM  28    1987  44     -6       49
  AVERAGE         49                        56     -7       61

PRECIPITATION (IN)
  TODAY            0.00          1.09 2004   0.05  -0.05     0.00
  MONTH TO DATE    0.74                      0.74   0.00      T
  SINCE JUL 1      2.00                      2.66  -0.66     1.26
  SINCE JAN 1      2.75                      5.60  -2.85     2.23

SNOWFALL (IN)
  TODAY            0.0
  MONTH TO DATE    0.0
  SINCE JAN 1      0.0
  SINCE JUL 1      0.0
  SNOW DEPTH       0

DEGREE DAYS
 HEATING
  TODAY           16                        10      6        4
  MONTH TO DATE  162                       263   -101      201
  SINCE DEC 1    162                       263   -101      201
  SINCE JUL 1    195                       359   -164      262

 COOLING
  TODAY            0                         0      0        0
  MONTH TO DATE   24                         0     24        4
  SINCE DEC 1     24                         0     24        4
  SINCE JAN 1   4948                      4137    811     4510
..................................................................


WIND (MPH)
  RESULTANT WIND SPEED   3   RESULTANT WIND DIRECTION   N (350)
  HIGHEST WIND SPEED     9   HIGHEST WIND DIRECTION     N (340)
  HIGHEST GUST SPEED    10   HIGHEST GUST DIRECTION    NW (330)
  AVERAGE WIND SPEED     4.6


SKY COVER
  POSSIBLE SUNSHINE  MM
  AVERAGE SKY COVER 0.2


WEATHER CONDITIONS
 THE FOLLOWING WEATHER WAS RECORDED TODAY.
  NO SIGNIFICANT WEATHER WAS OBSERVED.


RELATIVE HUMIDITY (PERCENT)
 HIGHEST    44           300 AM
 LOWEST     13           200 PM
 AVERAGE    29

..........................................................


THE PALM SPRINGS INTL AIRPORT CA CLIMATE NORMALS FOR TOMORROW
                         NORMAL    RECORD    YEAR
 MAXIMUM TEMPERATURE (F)   67        90      1980
 MINIMUM TEMPERATURE (F)   45        24      1954


SUNRISE AND SUNSET
DECEMBER 28 2014......SUNRISE   650 AM PST   SUNSET   445 PM PST
DECEMBER 29 2014......SUNRISE   650 AM PST   SUNSET   446 PM PST


-  INDICATES NEGATIVE NUMBERS.
R  INDICATES RECORD WAS SET OR TIED.
MM INDICATES DATA IS MISSING.
T  INDICATES TRACE AMOUNT.




$$
