357
CDUS45 KPUB 291051
CLIPUB


CLIMATE REPORT
NATIONAL WEATHER SERVICE PUEBLO
451 AM MDT WED MAR 29 2017


...................................

...THE PUEBLO CO CLIMATE SUMMARY FOR MARCH 28 2017...

CLIMATE NORMAL PERIOD 1981 TO 2010
CLIMATE RECORD PERIOD 1888 TO 2017


WEATHER ITEM   OBSERVED TIME   RECORD YEAR NORMAL DEPARTURE LAST
                VALUE   (LST)  VALUE       VALUE  FROM      YEAR
                                                  NORMAL
..................................................................
TEMPERATURE (F)
 YESTERDAY
  MAXIMUM         60    125 PM  84    1986  62     -2       74
                                      1963
  MINIMUM         39    504 AM  -6    1899  29     10       27
  AVERAGE         50                        45      5       51

PRECIPITATION (IN)
  YESTERDAY        0.26          0.42 1981   0.04   0.22     0.00
  MONTH TO DATE    0.48                      0.83  -0.35     0.58
  SINCE MAR 1      0.48                      0.83  -0.35     0.58
  SINCE JAN 1      1.40                      1.48  -0.08     1.44

SNOWFALL (IN)
  YESTERDAY        0.0           7.3  1972   0.2   -0.2      0.0
  MONTH TO DATE    0.0                       5.1   -5.1      3.9
  SINCE MAR 1      0.0                       5.1   -5.1      3.9
  SINCE JUL 1     14.2                      26.9  -12.7     28.1
  SNOW DEPTH       0

DEGREE DAYS
 HEATING
  YESTERDAY       15                        20     -5       14
  MONTH TO DATE  422                       644   -222      544
  SINCE MAR 1    422                       644   -222      544
  SINCE JUL 1   3922                      4947  -1025     4053

 COOLING
  YESTERDAY        0                         0      0        0
  MONTH TO DATE    0                         0      0        0
  SINCE MAR 1      0                         0      0        0
  SINCE JAN 1      0                         0      0        0
..................................................................


WIND (MPH)
  HIGHEST WIND SPEED    26   HIGHEST WIND DIRECTION     E (100)
  HIGHEST GUST SPEED    33   HIGHEST GUST DIRECTION     E (90)
  AVERAGE WIND SPEED    11.8


SKY COVER
  POSSIBLE SUNSHINE  MM
  AVERAGE SKY COVER 0.6


WEATHER CONDITIONS
 THE FOLLOWING WEATHER WAS RECORDED YESTERDAY.
  THUNDERSTORM
  RAIN
  LIGHT RAIN
  FOG


RELATIVE HUMIDITY (PERCENT)
 HIGHEST    96           900 PM
 LOWEST     57           100 PM
 AVERAGE    77

..........................................................


THE PUEBLO CO CLIMATE NORMALS FOR TODAY
                         NORMAL    RECORD    YEAR
 MAXIMUM TEMPERATURE (F)   62        86      1943
 MINIMUM TEMPERATURE (F)   29         7      1975
                                             1926


SUNRISE AND SUNSET
MARCH 29 2017.........SUNRISE   647 AM MDT   SUNSET   719 PM MDT
MARCH 30 2017.........SUNRISE   646 AM MDT   SUNSET   720 PM MDT


-  INDICATES NEGATIVE NUMBERS.
R  INDICATES RECORD WAS SET OR TIED.
MM INDICATES DATA IS MISSING.
T  INDICATES TRACE AMOUNT.




$$
