000
CDUS45 KPUB 201023
CLIPUB


CLIMATE REPORT
NATIONAL WEATHER SERVICE PUEBLO
423 AM MDT SAT SEP 20 2014


...................................

...THE PUEBLO CO CLIMATE SUMMARY FOR SEPTEMBER 19 2014...

CLIMATE NORMAL PERIOD 1981 TO 2010
CLIMATE RECORD PERIOD 1888 TO 2014


WEATHER ITEM   OBSERVED TIME   RECORD YEAR NORMAL DEPARTURE LAST
                VALUE   (LST)  VALUE       VALUE  FROM      YEAR
                                                  NORMAL
..................................................................
TEMPERATURE (F)
 YESTERDAY
  MAXIMUM         91    303 PM  98    1980  80     11       75
  MINIMUM         48    600 AM  29    1971  46      2       59
  AVERAGE         70                        63      7       67

PRECIPITATION (IN)
  YESTERDAY        0.00          0.69 1992   0.03  -0.03      T
  MONTH TO DATE    0.13                      0.54  -0.41     1.02
  SINCE SEP 1      0.13                      0.54  -0.41     1.02
  SINCE JAN 1      9.73                     10.77  -1.04     8.82

SNOWFALL (IN)
  YESTERDAY        0.0           0.0  2002   0.0    0.0      0.0
  MONTH TO DATE    0.0                       0.1   -0.1      0.0
  SINCE SEP 1      0.0                       0.1   -0.1      0.0
  SINCE JUL 1      T                         0.1   -0.1       T
  SNOW DEPTH       0

DEGREE DAYS
 HEATING
  YESTERDAY        0                         4     -4        0
  MONTH TO DATE   46                        34     12        2
  SINCE SEP 1     46                        34     12        2
  SINCE JUL 1     47                        39      8        2

 COOLING
  YESTERDAY        5                         2      3        2
  MONTH TO DATE   88                        71     17      149
  SINCE SEP 1     88                        71     17      149
  SINCE JAN 1    963                       882     81     1209
..................................................................


WIND (MPH)
  HIGHEST WIND SPEED    15   HIGHEST WIND DIRECTION     S (160)
  HIGHEST GUST SPEED    21   HIGHEST GUST DIRECTION    SE (130)
  AVERAGE WIND SPEED     5.3


SKY COVER
  POSSIBLE SUNSHINE  MM
  AVERAGE SKY COVER 0.0


WEATHER CONDITIONS
 THE FOLLOWING WEATHER WAS RECORDED YESTERDAY.
  NO SIGNIFICANT WEATHER WAS OBSERVED.


RELATIVE HUMIDITY (PERCENT)
 HIGHEST    86           500 AM
 LOWEST     16           300 PM
 AVERAGE    51

..........................................................


THE PUEBLO CO CLIMATE NORMALS FOR TODAY
                         NORMAL    RECORD    YEAR
 MAXIMUM TEMPERATURE (F)   80        96      1970
 MINIMUM TEMPERATURE (F)   46        32      1995


SUNRISE AND SUNSET
SEPTEMBER 20 2014.....SUNRISE   644 AM MDT   SUNSET   658 PM MDT
SEPTEMBER 21 2014.....SUNRISE   645 AM MDT   SUNSET   657 PM MDT


-  INDICATES NEGATIVE NUMBERS.
R  INDICATES RECORD WAS SET OR TIED.
MM INDICATES DATA IS MISSING.
T  INDICATES TRACE AMOUNT.




$$
