000
CDUS45 KPUB 232321
CLIPUB


CLIMATE REPORT
NATIONAL WEATHER SERVICE PUEBLO
521 PM MDT SAT SEP 23 2017


...................................

...THE PUEBLO CO CLIMATE SUMMARY FOR SEPTEMBER 23 2017...
VALID TODAY AS OF 0500 PM LOCAL TIME.

CLIMATE NORMAL PERIOD 1981 TO 2010
CLIMATE RECORD PERIOD 1888 TO 2017


WEATHER ITEM   OBSERVED TIME   RECORD YEAR NORMAL DEPARTURE LAST
                VALUE   (LST)  VALUE       VALUE  FROM      YEAR
                                                  NORMAL
..................................................................
TEMPERATURE (F)
 TODAY
  MAXIMUM         66    333 PM  95    2003  79    -13       91
  MINIMUM         57    935 AM  28    1895  44     13       56
  AVERAGE         62                        61      1       74

PRECIPITATION (IN)
  TODAY            T             0.44 1960   0.03  -0.03      T
  MONTH TO DATE    T                         0.63  -0.63     0.05
  SINCE SEP 1      T                         0.63  -0.63     0.05
  SINCE JAN 1     14.26                     10.86   3.40    10.37

SNOWFALL (IN)
  TODAY            0.0           0.0  2002   0.0    0.0      0.0
  MONTH TO DATE    0.0                       0.2   -0.2      0.0
  SINCE SEP 1      0.0                       0.2   -0.2      0.0
  SINCE JUL 1      0.0                       0.2   -0.2       T
  SNOW DEPTH       0

DEGREE DAYS
 HEATING
  TODAY            3                         5     -2        0
  MONTH TO DATE    9                        51    -42        4
  SINCE SEP 1      9                        51    -42        4
  SINCE JUL 1      9                        56    -47        4

 COOLING
  TODAY            0                         1     -1        9
  MONTH TO DATE  146                        76     70      164
  SINCE SEP 1    146                        76     70      164
  SINCE JAN 1   1027                       887    140     1329
..................................................................


WIND (MPH)
  HIGHEST WIND SPEED    22   HIGHEST WIND DIRECTION    SE (120)
  HIGHEST GUST SPEED    27   HIGHEST GUST DIRECTION     E (110)
  AVERAGE WIND SPEED     9.2


SKY COVER
  POSSIBLE SUNSHINE  MM
  AVERAGE SKY COVER 0.3


WEATHER CONDITIONS
 THE FOLLOWING WEATHER WAS RECORDED TODAY.
  LIGHT RAIN


RELATIVE HUMIDITY (PERCENT)
 HIGHEST    78           400 PM
 LOWEST     40          1200 AM
 AVERAGE    59

..........................................................


THE PUEBLO CO CLIMATE NORMALS FOR TOMORROW
                         NORMAL    RECORD    YEAR
 MAXIMUM TEMPERATURE (F)   78        94      1966
 MINIMUM TEMPERATURE (F)   44        31      1946


SUNRISE AND SUNSET
SEPTEMBER 23 2017.....SUNRISE   647 AM MDT   SUNSET   653 PM MDT
SEPTEMBER 24 2017.....SUNRISE   648 AM MDT   SUNSET   651 PM MDT


-  INDICATES NEGATIVE NUMBERS.
R  INDICATES RECORD WAS SET OR TIED.
MM INDICATES DATA IS MISSING.
T  INDICATES TRACE AMOUNT.




$$
