000
CDUS45 KPUB 221041
CLIPUB


CLIMATE REPORT
NATIONAL WEATHER SERVICE PUEBLO
441 AM MDT TUE JUL 22 2014


...................................

...THE PUEBLO CO CLIMATE SUMMARY FOR JULY 21 2014...

CLIMATE NORMAL PERIOD 1981 TO 2010
CLIMATE RECORD PERIOD 1888 TO 2014


WEATHER ITEM   OBSERVED TIME   RECORD YEAR NORMAL DEPARTURE LAST
                VALUE   (LST)  VALUE       VALUE  FROM      YEAR
                                                  NORMAL
..................................................................
TEMPERATURE (F)
 YESTERDAY
  MAXIMUM         96    333 PM 106    2005  93      3       95
                                      1981
  MINIMUM         63    419 AM  48    1897  59      4       63
  AVERAGE         80                        76      4       79

PRECIPITATION (IN)
  YESTERDAY        0.00          0.97 1930   0.07  -0.07     0.00
  MONTH TO DATE    2.10                      1.30   0.80     1.57
  SINCE JUN 1      2.96                      2.66   0.30     1.84
  SINCE JAN 1      7.16                      7.15   0.01     3.77

SNOWFALL (IN)
  YESTERDAY        0.0           0.0  2002   0.0    0.0      0.0
                                      2001
  MONTH TO DATE    0.0                       0.0    0.0      0.0
  SINCE JUN 1      T                         0.0    0.0       T
  SINCE JUL 1      0.0                       0.0    0.0      0.0
  SNOW DEPTH       0

DEGREE DAYS
 HEATING
  YESTERDAY        0                         0      0        0
  MONTH TO DATE    0                         0      0        0
  SINCE JUN 1      3                        25    -22       17
  SINCE JUL 1      0                         0      0        0

 COOLING
  YESTERDAY       15                        11      4       14
  MONTH TO DATE  217                       226     -9      248
  SINCE JUN 1    457                       401     56      551
  SINCE JAN 1    509                       435     74      624
..................................................................


WIND (MPH)
  HIGHEST WIND SPEED    22   HIGHEST WIND DIRECTION     W (260)
  HIGHEST GUST SPEED    26   HIGHEST GUST DIRECTION     W (260)
  AVERAGE WIND SPEED     6.1


SKY COVER
  POSSIBLE SUNSHINE  MM
  AVERAGE SKY COVER 0.0


WEATHER CONDITIONS
 THE FOLLOWING WEATHER WAS RECORDED YESTERDAY.
  NO SIGNIFICANT WEATHER WAS OBSERVED.


RELATIVE HUMIDITY (PERCENT)
 HIGHEST    67           500 AM
 LOWEST     14           100 PM
 AVERAGE    41

..........................................................


THE PUEBLO CO CLIMATE NORMALS FOR TODAY
                         NORMAL    RECORD    YEAR
 MAXIMUM TEMPERATURE (F)   93       103      1982
                                             1963
                                             1931
 MINIMUM TEMPERATURE (F)   59        48      1988


SUNRISE AND SUNSET
JULY 22 2014..........SUNRISE   552 AM MDT   SUNSET   816 PM MDT
JULY 23 2014..........SUNRISE   553 AM MDT   SUNSET   816 PM MDT


-  INDICATES NEGATIVE NUMBERS.
R  INDICATES RECORD WAS SET OR TIED.
MM INDICATES DATA IS MISSING.
T  INDICATES TRACE AMOUNT.




$$
