000
CDUS45 KPUB 251136
CLIPUB


CLIMATE REPORT
NATIONAL WEATHER SERVICE PUEBLO
436 AM MST SUN FEB 25 2018


...................................

...THE PUEBLO CO CLIMATE SUMMARY FOR FEBRUARY 24 2018...

CLIMATE NORMAL PERIOD 1981 TO 2010
CLIMATE RECORD PERIOD 1888 TO 2018


WEATHER ITEM   OBSERVED TIME   RECORD YEAR NORMAL DEPARTURE LAST
                VALUE   (LST)  VALUE       VALUE  FROM      YEAR
                                                  NORMAL
..................................................................
TEMPERATURE (F)
 YESTERDAY
  MAXIMUM         47    242 PM  79    1986  53     -6       36
  MINIMUM         22   1159 PM -17    1894  20      2       13
  AVERAGE         35                        36     -1       25

PRECIPITATION (IN)
  YESTERDAY        0.01          0.33 1912   0.01   0.00     0.00
  MONTH TO DATE    0.58                      0.24   0.34     0.17
  SINCE DEC 1      0.82                      0.97  -0.15     1.68
  SINCE JAN 1      0.81                      0.59   0.22     0.92

SNOWFALL (IN)
  YESTERDAY        0.1           5.2  1912   0.1    0.0      0.0
  MONTH TO DATE   10.7                       3.3    7.4      0.0
  SINCE DEC 1     12.5                      15.3   -2.8     14.2
  SINCE JUL 1     13.9                      21.3   -7.4     14.2
  SNOW DEPTH       T

DEGREE DAYS
 HEATING
  YESTERDAY       30                        29      1       40
  MONTH TO DATE  751                       760     -9      503
  SINCE DEC 1   2685                      2911   -226     2587
  SINCE JUL 1   3706                      4192   -486     3369

 COOLING
  YESTERDAY        0                         0      0        0
  MONTH TO DATE    0                         0      0        0
  SINCE DEC 1      0                         0      0        0
  SINCE JAN 1      0                         0      0        0
..................................................................


WIND (MPH)
  HIGHEST WIND SPEED    35   HIGHEST WIND DIRECTION     W (290)
  HIGHEST GUST SPEED    40   HIGHEST GUST DIRECTION     W (290)
  AVERAGE WIND SPEED    11.5


SKY COVER
  POSSIBLE SUNSHINE  MM
  AVERAGE SKY COVER 0.4


WEATHER CONDITIONS
 THE FOLLOWING WEATHER WAS RECORDED YESTERDAY.
  LIGHT SNOW
  FOG


RELATIVE HUMIDITY (PERCENT)
 HIGHEST    92          1200 AM
 LOWEST     12           500 PM
 AVERAGE    52

..........................................................


THE PUEBLO CO CLIMATE NORMALS FOR TODAY
                         NORMAL    RECORD    YEAR
 MAXIMUM TEMPERATURE (F)   53        80      1986
 MINIMUM TEMPERATURE (F)   20        -7      1960


SUNRISE AND SUNSET
FEBRUARY 25 2018......SUNRISE   635 AM MST   SUNSET   547 PM MST
FEBRUARY 26 2018......SUNRISE   634 AM MST   SUNSET   548 PM MST


-  INDICATES NEGATIVE NUMBERS.
R  INDICATES RECORD WAS SET OR TIED.
MM INDICATES DATA IS MISSING.
T  INDICATES TRACE AMOUNT.




$$
