000
CDUS45 KPUB 271056
CLIPUB


CLIMATE REPORT
NATIONAL WEATHER SERVICE PUEBLO
456 AM MDT WED MAY 27 2015


...................................

...THE PUEBLO CO CLIMATE SUMMARY FOR MAY 26 2015...

CLIMATE NORMAL PERIOD 1981 TO 2010
CLIMATE RECORD PERIOD 1888 TO 2015


WEATHER ITEM   OBSERVED TIME   RECORD YEAR NORMAL DEPARTURE LAST
                VALUE   (LST)  VALUE       VALUE  FROM      YEAR
                                                  NORMAL
..................................................................
TEMPERATURE (F)
 YESTERDAY
  MAXIMUM         74    502 PM  97    2012  80     -6       79
  MINIMUM         45    514 AM  35    1950  47     -2       50
  AVERAGE         60                        64     -4       65

PRECIPITATION (IN)
  YESTERDAY        0.13          1.60 2010   0.05   0.08     0.03
  MONTH TO DATE    5.00                      1.27   3.73     0.45
  SINCE MAR 1      6.99                      3.60   3.39     3.27
  SINCE JAN 1      8.37                      4.25   4.12     4.00

SNOWFALL (IN)
  YESTERDAY        0.0           T    2010   0.0    0.0      0.0
  MONTH TO DATE    T                         0.5   -0.5       T
  SINCE MAR 1      1.7                      10.0   -8.3     10.7
  SINCE JUL 1     42.8                      31.8   11.0     29.3
  SNOW DEPTH       0

DEGREE DAYS
 HEATING
  YESTERDAY        5                         3      2        0
  MONTH TO DATE  233                       159     74      156
  SINCE MAR 1   1221                      1296    -75     1208
  SINCE JUL 1   5243                      5599   -356     5413

 COOLING
  YESTERDAY        0                         2     -2        0
  MONTH TO DATE    1                        20    -19       19
  SINCE MAR 1      1                        22    -21       21
  SINCE JAN 1      1                        22    -21       21
..................................................................


WIND (MPH)
  HIGHEST WIND SPEED    21   HIGHEST WIND DIRECTION     E (110)
  HIGHEST GUST SPEED    23   HIGHEST GUST DIRECTION     E (110)
  AVERAGE WIND SPEED     6.7


SKY COVER
  POSSIBLE SUNSHINE  MM
  AVERAGE SKY COVER 0.1


WEATHER CONDITIONS
 THE FOLLOWING WEATHER WAS RECORDED YESTERDAY.
  THUNDERSTORM
  RAIN
  LIGHT RAIN


RELATIVE HUMIDITY (PERCENT)
 HIGHEST    93           400 AM
 LOWEST     33           300 PM
 AVERAGE    63

..........................................................


THE PUEBLO CO CLIMATE NORMALS FOR TODAY
                         NORMAL    RECORD    YEAR
 MAXIMUM TEMPERATURE (F)   80        95      2006
 MINIMUM TEMPERATURE (F)   48        34      1997


SUNRISE AND SUNSET
MAY 27 2015...........SUNRISE   539 AM MDT   SUNSET   812 PM MDT
MAY 28 2015...........SUNRISE   538 AM MDT   SUNSET   813 PM MDT


-  INDICATES NEGATIVE NUMBERS.
R  INDICATES RECORD WAS SET OR TIED.
MM INDICATES DATA IS MISSING.
T  INDICATES TRACE AMOUNT.




$$
