000
CDUS45 KPUB 241156
CLIPUB


CLIMATE REPORT
NATIONAL WEATHER SERVICE PUEBLO
455 AM MST WED DEC 24 2014


...................................

...THE PUEBLO CO CLIMATE SUMMARY FOR DECEMBER 23 2014...

CLIMATE NORMAL PERIOD 1981 TO 2010
CLIMATE RECORD PERIOD 1888 TO 2014


WEATHER ITEM   OBSERVED TIME   RECORD YEAR NORMAL DEPARTURE LAST
                VALUE   (LST)  VALUE       VALUE  FROM      YEAR
                                                  NORMAL
..................................................................
TEMPERATURE (F)
 YESTERDAY
  MAXIMUM         40    231 PM  77    1964  45     -5       35
  MINIMUM         17   1159 PM -25    1990  13      4       14
  AVERAGE         29                        29      0       25

PRECIPITATION (IN)
  YESTERDAY        0.00          0.30 1924   0.01  -0.01     0.00
  MONTH TO DATE    0.13                      0.30  -0.17     0.02
  SINCE DEC 1      0.13                      0.30  -0.17     0.02
  SINCE JAN 1     11.72                     12.49  -0.77     9.67

SNOWFALL (IN)
  YESTERDAY        0.0           3.6  1952   0.2   -0.2      0.0
  MONTH TO DATE    0.3                       4.1   -3.8      2.0
  SINCE DEC 1      0.3                       4.1   -3.8      2.0
  SINCE JUL 1     10.2                      10.1    0.1      5.7
  SNOW DEPTH       T

DEGREE DAYS
 HEATING
  YESTERDAY       36                        36      0       40
  MONTH TO DATE  700                       800   -100      807
  SINCE DEC 1    700                       800   -100      807
  SINCE JUL 1   1862                      2081   -219     1990

 COOLING
  YESTERDAY        0                         0      0        0
  MONTH TO DATE    0                         0      0        0
  SINCE DEC 1      0                         0      0        0
  SINCE JAN 1   1002                       897    105     1230
..................................................................


WIND (MPH)
  HIGHEST WIND SPEED    33   HIGHEST WIND DIRECTION     N (360)
  HIGHEST GUST SPEED    42   HIGHEST GUST DIRECTION     N (360)
  AVERAGE WIND SPEED    14.3


SKY COVER
  POSSIBLE SUNSHINE  MM
  AVERAGE SKY COVER 0.2


WEATHER CONDITIONS
 THE FOLLOWING WEATHER WAS RECORDED YESTERDAY.
  NO SIGNIFICANT WEATHER WAS OBSERVED.


RELATIVE HUMIDITY (PERCENT)
 HIGHEST    92          1200 AM
 LOWEST     32           300 PM
 AVERAGE    62

..........................................................


THE PUEBLO CO CLIMATE NORMALS FOR TODAY
                         NORMAL    RECORD    YEAR
 MAXIMUM TEMPERATURE (F)   45        76      1955
 MINIMUM TEMPERATURE (F)   13       -17      1998
                                             1990


SUNRISE AND SUNSET
DECEMBER 24 2014......SUNRISE   713 AM MST   SUNSET   443 PM MST
DECEMBER 25 2014......SUNRISE   713 AM MST   SUNSET   443 PM MST


-  INDICATES NEGATIVE NUMBERS.
R  INDICATES RECORD WAS SET OR TIED.
MM INDICATES DATA IS MISSING.
T  INDICATES TRACE AMOUNT.




$$
