000
CDUS45 KPUB 291047
CLIPUB


CLIMATE REPORT
NATIONAL WEATHER SERVICE PUEBLO
446 AM MDT MON MAY 29 2017


...................................

...THE PUEBLO CO CLIMATE SUMMARY FOR MAY 28 2017...

CLIMATE NORMAL PERIOD 1981 TO 2010
CLIMATE RECORD PERIOD 1888 TO 2017


WEATHER ITEM   OBSERVED TIME   RECORD YEAR NORMAL DEPARTURE LAST
                VALUE   (LST)  VALUE       VALUE  FROM      YEAR
                                                  NORMAL
..................................................................
TEMPERATURE (F)
 YESTERDAY
  MAXIMUM         75    331 PM  97    2000  80     -5       77
                                      1974
                                      1951
  MINIMUM         44    416 AM  35    1915  48     -4       43
  AVERAGE         60                        64     -4       60

PRECIPITATION (IN)
  YESTERDAY        0.00          0.59 1983   0.05  -0.05     0.20
  MONTH TO DATE    3.00                      1.37   1.63     1.75
  SINCE MAR 1      8.14                      3.70   4.44     5.30
  SINCE JAN 1      9.06                      4.35   4.71     6.16

SNOWFALL (IN)
  YESTERDAY        0.0           T    2016   0.0    0.0       T
  MONTH TO DATE    T                         0.5   -0.5       T
  SINCE MAR 1     14.0                      10.0    4.0      7.2
  SINCE JUL 1     28.2                      31.8   -3.6     31.4
  SNOW DEPTH       0

DEGREE DAYS
 HEATING
  YESTERDAY        5                         3      2        5
  MONTH TO DATE  190                       165     25      147
  SINCE MAR 1   1034                      1302   -268     1111
  SINCE JUL 1   4534                      5605  -1071     4620

 COOLING
  YESTERDAY        0                         2     -2        0
  MONTH TO DATE    9                        24    -15       28
  SINCE MAR 1      9                        26    -17       28
  SINCE JAN 1      9                        26    -17       28
..................................................................


WIND (MPH)
  HIGHEST WIND SPEED    16   HIGHEST WIND DIRECTION    NW (300)
  HIGHEST GUST SPEED    20   HIGHEST GUST DIRECTION    NW (300)
  AVERAGE WIND SPEED     6.1


SKY COVER
  POSSIBLE SUNSHINE  MM
  AVERAGE SKY COVER 0.0


WEATHER CONDITIONS
 THE FOLLOWING WEATHER WAS RECORDED YESTERDAY.
  NO SIGNIFICANT WEATHER WAS OBSERVED.


RELATIVE HUMIDITY (PERCENT)
 HIGHEST    93           100 AM
 LOWEST     22           300 PM
 AVERAGE    58

..........................................................


THE PUEBLO CO CLIMATE NORMALS FOR TODAY
                         NORMAL    RECORD    YEAR
 MAXIMUM TEMPERATURE (F)   81       102      2000
 MINIMUM TEMPERATURE (F)   48        36      1947


SUNRISE AND SUNSET
MAY 29 2017...........SUNRISE   538 AM MDT   SUNSET   814 PM MDT
MAY 30 2017...........SUNRISE   537 AM MDT   SUNSET   815 PM MDT


-  INDICATES NEGATIVE NUMBERS.
R  INDICATES RECORD WAS SET OR TIED.
MM INDICATES DATA IS MISSING.
T  INDICATES TRACE AMOUNT.




$$
