000
CDUS46 KOTX 200827
CLIPUW


CLIMATE REPORT
NATIONAL WEATHER SERVICE SPOKANE, WA
1226 AM PST MON NOV 20 2017


...................................

...THE PULLMAN-MOSCOW  AIRPORT CLIMATE SUMMARY FOR NOVEMBER 19 2017...

CLIMATE NORMAL PERIOD 1981 TO 2010
CLIMATE RECORD PERIOD 9999 TO 9999


WEATHER ITEM   OBSERVED TIME   RECORD YEAR NORMAL DEPARTURE LAST
                VALUE   (LST)  VALUE       VALUE  FROM      YEAR
                                                  NORMAL
..................................................................
TEMPERATURE (F)
 YESTERDAY
  MAXIMUM         48   1156 PM  64    1936  42      6       45
  MINIMUM         33    720 AM  10    1985  30      3       39
                                      1975
  AVERAGE         41                        36      5       42

PRECIPITATION (IN)
  YESTERDAY        T                         0.08  -0.08     0.13
  MONTH TO DATE    1.23                      1.45  -0.22     0.86
  SINCE OCT 1      3.71                      2.79   0.92     5.87
  SINCE JAN 1     19.32                     14.48   4.84    18.19

SNOWFALL (IN)
  YESTERDAY       MM

DEGREE DAYS
 HEATING
  YESTERDAY       24                        29     -5       23
  MONTH TO DATE  492                       495     -3      299
  SINCE SEP 1   1212                      1268    -56      967
  SINCE JUL 1   1235                      1401   -166     1069

 COOLING
  YESTERDAY        0                         0      0        0
  MONTH TO DATE    0                         0      0        0
  SINCE SEP 1     83                        23     60        6
  SINCE JAN 1    517                       213    304      203
..................................................................


WIND (MPH)
  HIGHEST WIND SPEED    18   HIGHEST WIND DIRECTION     S (160)
  HIGHEST GUST SPEED    22   HIGHEST GUST DIRECTION     S (160)
  AVERAGE WIND SPEED    11.5


SKY COVER
  POSSIBLE SUNSHINE  MM
  AVERAGE SKY COVER 0.1


WEATHER CONDITIONS
 THE FOLLOWING WEATHER WAS RECORDED YESTERDAY.
  NO SIGNIFICANT WEATHER WAS OBSERVED.


RELATIVE HUMIDITY (PERCENT)
 HIGHEST    70          1200 AM
 LOWEST     45          1000 PM
 AVERAGE    58

..........................................................


THE PULLMAN-MOSCOW  AIRPORT CLIMATE NORMALS FOR TODAY
                         NORMAL    RECORD    YEAR
 MAXIMUM TEMPERATURE (F)   41        61      1932
 MINIMUM TEMPERATURE (F)   30        10      1985
                                             1977


SUNRISE AND SUNSET
NOVEMBER 20 2017......SUNRISE   659 AM PST   SUNSET   409 PM PST
NOVEMBER 21 2017......SUNRISE   700 AM PST   SUNSET   408 PM PST


-  INDICATES NEGATIVE NUMBERS.
R  INDICATES RECORD WAS SET OR TIED.
MM INDICATES DATA IS MISSING.
T  INDICATES TRACE AMOUNT.




$$
