000
CDUS46 KOTX 290828
CLIPUW


CLIMATE REPORT
NATIONAL WEATHER SERVICE SPOKANE, WA
1228 AM PST THU JAN 29 2015


...................................

...THE PULLMAN-MOSCOW  AIRPORT CLIMATE SUMMARY FOR JANUARY 28 2015...

CLIMATE NORMAL PERIOD 1981 TO 2010
CLIMATE RECORD PERIOD 9999 TO 9999


WEATHER ITEM   OBSERVED TIME   RECORD YEAR NORMAL DEPARTURE LAST
                VALUE   (LST)  VALUE       VALUE  FROM      YEAR
                                                  NORMAL
..................................................................
TEMPERATURE (F)
 YESTERDAY
  MAXIMUM         49   1218 PM  55    1941  38     11       33
  MINIMUM         35   1159 PM -14    1957  28      7       25
  AVERAGE         42                        33      9       29

PRECIPITATION (IN)
  YESTERDAY        0.00          0.82 1954   0.06  -0.06     0.01
  MONTH TO DATE    1.61                      1.62  -0.01     0.93
  SINCE OCT 1      8.46                      6.82   1.64     4.27
  SINCE JAN 1      1.61                      1.62  -0.01     0.93

SNOWFALL (IN)
  YESTERDAY       MM

DEGREE DAYS
 HEATING
  YESTERDAY       23                        32     -9       36
  MONTH TO DATE  812                       940   -128      883
  SINCE DEC 1   1743                      2020   -277     2048
  SINCE JUL 1   3080                      3764   -684     3737

 COOLING
  YESTERDAY        0                         0      0        0
  MONTH TO DATE    0                         0      0        0
  SINCE DEC 1      0                         0      0        0
  SINCE JAN 1      0                         0      0        0
..................................................................


WIND (MPH)
  HIGHEST WIND SPEED    16   HIGHEST WIND DIRECTION     W (250)
  HIGHEST GUST SPEED    21   HIGHEST GUST DIRECTION    SW (240)
  AVERAGE WIND SPEED     4.3


SKY COVER
  POSSIBLE SUNSHINE  MM
  AVERAGE SKY COVER 0.6


WEATHER CONDITIONS
 THE FOLLOWING WEATHER WAS RECORDED YESTERDAY.
  FOG
  FOG W/VISIBILITY <= 1/4 MILE


RELATIVE HUMIDITY (PERCENT)
 HIGHEST   100           100 AM
 LOWEST     71           100 PM
 AVERAGE    86

..........................................................


THE PULLMAN-MOSCOW  AIRPORT CLIMATE NORMALS FOR TODAY
                         NORMAL    RECORD    YEAR
 MAXIMUM TEMPERATURE (F)   38        54      1967
 MINIMUM TEMPERATURE (F)   28       -20      1957


SUNRISE AND SUNSET
JANUARY 29 2015.......SUNRISE   716 AM PST   SUNSET   447 PM PST
JANUARY 30 2015.......SUNRISE   715 AM PST   SUNSET   449 PM PST


-  INDICATES NEGATIVE NUMBERS.
R  INDICATES RECORD WAS SET OR TIED.
MM INDICATES DATA IS MISSING.
T  INDICATES TRACE AMOUNT.




$$
