000
CDUS46 KOTX 250829
CLIPUW


CLIMATE REPORT
NATIONAL WEATHER SERVICE SPOKANE, WA
129 AM PDT MON SEP 25 2017


...................................

...THE PULLMAN-MOSCOW  AIRPORT CLIMATE SUMMARY FOR SEPTEMBER 24 2017...

CLIMATE NORMAL PERIOD 1981 TO 2010
CLIMATE RECORD PERIOD 9999 TO 9999


WEATHER ITEM   OBSERVED TIME   RECORD YEAR NORMAL DEPARTURE LAST
                VALUE   (LST)  VALUE       VALUE  FROM      YEAR
                                                  NORMAL
..................................................................
TEMPERATURE (F)
 YESTERDAY
  MAXIMUM         64    146 PM  95    2011  70     -6       64
  MINIMUM         46    516 AM  21    1926  41      5       40
  AVERAGE         55                        55      0       52

PRECIPITATION (IN)
  YESTERDAY        T                         0.03  -0.03     0.00
  MONTH TO DATE    0.68                      0.59   0.09     0.33
  SINCE OCT 1     24.02                     16.70   7.32    20.28
  SINCE JAN 1     15.61                     11.50   4.11    12.29

SNOWFALL (IN)
  YESTERDAY       MM

DEGREE DAYS
 HEATING
  YESTERDAY       10                        10      0       13
  MONTH TO DATE  161                       161      0      205
  SINCE SEP 1    161                       161      0      205
  SINCE JUL 1    184                       294   -110      307

 COOLING
  YESTERDAY        0                         0      0        0
  MONTH TO DATE   81                        21     60        0
  SINCE SEP 1     81                        21     60        0
  SINCE JAN 1    515                       211    304      197
..................................................................


WIND (MPH)
  HIGHEST WIND SPEED    10   HIGHEST WIND DIRECTION     W (270)
  HIGHEST GUST SPEED    15   HIGHEST GUST DIRECTION     W (280)
  AVERAGE WIND SPEED     4.5


SKY COVER
  POSSIBLE SUNSHINE  MM
  AVERAGE SKY COVER 0.8


WEATHER CONDITIONS
 THE FOLLOWING WEATHER WAS RECORDED YESTERDAY.
  LIGHT RAIN


RELATIVE HUMIDITY (PERCENT)
 HIGHEST    76           300 AM
 LOWEST     39           100 PM
 AVERAGE    58

..........................................................


THE PULLMAN-MOSCOW  AIRPORT CLIMATE NORMALS FOR TODAY
                         NORMAL    RECORD    YEAR
 MAXIMUM TEMPERATURE (F)   70        92      1994
 MINIMUM TEMPERATURE (F)   41        25      1908


SUNRISE AND SUNSET
SEPTEMBER 25 2017.....SUNRISE   640 AM PDT   SUNSET   639 PM PDT
SEPTEMBER 26 2017.....SUNRISE   641 AM PDT   SUNSET   637 PM PDT


-  INDICATES NEGATIVE NUMBERS.
R  INDICATES RECORD WAS SET OR TIED.
MM INDICATES DATA IS MISSING.
T  INDICATES TRACE AMOUNT.




$$
