000
CDUS46 KOTX 290824
CLIPUW


CLIMATE REPORT
NATIONAL WEATHER SERVICE SPOKANE, WA
123 AM PDT FRI AUG 29 2014


...................................

...THE PULLMAN-MOSCOW  AIRPORT CLIMATE SUMMARY FOR AUGUST 28 2014...

CLIMATE NORMAL PERIOD 1981 TO 2010
CLIMATE RECORD PERIOD 9999 TO 9999


WEATHER ITEM   OBSERVED TIME   RECORD YEAR NORMAL DEPARTURE LAST
                VALUE   (LST)  VALUE       VALUE  FROM      YEAR
                                                  NORMAL
..................................................................
TEMPERATURE (F)
 YESTERDAY
  MAXIMUM         83   1154 AM 100    2009  80      3       86
  MINIMUM         53   1101 PM  36    2007  47      6       52
  AVERAGE         68                        64      4       69

PRECIPITATION (IN)
  YESTERDAY        0.00          0.38 1975   0.02  -0.02     0.00
  MONTH TO DATE    0.50                      0.57  -0.07     0.45
  SINCE OCT 1     14.78                     16.05  -1.27    16.42
  SINCE JAN 1     11.44                     10.85   0.59     8.88

SNOWFALL (IN)
  YESTERDAY       MM            MM      MM  MM     MM       MM
  MONTH TO DATE   MM                        MM     MM       MM
  SINCE JUN 1     MM                        MM     MM       MM
  SINCE JUL 1     MM                        MM     MM       MM
  SNOW DEPTH      MM

DEGREE DAYS
 HEATING
  YESTERDAY        0                         4     -4        0
  MONTH TO DATE    7                        55    -48       15
  SINCE JUN 1    221                       325   -104      229
  SINCE JUL 1     17                       119   -102       39

 COOLING
  YESTERDAY        3                         2      1        4
  MONTH TO DATE  134                        85     49      106
  SINCE JUN 1    324                       180    144      244
  SINCE JAN 1    325                       185    140      256
..................................................................


WIND (MPH)
  HIGHEST WIND SPEED    22   HIGHEST WIND DIRECTION    SW (240)
  HIGHEST GUST SPEED    28   HIGHEST GUST DIRECTION    SW (240)
  AVERAGE WIND SPEED    10.4


SKY COVER
  POSSIBLE SUNSHINE  MM
  AVERAGE SKY COVER 0.0


WEATHER CONDITIONS
 THE FOLLOWING WEATHER WAS RECORDED YESTERDAY.
  NO SIGNIFICANT WEATHER WAS OBSERVED.


RELATIVE HUMIDITY (PERCENT)
 HIGHEST    55           400 AM
 LOWEST     23           500 PM
 AVERAGE    39

..........................................................


THE PULLMAN-MOSCOW  AIRPORT CLIMATE NORMALS FOR TODAY
                         NORMAL    RECORD    YEAR
 MAXIMUM TEMPERATURE (F)   79        98      1998
 MINIMUM TEMPERATURE (F)   47        30      1942


SUNRISE AND SUNSET
AUGUST 29 2014........SUNRISE   604 AM PDT   SUNSET   733 PM PDT
AUGUST 30 2014........SUNRISE   606 AM PDT   SUNSET   731 PM PDT


-  INDICATES NEGATIVE NUMBERS.
R  INDICATES RECORD WAS SET OR TIED.
MM INDICATES DATA IS MISSING.
T  INDICATES TRACE AMOUNT.




$$
