000
CDUS46 KOTX 200830
CLIPUW


CLIMATE REPORT
NATIONAL WEATHER SERVICE SPOKANE, WA
130 AM PDT SAT SEP 20 2014


...................................

...THE PULLMAN-MOSCOW  AIRPORT CLIMATE SUMMARY FOR SEPTEMBER 19 2014...

CLIMATE NORMAL PERIOD 1981 TO 2010
CLIMATE RECORD PERIOD 9999 TO 9999


WEATHER ITEM   OBSERVED TIME   RECORD YEAR NORMAL DEPARTURE LAST
                VALUE   (LST)  VALUE       VALUE  FROM      YEAR
                                                  NORMAL
..................................................................
TEMPERATURE (F)
 YESTERDAY
  MAXIMUM         74    436 PM  92    2008  72      2       71
                                      1981
  MINIMUM         48    553 AM  24    1957  42      6       45
  AVERAGE         61                        57      4       58

PRECIPITATION (IN)
  YESTERDAY        0.00          0.39 2010   0.03  -0.03     0.00
  MONTH TO DATE    0.03                      0.45  -0.42     0.79
  SINCE OCT 1     14.81                     16.56  -1.75    17.21
  SINCE JAN 1     11.47                     11.36   0.11     9.67

SNOWFALL (IN)
  YESTERDAY       MM            MM      MM  MM     MM       MM
  MONTH TO DATE   MM                        MM     MM       MM
  SINCE SEP 1     MM                        MM     MM       MM
  SINCE JUL 1     MM                        MM     MM       MM
  SNOW DEPTH      MM

DEGREE DAYS
 HEATING
  YESTERDAY        4                         8     -4        7
  MONTH TO DATE   83                       114    -31       43
  SINCE SEP 1     83                       114    -31       43
  SINCE JUL 1    108                       247   -139       83

 COOLING
  YESTERDAY        0                         0      0        0
  MONTH TO DATE    7                        21    -14       69
  SINCE SEP 1      7                        21    -14       69
  SINCE JAN 1    334                       211    123      331
..................................................................


WIND (MPH)
  HIGHEST WIND SPEED    17   HIGHEST WIND DIRECTION    SW (230)
  HIGHEST GUST SPEED    21   HIGHEST GUST DIRECTION    SW (240)
  AVERAGE WIND SPEED     4.4


SKY COVER
  POSSIBLE SUNSHINE  MM
  AVERAGE SKY COVER 0.0


WEATHER CONDITIONS
 THE FOLLOWING WEATHER WAS RECORDED YESTERDAY.
  NO SIGNIFICANT WEATHER WAS OBSERVED.


RELATIVE HUMIDITY (PERCENT)
 HIGHEST    80           600 AM
 LOWEST     35           400 PM
 AVERAGE    58

..........................................................


THE PULLMAN-MOSCOW  AIRPORT CLIMATE NORMALS FOR TODAY
                         NORMAL    RECORD    YEAR
 MAXIMUM TEMPERATURE (F)   72        87      1991
 MINIMUM TEMPERATURE (F)   42        30      2007
                                             1983


SUNRISE AND SUNSET
SEPTEMBER 20 2014.....SUNRISE   633 AM PDT   SUNSET   650 PM PDT
SEPTEMBER 21 2014.....SUNRISE   634 AM PDT   SUNSET   648 PM PDT


-  INDICATES NEGATIVE NUMBERS.
R  INDICATES RECORD WAS SET OR TIED.
MM INDICATES DATA IS MISSING.
T  INDICATES TRACE AMOUNT.




$$
