000
CDUS46 KOTX 060825
CLIPUW


CLIMATE REPORT
NATIONAL WEATHER SERVICE SPOKANE, WA
124 AM PDT FRI MAY 6 2016


...................................

...THE PULLMAN-MOSCOW  AIRPORT CLIMATE SUMMARY FOR MAY 5 2016...

CLIMATE NORMAL PERIOD 1981 TO 2010
CLIMATE RECORD PERIOD 9999 TO 9999


WEATHER ITEM   OBSERVED TIME   RECORD YEAR NORMAL DEPARTURE LAST
                VALUE   (LST)  VALUE       VALUE  FROM      YEAR
                                                  NORMAL
..................................................................
TEMPERATURE (F)
 YESTERDAY
  MAXIMUM         72    409 PM  90    1966  62     10       59
  MINIMUM         48    323 AM  28    2007  39      9       38
                                      1965
  AVERAGE         60                        51      9       49

PRECIPITATION (IN)
  YESTERDAY        0.07          0.50 1979   0.05   0.02     0.00
  MONTH TO DATE    0.07                      0.26  -0.19     0.00
  SINCE OCT 1     17.37                     12.41   4.96    13.68
  SINCE JAN 1      9.38                      7.21   2.17     6.83

SNOWFALL (IN)
  YESTERDAY       MM

DEGREE DAYS
 HEATING
  YESTERDAY        5                        14     -9       16
  MONTH TO DATE   25                        74    -49       66
  SINCE MAR 1   1089                      1398   -309     1236
  SINCE JUL 1   5187                      6101   -914     5067

 COOLING
  YESTERDAY        0                         0      0        0
  MONTH TO DATE    0                         0      0        0
  SINCE MAR 1      0                         0      0        0
  SINCE JAN 1      0                         0      0        0
..................................................................


WIND (MPH)
  HIGHEST WIND SPEED    16   HIGHEST WIND DIRECTION    NE (40)
  HIGHEST GUST SPEED    19   HIGHEST GUST DIRECTION    NW (330)
  AVERAGE WIND SPEED     6.8


SKY COVER
  POSSIBLE SUNSHINE  MM
  AVERAGE SKY COVER 0.3


WEATHER CONDITIONS
 THE FOLLOWING WEATHER WAS RECORDED YESTERDAY.
  RAIN
  LIGHT RAIN
  FOG


RELATIVE HUMIDITY (PERCENT)
 HIGHEST    96           100 AM
 LOWEST     47           400 PM
 AVERAGE    72

..........................................................


THE PULLMAN-MOSCOW  AIRPORT CLIMATE NORMALS FOR TODAY
                         NORMAL    RECORD    YEAR
 MAXIMUM TEMPERATURE (F)   63        86      1947
 MINIMUM TEMPERATURE (F)   39        28      2003
                                             2001
                                             1977


SUNRISE AND SUNSET
MAY  6 2016...........SUNRISE   525 AM PDT   SUNSET   806 PM PDT
MAY  7 2016...........SUNRISE   524 AM PDT   SUNSET   807 PM PDT


-  INDICATES NEGATIVE NUMBERS.
R  INDICATES RECORD WAS SET OR TIED.
MM INDICATES DATA IS MISSING.
T  INDICATES TRACE AMOUNT.




$$
