000
CDUS46 KOTX 180823
CLIPUW


CLIMATE REPORT
NATIONAL WEATHER SERVICE SPOKANE, WA
1223 AM PST THU JAN 18 2018


...................................

...THE PULLMAN-MOSCOW  AIRPORT CLIMATE SUMMARY FOR JANUARY 17 2018...

CLIMATE NORMAL PERIOD 1981 TO 2010
CLIMATE RECORD PERIOD 9999 TO 9999


WEATHER ITEM   OBSERVED TIME   RECORD YEAR NORMAL DEPARTURE LAST
                VALUE   (LST)  VALUE       VALUE  FROM      YEAR
                                                  NORMAL
..................................................................
TEMPERATURE (F)
 YESTERDAY
  MAXIMUM         47   1159 PM  52    1914  37     10       34
  MINIMUM         35    617 AM -19    1950  27      8       21
  AVERAGE         41                        32      9       28

PRECIPITATION (IN)
  YESTERDAY        T                         0.07  -0.07     0.02
  MONTH TO DATE    1.67                      0.84   0.83     0.92
  SINCE OCT 1     10.53                      6.04   4.49     9.33
  SINCE JAN 1      1.67                      0.84   0.83     0.92

SNOWFALL (IN)
  YESTERDAY       MM

DEGREE DAYS
 HEATING
  YESTERDAY       24                        33     -9       37
  MONTH TO DATE  476                       580   -104      847
  SINCE DEC 1   1598                      1660    -62     2077
  SINCE JUL 1   3081                      3404   -323     3425

 COOLING
  YESTERDAY        0                         0      0        0
  MONTH TO DATE    0                         0      0        0
  SINCE DEC 1      0                         0      0        0
  SINCE JAN 1      0                         0      0        0
..................................................................


WIND (MPH)
  HIGHEST WIND SPEED    23   HIGHEST WIND DIRECTION     E (100)
  HIGHEST GUST SPEED    26   HIGHEST GUST DIRECTION     E (100)
  AVERAGE WIND SPEED    15.6


SKY COVER
  POSSIBLE SUNSHINE  MM
  AVERAGE SKY COVER 0.3


WEATHER CONDITIONS
 THE FOLLOWING WEATHER WAS RECORDED YESTERDAY.
  NO SIGNIFICANT WEATHER WAS OBSERVED.


RELATIVE HUMIDITY (PERCENT)
 HIGHEST    92           400 AM
 LOWEST     65          1000 PM
 AVERAGE    79

..........................................................


THE PULLMAN-MOSCOW  AIRPORT CLIMATE NORMALS FOR TODAY
                         NORMAL    RECORD    YEAR
 MAXIMUM TEMPERATURE (F)   37        53      1900
 MINIMUM TEMPERATURE (F)   27       -13      1930
                                             1922


SUNRISE AND SUNSET
JANUARY 18 2018.......SUNRISE   727 AM PST   SUNSET   432 PM PST
JANUARY 19 2018.......SUNRISE   726 AM PST   SUNSET   433 PM PST


-  INDICATES NEGATIVE NUMBERS.
R  INDICATES RECORD WAS SET OR TIED.
MM INDICATES DATA IS MISSING.
T  INDICATES TRACE AMOUNT.




$$
