000
CDUS46 KOTX 010837
CLIPUW


CLIMATE REPORT
NATIONAL WEATHER SERVICE SPOKANE, WA
136 AM PDT SAT OCT 1 2016


...................................

...THE PULLMAN-MOSCOW  AIRPORT CLIMATE SUMMARY FOR SEPTEMBER 30 2016...

CLIMATE NORMAL PERIOD 1981 TO 2010
CLIMATE RECORD PERIOD 9999 TO 9999


WEATHER ITEM   OBSERVED TIME   RECORD YEAR NORMAL DEPARTURE LAST
                VALUE   (LST)  VALUE       VALUE  FROM      YEAR
                                                  NORMAL
..................................................................
TEMPERATURE (F)
 YESTERDAY
  MAXIMUM         78    215 PM  88    1989  67     11       81
  MINIMUM         48    631 AM  21    1983  39      9       38
  AVERAGE         63                        53     10       60

PRECIPITATION (IN)
  YESTERDAY        T                         0.04  -0.04     0.00
  MONTH TO DATE    0.36                      0.78  -0.42     0.69
  SINCE OCT 1     20.31                     16.89   3.42    17.47
  SINCE JAN 1     12.32                     11.69   0.63    10.62

SNOWFALL (IN)
  YESTERDAY       MM

DEGREE DAYS
 HEATING
  YESTERDAY        2                        12    -10        5
  MONTH TO DATE  216                       228    -12      233
  SINCE SEP 1    216                       228    -12      233
  SINCE JUL 1    318                       361    -43      290

 COOLING
  YESTERDAY        0                         0      0        0
  MONTH TO DATE    6                        22    -16        8
  SINCE SEP 1      6                        22    -16        8
  SINCE JAN 1    203                       212     -9      416
..................................................................


WIND (MPH)
  HIGHEST WIND SPEED    20   HIGHEST WIND DIRECTION     W (270)
  HIGHEST GUST SPEED    26   HIGHEST GUST DIRECTION     W (270)
  AVERAGE WIND SPEED     4.8


SKY COVER
  POSSIBLE SUNSHINE  MM
  AVERAGE SKY COVER 0.1


WEATHER CONDITIONS
 THE FOLLOWING WEATHER WAS RECORDED YESTERDAY.
  LIGHT RAIN
  HAZE


RELATIVE HUMIDITY (PERCENT)
 HIGHEST    86           200 AM
 LOWEST     27           300 PM
 AVERAGE    57

..........................................................


THE PULLMAN-MOSCOW  AIRPORT CLIMATE NORMALS FOR TODAY
                         NORMAL    RECORD    YEAR
 MAXIMUM TEMPERATURE (F)   67        90      1992
 MINIMUM TEMPERATURE (F)   39        25      2002
                                             1999


SUNRISE AND SUNSET
OCTOBER  1 2016.......SUNRISE   648 AM PDT   SUNSET   627 PM PDT
OCTOBER  2 2016.......SUNRISE   649 AM PDT   SUNSET   625 PM PDT


-  INDICATES NEGATIVE NUMBERS.
R  INDICATES RECORD WAS SET OR TIED.
MM INDICATES DATA IS MISSING.
T  INDICATES TRACE AMOUNT.




$$
