000
CDUS46 KOTX 250822
CLIPUW


CLIMATE REPORT
NATIONAL WEATHER SERVICE SPOKANE, WA
122 AM PDT MON JUL 25 2016


...................................

...THE PULLMAN-MOSCOW  AIRPORT CLIMATE SUMMARY FOR JULY 24 2016...

CLIMATE NORMAL PERIOD 1981 TO 2010
CLIMATE RECORD PERIOD 9999 TO 9999


WEATHER ITEM   OBSERVED TIME   RECORD YEAR NORMAL DEPARTURE LAST
                VALUE   (LST)  VALUE       VALUE  FROM      YEAR
                                                  NORMAL
..................................................................
TEMPERATURE (F)
 YESTERDAY
  MAXIMUM         85    512 PM  98    2006  84      1       82
                                      1994
  MINIMUM         45    442 AM  35    1953  51     -6       53
  AVERAGE         65                        67     -2       68

PRECIPITATION (IN)
  YESTERDAY        0.00                      0.02  -0.02     0.00
  MONTH TO DATE    0.75                      0.55   0.20     0.54
  SINCE OCT 1     19.71                     15.34   4.37    16.63
  SINCE JAN 1     11.72                     10.14   1.58     9.78

SNOWFALL (IN)
  YESTERDAY       MM

DEGREE DAYS
 HEATING
  YESTERDAY        0                         1     -1        0
  MONTH TO DATE   65                        55     10        7
  SINCE JUN 1    233                       261    -28       86
  SINCE JUL 1     65                        55     10        7

 COOLING
  YESTERDAY        0                         3     -3        3
  MONTH TO DATE   10                        55    -45      144
  SINCE JUN 1     53                        68    -15      237
  SINCE JAN 1     54                        73    -19      249
..................................................................


WIND (MPH)
  HIGHEST WIND SPEED    10   HIGHEST WIND DIRECTION    SW (210)
  HIGHEST GUST SPEED    13   HIGHEST GUST DIRECTION    SW (230)
  AVERAGE WIND SPEED     2.1


SKY COVER
  POSSIBLE SUNSHINE  MM
  AVERAGE SKY COVER 0.0


WEATHER CONDITIONS
 THE FOLLOWING WEATHER WAS RECORDED YESTERDAY.
  NO SIGNIFICANT WEATHER WAS OBSERVED.


RELATIVE HUMIDITY (PERCENT)
 HIGHEST    82           500 AM
 LOWEST     20           400 PM
 AVERAGE    51

..........................................................


THE PULLMAN-MOSCOW  AIRPORT CLIMATE NORMALS FOR TODAY
                         NORMAL    RECORD    YEAR
 MAXIMUM TEMPERATURE (F)   84       100      1994
 MINIMUM TEMPERATURE (F)   51        38      1954


SUNRISE AND SUNSET
JULY 25 2016..........SUNRISE   521 AM PDT   SUNSET   828 PM PDT
JULY 26 2016..........SUNRISE   522 AM PDT   SUNSET   827 PM PDT


-  INDICATES NEGATIVE NUMBERS.
R  INDICATES RECORD WAS SET OR TIED.
MM INDICATES DATA IS MISSING.
T  INDICATES TRACE AMOUNT.




$$
