000
CDUS41 KBOX 030550
CLIPVD


CLIMATE REPORT
NATIONAL WEATHER SERVICE TAUNTON MA
1238 AM EST TUE MAR 3 2015


...................................

...THE PROVIDENCE RI CLIMATE SUMMARY FOR MARCH 2 2015...

CLIMATE NORMAL PERIOD 1981 TO 2010
CLIMATE RECORD PERIOD 1904 TO 2015


WEATHER ITEM   OBSERVED TIME   RECORD YEAR NORMAL DEPARTURE LAST
                VALUE   (LST)  VALUE       VALUE  FROM      YEAR
                                                  NORMAL
..................................................................
TEMPERATURE (F)
 YESTERDAY
  MAXIMUM         36    126 PM  64    1972  44     -8       37
  MINIMUM         23   1159 PM   8    1962  26     -3       31
  AVERAGE         30                        35     -5       34

PRECIPITATION (IN)
  YESTERDAY        T             2.87 2007   0.14  -0.14      T
  MONTH TO DATE    0.42                      0.29   0.13      T
  SINCE MAR 1      0.42                      0.29   0.13      T
  SINCE JAN 1      6.77                      7.44  -0.67     8.40

SNOWFALL (IN)
  YESTERDAY        0.1          10.0  2009   0.3   -0.2       T
  MONTH TO DATE    4.6                       0.5    4.1       T
  SINCE MAR 1      4.6                       0.5    4.1       T
  SINCE JUL 1     64.5                      28.2   36.3     42.1
  SNOW DEPTH      18

DEGREE DAYS
 HEATING
  YESTERDAY       35                        30      5       31
  MONTH TO DATE   82                        60     22       74
  SINCE MAR 1     82                        60     22       74
  SINCE JUL 1   4444                      4122    322     4346

 COOLING
  YESTERDAY        0                         0      0        0
  MONTH TO DATE    0                         0      0        0
  SINCE MAR 1      0                         0      0        0
  SINCE JAN 1      0                         0      0        0
..................................................................


WIND (MPH)
  RESULTANT WIND SPEED  11   RESULTANT WIND DIRECTION   W (290)
  HIGHEST WIND SPEED    31   HIGHEST WIND DIRECTION    NW (300)
  HIGHEST GUST SPEED    41   HIGHEST GUST DIRECTION    NW (300)
  AVERAGE WIND SPEED    11.2


SKY COVER
  POSSIBLE SUNSHINE  MM
  AVERAGE SKY COVER 0.5


WEATHER CONDITIONS
 THE FOLLOWING WEATHER WAS RECORDED YESTERDAY.
  LIGHT SNOW
  FOG
  HAZE


RELATIVE HUMIDITY (PERCENT)
 HIGHEST   100          1200 AM
 LOWEST     38           200 PM
 AVERAGE    69

..........................................................


THE PROVIDENCE RI CLIMATE NORMALS FOR TODAY
                         NORMAL    RECORD    YEAR
 MAXIMUM TEMPERATURE (F)   44        63      1991
 MINIMUM TEMPERATURE (F)   27         5      1950


SUNRISE AND SUNSET
MARCH  3 2015.........SUNRISE   618 AM EST   SUNSET   538 PM EST
MARCH  4 2015.........SUNRISE   616 AM EST   SUNSET   539 PM EST


-  INDICATES NEGATIVE NUMBERS.
R  INDICATES RECORD WAS SET OR TIED.
MM INDICATES DATA IS MISSING.
T  INDICATES TRACE AMOUNT.




$$
