000
CDUS41 KBOX 230543
CLIPVD


CLIMATE REPORT
NATIONAL WEATHER SERVICE TAUNTON MA
135 AM EDT SAT SEP 23 2017


...................................

...THE PROVIDENCE RI CLIMATE SUMMARY FOR SEPTEMBER 22 2017...

CLIMATE NORMAL PERIOD 1981 TO 2010
CLIMATE RECORD PERIOD 1904 TO 2017


WEATHER ITEM   OBSERVED TIME   RECORD YEAR NORMAL DEPARTURE LAST
                VALUE   (LST)  VALUE       VALUE  FROM      YEAR
                                                  NORMAL
..................................................................
TEMPERATURE (F)
 YESTERDAY
  MAXIMUM         66   1213 AM  93    1980  72     -6       82
  MINIMUM         58    717 AM  34    1962  53      5       58
  AVERAGE         62                        62      0       70

PRECIPITATION (IN)
  YESTERDAY        0.20          2.08 2001   0.14   0.06     0.00
  MONTH TO DATE    2.14                      2.84  -0.70     1.63
  SINCE SEP 1      2.14                      2.84  -0.70     1.63
  SINCE JAN 1     36.34                     33.44   2.90    27.46

SNOWFALL (IN)
  YESTERDAY        0.0           0.0  2002   0.0    0.0      0.0
                                      2001
                                      2000
  MONTH TO DATE    0.0                       0.0    0.0      0.0
  SINCE SEP 1      0.0                       0.0    0.0      0.0
  SINCE JUL 1      0.0                       0.0    0.0      0.0
  SNOW DEPTH       0

DEGREE DAYS
 HEATING
  YESTERDAY        3                         4     -1        0
  MONTH TO DATE   18                        45    -27        6
  SINCE SEP 1     18                        45    -27        6
  SINCE JUL 1     26                        54    -28        6

 COOLING
  YESTERDAY        0                         2     -2        5
  MONTH TO DATE   87                        72     15      146
  SINCE SEP 1     87                        72     15      146
  SINCE JAN 1    791                       728     63     1029
..................................................................


WIND (MPH)
  RESULTANT WIND SPEED  21   RESULTANT WIND DIRECTION   N (10)
  HIGHEST WIND SPEED    35   HIGHEST WIND DIRECTION     N (20)
  HIGHEST GUST SPEED    44   HIGHEST GUST DIRECTION     N (10)
  AVERAGE WIND SPEED    21.3


SKY COVER
  POSSIBLE SUNSHINE  MM
  AVERAGE SKY COVER 1.0


WEATHER CONDITIONS
 THE FOLLOWING WEATHER WAS RECORDED YESTERDAY.
  RAIN
  LIGHT RAIN
  FOG


RELATIVE HUMIDITY (PERCENT)
 HIGHEST   100           900 PM
 LOWEST     68          1200 AM
 AVERAGE    84

..........................................................


THE PROVIDENCE RI CLIMATE NORMALS FOR TODAY
                         NORMAL    RECORD    YEAR
 MAXIMUM TEMPERATURE (F)   72        92      1970
 MINIMUM TEMPERATURE (F)   52        38      1974


SUNRISE AND SUNSET
SEPTEMBER 23 2017.....SUNRISE   634 AM EDT   SUNSET   641 PM EDT
SEPTEMBER 24 2017.....SUNRISE   635 AM EDT   SUNSET   639 PM EDT


-  INDICATES NEGATIVE NUMBERS.
R  INDICATES RECORD WAS SET OR TIED.
MM INDICATES DATA IS MISSING.
T  INDICATES TRACE AMOUNT.




$$
