000
CDUS41 KBOX 250546
CLIPVD


CLIMATE REPORT
NATIONAL WEATHER SERVICE TAUNTON MA
135 AM EDT SAT OCT 25 2014


...................................

...THE PROVIDENCE RI CLIMATE SUMMARY FOR OCTOBER 24 2014...

CLIMATE NORMAL PERIOD 1981 TO 2010
CLIMATE RECORD PERIOD 1904 TO 2014


WEATHER ITEM   OBSERVED TIME   RECORD YEAR NORMAL DEPARTURE LAST
                VALUE   (LST)  VALUE       VALUE  FROM      YEAR
                                                  NORMAL
..................................................................
TEMPERATURE (F)
 YESTERDAY
  MAXIMUM         55    146 PM  74    1963  61     -6       55
  MINIMUM         49   1159 PM  21    1969  41      8       38
  AVERAGE         52                        51      1       47

PRECIPITATION (IN)
  YESTERDAY        0.04          2.17 1938   0.13  -0.09     0.00
  MONTH TO DATE    3.29                      3.01   0.28     0.51
  SINCE SEP 1      4.03                      6.93  -2.90     5.10
  SINCE JAN 1     35.48                     37.53  -2.05    35.91

SNOWFALL (IN)
  YESTERDAY        0.0           T    1960   0.0    0.0      0.0
  MONTH TO DATE    0.0                       0.0    0.0      0.0
  SINCE SEP 1      0.0                       0.0    0.0      0.0
  SINCE JUL 1      0.0                       0.0    0.0      0.0
  SNOW DEPTH       0

DEGREE DAYS
 HEATING
  YESTERDAY       13                        14     -1       18
  MONTH TO DATE  203                       256    -53      176
  SINCE SEP 1    277                       344    -67      279
  SINCE JUL 1    277                       353    -76      279

 COOLING
  YESTERDAY        0                         0      0        0
  MONTH TO DATE   12                         6      6        7
  SINCE SEP 1    127                        86     41       70
  SINCE JAN 1    709                       742    -33      892
..................................................................


WIND (MPH)
  RESULTANT WIND SPEED   9   RESULTANT WIND DIRECTION  NW (320)
  HIGHEST WIND SPEED    18   HIGHEST WIND DIRECTION     N (360)
  HIGHEST GUST SPEED    23   HIGHEST GUST DIRECTION     N (350)
  AVERAGE WIND SPEED     9.8


SKY COVER
  POSSIBLE SUNSHINE  MM
  AVERAGE SKY COVER 0.9


WEATHER CONDITIONS
 THE FOLLOWING WEATHER WAS RECORDED YESTERDAY.
  HEAVY RAIN
  LIGHT RAIN
  FOG


RELATIVE HUMIDITY (PERCENT)
 HIGHEST    86           300 AM
 LOWEST     66           300 PM
 AVERAGE    76

..........................................................


THE PROVIDENCE RI CLIMATE NORMALS FOR TODAY
                         NORMAL    RECORD    YEAR
 MAXIMUM TEMPERATURE (F)   60        75      1998
                                             1963
 MINIMUM TEMPERATURE (F)   41        27      2003


SUNRISE AND SUNSET
OCTOBER 25 2014.......SUNRISE   709 AM EDT   SUNSET   550 PM EDT
OCTOBER 26 2014.......SUNRISE   711 AM EDT   SUNSET   548 PM EDT


-  INDICATES NEGATIVE NUMBERS.
R  INDICATES RECORD WAS SET OR TIED.
MM INDICATES DATA IS MISSING.
T  INDICATES TRACE AMOUNT.




$$
