000
CDUS41 KBOX 180529
CLIPVD


CLIMATE REPORT
NATIONAL WEATHER SERVICE TAUNTON MA
1228 AM EST SUN FEB 18 2018


...................................

...THE PROVIDENCE RI CLIMATE SUMMARY FOR FEBRUARY 17 2018...

CLIMATE NORMAL PERIOD 1981 TO 2010
CLIMATE RECORD PERIOD 1904 TO 2018


WEATHER ITEM   OBSERVED TIME   RECORD YEAR NORMAL DEPARTURE LAST
                VALUE   (LST)  VALUE       VALUE  FROM      YEAR
                                                  NORMAL
..................................................................
TEMPERATURE (F)
 YESTERDAY
  MAXIMUM         38    203 PM  66    1981  41     -3       40
  MINIMUM         28    709 AM  -5    1922  24      4       23
  AVERAGE         33                        32      1       32

PRECIPITATION (IN)
  YESTERDAY        0.34          1.85 1936   0.11   0.23     0.00
  MONTH TO DATE    3.79                      1.91   1.88     2.07
  SINCE DEC 1     12.85                      9.99   2.86    10.17
  SINCE JAN 1     10.28                      5.77   4.51     7.03

SNOWFALL (IN)
  YESTERDAY        2.3          14.7  2003   0.3    2.0      0.0
  MONTH TO DATE    2.8                       5.3   -2.5     16.8
  SINCE DEC 1     31.0                      23.0    8.0     38.2
  SINCE JUL 1     31.0                      24.5    6.5     38.2
  SNOW DEPTH       0

DEGREE DAYS
 HEATING
  YESTERDAY       32                        33     -1       33
  MONTH TO DATE  497                       578    -81      589
  SINCE DEC 1   2642                      2640      2     2446
  SINCE JUL 1   3456                      3715   -259     3333

 COOLING
  YESTERDAY        0                         0      0        0
  MONTH TO DATE    0                         0      0        0
  SINCE DEC 1      0                         0      0        0
  SINCE JAN 1      0                         0      0        0
..................................................................


WIND (MPH)
  RESULTANT WIND SPEED   1   RESULTANT WIND DIRECTION  NW (330)
  HIGHEST WIND SPEED    17   HIGHEST WIND DIRECTION     S (190)
  HIGHEST GUST SPEED    21   HIGHEST GUST DIRECTION     S (180)
  AVERAGE WIND SPEED     8.0


SKY COVER
  POSSIBLE SUNSHINE  MM
  AVERAGE SKY COVER 0.6


WEATHER CONDITIONS
 THE FOLLOWING WEATHER WAS RECORDED YESTERDAY.
  RAIN
  LIGHT SNOW
  SLEET
  FOG


RELATIVE HUMIDITY (PERCENT)
 HIGHEST   100          1100 PM
 LOWEST     32          1200 PM
 AVERAGE    66

..........................................................


THE PROVIDENCE RI CLIMATE NORMALS FOR TODAY
                         NORMAL    RECORD    YEAR
 MAXIMUM TEMPERATURE (F)   41        72      1981
 MINIMUM TEMPERATURE (F)   24        -6      1979


SUNRISE AND SUNSET
FEBRUARY 18 2018......SUNRISE   637 AM EST   SUNSET   523 PM EST
FEBRUARY 19 2018......SUNRISE   636 AM EST   SUNSET   524 PM EST


-  INDICATES NEGATIVE NUMBERS.
R  INDICATES RECORD WAS SET OR TIED.
MM INDICATES DATA IS MISSING.
T  INDICATES TRACE AMOUNT.




$$
