000
CDUS43 KLOT 300632
CLIPWK


CLIMATE REPORT
NATIONAL WEATHER SERVICE CHICAGO IL
132 AM CDT SAT AUG 30 2014


...................................

...THE CHICAGO EXECUTIVE CLIMATE SUMMARY FOR AUGUST 29 2014...

CLIMATE NORMAL PERIOD 1981 TO 2010
CLIMATE RECORD PERIOD 1996 TO 2014


WEATHER ITEM   OBSERVED TIME   RECORD YEAR NORMAL DEPARTURE LAST
                VALUE   (LST)  VALUE       VALUE  FROM      YEAR
                                                  NORMAL
..................................................................
TEMPERATURE (F)
 YESTERDAY
  MAXIMUM         87    400 PM  94    2010  80      7       88
  MINIMUM         70   1227 AM  55    2004  61      9       67
  AVERAGE         79                        71      8       78

PRECIPITATION (IN)
  YESTERDAY        T             0.11 2006   0.11  -0.11     0.00
  MONTH TO DATE    6.95                      3.45   3.50     0.99
  SINCE JUN 1     16.31                     10.78   5.53    10.53
  SINCE JAN 1     25.51                     22.27   3.24    20.49

DEGREE DAYS
 HEATING
  YESTERDAY        0                         0      0        0
  MONTH TO DATE    1                         0      1        3
  SINCE JUN 1     24                        56    -32       67
  SINCE JUL 1      4                         4      0       10

 COOLING
  YESTERDAY       14                         6      8       13
  MONTH TO DATE  243                       220     23      230
  SINCE JUN 1    605                       643    -38      653
  SINCE JAN 1    663                       685    -22      734
..................................................................


WIND (MPH)
  RESULTANT WIND SPEED   9   RESULTANT WIND DIRECTION   S (170)
  HIGHEST WIND SPEED    18   HIGHEST WIND DIRECTION     S (180)
  HIGHEST GUST SPEED    22   HIGHEST GUST DIRECTION     S (180)
  AVERAGE WIND SPEED     9.9



WEATHER CONDITIONS
 THE FOLLOWING WEATHER WAS RECORDED YESTERDAY.
  LIGHT RAIN


..........................................................


THE CHICAGO EXECUTIVE CLIMATE NORMALS FOR TODAY
                         NORMAL    RECORD    YEAR
 MAXIMUM TEMPERATURE (F)   80        96      2013
 MINIMUM TEMPERATURE (F)   61        49      2009


SUNRISE AND SUNSET
AUGUST 30 2014........SUNRISE   615 AM CDT   SUNSET   729 PM CDT
AUGUST 31 2014........SUNRISE   616 AM CDT   SUNSET   727 PM CDT


-  INDICATES NEGATIVE NUMBERS.
R  INDICATES RECORD WAS SET OR TIED.
MM INDICATES DATA IS MISSING.
T  INDICATES TRACE AMOUNT.




$$
