000
CDUS43 KLOT 260632
CLIPWK


CLIMATE REPORT
NATIONAL WEATHER SERVICE CHICAGO IL
1232 AM CST WED NOV 26 2014


...................................

...THE CHICAGO EXECUTIVE CLIMATE SUMMARY FOR NOVEMBER 25 2014...

CLIMATE NORMAL PERIOD 1981 TO 2010
CLIMATE RECORD PERIOD 1996 TO 2014


WEATHER ITEM   OBSERVED TIME   RECORD YEAR NORMAL DEPARTURE LAST
                VALUE   (LST)  VALUE       VALUE  FROM      YEAR
                                                  NORMAL
..................................................................
TEMPERATURE (F)
 YESTERDAY
  MAXIMUM         28    117 PM  57    2011  43    -15       32
                                      2006
  MINIMUM         18   1159 PM  13    2005  28    -10       23
  AVERAGE         23                        36    -13       28

PRECIPITATION (IN)
  YESTERDAY        T             0.18 2000   0.09  -0.09    MM
  MONTH TO DATE    1.24                      2.44  -1.20     2.25
  SINCE SEP 1      6.59                      8.59  -2.00     7.50
  SINCE JAN 1     32.11                     31.07   1.04    28.37

DEGREE DAYS
 HEATING
  YESTERDAY       42                        29     13       37
  MONTH TO DATE  739                       595    144      622
  SINCE SEP 1   1221                      1106    115     1074
  SINCE JUL 1   1225                      1116    109     1084

 COOLING
  YESTERDAY        0                         0      0        0
  MONTH TO DATE    0                         0      0        0
  SINCE SEP 1     92                        92      0      158
  SINCE JAN 1    780                       789     -9      918
..................................................................


WIND (MPH)
  RESULTANT WIND SPEED   8   RESULTANT WIND DIRECTION   W (260)
  HIGHEST WIND SPEED    20   HIGHEST WIND DIRECTION     W (270)
  HIGHEST GUST SPEED    26   HIGHEST GUST DIRECTION     W (270)
  AVERAGE WIND SPEED     8.6



WEATHER CONDITIONS
 THE FOLLOWING WEATHER WAS RECORDED YESTERDAY.
  LIGHT SNOW


..........................................................


THE CHICAGO EXECUTIVE CLIMATE NORMALS FOR TODAY
                         NORMAL    RECORD    YEAR
 MAXIMUM TEMPERATURE (F)   43        61      2006
 MINIMUM TEMPERATURE (F)   28        13      1996


SUNRISE AND SUNSET
NOVEMBER 26 2014......SUNRISE   655 AM CST   SUNSET   423 PM CST
NOVEMBER 27 2014......SUNRISE   656 AM CST   SUNSET   422 PM CST


-  INDICATES NEGATIVE NUMBERS.
R  INDICATES RECORD WAS SET OR TIED.
MM INDICATES DATA IS MISSING.
T  INDICATES TRACE AMOUNT.




$$
