000
CDUS43 KLOT 260645
CLIPWK


CLIMATE REPORT
NATIONAL WEATHER SERVICE CHICAGO IL
145 AM CDT SUN MAR 26 2017


...................................

...THE CHICAGO EXECUTIVE CLIMATE SUMMARY FOR MARCH 25 2017...

CLIMATE NORMAL PERIOD 1981 TO 2010
CLIMATE RECORD PERIOD 1996 TO 2017


WEATHER ITEM   OBSERVED TIME   RECORD YEAR NORMAL DEPARTURE LAST
                VALUE   (LST)  VALUE       VALUE  FROM      YEAR
                                                  NORMAL
..................................................................
TEMPERATURE (F)
 YESTERDAY
  MAXIMUM         43   1159 PM  79    2007  50     -7       44
  MINIMUM         38    331 AM  18    2001  31      7       28
  AVERAGE         41                        40      1       36

PRECIPITATION (IN)
  YESTERDAY        0.58R         0.21 2015   0.09   0.49     0.00
  MONTH TO DATE    1.30                      1.73  -0.43     2.08
  SINCE MAR 1      1.30                      1.73  -0.43     2.08
  SINCE JAN 1      4.75                      4.31   0.44     3.74

DEGREE DAYS
 HEATING
  YESTERDAY       24                        25     -1       29
  MONTH TO DATE  710                       711     -1      581
  SINCE MAR 1    710                       711     -1      581
  SINCE JUL 1   4699                      5449   -750     4644

 COOLING
  YESTERDAY        0                         0      0        0
  MONTH TO DATE    0                         0      0        0
  SINCE MAR 1      0                         0      0        0
  SINCE JAN 1      0                         0      0        0
..................................................................


WIND (MPH)
  RESULTANT WIND SPEED  11   RESULTANT WIND DIRECTION  NE (30)
  HIGHEST WIND SPEED    18   HIGHEST WIND DIRECTION    NE (50)
  HIGHEST GUST SPEED    27   HIGHEST GUST DIRECTION    NE (30)
  AVERAGE WIND SPEED    10.2



WEATHER CONDITIONS
 THE FOLLOWING WEATHER WAS RECORDED YESTERDAY.
  HEAVY RAIN
  RAIN
  LIGHT RAIN
  FOG


..........................................................


THE CHICAGO EXECUTIVE CLIMATE NORMALS FOR TODAY
                         NORMAL    RECORD    YEAR
 MAXIMUM TEMPERATURE (F)   50        79      2007
 MINIMUM TEMPERATURE (F)   32        15      2014


SUNRISE AND SUNSET
MARCH 26 2017.........SUNRISE   644 AM CDT   SUNSET   711 PM CDT
MARCH 27 2017.........SUNRISE   642 AM CDT   SUNSET   712 PM CDT


-  INDICATES NEGATIVE NUMBERS.
R  INDICATES RECORD WAS SET OR TIED.
MM INDICATES DATA IS MISSING.
T  INDICATES TRACE AMOUNT.




$$
