000
CDUS43 KLOT 310633
CLIPWK


CLIMATE REPORT
NATIONAL WEATHER SERVICE CHICAGO IL
133 AM CDT TUE MAY 31 2016


...................................

...THE CHICAGO EXECUTIVE CLIMATE SUMMARY FOR MAY 30 2016...

CLIMATE NORMAL PERIOD 1981 TO 2010
CLIMATE RECORD PERIOD 1996 TO 2016


WEATHER ITEM   OBSERVED TIME   RECORD YEAR NORMAL DEPARTURE LAST
                VALUE   (LST)  VALUE       VALUE  FROM      YEAR
                                                  NORMAL
..................................................................
TEMPERATURE (F)
 YESTERDAY
  MAXIMUM         85    141 PM  91    2010  74     11       71
  MINIMUM         62    456 AM  41    2001  52     10       44
  AVERAGE         74                        63     11       58

PRECIPITATION (IN)
  YESTERDAY        0.00          0.36 2015   0.11  -0.11     0.36
  MONTH TO DATE    4.68                      3.59   1.09     3.97
  SINCE MAR 1     10.31                      8.81   1.50     7.44
  SINCE JAN 1     11.97                     11.39   0.58     8.13

DEGREE DAYS
 HEATING
  YESTERDAY        0                         4     -4        7
  MONTH TO DATE  250                       242      8      196
  SINCE MAR 1   1485                      1617   -132     1614
  SINCE JUL 1   5548                      6355   -807     6742

 COOLING
  YESTERDAY        9                         2      7        0
  MONTH TO DATE   60                        35     25       51
  SINCE MAR 1     62                        39     23       51
  SINCE JAN 1     62                        39     23       51
..................................................................


WIND (MPH)
  RESULTANT WIND SPEED   0   RESULTANT WIND DIRECTION  NW (330)
  HIGHEST WIND SPEED    13   HIGHEST WIND DIRECTION    NW (310)
  HIGHEST GUST SPEED    21   HIGHEST GUST DIRECTION     W (280)
  AVERAGE WIND SPEED     3.9



WEATHER CONDITIONS
 THE FOLLOWING WEATHER WAS RECORDED YESTERDAY.
  NO SIGNIFICANT WEATHER WAS OBSERVED.


..........................................................


THE CHICAGO EXECUTIVE CLIMATE NORMALS FOR TODAY
                         NORMAL    RECORD    YEAR
 MAXIMUM TEMPERATURE (F)   74        86      2014
                                             2011
                                             2002
 MINIMUM TEMPERATURE (F)   53        40      2003


SUNRISE AND SUNSET
MAY 31 2016...........SUNRISE   518 AM CDT   SUNSET   821 PM CDT
JUNE  1 2016..........SUNRISE   518 AM CDT   SUNSET   821 PM CDT


-  INDICATES NEGATIVE NUMBERS.
R  INDICATES RECORD WAS SET OR TIED.
MM INDICATES DATA IS MISSING.
T  INDICATES TRACE AMOUNT.




$$
