707
CDUS41 KGYX 280832
CLIPWM


CLIMATE REPORT
NATIONAL WEATHER SERVICE GRAY ME
432 AM EDT WED JUN 28 2017


...................................

...THE PORTLAND ME CLIMATE SUMMARY FOR JUNE 27 2017...

CLIMATE NORMAL PERIOD 1981 TO 2010
CLIMATE RECORD PERIOD 1941 TO 2017


WEATHER ITEM   OBSERVED TIME   RECORD YEAR NORMAL DEPARTURE LAST
                VALUE   (LST)  VALUE       VALUE  FROM      YEAR
                                                  NORMAL
..................................................................
TEMPERATURE (F)
 YESTERDAY
  MAXIMUM         74   1255 PM  97    1941  77     -3       82
  MINIMUM         56   1159 PM  45    1965  57     -1       57
  AVERAGE         65                        67     -2       70

PRECIPITATION (IN)
  YESTERDAY        0.20          1.50 1970   0.11   0.09     0.01
  MONTH TO DATE    2.02                      3.46  -1.44     2.78
  SINCE JUN 1      2.02                      3.46  -1.44     2.78
  SINCE JAN 1     26.06                     22.66   3.40    18.29

SNOWFALL (IN)
  YESTERDAY        0.0           0.0  2002   0.0    0.0      0.0
                                      2001
                                      2000
  MONTH TO DATE    0.0                       0.0    0.0      0.0
  SINCE JUN 1      0.0                       0.0    0.0      0.0
  SINCE JUL 1     95.3                      61.9   33.4     51.8
  SNOW DEPTH       0

DEGREE DAYS
 HEATING
  YESTERDAY        0                         1     -1        0
  MONTH TO DATE   81                       102    -21       66
  SINCE JUN 1     81                       102    -21       66
  SINCE JUL 1   6601                      7103   -502     6185

 COOLING
  YESTERDAY        0                         3     -3        5
  MONTH TO DATE   89                        49     40       22
  SINCE JUN 1     89                        49     40       22
  SINCE JAN 1    106                        56     50       38
..................................................................


WIND (MPH)
  RESULTANT WIND SPEED   4   RESULTANT WIND DIRECTION   S (200)
  HIGHEST WIND SPEED    16   HIGHEST WIND DIRECTION    SW (220)
  HIGHEST GUST SPEED    22   HIGHEST GUST DIRECTION     S (170)
  AVERAGE WIND SPEED     6.0


SKY COVER
  AVERAGE SKY COVER 0.7


WEATHER CONDITIONS
 THE FOLLOWING WEATHER WAS RECORDED YESTERDAY.
  THUNDERSTORM
  RAIN
  LIGHT RAIN
  FOG


RELATIVE HUMIDITY (PERCENT)
 HIGHEST    93          1100 PM
 LOWEST     57           900 AM
 AVERAGE    75

..........................................................


THE PORTLAND ME CLIMATE NORMALS FOR TODAY
                         NORMAL    RECORD    YEAR
 MAXIMUM TEMPERATURE (F)   77        98      1991
 MINIMUM TEMPERATURE (F)   57        42      1995


SUNRISE AND SUNSET
JUNE 28 2017..........SUNRISE   502 AM EDT   SUNSET   827 PM EDT
JUNE 29 2017..........SUNRISE   503 AM EDT   SUNSET   827 PM EDT


-  INDICATES NEGATIVE NUMBERS.
R  INDICATES RECORD WAS SET OR TIED.
MM INDICATES DATA IS MISSING.
T  INDICATES TRACE AMOUNT.




$$
