000
CDUS41 KGYX 270807
CLIPWM


CLIMATE REPORT
NATIONAL WEATHER SERVICE GRAY ME
407 AM EDT WED JUL 27 2016


...................................

...THE PORTLAND ME CLIMATE SUMMARY FOR JULY 26 2016...

CLIMATE NORMAL PERIOD 1981 TO 2010
CLIMATE RECORD PERIOD 1941 TO 2016


WEATHER ITEM   OBSERVED TIME   RECORD YEAR NORMAL DEPARTURE LAST
                VALUE   (LST)  VALUE       VALUE  FROM      YEAR
                                                  NORMAL
..................................................................
TEMPERATURE (F)
 YESTERDAY
  MAXIMUM         90    410 PM  95    1989  79     11       67
  MINIMUM         66    353 AM  45    1976  60      6       59
  AVERAGE         78                        70      8       63

PRECIPITATION (IN)
  YESTERDAY        0.00          2.41 1881   0.12  -0.12     0.11
  MONTH TO DATE    1.66                      3.04  -1.38     1.16
  SINCE JUN 1      6.08                      6.83  -0.75     7.56
  SINCE JAN 1     21.59                     26.03  -4.44    24.17

SNOWFALL (IN)
  YESTERDAY        0.0           0.0  2002   0.0    0.0      0.0
                                      2001
                                      2000
  MONTH TO DATE    0.0                       0.0    0.0      0.0
  SINCE JUN 1      0.0                       0.0    0.0      0.0
  SINCE JUL 1      0.0                       0.0    0.0      0.0
  SNOW DEPTH       0

DEGREE DAYS
 HEATING
  YESTERDAY        0                         0      0        2
  MONTH TO DATE   13                        12      1       10
  SINCE JUN 1     79                       118    -39      154
  SINCE JUL 1     13                        12      1       10

 COOLING
  YESTERDAY       13                         5      8        0
  MONTH TO DATE  174                       120     54       96
  SINCE JUN 1    206                       177     29      139
  SINCE JAN 1    222                       184     38      179
..................................................................


WIND (MPH)
  RESULTANT WIND SPEED   6   RESULTANT WIND DIRECTION  NW (310)
  HIGHEST WIND SPEED    17   HIGHEST WIND DIRECTION    NW (330)
  HIGHEST GUST SPEED    25   HIGHEST GUST DIRECTION    NW (330)
  AVERAGE WIND SPEED     6.9


SKY COVER
  AVERAGE SKY COVER 0.4


WEATHER CONDITIONS
 THE FOLLOWING WEATHER WAS RECORDED YESTERDAY.
  FOG
  FOG W/VISIBILITY <= 1/4 MILE
  HAZE


RELATIVE HUMIDITY (PERCENT)
 HIGHEST   100           500 AM
 LOWEST     38           400 PM
 AVERAGE    69

..........................................................


THE PORTLAND ME CLIMATE NORMALS FOR TODAY
                         NORMAL    RECORD    YEAR
 MAXIMUM TEMPERATURE (F)   79        96      1949
 MINIMUM TEMPERATURE (F)   60        44      1977


SUNRISE AND SUNSET
JULY 27 2016..........SUNRISE   526 AM EDT   SUNSET   809 PM EDT
JULY 28 2016..........SUNRISE   527 AM EDT   SUNSET   808 PM EDT


-  INDICATES NEGATIVE NUMBERS.
R  INDICATES RECORD WAS SET OR TIED.
MM INDICATES DATA IS MISSING.
T  INDICATES TRACE AMOUNT.




$$
