000
CDUS41 KGYX 250909
CLIPWM


CLIMATE REPORT
NATIONAL WEATHER SERVICE GRAY ME
409 AM EST SUN JAN 25 2015


...................................

...THE PORTLAND ME CLIMATE SUMMARY FOR JANUARY 24 2015...

CLIMATE NORMAL PERIOD 1981 TO 2010
CLIMATE RECORD PERIOD 1941 TO 2015


WEATHER ITEM   OBSERVED TIME   RECORD YEAR NORMAL DEPARTURE LAST
                VALUE   (LST)  VALUE       VALUE  FROM      YEAR
                                                  NORMAL
..................................................................
TEMPERATURE (F)
 YESTERDAY
  MAXIMUM         32   1242 PM  52    1999  31      1       16
  MINIMUM         25    208 AM -21    1948  13     12       -3
  AVERAGE         29                        22      7        7

PRECIPITATION (IN)
  YESTERDAY       MM             2.25 1935   0.12  MM        0.00
  MONTH TO DATE    1.53                      2.65  -1.12     4.00
  SINCE DEC 1      7.80                      6.67   1.13     8.44
  SINCE JAN 1      1.53                      2.65  -1.12     4.00

SNOWFALL (IN)
  YESTERDAY       MM            20.4  1935   0.7   MM        0.0
  MONTH TO DATE    7.8                      15.2   -7.4     17.4
  SINCE DEC 1     11.4                      28.4  -17.0     43.6
  SINCE JUL 1     21.7                      30.3   -8.6     44.1
  SNOW DEPTH       1

DEGREE DAYS
 HEATING
  YESTERDAY       36                        43     -7       58
  MONTH TO DATE 1023                      1022      1     1036
  SINCE DEC 1   1984                      2143   -159     2287
  SINCE JUL 1   3295                      3634   -339     3738

 COOLING
  YESTERDAY        0                         0      0        0
  MONTH TO DATE    0                         0      0        0
  SINCE DEC 1      0                         0      0        0
  SINCE JAN 1      0                         0      0        0
..................................................................


WIND (MPH)
  RESULTANT WIND SPEED   3   RESULTANT WIND DIRECTION  NW (310)
  HIGHEST WIND SPEED    18   HIGHEST WIND DIRECTION    NW (330)
  HIGHEST GUST SPEED    24   HIGHEST GUST DIRECTION     N (340)
  AVERAGE WIND SPEED     7.5


SKY COVER
  AVERAGE SKY COVER 0.8


WEATHER CONDITIONS
 THE FOLLOWING WEATHER WAS RECORDED YESTERDAY.
  SNOW
  LIGHT SNOW
  FOG
  HAZE


RELATIVE HUMIDITY (PERCENT)
 HIGHEST    92          1100 AM
 LOWEST     58          1200 AM
 AVERAGE    75

..........................................................


THE PORTLAND ME CLIMATE NORMALS FOR TODAY
                         NORMAL    RECORD    YEAR
 MAXIMUM TEMPERATURE (F)   31        51      1947
 MINIMUM TEMPERATURE (F)   13       -14      1945


SUNRISE AND SUNSET
JANUARY 25 2015.......SUNRISE   705 AM EST   SUNSET   443 PM EST
JANUARY 26 2015.......SUNRISE   704 AM EST   SUNSET   444 PM EST


-  INDICATES NEGATIVE NUMBERS.
R  INDICATES RECORD WAS SET OR TIED.
MM INDICATES DATA IS MISSING.
T  INDICATES TRACE AMOUNT.




$$
