000
CDUS41 KGYX 190914
CLIPWM


CLIMATE REPORT
NATIONAL WEATHER SERVICE GRAY ME
414 AM EST SUN FEB 19 2017


...................................

...THE PORTLAND ME CLIMATE SUMMARY FOR FEBRUARY 18 2017...

CLIMATE NORMAL PERIOD 1981 TO 2010
CLIMATE RECORD PERIOD 1941 TO 2017


WEATHER ITEM   OBSERVED TIME   RECORD YEAR NORMAL DEPARTURE LAST
                VALUE   (LST)  VALUE       VALUE  FROM      YEAR
                                                  NORMAL
..................................................................
TEMPERATURE (F)
 YESTERDAY
  MAXIMUM         41   1159 PM  60    1981  35      6       33
  MINIMUM         15    111 AM -16    1958  17     -2       21
  AVERAGE         28                        26      2       27

PRECIPITATION (IN)
  YESTERDAY        0.00          2.37 1952   0.11  -0.11     0.00
  MONTH TO DATE    4.13                      2.02   2.11     2.70
  SINCE DEC 1     13.09                      9.42   3.67    11.41
  SINCE JAN 1      7.78                      5.40   2.38     6.07

SNOWFALL (IN)
  YESTERDAY        0.0          16.0  1900   0.4   -0.4      0.0
  MONTH TO DATE   39.9                       7.9   32.0     19.3
  SINCE DEC 1     65.9                      40.3   25.6     39.8
  SINCE JUL 1     66.4                      42.2   24.2     39.8
  SNOW DEPTH      15

DEGREE DAYS
 HEATING
  YESTERDAY       37                        39     -2       38
  MONTH TO DATE  740                       732      8      704
  SINCE DEC 1   2958                      3177   -219     2705
  SINCE JUL 1   4210                      4668   -458     3951

 COOLING
  YESTERDAY        0                         0      0        0
  MONTH TO DATE    0                         0      0        0
  SINCE DEC 1      0                         0      0        0
  SINCE JAN 1      0                         0      0        0
..................................................................


WIND (MPH)
  RESULTANT WIND SPEED   5   RESULTANT WIND DIRECTION   S (200)
  HIGHEST WIND SPEED    14   HIGHEST WIND DIRECTION     S (180)
  HIGHEST GUST SPEED    24   HIGHEST GUST DIRECTION     S (180)
  AVERAGE WIND SPEED     5.6


SKY COVER
  AVERAGE SKY COVER 0.4


WEATHER CONDITIONS
 THE FOLLOWING WEATHER WAS RECORDED YESTERDAY.
  NO SIGNIFICANT WEATHER WAS OBSERVED.


RELATIVE HUMIDITY (PERCENT)
 HIGHEST    80           100 AM
 LOWEST     40          1200 PM
 AVERAGE    60

..........................................................


THE PORTLAND ME CLIMATE NORMALS FOR TODAY
                         NORMAL    RECORD    YEAR
 MAXIMUM TEMPERATURE (F)   36        57      1954
 MINIMUM TEMPERATURE (F)   17       -10      1979


SUNRISE AND SUNSET
FEBRUARY 19 2017......SUNRISE   633 AM EST   SUNSET   517 PM EST
FEBRUARY 20 2017......SUNRISE   632 AM EST   SUNSET   519 PM EST


-  INDICATES NEGATIVE NUMBERS.
R  INDICATES RECORD WAS SET OR TIED.
MM INDICATES DATA IS MISSING.
T  INDICATES TRACE AMOUNT.




$$
