000
CDUS46 KSGX 200120
CLIRAL


CLIMATE REPORT
NATIONAL WEATHER SERVICE SAN DIEGO, CA
520 PM PST SUN NOV 19 2017


...................................

...THE RIVERSIDE MUNI AIRPORT CA CLIMATE SUMMARY FOR NOVEMBER 19 2017...
VALID TODAY AS OF 0500 PM LOCAL TIME.

CLIMATE NORMAL PERIOD 1981 TO 2010
CLIMATE RECORD PERIOD 1893 TO 2017


WEATHER ITEM   OBSERVED TIME   RECORD YEAR NORMAL DEPARTURE LAST
                VALUE   (LST)  VALUE       VALUE  FROM      YEAR
                                                  NORMAL
..................................................................
TEMPERATURE (F)
 TODAY
  MAXIMUM         79    321 PM  95    1915  73      6       77
  MINIMUM         49    534 AM  28    1921  46      3       45
  AVERAGE         64                        59      5       61

PRECIPITATION (IN)
  TODAY            0.00          0.79 1913   0.04  -0.04     0.00
  MONTH TO DATE    0.01                      0.62  -0.61     0.00
  SINCE OCT 1      0.01                      0.90  -0.89     0.96
  SINCE JAN 1      8.47                     10.49  -2.02     5.24

DEGREE DAYS
 HEATING
  TODAY            1                         6     -5        4
  MONTH TO DATE   29                        82    -53       14
  SINCE SEP 1     30                       117    -87       17
  SINCE JUL 1     30                       117    -87       17

 COOLING
  TODAY            0                         0      0        0
  MONTH TO DATE   12                        24    -12       96
  SINCE SEP 1    612                       495    117      629
  SINCE JAN 1   2260                      1753    507     2298
..................................................................


WIND (MPH)
  RESULTANT WIND SPEED   4   RESULTANT WIND DIRECTION   E (80)
  HIGHEST WIND SPEED    10   HIGHEST WIND DIRECTION     E (80)
  HIGHEST GUST SPEED    16   HIGHEST GUST DIRECTION     E (80)
  AVERAGE WIND SPEED     4.5


SKY COVER
  POSSIBLE SUNSHINE  MM
  AVERAGE SKY COVER 0.0


WEATHER CONDITIONS
 THE FOLLOWING WEATHER WAS RECORDED TODAY.
  NO SIGNIFICANT WEATHER WAS OBSERVED.


RELATIVE HUMIDITY (PERCENT)
 HIGHEST    42           500 AM
 LOWEST      9          1100 AM
 AVERAGE    26

..........................................................


THE RIVERSIDE MUNI AIRPORT CA CLIMATE NORMALS FOR TOMORROW
                         NORMAL    RECORD    YEAR
 MAXIMUM TEMPERATURE (F)   72        94      2006
 MINIMUM TEMPERATURE (F)   46        28      1994
                                             1906


SUNRISE AND SUNSET
NOVEMBER 19 2017......SUNRISE   626 AM PST   SUNSET   444 PM PST
NOVEMBER 20 2017......SUNRISE   627 AM PST   SUNSET   444 PM PST


-  INDICATES NEGATIVE NUMBERS.
R  INDICATES RECORD WAS SET OR TIED.
MM INDICATES DATA IS MISSING.
T  INDICATES TRACE AMOUNT.




$$
