030
CDUS46 KSGX 300021
CLIRAL


CLIMATE REPORT
NATIONAL WEATHER SERVICE SAN DIEGO, CA
521 PM PDT MON MAY 29 2017


...................................

...THE RIVERSIDE MUNI AIRPORT CA CLIMATE SUMMARY FOR MAY 29 2017...
VALID TODAY AS OF 0500 PM LOCAL TIME.

CLIMATE NORMAL PERIOD 1981 TO 2010
CLIMATE RECORD PERIOD 1893 TO 2017


WEATHER ITEM   OBSERVED TIME   RECORD YEAR NORMAL DEPARTURE LAST
                VALUE   (LST)  VALUE       VALUE  FROM      YEAR
                                                  NORMAL
..................................................................
TEMPERATURE (F)
 TODAY
  MAXIMUM         83    319 PM 110    1984  81      2       76
  MINIMUM         56    503 AM  39    1953  57     -1       59
  AVERAGE         70                        69      1       68

PRECIPITATION (IN)
  TODAY            0.00          0.08 1937   0.00   0.00     0.00
  MONTH TO DATE    0.02                      0.30  -0.28     0.18
  SINCE OCT 1     13.21                     11.90   1.31     5.45
  SINCE JAN 1      7.95                      9.09  -1.14     4.28

DEGREE DAYS
 HEATING
  TODAY            0                         0      0        0
  MONTH TO DATE   41                        22     19       20
  SINCE MAR 1    170                       334   -164      155
  SINCE JUL 1   1134                      1442   -308     1032

 COOLING
  TODAY            5                         5      0        3
  MONTH TO DATE  134                       106     28       83
  SINCE MAR 1    272                       160    112      196
  SINCE JAN 1    272                       169    103      272
..................................................................


WIND (MPH)
  RESULTANT WIND SPEED   4   RESULTANT WIND DIRECTION   W (280)
  HIGHEST WIND SPEED    14   HIGHEST WIND DIRECTION     W (280)
  HIGHEST GUST SPEED    19   HIGHEST GUST DIRECTION     W (270)
  AVERAGE WIND SPEED     5.3


SKY COVER
  POSSIBLE SUNSHINE  MM
  AVERAGE SKY COVER 0.0


WEATHER CONDITIONS
 THE FOLLOWING WEATHER WAS RECORDED TODAY.
  FOG


RELATIVE HUMIDITY (PERCENT)
 HIGHEST   100           500 AM
 LOWEST     37           300 PM
 AVERAGE    69

..........................................................


THE RIVERSIDE MUNI AIRPORT CA CLIMATE NORMALS FOR TOMORROW
                         NORMAL    RECORD    YEAR
 MAXIMUM TEMPERATURE (F)   81        99      1984
                                             1910
 MINIMUM TEMPERATURE (F)   58        41      1953
                                             1906


SUNRISE AND SUNSET
MAY 29 2017...........SUNRISE   541 AM PDT   SUNSET   754 PM PDT
MAY 30 2017...........SUNRISE   540 AM PDT   SUNSET   755 PM PDT


-  INDICATES NEGATIVE NUMBERS.
R  INDICATES RECORD WAS SET OR TIED.
MM INDICATES DATA IS MISSING.
T  INDICATES TRACE AMOUNT.




$$
