000
CDUS46 KSGX 230018
CLIRAL


CLIMATE REPORT
NATIONAL WEATHER SERVICE SAN DIEGO, CA
518 PM PDT FRI SEP 22 2017


...................................

...THE RIVERSIDE MUNI AIRPORT CA CLIMATE SUMMARY FOR SEPTEMBER 22 2017...
VALID TODAY AS OF 0500 PM LOCAL TIME.

CLIMATE NORMAL PERIOD 1981 TO 2010
CLIMATE RECORD PERIOD 1893 TO 2017


WEATHER ITEM   OBSERVED TIME   RECORD YEAR NORMAL DEPARTURE LAST
                VALUE   (LST)  VALUE       VALUE  FROM      YEAR
                                                  NORMAL
..................................................................
TEMPERATURE (F)
 TODAY
  MAXIMUM         75    229 PM 113    1943  89    -14       82
  MINIMUM         53    404 AM  43    1944  61     -8       60
  AVERAGE         64                        75    -11       71

PRECIPITATION (IN)
  TODAY            0.00          0.18 2007   0.01  -0.01     0.00
  MONTH TO DATE    0.22                      0.16   0.06      T
  SINCE OCT 1     13.72                     12.31   1.41     5.45
  SINCE JAN 1      8.46                      9.50  -1.04     4.28

DEGREE DAYS
 HEATING
  TODAY            1                         0      1        0
  MONTH TO DATE    1                         0      1        0
  SINCE SEP 1      1                         0      1        0
  SINCE JUL 1      1                         0      1        0

 COOLING
  TODAY            0                        10    -10        6
  MONTH TO DATE  282                       264     18      230
  SINCE SEP 1    282                       264     18      230
  SINCE JAN 1   1930                      1522    408     1899
..................................................................


WIND (MPH)
  RESULTANT WIND SPEED   2   RESULTANT WIND DIRECTION  SW (240)
  HIGHEST WIND SPEED    16   HIGHEST WIND DIRECTION     W (250)
  HIGHEST GUST SPEED    21   HIGHEST GUST DIRECTION     W (250)
  AVERAGE WIND SPEED     4.1


SKY COVER
  POSSIBLE SUNSHINE  MM
  AVERAGE SKY COVER 0.3


WEATHER CONDITIONS
 THE FOLLOWING WEATHER WAS RECORDED TODAY.
  NO SIGNIFICANT WEATHER WAS OBSERVED.


RELATIVE HUMIDITY (PERCENT)
 HIGHEST    83           100 AM
 LOWEST     35          1200 PM
 AVERAGE    59

..........................................................


THE RIVERSIDE MUNI AIRPORT CA CLIMATE NORMALS FOR TOMORROW
                         NORMAL    RECORD    YEAR
 MAXIMUM TEMPERATURE (F)   88       109      1949
 MINIMUM TEMPERATURE (F)   61        41      1941


SUNRISE AND SUNSET
SEPTEMBER 22 2017.....SUNRISE   638 AM PDT   SUNSET   646 PM PDT
SEPTEMBER 23 2017.....SUNRISE   639 AM PDT   SUNSET   645 PM PDT


-  INDICATES NEGATIVE NUMBERS.
R  INDICATES RECORD WAS SET OR TIED.
MM INDICATES DATA IS MISSING.
T  INDICATES TRACE AMOUNT.




$$
