000
CDUS46 KSGX 210017
CLIRAL


CLIMATE REPORT
NATIONAL WEATHER SERVICE SAN DIEGO, CA
517 PM PDT SUN APR 20 2014


...................................

...THE RIVERSIDE MUNI AIRPORT CA CLIMATE SUMMARY FOR APRIL 20 2014...
VALID TODAY AS OF 0500 PM LOCAL TIME.

CLIMATE NORMAL PERIOD 1981 TO 2010
CLIMATE RECORD PERIOD 1893 TO 2014


WEATHER ITEM   OBSERVED TIME   RECORD YEAR NORMAL DEPARTURE LAST
                VALUE   (LST)  VALUE       VALUE  FROM      YEAR
                                                  NORMAL
..................................................................
TEMPERATURE (F)
 TODAY
  MAXIMUM         85    203 PM 101    2009  76      9       93
  MINIMUM         54    514 AM  36    1972  51      3       51
                                      1955
                                      1912
  AVERAGE         70                        64      6       72

PRECIPITATION (IN)
  TODAY            0.00          0.91 1988   0.03  -0.03     0.00
  MONTH TO DATE    0.14                      0.51  -0.37      T
  SINCE JUL 1      2.65                     11.71  -9.06     4.02
  SINCE JAN 1      1.50                      8.50  -7.00     2.11

SNOWFALL (IN)
  TODAY            0.0
  MONTH TO DATE    0.0
  SINCE JAN 1      0.0
  SINCE JUL 1      0.0
  SNOW DEPTH       0

DEGREE DAYS
 HEATING
  TODAY            0                         3     -3        0
  MONTH TO DATE   45                        82    -37       42
  SINCE MAR 1    120                       287   -167      142
  SINCE JUL 1    782                      1395   -613     1158

 COOLING
  TODAY            5                         2      3        7
  MONTH TO DATE   62                        22     40       18
  SINCE MAR 1     92                        34     58       53
  SINCE JAN 1    121                        43     78       56
..................................................................


WIND (MPH)
  RESULTANT WIND SPEED   3   RESULTANT WIND DIRECTION   W (270)
  HIGHEST WIND SPEED    16   HIGHEST WIND DIRECTION     W (270)
  HIGHEST GUST SPEED    22   HIGHEST GUST DIRECTION     W (270)
  AVERAGE WIND SPEED     4.5


SKY COVER
  POSSIBLE SUNSHINE  MM
  AVERAGE SKY COVER 0.0


WEATHER CONDITIONS
 THE FOLLOWING WEATHER WAS RECORDED TODAY.
  NO SIGNIFICANT WEATHER WAS OBSERVED.


RELATIVE HUMIDITY (PERCENT)
 HIGHEST    86           600 AM
 LOWEST     31           200 PM
 AVERAGE    59

..........................................................


THE RIVERSIDE MUNI AIRPORT CA CLIMATE NORMALS FOR TOMORROW
                         NORMAL    RECORD    YEAR
 MAXIMUM TEMPERATURE (F)   76       101      2009
 MINIMUM TEMPERATURE (F)   51        33      1904


SUNRISE AND SUNSET
APRIL 20 2014.........SUNRISE   613 AM PDT   SUNSET   725 PM PDT
APRIL 21 2014.........SUNRISE   612 AM PDT   SUNSET   726 PM PDT


-  INDICATES NEGATIVE NUMBERS.
R  INDICATES RECORD WAS SET OR TIED.
MM INDICATES DATA IS MISSING.
T  INDICATES TRACE AMOUNT.




$$
