000
CDUS46 KSGX 231435
CLIRAL


CLIMATE REPORT
NATIONAL WEATHER SERVICE SAN DIEGO, CA
735 AM PDT SUN APR 23 2017


...................................

...THE RIVERSIDE MUNI AIRPORT CA CLIMATE SUMMARY FOR APRIL 22 2017...

CLIMATE NORMAL PERIOD 1981 TO 2010
CLIMATE RECORD PERIOD 1893 TO 2017


WEATHER ITEM   OBSERVED TIME   RECORD YEAR NORMAL DEPARTURE LAST
                VALUE   (LST)  VALUE       VALUE  FROM      YEAR
                                                  NORMAL
..................................................................
TEMPERATURE (F)
 YESTERDAY
  MAXIMUM         95    233 PM 100    1910  77     18       79
  MINIMUM         59    525 AM  31    1932  52      7       53
  AVERAGE         77                        64     13       66

PRECIPITATION (IN)
  YESTERDAY        0.00          0.49 1914   0.03  -0.03     0.00
  MONTH TO DATE    0.10                      0.57  -0.47     0.36
  SINCE OCT 1     13.19                     11.37   1.82     5.14
  SINCE JAN 1      7.93                      8.56  -0.63     3.97

DEGREE DAYS
 HEATING
  YESTERDAY        0                         3     -3        0
  MONTH TO DATE   30                        88    -58       13
  SINCE MAR 1    128                       293   -165      114
  SINCE JUL 1   1092                      1401   -309      991

 COOLING
  YESTERDAY       12                         2     10        1
  MONTH TO DATE   51                        26     25       81
  SINCE MAR 1    110                        38     72      110
  SINCE JAN 1    110                        47     63      186
..................................................................


WIND (MPH)
  RESULTANT WIND SPEED   3   RESULTANT WIND DIRECTION   W (270)
  HIGHEST WIND SPEED    22   HIGHEST WIND DIRECTION     W (270)
  HIGHEST GUST SPEED    26   HIGHEST GUST DIRECTION     W (270)
  AVERAGE WIND SPEED     5.4


SKY COVER
  POSSIBLE SUNSHINE  MM
  AVERAGE SKY COVER 0.1


WEATHER CONDITIONS
 THE FOLLOWING WEATHER WAS RECORDED YESTERDAY.
  NO SIGNIFICANT WEATHER WAS OBSERVED.


RELATIVE HUMIDITY (PERCENT)
 HIGHEST    52          1200 AM
 LOWEST     11           200 PM
 AVERAGE    32

..........................................................


THE RIVERSIDE MUNI AIRPORT CA CLIMATE NORMALS FOR TODAY
                         NORMAL    RECORD    YEAR
 MAXIMUM TEMPERATURE (F)   77       103      1910
 MINIMUM TEMPERATURE (F)   52        35      1932


SUNRISE AND SUNSET
APRIL 23 2017.........SUNRISE   609 AM PDT   SUNSET   728 PM PDT
APRIL 24 2017.........SUNRISE   608 AM PDT   SUNSET   728 PM PDT


-  INDICATES NEGATIVE NUMBERS.
R  INDICATES RECORD WAS SET OR TIED.
MM INDICATES DATA IS MISSING.
T  INDICATES TRACE AMOUNT.




$$
