000
CDUS46 KSGX 230017
CLIRAL


CLIMATE REPORT
NATIONAL WEATHER SERVICE SAN DIEGO, CA
517 PM PDT WED OCT 22 2014


...................................

...THE RIVERSIDE MUNI AIRPORT CA CLIMATE SUMMARY FOR OCTOBER 22 2014...
VALID TODAY AS OF 0500 PM LOCAL TIME.

CLIMATE NORMAL PERIOD 1981 TO 2010
CLIMATE RECORD PERIOD 1893 TO 2014


WEATHER ITEM   OBSERVED TIME   RECORD YEAR NORMAL DEPARTURE LAST
                VALUE   (LST)  VALUE       VALUE  FROM      YEAR
                                                  NORMAL
..................................................................
TEMPERATURE (F)
 TODAY
  MAXIMUM         90    247 PM 103    1917  80     10       84
  MINIMUM         55    614 AM  34    1949  53      2       52
  AVERAGE         73                        67      6       68

PRECIPITATION (IN)
  TODAY            0.00          0.73 1941   0.02  -0.02     0.00
  MONTH TO DATE    0.00                      0.16  -0.16     0.30
  SINCE JUL 1      0.37                      0.56  -0.19     0.46
  SINCE JAN 1      2.09                      9.75  -7.66     2.67

SNOWFALL (IN)
  TODAY            0.0
  MONTH TO DATE    0.0
  SINCE JAN 1      0.0
  SINCE JUL 1      0.0
  SNOW DEPTH       0

DEGREE DAYS
 HEATING
  TODAY            0                         1     -1        0
  MONTH TO DATE    0                        12    -12       16
  SINCE SEP 1      0                        14    -14       16
  SINCE JUL 1      0                        14    -14       16

 COOLING
  TODAY            8                         3      5        3
  MONTH TO DATE  198                       114     84       87
  SINCE SEP 1    650                       448    202      480
  SINCE JAN 1   2241                      1706    535     1949
..................................................................


WIND (MPH)
  RESULTANT WIND SPEED   0   RESULTANT WIND DIRECTION  NE (60)
  HIGHEST WIND SPEED    12   HIGHEST WIND DIRECTION     W (260)
  HIGHEST GUST SPEED    16   HIGHEST GUST DIRECTION     W (270)
  AVERAGE WIND SPEED     2.8


SKY COVER
  POSSIBLE SUNSHINE  MM
  AVERAGE SKY COVER 0.0


WEATHER CONDITIONS
 THE FOLLOWING WEATHER WAS RECORDED TODAY.
  NO SIGNIFICANT WEATHER WAS OBSERVED.


RELATIVE HUMIDITY (PERCENT)
 HIGHEST    86           500 AM
 LOWEST     10           100 PM
 AVERAGE    48

..........................................................


THE RIVERSIDE MUNI AIRPORT CA CLIMATE NORMALS FOR TOMORROW
                         NORMAL    RECORD    YEAR
 MAXIMUM TEMPERATURE (F)   80       101      1959
 MINIMUM TEMPERATURE (F)   53        31      1906


SUNRISE AND SUNSET
OCTOBER 22 2014.......SUNRISE   701 AM PDT   SUNSET   607 PM PDT
OCTOBER 23 2014.......SUNRISE   701 AM PDT   SUNSET   606 PM PDT


-  INDICATES NEGATIVE NUMBERS.
R  INDICATES RECORD WAS SET OR TIED.
MM INDICATES DATA IS MISSING.
T  INDICATES TRACE AMOUNT.




$$
