000
CDUS46 KSGX 231426
CLIRAL


CLIMATE REPORT
NATIONAL WEATHER SERVICE SAN DIEGO, CA
726 AM PDT SAT JUL 23 2016


...................................

...THE RIVERSIDE MUNI AIRPORT CA CLIMATE SUMMARY FOR JULY 22 2016...

CLIMATE NORMAL PERIOD 1981 TO 2010
CLIMATE RECORD PERIOD 1893 TO 2016


WEATHER ITEM   OBSERVED TIME   RECORD YEAR NORMAL DEPARTURE LAST
                VALUE   (LST)  VALUE       VALUE  FROM      YEAR
                                                  NORMAL
..................................................................
TEMPERATURE (F)
 YESTERDAY
  MAXIMUM        109    230 PM 113    2006  94     15       87
  MINIMUM         70    508 AM  50    1940  65      5       69
                                      1912
  AVERAGE         90                        79     11       78

PRECIPITATION (IN)
  YESTERDAY        0.00          0.02 1976   0.01  -0.01     0.00
  MONTH TO DATE    0.00                      0.04  -0.04     1.94
  SINCE OCT 1      5.45                     12.04  -6.59     7.69
  SINCE JAN 1      4.28                      9.23  -4.95     4.46

DEGREE DAYS
 HEATING
  YESTERDAY        0                         0      0        0
  MONTH TO DATE    0                         0      0        0
  SINCE JUN 1      0                         2     -2        0
  SINCE JUL 1      0                         0      0        0

 COOLING
  YESTERDAY       25                        14     11       13
  MONTH TO DATE  318                       283     35      263
  SINCE JUN 1    703                       503    200      634
  SINCE JAN 1    984                       680    304      943
..................................................................


WIND (MPH)
  RESULTANT WIND SPEED   2   RESULTANT WIND DIRECTION   W (270)
  HIGHEST WIND SPEED    17   HIGHEST WIND DIRECTION     W (260)
  HIGHEST GUST SPEED    24   HIGHEST GUST DIRECTION     W (270)
  AVERAGE WIND SPEED     4.3


SKY COVER
  POSSIBLE SUNSHINE  MM
  AVERAGE SKY COVER 0.0


WEATHER CONDITIONS
 THE FOLLOWING WEATHER WAS RECORDED YESTERDAY.
  NO SIGNIFICANT WEATHER WAS OBSERVED.


RELATIVE HUMIDITY (PERCENT)
 HIGHEST    47           500 AM
 LOWEST      7           100 PM
 AVERAGE    27

..........................................................


THE RIVERSIDE MUNI AIRPORT CA CLIMATE NORMALS FOR TODAY
                         NORMAL    RECORD    YEAR
 MAXIMUM TEMPERATURE (F)   94       106      2006
 MINIMUM TEMPERATURE (F)   65        45      1903


SUNRISE AND SUNSET
JULY 23 2016..........SUNRISE   555 AM PDT   SUNSET   757 PM PDT
JULY 24 2016..........SUNRISE   556 AM PDT   SUNSET   756 PM PDT


-  INDICATES NEGATIVE NUMBERS.
R  INDICATES RECORD WAS SET OR TIED.
MM INDICATES DATA IS MISSING.
T  INDICATES TRACE AMOUNT.




$$
