000
CDUS46 KSGX 070019
CLIRAL


CLIMATE REPORT
NATIONAL WEATHER SERVICE SAN DIEGO, CA
519 PM PDT FRI MAY 6 2016


...................................

...THE RIVERSIDE MUNI AIRPORT CA CLIMATE SUMMARY FOR MAY 6 2016...
VALID TODAY AS OF 0500 PM LOCAL TIME.

CLIMATE NORMAL PERIOD 1981 TO 2010
CLIMATE RECORD PERIOD 1893 TO 2016


WEATHER ITEM   OBSERVED TIME   RECORD YEAR NORMAL DEPARTURE LAST
                VALUE   (LST)  VALUE       VALUE  FROM      YEAR
                                                  NORMAL
..................................................................
TEMPERATURE (F)
 TODAY
  MAXIMUM         66    256 PM 103    1990  79    -13       69
  MINIMUM         54    117 AM  36    1950  54      0       56
  AVERAGE         60                        67     -7       63

PRECIPITATION (IN)
  TODAY            T             0.73 1921   0.02  -0.02      T
  MONTH TO DATE    0.04                      0.14  -0.10      T
  SINCE OCT 1      5.31                     11.74  -6.43     5.15
  SINCE JAN 1      4.14                      8.93  -4.79     1.92

DEGREE DAYS
 HEATING
  TODAY            5                         1      4        2
  MONTH TO DATE    8                        10     -2        3
  SINCE MAR 1    143                       322   -179      110
  SINCE JUL 1   1020                      1430   -410      717

 COOLING
  TODAY            0                         3     -3        0
  MONTH TO DATE   20                        18      2       26
  SINCE MAR 1    133                        72     61      233
  SINCE JAN 1    209                        81    128      257
..................................................................


WIND (MPH)
  RESULTANT WIND SPEED   1   RESULTANT WIND DIRECTION   S (190)
  HIGHEST WIND SPEED    12   HIGHEST WIND DIRECTION    SW (240)
  HIGHEST GUST SPEED    18   HIGHEST GUST DIRECTION    NW (310)
  AVERAGE WIND SPEED     2.7


SKY COVER
  POSSIBLE SUNSHINE  MM
  AVERAGE SKY COVER 0.8


WEATHER CONDITIONS
 THE FOLLOWING WEATHER WAS RECORDED TODAY.
  LIGHT RAIN


RELATIVE HUMIDITY (PERCENT)
 HIGHEST    86           100 AM
 LOWEST     52          1000 AM
 AVERAGE    69

..........................................................


THE RIVERSIDE MUNI AIRPORT CA CLIMATE NORMALS FOR TOMORROW
                         NORMAL    RECORD    YEAR
 MAXIMUM TEMPERATURE (F)   79       103      1923
 MINIMUM TEMPERATURE (F)   54        37      1933


SUNRISE AND SUNSET
MAY  6 2016...........SUNRISE   555 AM PDT   SUNSET   738 PM PDT
MAY  7 2016...........SUNRISE   554 AM PDT   SUNSET   739 PM PDT


-  INDICATES NEGATIVE NUMBERS.
R  INDICATES RECORD WAS SET OR TIED.
MM INDICATES DATA IS MISSING.
T  INDICATES TRACE AMOUNT.




$$
