000
CDUS46 KSGX 221535
CLIRAL


CLIMATE REPORT
NATIONAL WEATHER SERVICE SAN DIEGO, CA
735 AM PST WED FEB 22 2017


...................................

...THE RIVERSIDE MUNI AIRPORT CA CLIMATE SUMMARY FOR FEBRUARY 21 2017...

CLIMATE NORMAL PERIOD 1981 TO 2010
CLIMATE RECORD PERIOD 1893 TO 2017


WEATHER ITEM   OBSERVED TIME   RECORD YEAR NORMAL DEPARTURE LAST
                VALUE   (LST)  VALUE       VALUE  FROM      YEAR
                                                  NORMAL
..................................................................
TEMPERATURE (F)
 YESTERDAY
  MAXIMUM         69    325 PM  88    2002  68      1       78
  MINIMUM         55   1145 PM  25    1953  45     10       46
  AVERAGE         62                        56      6       62

PRECIPITATION (IN)
  YESTERDAY        0.00          1.43 2005   0.14  -0.14     0.00
  MONTH TO DATE    1.75                      2.18  -0.43     0.24
  SINCE OCT 1     12.49                      7.93   4.56     4.00
  SINCE JAN 1      7.23                      5.12   2.11     2.83

DEGREE DAYS
 HEATING
  YESTERDAY        3                         9     -6        3
  MONTH TO DATE  145                       204    -59       83
  SINCE DEC 1    758                       849    -91      715
  SINCE JUL 1    862                      1049   -187      877

 COOLING
  YESTERDAY        0                         0      0        0
  MONTH TO DATE    0                         0      0       61
  SINCE DEC 1      0                         8     -8       63
  SINCE JAN 1      0                         6     -6       61
..................................................................


WIND (MPH)
  RESULTANT WIND SPEED   1   RESULTANT WIND DIRECTION   W (260)
  HIGHEST WIND SPEED    10   HIGHEST WIND DIRECTION     W (250)
  HIGHEST GUST SPEED    12   HIGHEST GUST DIRECTION     W (260)
  AVERAGE WIND SPEED     2.0


SKY COVER
  POSSIBLE SUNSHINE  MM
  AVERAGE SKY COVER 0.9


WEATHER CONDITIONS
 THE FOLLOWING WEATHER WAS RECORDED YESTERDAY.
  FOG


RELATIVE HUMIDITY (PERCENT)
 HIGHEST   100           700 AM
 LOWEST     45           300 PM
 AVERAGE    73

..........................................................


THE RIVERSIDE MUNI AIRPORT CA CLIMATE NORMALS FOR TODAY
                         NORMAL    RECORD    YEAR
 MAXIMUM TEMPERATURE (F)   68        91      2002
 MINIMUM TEMPERATURE (F)   45        26      1955


SUNRISE AND SUNSET
FEBRUARY 22 2017......SUNRISE   626 AM PST   SUNSET   540 PM PST
FEBRUARY 23 2017......SUNRISE   625 AM PST   SUNSET   541 PM PST


-  INDICATES NEGATIVE NUMBERS.
R  INDICATES RECORD WAS SET OR TIED.
MM INDICATES DATA IS MISSING.
T  INDICATES TRACE AMOUNT.




$$
