879
CDUS43 KUNR 220831
CLIRAP


CLIMATE REPORT
NATIONAL WEATHER SERVICE RAPID CITY SD
131 AM MST WED NOV 22 2017


...................................

...THE RAPID CITY AIRPORT SD CLIMATE SUMMARY FOR NOVEMBER 21 2017...

CLIMATE NORMAL PERIOD 1981 TO 2010
CLIMATE RECORD PERIOD 1942 TO 2017


WEATHER ITEM   OBSERVED TIME   RECORD YEAR NORMAL DEPARTURE LAST
                VALUE   (LST)  VALUE       VALUE  FROM      YEAR
                                                  NORMAL
..................................................................
TEMPERATURE (F)
 YESTERDAY
  MAXIMUM         35    242 PM  74    1974  44     -9       58
  MINIMUM         19    709 AM  -7    1977  20     -1       28
  AVERAGE         27                        32     -5       43

PRECIPITATION (IN)
  YESTERDAY        T             0.17 2010   0.01  -0.01     0.00
  MONTH TO DATE    0.14                      0.42  -0.28     0.20
  SINCE SEP 1      1.86                      3.13  -1.27     1.50
  SINCE JAN 1     11.02                     15.76  -4.74    12.47

SNOWFALL (IN)
  YESTERDAY        T             2.0  1985   0.2   -0.2      0.0
  MONTH TO DATE    T                         4.4   -4.4      2.4
  SINCE SEP 1      T                         6.2   -6.2      2.4
  SINCE JUL 1      T                         6.2   -6.2      2.4
  SNOW DEPTH       0

DEGREE DAYS
 HEATING
  YESTERDAY       38                        33      5       22
  MONTH TO DATE  622                       594     28      392
  SINCE SEP 1   1365                      1319     46      909
  SINCE JUL 1   1372                      1356     16      941

 COOLING
  YESTERDAY        0                         0      0        0
  MONTH TO DATE    0                         0      0        0
  SINCE SEP 1     85                        64     21       30
  SINCE JAN 1    709                       636     73      646
..................................................................


WIND (MPH)
  HIGHEST WIND SPEED    32   HIGHEST WIND DIRECTION    NW (330)
  HIGHEST GUST SPEED    38   HIGHEST GUST DIRECTION    NW (330)
  AVERAGE WIND SPEED    10.6


SKY COVER
  AVERAGE SKY COVER 0.3


WEATHER CONDITIONS
 THE FOLLOWING WEATHER WAS RECORDED YESTERDAY.
  LIGHT SNOW
  FOG


RELATIVE HUMIDITY (PERCENT)
 HIGHEST    85           100 AM
 LOWEST     56           100 PM
 AVERAGE    71

..........................................................


THE RAPID CITY AIRPORT SD CLIMATE NORMALS FOR TODAY
                         NORMAL    RECORD    YEAR
 MAXIMUM TEMPERATURE (F)   44        72      2002
 MINIMUM TEMPERATURE (F)   19       -10      2010


SUNRISE AND SUNSET
NOVEMBER 22 2017......SUNRISE   657 AM MST   SUNSET   420 PM MST
NOVEMBER 23 2017......SUNRISE   658 AM MST   SUNSET   419 PM MST


-  INDICATES NEGATIVE NUMBERS.
R  INDICATES RECORD WAS SET OR TIED.
MM INDICATES DATA IS MISSING.
T  INDICATES TRACE AMOUNT.




$$
