000
CDUS43 KUNR 301831
CLIRAP


CLIMATE REPORT
NATIONAL WEATHER SERVICE RAPID CITY SD
1230 PM MDT MON MAY 30 2016


...................................

...THE RAPID CITY AIRPORT SD CLIMATE SUMMARY FOR MAY 30 2016...
VALID AS OF 1100 AM LOCAL TIME.

CLIMATE NORMAL PERIOD 1981 TO 2010
CLIMATE RECORD PERIOD 1942 TO 2016


WEATHER ITEM   OBSERVED TIME   RECORD YEAR NORMAL DEPARTURE LAST
                VALUE   (LST)  VALUE       VALUE  FROM      YEAR
                                                  NORMAL
..................................................................
TEMPERATURE (F)
 TODAY
  MAXIMUM         78   1059 AM  91    1969  72      6       66
  MINIMUM         46    429 AM  30    1947  47     -1       34
  AVERAGE         62                        59      3       50

PRECIPITATION (IN)
  TODAY            0.00          1.19 1996   0.12  -0.12     0.00
  MONTH TO DATE    0.84                      3.11  -2.27     6.86
  SINCE MAR 1      3.78                      5.84  -2.06     7.62
  SINCE JAN 1      4.64                      6.58  -1.94     8.05

SNOWFALL (IN)
  TODAY            0.0           0.0    MM   0.0    0.0      0.0
  MONTH TO DATE    T                         1.1   -1.1     13.0
  SINCE MAR 1     10.2                      17.7   -7.5     14.2
  SINCE JUL 1     36.3                      41.1   -4.8     49.2
  SNOW DEPTH       0

DEGREE DAYS
 HEATING
  TODAY            3                         7     -4       15
  MONTH TO DATE  325                       319      6      394
  SINCE MAR 1   1608                      1838   -230     1676
  SINCE JUL 1   6303                      7048   -745     6784

 COOLING
  TODAY            0                         1     -1        0
  MONTH TO DATE    0                         6     -6        0
  SINCE MAR 1      0                         8     -8        0
  SINCE JAN 1      0                         8     -8        0
..................................................................


WIND (MPH)
  HIGHEST WIND SPEED    13   HIGHEST WIND DIRECTION     E (90)
  HIGHEST GUST SPEED    16   HIGHEST GUST DIRECTION     E (90)
  AVERAGE WIND SPEED     5.0


SKY COVER
  AVERAGE SKY COVER 0.0


WEATHER CONDITIONS
 THE FOLLOWING WEATHER WAS RECORDED TODAY.
  NO SIGNIFICANT WEATHER WAS OBSERVED.


RELATIVE HUMIDITY (PERCENT)
 HIGHEST    93           100 AM
 LOWEST     42          1100 AM
 AVERAGE    68

..........................................................


THE RAPID CITY AIRPORT SD CLIMATE NORMALS FOR TOMORROW
                         NORMAL    RECORD    YEAR
 MAXIMUM TEMPERATURE (F)   72        89      1960
 MINIMUM TEMPERATURE (F)   47        33      1982


SUNRISE AND SUNSET
MAY 30 2016...........SUNRISE   513 AM MDT   SUNSET   827 PM MDT
MAY 31 2016...........SUNRISE   513 AM MDT   SUNSET   828 PM MDT


-  INDICATES NEGATIVE NUMBERS.
R  INDICATES RECORD WAS SET OR TIED.
MM INDICATES DATA IS MISSING.
T  INDICATES TRACE AMOUNT.




$$
