000
CDUS43 KUNR 270839
CLIRAP


CLIMATE REPORT
NATIONAL WEATHER SERVICE RAPID CITY SD
239 AM MDT THU JUL 27 2017


...................................

...THE RAPID CITY AIRPORT SD CLIMATE SUMMARY FOR JULY 26 2017...

CLIMATE NORMAL PERIOD 1981 TO 2010
CLIMATE RECORD PERIOD 1942 TO 2017


WEATHER ITEM   OBSERVED TIME   RECORD YEAR NORMAL DEPARTURE LAST
                VALUE   (LST)  VALUE       VALUE  FROM      YEAR
                                                  NORMAL
..................................................................
TEMPERATURE (F)
 YESTERDAY
  MAXIMUM         88    350 PM 103    1987  89     -1       91
  MINIMUM         67   1158 PM  44    1971  59      8       64
  AVERAGE         78                        74      4       78

PRECIPITATION (IN)
  YESTERDAY        T             1.13 1966   0.06  -0.06     0.01
  MONTH TO DATE    0.67                      1.51  -0.84     1.86
  SINCE JUN 1      2.42                      4.04  -1.62     3.08
  SINCE JAN 1      6.69                     10.73  -4.04     7.72

SNOWFALL (IN)
  YESTERDAY        0.0           0.0    MM   0.0    0.0      0.0
  MONTH TO DATE    0.0                       0.0    0.0      0.0
  SINCE JUN 1      0.0                       0.0    0.0      0.0
  SINCE JUL 1      0.0                       0.0    0.0      0.0
  SNOW DEPTH       0

DEGREE DAYS
 HEATING
  YESTERDAY        0                         0      0        0
  MONTH TO DATE    0                        10    -10        3
  SINCE JUN 1     33                       109    -76       13
  SINCE JUL 1      0                        10    -10        3

 COOLING
  YESTERDAY       13                         9      4       13
  MONTH TO DATE  333                       205    128      225
  SINCE JUN 1    435                       289    146      411
  SINCE JAN 1    447                       304    143      411
..................................................................


WIND (MPH)
  HIGHEST WIND SPEED    15   HIGHEST WIND DIRECTION    SE (140)
  HIGHEST GUST SPEED    19   HIGHEST GUST DIRECTION    SE (120)
  AVERAGE WIND SPEED     7.7


SKY COVER
  AVERAGE SKY COVER 0.7


WEATHER CONDITIONS
 THE FOLLOWING WEATHER WAS RECORDED YESTERDAY.
  LIGHT RAIN


RELATIVE HUMIDITY (PERCENT)
 HIGHEST    57          1200 AM
 LOWEST     29           400 PM
 AVERAGE    43

..........................................................


THE RAPID CITY AIRPORT SD CLIMATE NORMALS FOR TODAY
                         NORMAL    RECORD    YEAR
 MAXIMUM TEMPERATURE (F)   89       104      1987
 MINIMUM TEMPERATURE (F)   59        43      2005


SUNRISE AND SUNSET
JULY 27 2017..........SUNRISE   535 AM MDT   SUNSET   822 PM MDT
JULY 28 2017..........SUNRISE   536 AM MDT   SUNSET   821 PM MDT


-  INDICATES NEGATIVE NUMBERS.
R  INDICATES RECORD WAS SET OR TIED.
MM INDICATES DATA IS MISSING.
T  INDICATES TRACE AMOUNT.




$$
