000
CDUS43 KUNR 230838
CLIRAP


CLIMATE REPORT
NATIONAL WEATHER SERVICE RAPID CITY SD
237 AM MDT THU MAR 23 2017


...................................

...THE RAPID CITY AIRPORT SD CLIMATE SUMMARY FOR MARCH 22 2017...

CLIMATE NORMAL PERIOD 1981 TO 2010
CLIMATE RECORD PERIOD 1942 TO 2017


WEATHER ITEM   OBSERVED TIME   RECORD YEAR NORMAL DEPARTURE LAST
                VALUE   (LST)  VALUE       VALUE  FROM      YEAR
                                                  NORMAL
..................................................................
TEMPERATURE (F)
 YESTERDAY
  MAXIMUM         65    236 PM  77    2009  50     15       56
  MINIMUM         29   1251 AM  -4    2002  25      4       35
  AVERAGE         47                        37     10       46

PRECIPITATION (IN)
  YESTERDAY        0.00          0.69 1966   0.03  -0.03     0.09
  MONTH TO DATE    0.18                      0.62  -0.44     0.13
  SINCE MAR 1      0.18                      0.62  -0.44     0.13
  SINCE JAN 1      0.99                      1.36  -0.37     0.99

SNOWFALL (IN)
  YESTERDAY        0.0           6.7  1966   0.3   -0.3       T
  MONTH TO DATE    0.3                       6.2   -5.9       T
  SINCE MAR 1      0.3                       6.2   -5.9       T
  SINCE JUL 1     30.8                      29.6    1.2     26.1
  SNOW DEPTH       0

DEGREE DAYS
 HEATING
  YESTERDAY       18                        28    -10       19
  MONTH TO DATE  609                       682    -73      500
  SINCE MAR 1    609                       682    -73      500
  SINCE JUL 1   5665                      5892   -227     5195

 COOLING
  YESTERDAY        0                         0      0        0
  MONTH TO DATE    0                         0      0        0
  SINCE MAR 1      0                         0      0        0
  SINCE JAN 1      0                         0      0        0
..................................................................


WIND (MPH)
  HIGHEST WIND SPEED    37   HIGHEST WIND DIRECTION     S (180)
  HIGHEST GUST SPEED    43   HIGHEST GUST DIRECTION     S (180)
  AVERAGE WIND SPEED    15.2


SKY COVER
  AVERAGE SKY COVER 0.2


WEATHER CONDITIONS
 THE FOLLOWING WEATHER WAS RECORDED YESTERDAY.
  NO SIGNIFICANT WEATHER WAS OBSERVED.


RELATIVE HUMIDITY (PERCENT)
 HIGHEST   100           200 AM
 LOWEST     40           100 PM
 AVERAGE    70

..........................................................


THE RAPID CITY AIRPORT SD CLIMATE NORMALS FOR TODAY
                         NORMAL    RECORD    YEAR
 MAXIMUM TEMPERATURE (F)   50        76      1967
 MINIMUM TEMPERATURE (F)   25        -3      1965


SUNRISE AND SUNSET
MARCH 23 2017.........SUNRISE   649 AM MDT   SUNSET   709 PM MDT
MARCH 24 2017.........SUNRISE   648 AM MDT   SUNSET   710 PM MDT


-  INDICATES NEGATIVE NUMBERS.
R  INDICATES RECORD WAS SET OR TIED.
MM INDICATES DATA IS MISSING.
T  INDICATES TRACE AMOUNT.




$$
