000
CDUS43 KUNR 280833
CLIRAP


CLIMATE REPORT
NATIONAL WEATHER SERVICE RAPID CITY SD
231 AM MDT MON JUL 28 2014


...................................

...THE RAPID CITY AIRPORT SD CLIMATE SUMMARY FOR JULY 27 2014...

CLIMATE NORMAL PERIOD 1981 TO 2010
CLIMATE RECORD PERIOD 1942 TO 2014


WEATHER ITEM   OBSERVED TIME   RECORD YEAR NORMAL DEPARTURE LAST
                VALUE   (LST)  VALUE       VALUE  FROM      YEAR
                                                  NORMAL
..................................................................
TEMPERATURE (F)
 YESTERDAY
  MAXIMUM         82    409 PM 104    1987  89     -7       76
  MINIMUM         51    446 AM  43    2005  59     -8       48
  AVERAGE         67                        74     -7       62

PRECIPITATION (IN)
  YESTERDAY        0.00          0.62 1953   0.07  -0.07     0.00
  MONTH TO DATE    1.93                      1.58   0.35     1.71
  SINCE JUN 1      7.18                      4.11   3.07     3.87
  SINCE JAN 1     12.57                     10.80   1.77    11.49

SNOWFALL (IN)
  YESTERDAY        0.0                       0.0    0.0      0.0
  MONTH TO DATE    0.0                       0.0    0.0      0.0
  SINCE JUN 1      0.0                       0.0    0.0      0.0
  SINCE JUL 1      0.0                       0.0    0.0      0.0
  SNOW DEPTH       0

DEGREE DAYS
 HEATING
  YESTERDAY        0                         0      0        3
  MONTH TO DATE   19                        10      9        5
  SINCE JUN 1    147                       109     38       85
  SINCE JUL 1     19                        10      9        5

 COOLING
  YESTERDAY        2                         9     -7        0
  MONTH TO DATE  157                       214    -57      246
  SINCE JUN 1    179                       298   -119      316
  SINCE JAN 1    199                       313   -114      324
..................................................................


WIND (MPH)
  HIGHEST WIND SPEED    23   HIGHEST WIND DIRECTION     N (360)
  HIGHEST GUST SPEED    29   HIGHEST GUST DIRECTION     N (10)
  AVERAGE WIND SPEED     9.8


SKY COVER
  AVERAGE SKY COVER 0.0


WEATHER CONDITIONS
 THE FOLLOWING WEATHER WAS RECORDED YESTERDAY.
  NO SIGNIFICANT WEATHER WAS OBSERVED.


RELATIVE HUMIDITY (PERCENT)
 HIGHEST    80          1100 PM
 LOWEST     30           500 PM
 AVERAGE    55

..........................................................


THE RAPID CITY AIRPORT SD CLIMATE NORMALS FOR TODAY
                         NORMAL    RECORD    YEAR
 MAXIMUM TEMPERATURE (F)   89       109      2006
 MINIMUM TEMPERATURE (F)   59        41      1971


SUNRISE AND SUNSET
JULY 28 2014..........SUNRISE   536 AM MDT   SUNSET   821 PM MDT
JULY 29 2014..........SUNRISE   537 AM MDT   SUNSET   820 PM MDT


-  INDICATES NEGATIVE NUMBERS.
R  INDICATES RECORD WAS SET OR TIED.
MM INDICATES DATA IS MISSING.
T  INDICATES TRACE AMOUNT.




$$
