000
CDUS43 KUNR 280037
CLIRAP


CLIMATE REPORT
NATIONAL WEATHER SERVICE RAPID CITY SD
636 PM MDT MON JUL 27 2015


...................................

...THE RAPID CITY AIRPORT SD CLIMATE SUMMARY FOR JULY 27 2015...
VALID TODAY AS OF 0500 PM LOCAL TIME.

CLIMATE NORMAL PERIOD 1981 TO 2010
CLIMATE RECORD PERIOD 1942 TO 2015


WEATHER ITEM   OBSERVED TIME   RECORD YEAR NORMAL DEPARTURE LAST
                VALUE   (LST)  VALUE       VALUE  FROM      YEAR
                                                  NORMAL
..................................................................
TEMPERATURE (F)
 TODAY
  MAXIMUM         94    314 PM 104    1987  89      5       82
  MINIMUM         60    443 AM  43    2005  59      1       51
  AVERAGE         77                        74      3       67

PRECIPITATION (IN)
  TODAY            T             0.62 1953   0.07  -0.07     0.00
  MONTH TO DATE    3.27                      1.58   1.69     1.93
  SINCE JUN 1     10.39                      4.11   6.28     7.18
  SINCE JAN 1     18.44                     10.80   7.64    12.57

SNOWFALL (IN)
  TODAY            0.0           0.0    MM   0.0    0.0      0.0
  MONTH TO DATE    0.0                       0.0    0.0      0.0
  SINCE JUN 1      0.0                       0.0    0.0      0.0
  SINCE JUL 1      0.0                       0.0    0.0      0.0
  SNOW DEPTH       0

DEGREE DAYS
 HEATING
  TODAY            0                         0      0        0
  MONTH TO DATE    1                        10     -9       19
  SINCE JUN 1     28                       109    -81      147
  SINCE JUL 1      1                        10     -9       19

 COOLING
  TODAY           12                         9      3        2
  MONTH TO DATE  180                       214    -34      157
  SINCE JUN 1    276                       298    -22      179
  SINCE JAN 1    276                       313    -37      199
..................................................................


WIND (MPH)
  HIGHEST WIND SPEED    58   HIGHEST WIND DIRECTION     W (280)
  HIGHEST GUST SPEED    72   HIGHEST GUST DIRECTION     W (280)
  AVERAGE WIND SPEED    13.7


SKY COVER
  AVERAGE SKY COVER 0.0


WEATHER CONDITIONS
 THE FOLLOWING WEATHER WAS RECORDED TODAY.
  THUNDERSTORM
  RAIN
  LIGHT RAIN
  FOG


RELATIVE HUMIDITY (PERCENT)
 HIGHEST    97           500 AM
 LOWEST     39           300 PM
 AVERAGE    68

..........................................................


THE RAPID CITY AIRPORT SD CLIMATE NORMALS FOR TOMORROW
                         NORMAL    RECORD    YEAR
 MAXIMUM TEMPERATURE (F)   89       109      2006
 MINIMUM TEMPERATURE (F)   59        41      1971


SUNRISE AND SUNSET
JULY 27 2015..........SUNRISE   535 AM MDT   SUNSET   822 PM MDT
JULY 28 2015..........SUNRISE   536 AM MDT   SUNSET   821 PM MDT


-  INDICATES NEGATIVE NUMBERS.
R  INDICATES RECORD WAS SET OR TIED.
MM INDICATES DATA IS MISSING.
T  INDICATES TRACE AMOUNT.




$$
