000
CDUS43 KUNR 270833
CLIRAP


CLIMATE REPORT
NATIONAL WEATHER SERVICE RAPID CITY SD
232 AM MDT WED JUL 27 2016


...................................

...THE RAPID CITY AIRPORT SD CLIMATE SUMMARY FOR JULY 26 2016...

CLIMATE NORMAL PERIOD 1981 TO 2010
CLIMATE RECORD PERIOD 1942 TO 2016


WEATHER ITEM   OBSERVED TIME   RECORD YEAR NORMAL DEPARTURE LAST
                VALUE   (LST)  VALUE       VALUE  FROM      YEAR
                                                  NORMAL
..................................................................
TEMPERATURE (F)
 YESTERDAY
  MAXIMUM         91    156 PM 103    1987  89      2       93
  MINIMUM         64   1139 PM  44    1971  59      5       62
  AVERAGE         78                        74      4       78

PRECIPITATION (IN)
  YESTERDAY        0.01          1.13 1966   0.06  -0.05      T
  MONTH TO DATE    1.01                      1.51  -0.50     3.27
  SINCE JUN 1      2.23                      4.04  -1.81    10.39
  SINCE JAN 1      6.87                     10.73  -3.86    18.44

SNOWFALL (IN)
  YESTERDAY        0.0           0.0    MM   0.0    0.0      0.0
  MONTH TO DATE    0.0                       0.0    0.0      0.0
  SINCE JUN 1      0.0                       0.0    0.0      0.0
  SINCE JUL 1      0.0                       0.0    0.0      0.0
  SNOW DEPTH       0

DEGREE DAYS
 HEATING
  YESTERDAY        0                         0      0        0
  MONTH TO DATE    3                        10     -7        1
  SINCE JUN 1     13                       109    -96       28
  SINCE JUL 1      3                        10     -7        1

 COOLING
  YESTERDAY       13                         9      4       13
  MONTH TO DATE  225                       205     20      168
  SINCE JUN 1    411                       289    122      264
  SINCE JAN 1    411                       304    107      264
..................................................................


WIND (MPH)
  HIGHEST WIND SPEED    35   HIGHEST WIND DIRECTION    NW (330)
  HIGHEST GUST SPEED    47   HIGHEST GUST DIRECTION    NW (330)
  AVERAGE WIND SPEED    10.2


SKY COVER
  AVERAGE SKY COVER 0.1


WEATHER CONDITIONS
 THE FOLLOWING WEATHER WAS RECORDED YESTERDAY.
  THUNDERSTORM
  LIGHT RAIN


RELATIVE HUMIDITY (PERCENT)
 HIGHEST    87           500 AM
 LOWEST     27           500 PM
 AVERAGE    57

..........................................................


THE RAPID CITY AIRPORT SD CLIMATE NORMALS FOR TODAY
                         NORMAL    RECORD    YEAR
 MAXIMUM TEMPERATURE (F)   89       104      1987
 MINIMUM TEMPERATURE (F)   59        43      2005


SUNRISE AND SUNSET
JULY 27 2016..........SUNRISE   536 AM MDT   SUNSET   821 PM MDT
JULY 28 2016..........SUNRISE   537 AM MDT   SUNSET   820 PM MDT


-  INDICATES NEGATIVE NUMBERS.
R  INDICATES RECORD WAS SET OR TIED.
MM INDICATES DATA IS MISSING.
T  INDICATES TRACE AMOUNT.




$$
