000
CDUS46 KMFR 220836
CLIRBG


CLIMATE REPORT
NATIONAL WEATHER SERVICE MEDFORD, OR
136 AM PDT TUE JUL 22 2014


...................................

...THE ROSEBURG OR CLIMATE SUMMARY FOR JULY 21 2014...

CLIMATE NORMAL PERIOD 1981 TO 2010
CLIMATE RECORD PERIOD 1931 TO 2014


WEATHER ITEM   OBSERVED TIME   RECORD YEAR NORMAL DEPARTURE LAST
                VALUE   (LST)  VALUE       VALUE  FROM      YEAR
                                                  NORMAL
..................................................................
TEMPERATURE (F)
 YESTERDAY
  MAXIMUM         68    704 PM 104    1938  86    -18       94
  MINIMUM         59    542 AM  48    1970  57      2       59
  AVERAGE         64                        71     -7       77

PRECIPITATION (IN)
  YESTERDAY        0.02          1.60 1987   0.02   0.00     0.00
  MONTH TO DATE    0.02                      0.32  -0.30      T
  SINCE SEP 1     23.98                     35.69 -11.71    26.55
  SINCE JAN 1     16.44                     19.08  -2.64     7.88

SNOWFALL (IN)
  YESTERDAY       MM                        MM     MM       MM
  MONTH TO DATE   MM                        MM     MM       MM
  SINCE JUL 1     MM                        MM     MM       MM
  SNOW DEPTH      MM

DEGREE DAYS
 HEATING
  YESTERDAY        1                         0      1        0
  MONTH TO DATE    1                         8     -7        0
  SINCE JUN 1     36                        91    -55       35
  SINCE JUL 1      1                         8     -7        0

 COOLING
  YESTERDAY        0                         6     -6       12
  MONTH TO DATE  218                       107    111      197
  SINCE JUN 1    289                       157    132      308
  SINCE JAN 1    334                       177    157      342
..................................................................


WIND (MPH)
  RESULTANT WIND SPEED   1   RESULTANT WIND DIRECTION   N (10)
  HIGHEST WIND SPEED     8   HIGHEST WIND DIRECTION     N (360)
  HIGHEST GUST SPEED     9   HIGHEST GUST DIRECTION     N (10)
  AVERAGE WIND SPEED     2.1


SKY COVER
  POSSIBLE SUNSHINE  MM
  AVERAGE SKY COVER 0.5


WEATHER CONDITIONS
 THE FOLLOWING WEATHER WAS RECORDED YESTERDAY.
  LIGHT RAIN


RELATIVE HUMIDITY (PERCENT)
 HIGHEST    78           900 PM
 LOWEST     58          1100 AM
 AVERAGE    68

..........................................................


THE ROSEBURG OR CLIMATE NORMALS FOR TODAY
                         NORMAL    RECORD    YEAR
 MAXIMUM TEMPERATURE (F)   86       106      2006
 MINIMUM TEMPERATURE (F)   57        45      1934


SUNRISE AND SUNSET
JULY 22 2014..........SUNRISE   554 AM PDT   SUNSET   846 PM PDT
JULY 23 2014..........SUNRISE   555 AM PDT   SUNSET   845 PM PDT


-  INDICATES NEGATIVE NUMBERS.
R  INDICATES RECORD WAS SET OR TIED.
MM INDICATES DATA IS MISSING.
T  INDICATES TRACE AMOUNT.




$$
