000
CDUS46 KMFR 270837
CLIRBG


CLIMATE REPORT
NATIONAL WEATHER SERVICE MEDFORD, OR
137 AM PDT WED AUG 27 2014


...................................

...THE ROSEBURG OR CLIMATE SUMMARY FOR AUGUST 26 2014...

CLIMATE NORMAL PERIOD 1981 TO 2010
CLIMATE RECORD PERIOD 1931 TO 2014


WEATHER ITEM   OBSERVED TIME   RECORD YEAR NORMAL DEPARTURE LAST
                VALUE   (LST)  VALUE       VALUE  FROM      YEAR
                                                  NORMAL
..................................................................
TEMPERATURE (F)
 YESTERDAY
  MAXIMUM         97    430 PM  99    1935  83     14       84
  MINIMUM         61    606 AM  42    1957  55      6       58
  AVERAGE         79                        69     10       71

PRECIPITATION (IN)
  YESTERDAY        0.00          0.16 2004   0.02  -0.02     0.00
  MONTH TO DATE    0.03                      0.33  -0.30     0.60
  SINCE SEP 1     24.19                     36.12 -11.93    27.15
  SINCE JAN 1     16.65                     19.51  -2.86     8.48

SNOWFALL (IN)
  YESTERDAY       MM                        MM     MM       MM
  MONTH TO DATE   MM                        MM     MM       MM
  SINCE JUL 1     MM                        MM     MM       MM
  SNOW DEPTH      MM

DEGREE DAYS
 HEATING
  YESTERDAY        0                         1     -1        0
  MONTH TO DATE    0                         1     -1        1
  SINCE JUN 1     42                        95    -53       36
  SINCE JUL 1      7                        12     -5        1

 COOLING
  YESTERDAY       14                         4     10        6
  MONTH TO DATE  271                       147    124      205
  SINCE JUN 1    650                       370    280      622
  SINCE JAN 1    695                       390    305      656
..................................................................


WIND (MPH)
  RESULTANT WIND SPEED   1   RESULTANT WIND DIRECTION   N (340)
  HIGHEST WIND SPEED    17   HIGHEST WIND DIRECTION    NW (320)
  HIGHEST GUST SPEED    22   HIGHEST GUST DIRECTION    NW (330)
  AVERAGE WIND SPEED     2.6


SKY COVER
  POSSIBLE SUNSHINE  MM
  AVERAGE SKY COVER 0.0


WEATHER CONDITIONS
 THE FOLLOWING WEATHER WAS RECORDED YESTERDAY.
  NO SIGNIFICANT WEATHER WAS OBSERVED.


RELATIVE HUMIDITY (PERCENT)
 HIGHEST    65           700 AM
 LOWEST     16           300 PM
 AVERAGE    41

..........................................................


THE ROSEBURG OR CLIMATE NORMALS FOR TODAY
                         NORMAL    RECORD    YEAR
 MAXIMUM TEMPERATURE (F)   83       101      1972
 MINIMUM TEMPERATURE (F)   54        42      1960


SUNRISE AND SUNSET
AUGUST 27 2014........SUNRISE   632 AM PDT   SUNSET   757 PM PDT
AUGUST 28 2014........SUNRISE   633 AM PDT   SUNSET   755 PM PDT


-  INDICATES NEGATIVE NUMBERS.
R  INDICATES RECORD WAS SET OR TIED.
MM INDICATES DATA IS MISSING.
T  INDICATES TRACE AMOUNT.




$$
