263
CDUS46 KMFR 280835
CLIRBG


CLIMATE REPORT
NATIONAL WEATHER SERVICE MEDFORD, OR
135 AM PDT THU JUL 28 2016


...................................

...THE ROSEBURG OR CLIMATE SUMMARY FOR JULY 27 2016...

CLIMATE NORMAL PERIOD 1981 TO 2010
CLIMATE RECORD PERIOD 1931 TO 2016


WEATHER ITEM   OBSERVED TIME   RECORD YEAR NORMAL DEPARTURE LAST
                VALUE   (LST)  VALUE       VALUE  FROM      YEAR
                                                  NORMAL
..................................................................
TEMPERATURE (F)
 YESTERDAY
  MAXIMUM         94    326 PM 107    1998  86      8       82
  MINIMUM         60    543 AM  44    1957  57      3       62
  AVERAGE         77                        72      5       72

PRECIPITATION (IN)
  YESTERDAY        0.00          1.01 1947   0.01  -0.01     0.00
  MONTH TO DATE    0.77                      0.38   0.39     0.01
  SINCE OCT 1     38.45                     34.79   3.66    24.95
  SINCE JAN 1     19.26                     19.14   0.12    10.67

SNOWFALL (IN)
  YESTERDAY       MM                        MM     MM       MM
  MONTH TO DATE   MM                        MM     MM        0.0
  SINCE JUL 1     MM                        MM     MM        0.0
  SNOW DEPTH      MM

DEGREE DAYS
 HEATING
  YESTERDAY        0                         0      0        0
  MONTH TO DATE    3                         8     -5        0
  SINCE JUN 1     67                        91    -24       12
  SINCE JUL 1      3                         8     -5        0

 COOLING
  YESTERDAY       12                         7      5        7
  MONTH TO DATE  142                       148     -6      281
  SINCE JUN 1    278                       198     80      512
  SINCE JAN 1    321                       218    103      542
..................................................................


WIND (MPH)
  RESULTANT WIND SPEED   7   RESULTANT WIND DIRECTION   N (10)
  HIGHEST WIND SPEED    22   HIGHEST WIND DIRECTION     N (10)
  HIGHEST GUST SPEED    28   HIGHEST GUST DIRECTION     N (10)
  AVERAGE WIND SPEED     7.5


SKY COVER
  POSSIBLE SUNSHINE  MM
  AVERAGE SKY COVER 0.0


WEATHER CONDITIONS
 THE FOLLOWING WEATHER WAS RECORDED YESTERDAY.
  NO SIGNIFICANT WEATHER WAS OBSERVED.


RELATIVE HUMIDITY (PERCENT)
 HIGHEST    72           600 AM
 LOWEST     20           400 PM
 AVERAGE    46

..........................................................


THE ROSEBURG OR CLIMATE NORMALS FOR TODAY
                         NORMAL    RECORD    YEAR
 MAXIMUM TEMPERATURE (F)   86       108      2009
 MINIMUM TEMPERATURE (F)   57        45      1955


SUNRISE AND SUNSET
JULY 28 2016..........SUNRISE   600 AM PDT   SUNSET   839 PM PDT
JULY 29 2016..........SUNRISE   601 AM PDT   SUNSET   838 PM PDT


-  INDICATES NEGATIVE NUMBERS.
R  INDICATES RECORD WAS SET OR TIED.
MM INDICATES DATA IS MISSING.
T  INDICATES TRACE AMOUNT.




$$
