000
CDUS46 KMFR 250835
CLIRBG


CLIMATE REPORT
NATIONAL WEATHER SERVICE MEDFORD, OR
135 AM PDT MON SEP 25 2017


...................................

...THE ROSEBURG OR CLIMATE SUMMARY FOR SEPTEMBER 24 2017...

CLIMATE NORMAL PERIOD 1981 TO 2010
CLIMATE RECORD PERIOD 1931 TO 2017


WEATHER ITEM   OBSERVED TIME   RECORD YEAR NORMAL DEPARTURE LAST
                VALUE   (LST)  VALUE       VALUE  FROM      YEAR
                                                  NORMAL
..................................................................
TEMPERATURE (F)
 YESTERDAY
  MAXIMUM         76    353 PM  95    1997  76      0       79
  MINIMUM         44    606 AM  37    1961  50     -6       57
                                      1958
  AVERAGE         60                        63     -3       68

PRECIPITATION (IN)
  YESTERDAY        0.00          1.37 2014   0.04  -0.04      T
  MONTH TO DATE    0.76                      0.70   0.06     0.07
  SINCE OCT 1     43.14                     36.00   7.14    38.52
  SINCE JAN 1     24.22                     20.35   3.87    19.33

SNOWFALL (IN)
  YESTERDAY       MM                        MM     MM       MM
  MONTH TO DATE   MM                        MM     MM       MM
  SINCE JUL 1     MM                        MM     MM       MM
  SNOW DEPTH      MM

DEGREE DAYS
 HEATING
  YESTERDAY        5                         3      2        0
  MONTH TO DATE   55                        41     14       27
  SINCE SEP 1     55                        41     14       27
  SINCE JUL 1     55                        62     -7       30

 COOLING
  YESTERDAY        0                         1     -1        3
  MONTH TO DATE  124                        60     64       47
  SINCE SEP 1    124                        60     64       47
  SINCE JAN 1    849                       471    378      708
..................................................................


WIND (MPH)
  RESULTANT WIND SPEED   0   RESULTANT WIND DIRECTION  NE (30)
  HIGHEST WIND SPEED    10   HIGHEST WIND DIRECTION    NW (330)
  HIGHEST GUST SPEED    14   HIGHEST GUST DIRECTION    NW (320)
  AVERAGE WIND SPEED     1.6


SKY COVER
  POSSIBLE SUNSHINE  MM
  AVERAGE SKY COVER 0.0


WEATHER CONDITIONS
 THE FOLLOWING WEATHER WAS RECORDED YESTERDAY.
  NO SIGNIFICANT WEATHER WAS OBSERVED.


RELATIVE HUMIDITY (PERCENT)
 HIGHEST    93           400 AM
 LOWEST     33           300 PM
 AVERAGE    63

..........................................................


THE ROSEBURG OR CLIMATE NORMALS FOR TODAY
                         NORMAL    RECORD    YEAR
 MAXIMUM TEMPERATURE (F)   76        91      1952
 MINIMUM TEMPERATURE (F)   49        36      1955


SUNRISE AND SUNSET
SEPTEMBER 25 2017.....SUNRISE   704 AM PDT   SUNSET   705 PM PDT
SEPTEMBER 26 2017.....SUNRISE   706 AM PDT   SUNSET   703 PM PDT


-  INDICATES NEGATIVE NUMBERS.
R  INDICATES RECORD WAS SET OR TIED.
MM INDICATES DATA IS MISSING.
T  INDICATES TRACE AMOUNT.




$$
