000
CDUS46 KMFR 200839
CLIRBG


CLIMATE REPORT
NATIONAL WEATHER SERVICE MEDFORD, OR
138 AM PDT SAT SEP 20 2014


...................................

...THE ROSEBURG OR CLIMATE SUMMARY FOR SEPTEMBER 19 2014...

CLIMATE NORMAL PERIOD 1981 TO 2010
CLIMATE RECORD PERIOD 1931 TO 2014


WEATHER ITEM   OBSERVED TIME   RECORD YEAR NORMAL DEPARTURE LAST
                VALUE   (LST)  VALUE       VALUE  FROM      YEAR
                                                  NORMAL
..................................................................
TEMPERATURE (F)
 YESTERDAY
  MAXIMUM         88    251 PM  98    1974  78     10       85
  MINIMUM         57    540 AM  34    1965  51      6       47
  AVERAGE         73                        64      9       66

PRECIPITATION (IN)
  YESTERDAY        0.00          0.65 2010   0.04  -0.04     0.00
  MONTH TO DATE    0.09                      0.51  -0.42     0.38
  SINCE SEP 1      0.09                      0.51  -0.42     0.38
  SINCE JAN 1     16.74                     20.16  -3.42     8.92

SNOWFALL (IN)
  YESTERDAY       MM                        MM     MM       MM
  MONTH TO DATE   MM                        MM     MM       MM
  SINCE JUL 1     MM                        MM     MM       MM
  SNOW DEPTH      MM

DEGREE DAYS
 HEATING
  YESTERDAY        0                         2     -2        0
  MONTH TO DATE    0                        26    -26        6
  SINCE SEP 1      0                        26    -26        6
  SINCE JUL 1      7                        47    -40        7

 COOLING
  YESTERDAY        8                         2      6        1
  MONTH TO DATE  119                        54     65      121
  SINCE SEP 1    119                        54     65      121
  SINCE JAN 1    852                       465    387      823
..................................................................


WIND (MPH)
  RESULTANT WIND SPEED   4   RESULTANT WIND DIRECTION   N (10)
  HIGHEST WIND SPEED    20   HIGHEST WIND DIRECTION     N (10)
  HIGHEST GUST SPEED    24   HIGHEST GUST DIRECTION     N (350)
  AVERAGE WIND SPEED     4.3


SKY COVER
  POSSIBLE SUNSHINE  MM
  AVERAGE SKY COVER 0.1


WEATHER CONDITIONS
 THE FOLLOWING WEATHER WAS RECORDED YESTERDAY.
  FOG


RELATIVE HUMIDITY (PERCENT)
 HIGHEST    93           500 AM
 LOWEST     24           300 PM
 AVERAGE    59

..........................................................


THE ROSEBURG OR CLIMATE NORMALS FOR TODAY
                         NORMAL    RECORD    YEAR
 MAXIMUM TEMPERATURE (F)   78        98      1974
 MINIMUM TEMPERATURE (F)   50        37      1983


SUNRISE AND SUNSET
SEPTEMBER 20 2014.....SUNRISE   659 AM PDT   SUNSET   714 PM PDT
SEPTEMBER 21 2014.....SUNRISE   700 AM PDT   SUNSET   712 PM PDT


-  INDICATES NEGATIVE NUMBERS.
R  INDICATES RECORD WAS SET OR TIED.
MM INDICATES DATA IS MISSING.
T  INDICATES TRACE AMOUNT.




$$
