000
CDUS46 KMFR 210836
CLIRBG


CLIMATE REPORT
NATIONAL WEATHER SERVICE MEDFORD, OR
1236 AM PST SUN DEC 21 2014


...................................

...THE ROSEBURG OR CLIMATE SUMMARY FOR DECEMBER 20 2014...

CLIMATE NORMAL PERIOD 1981 TO 2010
CLIMATE RECORD PERIOD 1931 TO 2014


WEATHER ITEM   OBSERVED TIME   RECORD YEAR NORMAL DEPARTURE LAST
                VALUE   (LST)  VALUE       VALUE  FROM      YEAR
                                                  NORMAL
..................................................................
TEMPERATURE (F)
 YESTERDAY
  MAXIMUM         59   1036 PM  64    2005  47     12       44
  MINIMUM         48    232 AM  12    1990  36     12       32
  AVERAGE         54                        42     12       38

PRECIPITATION (IN)
  YESTERDAY        1.02          2.29 1957   0.24   0.78     0.06
  MONTH TO DATE    3.73                      4.04  -0.31     0.63
  SINCE SEP 1     14.00                     14.13  -0.13     7.48
  SINCE JAN 1     30.65                     33.78  -3.13    16.02

SNOWFALL (IN)
  YESTERDAY       MM                        MM     MM       MM
  MONTH TO DATE   MM                        MM     MM       MM
  SINCE JUL 1     MM                        MM     MM        0.0
  SNOW DEPTH      MM

DEGREE DAYS
 HEATING
  YESTERDAY       11                        23    -12       27
  MONTH TO DATE  281                       454   -173      580
  SINCE DEC 1    281                       454   -173      580
  SINCE JUL 1    871                      1383   -512     1539

 COOLING
  YESTERDAY        0                         0      0        0
  MONTH TO DATE    0                         0      0        0
  SINCE DEC 1      0                         0      0        0
  SINCE JAN 1    914                       480    434      823
..................................................................


WIND (MPH)
  RESULTANT WIND SPEED   4   RESULTANT WIND DIRECTION   S (160)
  HIGHEST WIND SPEED    10   HIGHEST WIND DIRECTION     S (170)
  HIGHEST GUST SPEED    15   HIGHEST GUST DIRECTION     S (170)
  AVERAGE WIND SPEED     4.4


SKY COVER
  POSSIBLE SUNSHINE  MM
  AVERAGE SKY COVER 1.0


WEATHER CONDITIONS
 THE FOLLOWING WEATHER WAS RECORDED YESTERDAY.
  RAIN
  LIGHT RAIN
  FOG


RELATIVE HUMIDITY (PERCENT)
 HIGHEST    93           100 AM
 LOWEST     77           800 AM
 AVERAGE    85

..........................................................


THE ROSEBURG OR CLIMATE NORMALS FOR TODAY
                         NORMAL    RECORD    YEAR
 MAXIMUM TEMPERATURE (F)   47        70      1940
 MINIMUM TEMPERATURE (F)   36         3      1990


SUNRISE AND SUNSET
DECEMBER 21 2014......SUNRISE   742 AM PST   SUNSET   441 PM PST
DECEMBER 22 2014......SUNRISE   743 AM PST   SUNSET   442 PM PST


-  INDICATES NEGATIVE NUMBERS.
R  INDICATES RECORD WAS SET OR TIED.
MM INDICATES DATA IS MISSING.
T  INDICATES TRACE AMOUNT.




$$
