000
CDUS46 KMFR 040840
CLIRBG


CLIMATE REPORT
NATIONAL WEATHER SERVICE MEDFORD, OR
139 AM PDT TUE AUG 4 2015


...................................

...THE ROSEBURG OR CLIMATE SUMMARY FOR AUGUST 3 2015...

CLIMATE NORMAL PERIOD 1981 TO 2010
CLIMATE RECORD PERIOD 1931 TO 2015


WEATHER ITEM   OBSERVED TIME   RECORD YEAR NORMAL DEPARTURE LAST
                VALUE   (LST)  VALUE       VALUE  FROM      YEAR
                                                  NORMAL
..................................................................
TEMPERATURE (F)
 YESTERDAY
  MAXIMUM         87    119 PM 102    1952  86      1       88
  MINIMUM         63    543 AM  42    1956  57      6       60
  AVERAGE         75                        71      4       74

PRECIPITATION (IN)
  YESTERDAY        0.00          0.20 1976   0.00   0.00     0.00
  MONTH TO DATE    T                         0.01  -0.01     0.00
  SINCE OCT 1     24.95                     34.84  -9.89    20.32
  SINCE JAN 1     10.67                     19.19  -8.52    16.62

SNOWFALL (IN)
  YESTERDAY       MM                        MM     MM       MM
  MONTH TO DATE   MM                        MM     MM       MM
  SINCE JUL 1      0.0                      MM     MM       MM
  SNOW DEPTH      MM

DEGREE DAYS
 HEATING
  YESTERDAY        0                         0      0        0
  MONTH TO DATE    0                         0      0        0
  SINCE JUN 1     12                        94    -82       42
  SINCE JUL 1      0                        11    -11        7

 COOLING
  YESTERDAY       10                         7      3        9
  MONTH TO DATE   36                        21     15       36
  SINCE JUN 1    617                       244    373      415
  SINCE JAN 1    647                       264    383      460
..................................................................


WIND (MPH)
  RESULTANT WIND SPEED   2   RESULTANT WIND DIRECTION   N (340)
  HIGHEST WIND SPEED    12   HIGHEST WIND DIRECTION    NW (300)
  HIGHEST GUST SPEED    20   HIGHEST GUST DIRECTION    NW (330)
  AVERAGE WIND SPEED     3.9


SKY COVER
  POSSIBLE SUNSHINE  MM
  AVERAGE SKY COVER 0.0


WEATHER CONDITIONS
 THE FOLLOWING WEATHER WAS RECORDED YESTERDAY.
  THUNDERSTORM


RELATIVE HUMIDITY (PERCENT)
 HIGHEST    87           700 AM
 LOWEST     37           100 PM
 AVERAGE    62

..........................................................


THE ROSEBURG OR CLIMATE NORMALS FOR TODAY
                         NORMAL    RECORD    YEAR
 MAXIMUM TEMPERATURE (F)   86       102      2012
                                             1932
 MINIMUM TEMPERATURE (F)   57        41      1965


SUNRISE AND SUNSET
AUGUST  4 2015........SUNRISE   607 AM PDT   SUNSET   832 PM PDT
AUGUST  5 2015........SUNRISE   608 AM PDT   SUNSET   830 PM PDT


-  INDICATES NEGATIVE NUMBERS.
R  INDICATES RECORD WAS SET OR TIED.
MM INDICATES DATA IS MISSING.
T  INDICATES TRACE AMOUNT.




$$
