000
CDUS46 KMFR 260852
CLIRBG


CLIMATE REPORT
NATIONAL WEATHER SERVICE MEDFORD, OR
1252 AM PST WED NOV 26 2014


...................................

...THE ROSEBURG OR CLIMATE SUMMARY FOR NOVEMBER 25 2014...

CLIMATE NORMAL PERIOD 1981 TO 2010
CLIMATE RECORD PERIOD 1931 TO 2014


WEATHER ITEM   OBSERVED TIME   RECORD YEAR NORMAL DEPARTURE LAST
                VALUE   (LST)  VALUE       VALUE  FROM      YEAR
                                                  NORMAL
..................................................................
TEMPERATURE (F)
 YESTERDAY
  MAXIMUM         61    328 PM  69    1947  50     11       46
  MINIMUM         47   1159 PM  23    1952  39      8       32
  AVERAGE         54                        45      9       39

PRECIPITATION (IN)
  YESTERDAY        0.01          1.33 1962   0.24  -0.23     0.00
  MONTH TO DATE    2.85                      5.16  -2.31     2.56
  SINCE SEP 1      8.31                      8.79  -0.48     6.83
  SINCE JAN 1     24.96                     28.44  -3.48    15.37

SNOWFALL (IN)
  YESTERDAY       MM                        MM     MM       MM
  MONTH TO DATE   MM                        MM     MM       MM
  SINCE JUL 1     MM                        MM     MM        0.0
  SNOW DEPTH      MM

DEGREE DAYS
 HEATING
  YESTERDAY       11                        20     -9       26
  MONTH TO DATE  373                       438    -65      438
  SINCE SEP 1    499                       803   -304      836
  SINCE JUL 1    506                       824   -318      837

 COOLING
  YESTERDAY        0                         0      0        0
  MONTH TO DATE    0                         0      0        0
  SINCE SEP 1    181                        69    112      121
  SINCE JAN 1    914                       480    434      823
..................................................................


WIND (MPH)
  RESULTANT WIND SPEED   0   RESULTANT WIND DIRECTION  SE (140)
  HIGHEST WIND SPEED     6   HIGHEST WIND DIRECTION     S (160)
  HIGHEST GUST SPEED     7   HIGHEST GUST DIRECTION     S (160)
  AVERAGE WIND SPEED     0.4


SKY COVER
  POSSIBLE SUNSHINE  MM
  AVERAGE SKY COVER 0.9


WEATHER CONDITIONS
 THE FOLLOWING WEATHER WAS RECORDED YESTERDAY.
  LIGHT RAIN
  FOG
  HAZE


RELATIVE HUMIDITY (PERCENT)
 HIGHEST    93          1100 PM
 LOWEST     69           100 PM
 AVERAGE    81

..........................................................


THE ROSEBURG OR CLIMATE NORMALS FOR TODAY
                         NORMAL    RECORD    YEAR
 MAXIMUM TEMPERATURE (F)   50        66      1998
 MINIMUM TEMPERATURE (F)   39        23      1952


SUNRISE AND SUNSET
NOVEMBER 26 2014......SUNRISE   720 AM PST   SUNSET   441 PM PST
NOVEMBER 27 2014......SUNRISE   721 AM PST   SUNSET   441 PM PST


-  INDICATES NEGATIVE NUMBERS.
R  INDICATES RECORD WAS SET OR TIED.
MM INDICATES DATA IS MISSING.
T  INDICATES TRACE AMOUNT.




$$
