000
CDUS46 KMFR 090837
CLIRBG


CLIMATE REPORT
NATIONAL WEATHER SERVICE MEDFORD, OR
1237 AM PST TUE FEB 9 2016


...................................

...THE ROSEBURG OR CLIMATE SUMMARY FOR FEBRUARY 8 2016...

CLIMATE NORMAL PERIOD 1981 TO 2010
CLIMATE RECORD PERIOD 1931 TO 2016


WEATHER ITEM   OBSERVED TIME   RECORD YEAR NORMAL DEPARTURE LAST
                VALUE   (LST)  VALUE       VALUE  FROM      YEAR
                                                  NORMAL
..................................................................
TEMPERATURE (F)
 YESTERDAY
  MAXIMUM         57    520 PM  72    1963  52      5       56
  MINIMUM         47   1159 PM  24    1933  37     10       48
  AVERAGE         52                        45      7       52

PRECIPITATION (IN)
  YESTERDAY        0.00          1.65 1960   0.16  -0.16     0.21
  MONTH TO DATE    0.39                      1.35  -0.96     4.12
  SINCE OCT 1     26.19                     22.09   4.10    19.78
  SINCE JAN 1      7.00                      6.44   0.56     5.50

SNOWFALL (IN)
  YESTERDAY       MM                        MM     MM       MM
  MONTH TO DATE   MM                        MM     MM       MM
  SINCE JUL 1      0.0                      MM     MM       MM
  SNOW DEPTH      MM

DEGREE DAYS
 HEATING
  YESTERDAY       13                        20     -7       13
  MONTH TO DATE  135                       166    -31       91
  SINCE DEC 1   1338                      1556   -218     1147
  SINCE JUL 1   2066                      2485   -419     1737

 COOLING
  YESTERDAY        0                         0      0        0
  MONTH TO DATE    0                         0      0        0
  SINCE DEC 1      0                         0      0        0
  SINCE JAN 1      0                         0      0        0
..................................................................


WIND (MPH)
  RESULTANT WIND SPEED   1   RESULTANT WIND DIRECTION  SW (230)
  HIGHEST WIND SPEED     7   HIGHEST WIND DIRECTION    SW (230)
  HIGHEST GUST SPEED     9   HIGHEST GUST DIRECTION    SW (230)
  AVERAGE WIND SPEED     0.9


SKY COVER
  POSSIBLE SUNSHINE  MM
  AVERAGE SKY COVER 0.7


WEATHER CONDITIONS
 THE FOLLOWING WEATHER WAS RECORDED YESTERDAY.
  NO SIGNIFICANT WEATHER WAS OBSERVED.


RELATIVE HUMIDITY (PERCENT)
 HIGHEST   100          1200 AM
 LOWEST     77           500 PM
 AVERAGE    89

..........................................................


THE ROSEBURG OR CLIMATE NORMALS FOR TODAY
                         NORMAL    RECORD    YEAR
 MAXIMUM TEMPERATURE (F)   53        70      1951
 MINIMUM TEMPERATURE (F)   37        17      1933


SUNRISE AND SUNSET
FEBRUARY  9 2016......SUNRISE   720 AM PST   SUNSET   536 PM PST
FEBRUARY 10 2016......SUNRISE   719 AM PST   SUNSET   537 PM PST


-  INDICATES NEGATIVE NUMBERS.
R  INDICATES RECORD WAS SET OR TIED.
MM INDICATES DATA IS MISSING.
T  INDICATES TRACE AMOUNT.




$$
