193
CDUS46 KMFR 250836
CLIRBG


CLIMATE REPORT
NATIONAL WEATHER SERVICE MEDFORD, OR
136 AM PDT TUE JUL 25 2017


...................................

...THE ROSEBURG OR CLIMATE SUMMARY FOR JULY 24 2017...

CLIMATE NORMAL PERIOD 1981 TO 2010
CLIMATE RECORD PERIOD 1931 TO 2017


WEATHER ITEM   OBSERVED TIME   RECORD YEAR NORMAL DEPARTURE LAST
                VALUE   (LST)  VALUE       VALUE  FROM      YEAR
                                                  NORMAL
..................................................................
TEMPERATURE (F)
 YESTERDAY
  MAXIMUM         90    604 PM 101    2006  86      4       90
  MINIMUM         64    602 AM  48    1957  57      7       55
  AVERAGE         77                        72      5       73

PRECIPITATION (IN)
  YESTERDAY        0.00          0.02 1947   0.01  -0.01     0.00
  MONTH TO DATE    0.00                      0.35  -0.35     0.77
  SINCE OCT 1     42.38                     34.76   7.62    38.45
  SINCE JAN 1     23.46                     19.11   4.35    19.26

SNOWFALL (IN)
  YESTERDAY       MM                        MM     MM       MM
  MONTH TO DATE   MM                        MM     MM       MM
  SINCE JUL 1     MM                        MM     MM       MM
  SNOW DEPTH      MM

DEGREE DAYS
 HEATING
  YESTERDAY        0                         0      0        0
  MONTH TO DATE    0                         8     -8        3
  SINCE JUN 1     64                        91    -27       67
  SINCE JUL 1      0                         8     -8        3

 COOLING
  YESTERDAY       12                         7      5        8
  MONTH TO DATE  160                       127     33      112
  SINCE JUN 1    265                       177     88      248
  SINCE JAN 1    314                       197    117      291
..................................................................


WIND (MPH)
  RESULTANT WIND SPEED   7   RESULTANT WIND DIRECTION   N (0)
  HIGHEST WIND SPEED    18   HIGHEST WIND DIRECTION     N (10)
  HIGHEST GUST SPEED    23   HIGHEST GUST DIRECTION     N (360)
  AVERAGE WIND SPEED     7.9


SKY COVER
  POSSIBLE SUNSHINE  MM
  AVERAGE SKY COVER 0.0


WEATHER CONDITIONS
 THE FOLLOWING WEATHER WAS RECORDED YESTERDAY.
  NO SIGNIFICANT WEATHER WAS OBSERVED.


RELATIVE HUMIDITY (PERCENT)
 HIGHEST    63           300 AM
 LOWEST     21           300 PM
 AVERAGE    42

..........................................................


THE ROSEBURG OR CLIMATE NORMALS FOR TODAY
                         NORMAL    RECORD    YEAR
 MAXIMUM TEMPERATURE (F)   86        99      2013
                                             1965
 MINIMUM TEMPERATURE (F)   57        46      1963
                                             1954


SUNRISE AND SUNSET
JULY 25 2017..........SUNRISE   557 AM PDT   SUNSET   842 PM PDT
JULY 26 2017..........SUNRISE   558 AM PDT   SUNSET   841 PM PDT


-  INDICATES NEGATIVE NUMBERS.
R  INDICATES RECORD WAS SET OR TIED.
MM INDICATES DATA IS MISSING.
T  INDICATES TRACE AMOUNT.




$$
