000
CDUS46 KSTO 010040 RRA
CLIRDD

CLIMATE REPORT
NATIONAL WEATHER SERVICE SACRAMENTO, CA
538 PM PDT SAT APR 30 2016


...................................

...THE REDDING AIRPORT CA CLIMATE SUMMARY FOR APRIL 30 2016...
VALID TODAY AS OF 0500 PM LOCAL TIME.

CLIMATE NORMAL PERIOD 1981 TO 2010
CLIMATE RECORD PERIOD 1986 TO 2016


WEATHER ITEM   OBSERVED RECORD YEAR NORMAL DEPARTURE LAST
                VALUE   VALUE       VALUE  FROM      YEAR
                                           NORMAL
...........................................................
TEMPERATURE (F)
 TODAY
  MAXIMUM         82     92    1996  75      7       91
  MINIMUM         57     41    2010  49      8       64
                               2008
                               1988
  AVERAGE         70

PRECIPITATION (IN)
  TODAY            0.00   0.53 1995   0.07  -0.07     0.00
  MONTH TO DATE    3.25               2.48   0.77     1.18
  SINCE OCT 1     37.06              31.17   5.89    22.13
  SINCE JAN 1     27.20              18.32   8.88     5.88

SNOWFALL (IN)
  TODAY            0.0   MM      MM  MM               0.0
  MONTH TO DATE    0.0               MM               0.0
  SINCE MAR 1      0.0               MM               0.0
  SINCE JUL 1      0.0               MM               0.0

DEGREE DAYS
 HEATING
  TODAY            0

 COOLING
  TODAY            5
...........................................................


WIND (MPH)
  RESULTANT WIND SPEED  15   RESULTANT WIND DIRECTION   N (10)
  HIGHEST WIND SPEED    26   HIGHEST WIND DIRECTION     N (10)
  HIGHEST GUST SPEED    33   HIGHEST GUST DIRECTION     N (10)


SKY COVER
  POSSIBLE SUNSHINE  MM
  AVERAGE SKY COVER 0.0


WEATHER CONDITIONS
 THE FOLLOWING WEATHER WAS RECORDED TODAY.
  NO SIGNIFICANT WEATHER WAS OBSERVED.


RELATIVE HUMIDITY (PERCENT)
 HIGHEST    43
 LOWEST     20
 AVERAGE    32

..........................................................


THE REDDING AIRPORT CA CLIMATE NORMALS FOR TOMORROW
                         NORMAL    RECORD    YEAR
 MAXIMUM TEMPERATURE (F)   76        95      2015
 MINIMUM TEMPERATURE (F)   50        36      1988


SUNRISE AND SUNSET
APRIL 30 2016.........SUNRISE   609 AM PDT   SUNSET   805 PM PDT
MAY  1 2016...........SUNRISE   607 AM PDT   SUNSET   806 PM PDT


-  INDICATES NEGATIVE NUMBERS.
R  INDICATES RECORD WAS SET OR TIED.
MM INDICATES DATA IS MISSING.
T  INDICATES TRACE AMOUNT.

&&
....................................................................

REDDING CITY CLIMATE DATA FOR APRIL 30

CLIMATE RECORD PERIOD 1897-1986

RECORD HIGH..............     93 IN 1945
RECORD LOW...............     33 IN 1913

RECORD RAINFALL..........   2.02 IN 1934

$$

NNNN
