929
CDUS46 KSTO 220845
CLIRDD

CLIMATE REPORT
NATIONAL WEATHER SERVICE SACRAMENTO, CA
1240 AM PST SUN JAN 22 2017


.........................................................

...THE REDDING AIRPORT CA CLIMATE SUMMARY FOR JANUARY 21 2017...

CLIMATE NORMAL PERIOD 1981 TO 2010
CLIMATE RECORD PERIOD 1986 TO 2017


WEATHER ITEM   OBSERVED RECORD YEAR NORMAL DEPARTURE LAST
                VALUE   VALUE       VALUE  FROM      YEAR
                                           NORMAL
...........................................................
TEMPERATURE (F)
 YESTERDAY
  MAXIMUM         51     77    2011  56     -5       57
  MINIMUM         45     25    1990  37      8       47
                               1987
  AVERAGE         48

PRECIPITATION (IN)
  YESTERDAY        0.55   1.99 1993   0.19   0.36     0.21
  MONTH TO DATE   10.77               4.15   6.62     9.73
  SINCE OCT 1     29.50              17.00  12.50    19.59
  SINCE JAN 1     10.77               4.15   6.62     9.73

SNOWFALL (IN)
  YESTERDAY       MM     MM      MM  MM              MM
  MONTH TO DATE    3.0               MM               0.0
  SINCE DEC 1      3.0               MM               0.0
  SINCE JUL 1      3.0               MM               0.0

DEGREE DAYS
 HEATING
  YESTERDAY       17

 COOLING
  YESTERDAY        0
...........................................................


WIND (MPH)
  RESULTANT WIND SPEED  18   RESULTANT WIND DIRECTION   S (180)
  HIGHEST WIND SPEED    33   HIGHEST WIND DIRECTION     S (160)
  HIGHEST GUST SPEED    42   HIGHEST GUST DIRECTION     S (160)


SKY COVER
  POSSIBLE SUNSHINE  MM
  AVERAGE SKY COVER 1.0


WEATHER CONDITIONS
 THE FOLLOWING WEATHER WAS RECORDED YESTERDAY.
  RAIN
  LIGHT RAIN
  FOG


RELATIVE HUMIDITY (PERCENT)
 HIGHEST    93
 LOWEST     77
 AVERAGE    85

..........................................................


THE REDDING AIRPORT CA CLIMATE NORMALS FOR TODAY
                         NORMAL    RECORD    YEAR
 MAXIMUM TEMPERATURE (F)   56        77      2014
 MINIMUM TEMPERATURE (F)   37        25      2002


SUNRISE AND SUNSET
JANUARY 22 2017.......SUNRISE   727 AM PST   SUNSET   516 PM PST
JANUARY 23 2017.......SUNRISE   726 AM PST   SUNSET   517 PM PST


-  INDICATES NEGATIVE NUMBERS.
R  INDICATES RECORD WAS SET OR TIED.
MM INDICATES DATA IS MISSING.
T  INDICATES TRACE AMOUNT.

&&
....................................................................

REDDING CITY CLIMATE DATA FOR JANUARY 21

CLIMATE RECORD PERIOD 1897-1986

RECORD HIGH..............     78 IN 1968
RECORD LOW...............     20 IN 1962

RECORD RAINFALL..........   3.13 IN 1970

$$

NNNN
