000
CDUS46 KSTO 010836
CLIRDD

CLIMATE REPORT
NATIONAL WEATHER SERVICE SACRAMENTO, CA
134 AM PDT WED JUL 1 2015


...................................

...THE REDDING AIRPORT CA CLIMATE SUMMARY FOR JUNE 30 2015...

CLIMATE NORMAL PERIOD 1981 TO 2010
CLIMATE RECORD PERIOD 1986 TO 2015


WEATHER ITEM   OBSERVED RECORD YEAR NORMAL DEPARTURE LAST
                VALUE   VALUE       VALUE  FROM      YEAR
                                           NORMAL
...........................................................
TEMPERATURE (F)
 YESTERDAY
  MAXIMUM        113R   111    2014  95     18      111
  MINIMUM         69     52    1997  65      4       77
  AVERAGE         91

PRECIPITATION (IN)
  YESTERDAY        0.00   0.26 1997   0.00   0.00     0.00
  MONTH TO DATE    0.57               0.69  -0.12     0.00
  SINCE OCT 1     23.04              33.71 -10.67    16.38
  SINCE JAN 1      6.79              20.86 -14.07    14.27

SNOWFALL (IN)
  YESTERDAY        0.0   MM      MM  MM               0.0
  MONTH TO DATE    0.0               MM               0.0
  SINCE JUN 1      0.0               MM               0.0
  SINCE JUL 1      0.0               MM               5.0

DEGREE DAYS
 HEATING
  YESTERDAY        0

 COOLING
  YESTERDAY       26
...........................................................


WIND (MPH)
  RESULTANT WIND SPEED   1   RESULTANT WIND DIRECTION  NW (330)
  HIGHEST WIND SPEED    16   HIGHEST WIND DIRECTION     S (180)
  HIGHEST GUST SPEED    19   HIGHEST GUST DIRECTION     N (360)


SKY COVER
  POSSIBLE SUNSHINE  MM
  AVERAGE SKY COVER 0.0


WEATHER CONDITIONS
 THE FOLLOWING WEATHER WAS RECORDED YESTERDAY.
  HAZE


RELATIVE HUMIDITY (PERCENT)
 HIGHEST    51
 LOWEST      5
 AVERAGE    28

..........................................................


THE REDDING AIRPORT CA CLIMATE NORMALS FOR TODAY
                         NORMAL    RECORD    YEAR
 MAXIMUM TEMPERATURE (F)   95       110      2013
 MINIMUM TEMPERATURE (F)   65        55      1989


SUNRISE AND SUNSET
JULY  1 2015..........SUNRISE   542 AM PDT   SUNSET   844 PM PDT
JULY  2 2015..........SUNRISE   543 AM PDT   SUNSET   843 PM PDT


-  INDICATES NEGATIVE NUMBERS.
R  INDICATES RECORD WAS SET OR TIED.
MM INDICATES DATA IS MISSING.
T  INDICATES TRACE AMOUNT.

&&
....................................................................

REDDING CITY CLIMATE DATA FOR JUNE 30

CLIMATE RECORD PERIOD 1897-1986

RECORD HIGH..............    112 IN 1950
RECORD LOW...............     48 IN 1949

RECORD RAINFALL..........   0.65 IN 1916

$$
