000
CDUS46 KSTO 280845
CLIRDD

CLIMATE REPORT
NATIONAL WEATHER SERVICE SACRAMENTO, CA
142 AM PDT FRI APR 28 2017


.........................................................

...THE REDDING AIRPORT CA CLIMATE SUMMARY FOR APRIL 27 2017...

CLIMATE NORMAL PERIOD 1981 TO 2010
CLIMATE RECORD PERIOD 1986 TO 2017


WEATHER ITEM   OBSERVED RECORD YEAR NORMAL DEPARTURE LAST
                VALUE   VALUE       VALUE  FROM      YEAR
                                           NORMAL
...........................................................
TEMPERATURE (F)
 YESTERDAY
  MAXIMUM         73     94    2004  74     -1       69
  MINIMUM         43     39    2012  48     -5       49
                               1991
  AVERAGE         58

PRECIPITATION (IN)
  YESTERDAY        0.00   0.48 1995   0.08  -0.08     0.02
  MONTH TO DATE    3.89               2.27   1.62     3.25
  SINCE OCT 1     46.19              30.96  15.23    37.06
  SINCE JAN 1     27.46              18.11   9.35    27.20

SNOWFALL (IN)
  YESTERDAY        0.0   MM      MM  MM              MM
  MONTH TO DATE    0.0               MM               0.0
  SINCE MAR 1      0.0               MM               0.0
  SINCE JUL 1      3.0               MM               0.0

DEGREE DAYS
 HEATING
  YESTERDAY        7

 COOLING
  YESTERDAY        0
...........................................................


WIND (MPH)
  RESULTANT WIND SPEED   2   RESULTANT WIND DIRECTION   N (360)
  HIGHEST WIND SPEED    16   HIGHEST WIND DIRECTION     N (20)
  HIGHEST GUST SPEED    20   HIGHEST GUST DIRECTION     N (20)


SKY COVER
  POSSIBLE SUNSHINE  MM
  AVERAGE SKY COVER 0.1


WEATHER CONDITIONS
 THE FOLLOWING WEATHER WAS RECORDED YESTERDAY.
  NO SIGNIFICANT WEATHER WAS OBSERVED.


RELATIVE HUMIDITY (PERCENT)
 HIGHEST   100
 LOWEST     22
 AVERAGE    61

..........................................................


THE REDDING AIRPORT CA CLIMATE NORMALS FOR TODAY
                         NORMAL    RECORD    YEAR
 MAXIMUM TEMPERATURE (F)   74        92      2013
                                             2006
 MINIMUM TEMPERATURE (F)   49        40      2010


SUNRISE AND SUNSET
APRIL 28 2017.........SUNRISE   612 AM PDT   SUNSET   802 PM PDT
APRIL 29 2017.........SUNRISE   610 AM PDT   SUNSET   803 PM PDT


-  INDICATES NEGATIVE NUMBERS.
R  INDICATES RECORD WAS SET OR TIED.
MM INDICATES DATA IS MISSING.
T  INDICATES TRACE AMOUNT.


&&
....................................................................

REDDING CITY CLIMATE DATA FOR APRIL 27

CLIMATE RECORD PERIOD 1897-1986

RECORD HIGH..............     97 IN 1926
RECORD LOW...............     34 IN 1970

RECORD RAINFALL..........   2.74 IN 1904

$$

NNNN
