000
CDUS46 KSTO 240836
CLIRDD

CLIMATE REPORT
NATIONAL WEATHER SERVICE SACRAMENTO, CA
135 AM PDT SUN MAY 24 2015


...................................

...THE REDDING AIRPORT CA CLIMATE SUMMARY FOR MAY 23 2015...

CLIMATE NORMAL PERIOD 1981 TO 2010
CLIMATE RECORD PERIOD 1986 TO 2015


WEATHER ITEM   OBSERVED RECORD YEAR NORMAL DEPARTURE LAST
                VALUE   VALUE       VALUE  FROM      YEAR
                                           NORMAL
...........................................................
TEMPERATURE (F)
 YESTERDAY
  MAXIMUM         82    101    2000  83     -1       94
  MINIMUM         59     40    2010  56      3       59
  AVERAGE         71

PRECIPITATION (IN)
  YESTERDAY        0.00   1.08 1990   0.06  -0.06     0.00
  MONTH TO DATE    0.34               1.39  -1.05     0.15
  SINCE OCT 1     22.47              32.56 -10.09    16.38
  SINCE JAN 1      6.22              19.71 -13.49    14.27

SNOWFALL (IN)
  YESTERDAY        0.0   MM      MM  MM               0.0
  MONTH TO DATE    0.0               MM               0.0
  SINCE MAR 1      0.0               MM               0.0
  SINCE JUL 1      0.0               MM               5.0

DEGREE DAYS
 HEATING
  YESTERDAY        0

 COOLING
  YESTERDAY        6
...........................................................


WIND (MPH)
  RESULTANT WIND SPEED   5   RESULTANT WIND DIRECTION   S (190)
  HIGHEST WIND SPEED    13   HIGHEST WIND DIRECTION     S (180)
  HIGHEST GUST SPEED    16   HIGHEST GUST DIRECTION    SE (150)


SKY COVER
  POSSIBLE SUNSHINE  MM
  AVERAGE SKY COVER 0.3


WEATHER CONDITIONS
 THE FOLLOWING WEATHER WAS RECORDED YESTERDAY.
  NO SIGNIFICANT WEATHER WAS OBSERVED.


RELATIVE HUMIDITY (PERCENT)
 HIGHEST    72
 LOWEST     24
 AVERAGE    48

..........................................................


THE REDDING AIRPORT CA CLIMATE NORMALS FOR TODAY
                         NORMAL    RECORD    YEAR
 MAXIMUM TEMPERATURE (F)   84       100      1994
 MINIMUM TEMPERATURE (F)   56        40      1990


SUNRISE AND SUNSET
MAY 24 2015...........SUNRISE   545 AM PDT   SUNSET   827 PM PDT
MAY 25 2015...........SUNRISE   545 AM PDT   SUNSET   828 PM PDT


-  INDICATES NEGATIVE NUMBERS.
R  INDICATES RECORD WAS SET OR TIED.
MM INDICATES DATA IS MISSING.
T  INDICATES TRACE AMOUNT.

&&
....................................................................

REDDING CITY CLIMATE DATA FOR MAY 23

CLIMATE RECORD PERIOD 1897-1986

RECORD HIGH..............    100 IN 1967
RECORD LOW...............     42 IN 1946

RECORD RAINFALL..........   1.01 IN 1903

$$
