000
CDUS41 KPHI 022129
CLIRDG


CLIMATE REPORT
NATIONAL WEATHER SERVICE MOUNT HOLLY NJ
527 PM EDT THU JUL 2 2015


...................................

...THE READING PA CLIMATE SUMMARY FOR JULY 2 2015...
VALID TODAY AS OF 0500 PM LOCAL TIME.

CLIMATE NORMAL PERIOD 1981 TO 2010
CLIMATE RECORD PERIOD 1869 TO 2015


WEATHER ITEM   OBSERVED TIME   RECORD YEAR NORMAL DEPARTURE LAST
                VALUE   (LST)  VALUE       VALUE  FROM      YEAR
                                                  NORMAL
..................................................................
TEMPERATURE (F)
 TODAY
  MAXIMUM         77    326 PM 102    1966  85     -8       94
  MINIMUM         60    413 AM  50    2007  64     -4       73
                                      1982
  AVERAGE         69                        74     -5       84

PRECIPITATION (IN)
  TODAY            0.00          2.10 1981   0.13  -0.13     1.43
  MONTH TO DATE    0.20                      0.26  -0.06     1.43
  SINCE JUN 1      6.42                      4.04   2.38     5.22
  SINCE JAN 1     18.33                     21.06  -2.73    24.04

SNOWFALL (IN)
  TODAY           MM            MM      MM  MM     MM       MM
  MONTH TO DATE   MM                        MM     MM       MM
  SINCE JUN 1     MM                        MM     MM       MM
  SINCE JUL 1     MM                        MM     MM       MM
  SNOW DEPTH      MM

DEGREE DAYS
 HEATING
  TODAY            0                         0      0        0
  MONTH TO DATE    0                         0      0        0
  SINCE JUN 1     21                        24     -3        1
  SINCE JUL 1      0                         0      0        0

 COOLING
  TODAY            4                         9     -5       19
  MONTH TO DATE   12                        18     -6       36
  SINCE JUN 1    237                       207     30      264
  SINCE JAN 1    396                       267    129      326
..................................................................


WIND (MPH)
  HIGHEST WIND SPEED     9   HIGHEST WIND DIRECTION     S (170)
  HIGHEST GUST SPEED    12   HIGHEST GUST DIRECTION     S (200)
  AVERAGE WIND SPEED     1.6


SKY COVER
  POSSIBLE SUNSHINE  MM
  AVERAGE SKY COVER 0.3


WEATHER CONDITIONS
 THE FOLLOWING WEATHER WAS RECORDED TODAY.
  FOG
  HAZE


RELATIVE HUMIDITY (PERCENT)
 HIGHEST    90           300 AM
 LOWEST     50          1100 AM
 AVERAGE    70

..........................................................


THE READING PA CLIMATE NORMALS FOR TOMORROW
                         NORMAL    RECORD    YEAR
 MAXIMUM TEMPERATURE (F)   85       103      1966
                                             1898
 MINIMUM TEMPERATURE (F)   64        49      1977


SUNRISE AND SUNSET
JULY  2 2015..........SUNRISE   538 AM EDT   SUNSET   838 PM EDT
JULY  3 2015..........SUNRISE   538 AM EDT   SUNSET   838 PM EDT


-  INDICATES NEGATIVE NUMBERS.
R  INDICATES RECORD WAS SET OR TIED.
MM INDICATES DATA IS MISSING.
T  INDICATES TRACE AMOUNT.




$$
