000
CDUS41 KPHI 040628
CLIRDG


CLIMATE REPORT
NATIONAL WEATHER SERVICE MOUNT HOLLY NJ
228 AM EDT TUE AUG 4 2015


...................................

...THE READING PA CLIMATE SUMMARY FOR AUGUST 3 2015...

CLIMATE NORMAL PERIOD 1981 TO 2010
CLIMATE RECORD PERIOD 1869 TO 2015


WEATHER ITEM   OBSERVED TIME   RECORD YEAR NORMAL DEPARTURE LAST
                VALUE   (LST)  VALUE       VALUE  FROM      YEAR
                                                  NORMAL
..................................................................
TEMPERATURE (F)
 YESTERDAY
  MAXIMUM         89    247 PM  97    2006  85      4       75
                                      2002
                                      1930
  MINIMUM         65    438 AM  53    1976  64      1       68
  AVERAGE         77                        74      3       72

PRECIPITATION (IN)
  YESTERDAY        T             3.72 1885   0.11  -0.11     0.04
  MONTH TO DATE    T                         0.36  -0.36     0.05
  SINCE JUN 1     10.02                      8.66   1.36     8.79
  SINCE JAN 1     21.93                     25.68  -3.75    27.61

SNOWFALL (IN)
  YESTERDAY       MM            MM      MM  MM     MM       MM
  MONTH TO DATE   MM                        MM     MM       MM
  SINCE JUN 1     MM                        MM     MM       MM
  SINCE JUL 1     MM                        MM     MM       MM
  SNOW DEPTH      MM

DEGREE DAYS
 HEATING
  YESTERDAY        0                         0      0        0
  MONTH TO DATE    0                         0      0        0
  SINCE JUN 1     21                        25     -4        1
  SINCE JUL 1      0                         1     -1        0

 COOLING
  YESTERDAY       12                         9      3        7
  MONTH TO DATE   32                        27      5       25
  SINCE JUN 1    583                       519     64      562
  SINCE JAN 1    742                       579    163      624
..................................................................


WIND (MPH)
  HIGHEST WIND SPEED    17   HIGHEST WIND DIRECTION    SW (220)
  HIGHEST GUST SPEED    24   HIGHEST GUST DIRECTION    SW (230)
  AVERAGE WIND SPEED     6.5


SKY COVER
  POSSIBLE SUNSHINE  MM
  AVERAGE SKY COVER 0.2


WEATHER CONDITIONS
 THE FOLLOWING WEATHER WAS RECORDED YESTERDAY.
  THUNDERSTORM
  LIGHT RAIN


RELATIVE HUMIDITY (PERCENT)
 HIGHEST    84          1100 PM
 LOWEST     45           400 PM
 AVERAGE    65

..........................................................


THE READING PA CLIMATE NORMALS FOR TODAY
                         NORMAL    RECORD    YEAR
 MAXIMUM TEMPERATURE (F)   85        98      1944
                                             1930
 MINIMUM TEMPERATURE (F)   64        51      1912


SUNRISE AND SUNSET
AUGUST  4 2015........SUNRISE   604 AM EDT   SUNSET   815 PM EDT
AUGUST  5 2015........SUNRISE   605 AM EDT   SUNSET   814 PM EDT


-  INDICATES NEGATIVE NUMBERS.
R  INDICATES RECORD WAS SET OR TIED.
MM INDICATES DATA IS MISSING.
T  INDICATES TRACE AMOUNT.




$$
