000
CDUS41 KPHI 270634
CLIRDG


CLIMATE REPORT
NATIONAL WEATHER SERVICE MOUNT HOLLY NJ
233 AM EDT SAT MAY 27 2017


...................................

...THE READING PA CLIMATE SUMMARY FOR MAY 26 2017...

CLIMATE NORMAL PERIOD 1981 TO 2010
CLIMATE RECORD PERIOD 1869 TO 2017


WEATHER ITEM   OBSERVED TIME   RECORD YEAR NORMAL DEPARTURE LAST
                VALUE   (LST)  VALUE       VALUE  FROM      YEAR
                                                  NORMAL
..................................................................
TEMPERATURE (F)
 YESTERDAY
  MAXIMUM         75    332 PM  94    1914  75      0       89
  MINIMUM         58    529 AM  38    1972  53      5       58
  AVERAGE         67                        64      3       74

PRECIPITATION (IN)
  YESTERDAY        0.01          1.84 1997   0.18  -0.17     0.00
  MONTH TO DATE    3.22                      3.42  -0.20     3.12
  SINCE MAR 1      9.53                     10.67  -1.14     5.93
  SINCE JAN 1     12.92                     16.20  -3.28    12.74

DEGREE DAYS
 HEATING
  YESTERDAY        0                         3     -3        0
  MONTH TO DATE  165                       156      9      192
  SINCE MAR 1   1193                      1312   -119     1147
  SINCE JUL 1   4555                      5354   -799     4494

 COOLING
  YESTERDAY        2                         3     -1        9
  MONTH TO DATE   41                        38      3       17
  SINCE MAR 1     68                        47     21       30
  SINCE JAN 1     68                        47     21       30
..................................................................


WIND (MPH)
  HIGHEST WIND SPEED    24   HIGHEST WIND DIRECTION     W (290)
  HIGHEST GUST SPEED    31   HIGHEST GUST DIRECTION     W (280)
  AVERAGE WIND SPEED    10.9


SKY COVER
  POSSIBLE SUNSHINE  MM
  AVERAGE SKY COVER 0.7


WEATHER CONDITIONS
 THE FOLLOWING WEATHER WAS RECORDED YESTERDAY.
  LIGHT RAIN


RELATIVE HUMIDITY (PERCENT)
 HIGHEST   100           100 AM
 LOWEST     49           400 PM
 AVERAGE    75

..........................................................


THE READING PA CLIMATE NORMALS FOR TODAY
                         NORMAL    RECORD    YEAR
 MAXIMUM TEMPERATURE (F)   76        93      1914
 MINIMUM TEMPERATURE (F)   54        35      1972


SUNRISE AND SUNSET
MAY 27 2017...........SUNRISE   538 AM EDT   SUNSET   824 PM EDT
MAY 28 2017...........SUNRISE   538 AM EDT   SUNSET   825 PM EDT


-  INDICATES NEGATIVE NUMBERS.
R  INDICATES RECORD WAS SET OR TIED.
MM INDICATES DATA IS MISSING.
T  INDICATES TRACE AMOUNT.




$$
