000
CDUS41 KPHI 290630
CLIRDG


CLIMATE REPORT
NATIONAL WEATHER SERVICE MOUNT HOLLY NJ
229 AM EDT SUN MAR 29 2015


...................................

...THE READING PA CLIMATE SUMMARY FOR MARCH 28 2015...

CLIMATE NORMAL PERIOD 1981 TO 2010
CLIMATE RECORD PERIOD 1869 TO 2015


WEATHER ITEM   OBSERVED TIME   RECORD YEAR NORMAL DEPARTURE LAST
                VALUE   (LST)  VALUE       VALUE  FROM      YEAR
                                                  NORMAL
..................................................................
TEMPERATURE (F)
 YESTERDAY
  MAXIMUM         38    231 PM  85    1945  55    -17       61
  MINIMUM         25   1159 PM  17    1923  35    -10       35
  AVERAGE         32                        45    -13       48

PRECIPITATION (IN)
  YESTERDAY        0.00          1.88 1932   0.13  -0.13     0.07
  MONTH TO DATE    4.78                      3.07   1.71     0.73
  SINCE MAR 1      4.78                      3.07   1.71     0.73
  SINCE JAN 1      8.52                      8.60  -0.08     7.41

SNOWFALL (IN)
  YESTERDAY       MM            MM      MM  MM     MM       MM
  MONTH TO DATE   MM                        MM     MM       MM
  SINCE MAR 1     MM                        MM     MM       MM
  SINCE JUL 1     MM                        MM     MM       MM
  SNOW DEPTH      MM

DEGREE DAYS
 HEATING
  YESTERDAY       33                        20     13       17
  MONTH TO DATE  843                       685    158      859
  SINCE MAR 1    843                       685    158      859
  SINCE JUL 1   5148                      4727    421     5169

 COOLING
  YESTERDAY        0                         0      0        0
  MONTH TO DATE    0                         0      0        0
  SINCE MAR 1      0                         0      0        0
  SINCE JAN 1      0                         0      0        0
..................................................................


WIND (MPH)
  HIGHEST WIND SPEED    25   HIGHEST WIND DIRECTION    NW (320)
  HIGHEST GUST SPEED    34   HIGHEST GUST DIRECTION    NW (320)
  AVERAGE WIND SPEED    14.3


SKY COVER
  POSSIBLE SUNSHINE  MM
  AVERAGE SKY COVER 0.9


WEATHER CONDITIONS
 THE FOLLOWING WEATHER WAS RECORDED YESTERDAY.
  NO SIGNIFICANT WEATHER WAS OBSERVED.


RELATIVE HUMIDITY (PERCENT)
 HIGHEST    64           100 AM
 LOWEST     35           200 PM
 AVERAGE    50

..........................................................


THE READING PA CLIMATE NORMALS FOR TODAY
                         NORMAL    RECORD    YEAR
 MAXIMUM TEMPERATURE (F)   56        87      1907
 MINIMUM TEMPERATURE (F)   36        12      1923


SUNRISE AND SUNSET
MARCH 29 2015.........SUNRISE   653 AM EDT   SUNSET   725 PM EDT
MARCH 30 2015.........SUNRISE   651 AM EDT   SUNSET   726 PM EDT


-  INDICATES NEGATIVE NUMBERS.
R  INDICATES RECORD WAS SET OR TIED.
MM INDICATES DATA IS MISSING.
T  INDICATES TRACE AMOUNT.




$$
