000
CDUS41 KPHI 060627
CLIRDG


CLIMATE REPORT
NATIONAL WEATHER SERVICE MOUNT HOLLY NJ
227 AM EDT FRI MAY 6 2016


...................................

...THE READING PA CLIMATE SUMMARY FOR MAY 5 2016...

CLIMATE NORMAL PERIOD 1981 TO 2010
CLIMATE RECORD PERIOD 1869 TO 2016


WEATHER ITEM   OBSERVED TIME   RECORD YEAR NORMAL DEPARTURE LAST
                VALUE   (LST)  VALUE       VALUE  FROM      YEAR
                                                  NORMAL
..................................................................
TEMPERATURE (F)
 YESTERDAY
  MAXIMUM         59    524 PM  92    1949  69    -10       81
  MINIMUM         48    635 AM  29    1974  46      2       55
  AVERAGE         54                        58     -4       68

PRECIPITATION (IN)
  YESTERDAY        0.03          1.57 1948   0.12  -0.09      T
  MONTH TO DATE    0.95                      0.59   0.36      T
  SINCE MAR 1      3.76                      7.84  -4.08     6.51
  SINCE JAN 1     10.57                     13.37  -2.80    10.25

SNOWFALL (IN)
  YESTERDAY       MM            MM      MM  MM     MM       MM
  MONTH TO DATE   MM                        MM     MM       MM
  SINCE MAR 1     MM                        MM     MM       MM
  SINCE JUL 1     MM                        MM     MM       MM
  SNOW DEPTH      MM

DEGREE DAYS
 HEATING
  YESTERDAY       11                         8      3        0
  MONTH TO DATE   60                        42     18       17
  SINCE MAR 1   1015                      1198   -183     1306
  SINCE JUL 1   4362                      5240   -878     5611

 COOLING
  YESTERDAY        0                         1     -1        3
  MONTH TO DATE    0                         5     -5        6
  SINCE MAR 1     13                        14     -1        6
  SINCE JAN 1     13                        14     -1        6
..................................................................


WIND (MPH)
  HIGHEST WIND SPEED    15   HIGHEST WIND DIRECTION    NE (30)
  HIGHEST GUST SPEED    20   HIGHEST GUST DIRECTION    NE (30)
  AVERAGE WIND SPEED     6.4


SKY COVER
  POSSIBLE SUNSHINE  MM
  AVERAGE SKY COVER 1.0


WEATHER CONDITIONS
 THE FOLLOWING WEATHER WAS RECORDED YESTERDAY.
  LIGHT RAIN
  FOG


RELATIVE HUMIDITY (PERCENT)
 HIGHEST    93           200 AM
 LOWEST     62           400 PM
 AVERAGE    78

..........................................................


THE READING PA CLIMATE NORMALS FOR TODAY
                         NORMAL    RECORD    YEAR
 MAXIMUM TEMPERATURE (F)   70        91      1949
 MINIMUM TEMPERATURE (F)   47        35      1992


SUNRISE AND SUNSET
MAY  6 2016...........SUNRISE   557 AM EDT   SUNSET   805 PM EDT
MAY  7 2016...........SUNRISE   555 AM EDT   SUNSET   806 PM EDT


-  INDICATES NEGATIVE NUMBERS.
R  INDICATES RECORD WAS SET OR TIED.
MM INDICATES DATA IS MISSING.
T  INDICATES TRACE AMOUNT.




$$
