000
CDUS41 KPHI 212129
CLIRDG


CLIMATE REPORT
NATIONAL WEATHER SERVICE MOUNT HOLLY NJ
427 PM EST TUE NOV 21 2017


...................................

...THE READING PA CLIMATE SUMMARY FOR NOVEMBER 21 2017...
VALID TODAY AS OF 0400 PM LOCAL TIME.

CLIMATE NORMAL PERIOD 1981 TO 2010
CLIMATE RECORD PERIOD 1869 TO 2017


WEATHER ITEM   OBSERVED TIME   RECORD YEAR NORMAL DEPARTURE LAST
                VALUE   (LST)  VALUE       VALUE  FROM      YEAR
                                                  NORMAL
..................................................................
TEMPERATURE (F)
 TODAY
  MAXIMUM         56    326 PM  75    1900  51      5       43
  MINIMUM         28    543 AM  18    1903  33     -5       36
  AVERAGE         42                        42      0       40

PRECIPITATION (IN)
  TODAY            0.00          2.40 1952   0.11  -0.11      T
  MONTH TO DATE    1.78                      2.28  -0.50     0.47
  SINCE SEP 1      8.32                      9.84  -1.52     6.00
  SINCE JAN 1     41.76                     38.80   2.96    30.51

DEGREE DAYS
 HEATING
  TODAY           23                        23      0       25
  MONTH TO DATE  440                       406     34      361
  SINCE SEP 1    688                       839   -151      662
  SINCE JUL 1    692                       844   -152      662

 COOLING
  TODAY            0                         0      0        0
  MONTH TO DATE    0                         0      0        0
  SINCE SEP 1    197                        93    104      214
  SINCE JAN 1   1086                       896    190     1356
..................................................................


WIND (MPH)
  HIGHEST WIND SPEED    16   HIGHEST WIND DIRECTION     S (200)
  HIGHEST GUST SPEED    22   HIGHEST GUST DIRECTION    SW (210)
  AVERAGE WIND SPEED     5.3


SKY COVER
  POSSIBLE SUNSHINE  MM
  AVERAGE SKY COVER 0.0


WEATHER CONDITIONS
 THE FOLLOWING WEATHER WAS RECORDED TODAY.
  NO SIGNIFICANT WEATHER WAS OBSERVED.


RELATIVE HUMIDITY (PERCENT)
 HIGHEST    92           300 AM
 LOWEST     41           200 PM
 AVERAGE    67

..........................................................


THE READING PA CLIMATE NORMALS FOR TOMORROW
                         NORMAL    RECORD    YEAR
 MAXIMUM TEMPERATURE (F)   51        73      1931
 MINIMUM TEMPERATURE (F)   33        16      1969


SUNRISE AND SUNSET
NOVEMBER 21 2017......SUNRISE   657 AM EST   SUNSET   442 PM EST
NOVEMBER 22 2017......SUNRISE   658 AM EST   SUNSET   442 PM EST


-  INDICATES NEGATIVE NUMBERS.
R  INDICATES RECORD WAS SET OR TIED.
MM INDICATES DATA IS MISSING.
T  INDICATES TRACE AMOUNT.




$$
