000
CDUS41 KPHI 302137
CLIRDG


CLIMATE REPORT
NATIONAL WEATHER SERVICE MOUNT HOLLY NJ
536 PM EDT SAT AUG 30 2014


...................................

...THE READING PA CLIMATE SUMMARY FOR AUGUST 30 2014...
VALID TODAY AS OF 0500 PM LOCAL TIME.

CLIMATE NORMAL PERIOD 1981 TO 2010
CLIMATE RECORD PERIOD 1869 TO 2014


WEATHER ITEM   OBSERVED TIME   RECORD YEAR NORMAL DEPARTURE LAST
                VALUE   (LST)  VALUE       VALUE  FROM      YEAR
                                                  NORMAL
..................................................................
TEMPERATURE (F)
 TODAY
  MAXIMUM         81    327 PM  99    1953  81      0       86
  MINIMUM         58    509 AM  42    1986  61     -3       70
  AVERAGE         70                        71     -1       78

PRECIPITATION (IN)
  TODAY            0.00          0.81 1903   0.11  -0.11     0.00
  MONTH TO DATE    2.53                      3.53  -1.00     4.44
  SINCE JUN 1     11.27                     11.83  -0.56    16.07
  SINCE JAN 1     30.09                     28.85   1.24    29.11

SNOWFALL (IN)
  TODAY           MM            MM      MM  MM     MM       MM
  MONTH TO DATE   MM                        MM     MM       MM
  SINCE JUN 1     MM                        MM     MM       MM
  SINCE JUL 1     MM                        MM     MM       MM
  SNOW DEPTH      MM

DEGREE DAYS
 HEATING
  TODAY            0                         0      0        0
  MONTH TO DATE    1                         0      1        0
  SINCE JUN 1      2                        25    -23        2
  SINCE JUL 1      1                         1      0        0

 COOLING
  TODAY            5                         6     -1       13
  MONTH TO DATE  206                       244    -38      221
  SINCE JUN 1    743                       736      7      871
  SINCE JAN 1    805                       796      9      970
..................................................................


WIND (MPH)
  HIGHEST WIND SPEED    12   HIGHEST WIND DIRECTION     S (160)
  HIGHEST GUST SPEED    16   HIGHEST GUST DIRECTION     S (160)
  AVERAGE WIND SPEED     3.9


SKY COVER
  POSSIBLE SUNSHINE  MM
  AVERAGE SKY COVER 0.6


WEATHER CONDITIONS
 THE FOLLOWING WEATHER WAS RECORDED TODAY.
  NO SIGNIFICANT WEATHER WAS OBSERVED.


RELATIVE HUMIDITY (PERCENT)
 HIGHEST    90           600 AM
 LOWEST     51           400 PM
 AVERAGE    71

..........................................................


THE READING PA CLIMATE NORMALS FOR TOMORROW
                         NORMAL    RECORD    YEAR
 MAXIMUM TEMPERATURE (F)   81       100      1953
 MINIMUM TEMPERATURE (F)   60        42      1986
                                             1976


SUNRISE AND SUNSET
AUGUST 30 2014........SUNRISE   629 AM EDT   SUNSET   739 PM EDT
AUGUST 31 2014........SUNRISE   630 AM EDT   SUNSET   737 PM EDT


-  INDICATES NEGATIVE NUMBERS.
R  INDICATES RECORD WAS SET OR TIED.
MM INDICATES DATA IS MISSING.
T  INDICATES TRACE AMOUNT.




$$
