000
CDUS41 KPHI 230631
CLIRDG


CLIMATE REPORT
NATIONAL WEATHER SERVICE MOUNT HOLLY NJ
231 AM EDT SUN APR 23 2017


...................................

...THE READING PA CLIMATE SUMMARY FOR APRIL 22 2017...

CLIMATE NORMAL PERIOD 1981 TO 2010
CLIMATE RECORD PERIOD 1869 TO 2017


WEATHER ITEM   OBSERVED TIME   RECORD YEAR NORMAL DEPARTURE LAST
                VALUE   (LST)  VALUE       VALUE  FROM      YEAR
                                                  NORMAL
..................................................................
TEMPERATURE (F)
 YESTERDAY
  MAXIMUM         57    103 AM  91    1985  65     -8       75
  MINIMUM         45   1131 PM  26    1982  43      2       55
                                      1975
  AVERAGE         51                        54     -3       65

PRECIPITATION (IN)
  YESTERDAY        0.08          1.83 2006   0.13  -0.05      T
  MONTH TO DATE    1.85                      2.87  -1.02     1.37
  SINCE MAR 1      5.87                      6.35  -0.48     2.41
  SINCE JAN 1      9.26                     11.88  -2.62     9.22

DEGREE DAYS
 HEATING
  YESTERDAY       14                        12      2        0
  MONTH TO DATE  196                       329   -133      338
  SINCE MAR 1    990                      1072    -82      871
  SINCE JUL 1   4352                      5114   -762     4218

 COOLING
  YESTERDAY        0                         0      0        0
  MONTH TO DATE    7                         0      7        6
  SINCE MAR 1      7                         0      7        9
  SINCE JAN 1      7                         0      7        9
..................................................................


WIND (MPH)
  HIGHEST WIND SPEED    13   HIGHEST WIND DIRECTION     N (10)
  HIGHEST GUST SPEED    18   HIGHEST GUST DIRECTION    NE (40)
  AVERAGE WIND SPEED     4.8


SKY COVER
  POSSIBLE SUNSHINE  MM
  AVERAGE SKY COVER 0.8


WEATHER CONDITIONS
 THE FOLLOWING WEATHER WAS RECORDED YESTERDAY.
  LIGHT RAIN
  FOG


RELATIVE HUMIDITY (PERCENT)
 HIGHEST   100           200 AM
 LOWEST     63           900 PM
 AVERAGE    82

..........................................................


THE READING PA CLIMATE NORMALS FOR TODAY
                         NORMAL    RECORD    YEAR
 MAXIMUM TEMPERATURE (F)   65        91      1960
 MINIMUM TEMPERATURE (F)   43        26      1982


SUNRISE AND SUNSET
APRIL 23 2017.........SUNRISE   614 AM EDT   SUNSET   751 PM EDT
APRIL 24 2017.........SUNRISE   612 AM EDT   SUNSET   752 PM EDT


-  INDICATES NEGATIVE NUMBERS.
R  INDICATES RECORD WAS SET OR TIED.
MM INDICATES DATA IS MISSING.
T  INDICATES TRACE AMOUNT.




$$
