000
CDUS41 KPHI 230631
CLIRDG


CLIMATE REPORT
NATIONAL WEATHER SERVICE MOUNT HOLLY NJ
230 AM EDT SAT MAY 23 2015


...................................

...THE READING PA CLIMATE SUMMARY FOR MAY 22 2015...

CLIMATE NORMAL PERIOD 1981 TO 2010
CLIMATE RECORD PERIOD 1869 TO 2015


WEATHER ITEM   OBSERVED TIME   RECORD YEAR NORMAL DEPARTURE LAST
                VALUE   (LST)  VALUE       VALUE  FROM      YEAR
                                                  NORMAL
..................................................................
TEMPERATURE (F)
 YESTERDAY
  MAXIMUM         74    340 PM  95    1941  74      0       82
  MINIMUM         45    426 AM  35    2002  52     -7       58
  AVERAGE         60                        63     -3       70

PRECIPITATION (IN)
  YESTERDAY        0.00          4.08 1942   0.14  -0.14     0.96
  MONTH TO DATE    0.44                      2.72  -2.28     3.06
  SINCE MAR 1      6.95                      9.97  -3.02    11.70
  SINCE JAN 1     10.69                     15.50  -4.81    18.38

SNOWFALL (IN)
  YESTERDAY       MM            MM      MM  MM     MM       MM
  MONTH TO DATE   MM                        MM     MM       MM
  SINCE MAR 1     MM                        MM     MM       MM
  SINCE JUL 1     MM                        MM     MM       MM
  SNOW DEPTH      MM

DEGREE DAYS
 HEATING
  YESTERDAY        5                         4      1        0
  MONTH TO DATE   58                       141    -83       94
  SINCE MAR 1   1347                      1297     50     1424
  SINCE JUL 1   5652                      5339    313     5734

 COOLING
  YESTERDAY        0                         2     -2        5
  MONTH TO DATE   77                        29     48       31
  SINCE MAR 1     77                        38     39       40
  SINCE JAN 1     77                        38     39       40
..................................................................


WIND (MPH)
  HIGHEST WIND SPEED    29   HIGHEST WIND DIRECTION     W (290)
  HIGHEST GUST SPEED    40   HIGHEST GUST DIRECTION     W (260)
  AVERAGE WIND SPEED    12.5


SKY COVER
  POSSIBLE SUNSHINE  MM
  AVERAGE SKY COVER 0.3


WEATHER CONDITIONS
 THE FOLLOWING WEATHER WAS RECORDED YESTERDAY.
  NO SIGNIFICANT WEATHER WAS OBSERVED.


RELATIVE HUMIDITY (PERCENT)
 HIGHEST    86           400 AM
 LOWEST     16           800 PM
 AVERAGE    51

..........................................................


THE READING PA CLIMATE NORMALS FOR TODAY
                         NORMAL    RECORD    YEAR
 MAXIMUM TEMPERATURE (F)   74        95      1925
 MINIMUM TEMPERATURE (F)   52        37      1971


SUNRISE AND SUNSET
MAY 23 2015...........SUNRISE   541 AM EDT   SUNSET   820 PM EDT
MAY 24 2015...........SUNRISE   541 AM EDT   SUNSET   821 PM EDT


-  INDICATES NEGATIVE NUMBERS.
R  INDICATES RECORD WAS SET OR TIED.
MM INDICATES DATA IS MISSING.
T  INDICATES TRACE AMOUNT.




$$
