000
CDUS41 KPHI 210546
CLIRDG


CLIMATE REPORT
NATIONAL WEATHER SERVICE MOUNT HOLLY NJ
144 AM EDT THU SEP 21 2017


...................................

...THE READING PA CLIMATE SUMMARY FOR SEPTEMBER 20 2017...

CLIMATE NORMAL PERIOD 1981 TO 2010
CLIMATE RECORD PERIOD 1869 TO 2017


WEATHER ITEM   OBSERVED TIME   RECORD YEAR NORMAL DEPARTURE LAST
                VALUE   (LST)  VALUE       VALUE  FROM      YEAR
                                                  NORMAL
..................................................................
TEMPERATURE (F)
 YESTERDAY
  MAXIMUM         87    159 PM  93    1983  74     13       83
  MINIMUM         65   1159 PM  38    1993  53     12       66
                                      1979
  AVERAGE         76                        64     12       75

PRECIPITATION (IN)
  YESTERDAY        0.00          2.38 1894   0.16  -0.16     0.00
  MONTH TO DATE    3.61                      2.66   0.95     2.47
  SINCE SEP 1      3.61                      2.66   0.95     2.47
  SINCE JAN 1     37.05                     31.62   5.43    26.98

DEGREE DAYS
 HEATING
  YESTERDAY        0                         3     -3        0
  MONTH TO DATE   39                        24     15        0
  SINCE SEP 1     39                        24     15        0
  SINCE JUL 1     43                        29     14        0

 COOLING
  YESTERDAY       11                         2      9       10
  MONTH TO DATE   70                        73     -3      171
  SINCE SEP 1     70                        73     -3      171
  SINCE JAN 1    959                       876     83     1313
..................................................................


WIND (MPH)
  HIGHEST WIND SPEED    15   HIGHEST WIND DIRECTION    NW (320)
  HIGHEST GUST SPEED    19   HIGHEST GUST DIRECTION    NW (330)
  AVERAGE WIND SPEED     5.7


SKY COVER
  POSSIBLE SUNSHINE  MM
  AVERAGE SKY COVER 0.2


WEATHER CONDITIONS
 THE FOLLOWING WEATHER WAS RECORDED YESTERDAY.
  NO SIGNIFICANT WEATHER WAS OBSERVED.


RELATIVE HUMIDITY (PERCENT)
 HIGHEST    93          1100 PM
 LOWEST     45           200 PM
 AVERAGE    69

..........................................................


THE READING PA CLIMATE NORMALS FOR TODAY
                         NORMAL    RECORD    YEAR
 MAXIMUM TEMPERATURE (F)   74        94      1931
 MINIMUM TEMPERATURE (F)   53        38      1956


SUNRISE AND SUNSET
SEPTEMBER 21 2017.....SUNRISE   651 AM EDT   SUNSET   702 PM EDT
SEPTEMBER 22 2017.....SUNRISE   652 AM EDT   SUNSET   701 PM EDT


-  INDICATES NEGATIVE NUMBERS.
R  INDICATES RECORD WAS SET OR TIED.
MM INDICATES DATA IS MISSING.
T  INDICATES TRACE AMOUNT.




$$
