000
CDUS41 KPHI 280628
CLIRDG


CLIMATE REPORT
NATIONAL WEATHER SERVICE MOUNT HOLLY NJ
227 AM EDT THU JUL 28 2016


...................................

...THE READING PA CLIMATE SUMMARY FOR JULY 27 2016...

CLIMATE NORMAL PERIOD 1981 TO 2010
CLIMATE RECORD PERIOD 1869 TO 2016


WEATHER ITEM   OBSERVED TIME   RECORD YEAR NORMAL DEPARTURE LAST
                VALUE   (LST)  VALUE       VALUE  FROM      YEAR
                                                  NORMAL
..................................................................
TEMPERATURE (F)
 YESTERDAY
  MAXIMUM         94    317 PM  98    1955  85      9       86
  MINIMUM         72   1141 PM  46    1977  64      8       69
  AVERAGE         83                        75      8       78

PRECIPITATION (IN)
  YESTERDAY        0.00          2.51 1897   0.14  -0.14     0.24
  MONTH TO DATE    2.05                      3.98  -1.93     2.39
  SINCE JUN 1      3.87                      7.76  -3.89     8.61
  SINCE JAN 1     17.87                     24.78  -6.91    20.52

SNOWFALL (IN)
  YESTERDAY       MM            MM      MM  MM     MM       MM
  MONTH TO DATE   MM                        MM     MM       MM
  SINCE JUN 1     MM                        MM     MM       MM
  SINCE JUL 1     MM                        MM     MM       MM
  SNOW DEPTH      MM

DEGREE DAYS
 HEATING
  YESTERDAY        0                         0      0        0
  MONTH TO DATE    0                         0      0        0
  SINCE JUN 1      9                        24    -15       21
  SINCE JUL 1      0                         0      0        0

 COOLING
  YESTERDAY       18                        10      8       13
  MONTH TO DATE  370                       267    103      272
  SINCE JUN 1    596                       456    140      497
  SINCE JAN 1    690                       516    174      656
..................................................................


WIND (MPH)
  HIGHEST WIND SPEED    13   HIGHEST WIND DIRECTION    NW (310)
  HIGHEST GUST SPEED    16   HIGHEST GUST DIRECTION    NW (330)
  AVERAGE WIND SPEED     4.0


SKY COVER
  POSSIBLE SUNSHINE  MM
  AVERAGE SKY COVER 0.1


WEATHER CONDITIONS
 THE FOLLOWING WEATHER WAS RECORDED YESTERDAY.
  NO SIGNIFICANT WEATHER WAS OBSERVED.


RELATIVE HUMIDITY (PERCENT)
 HIGHEST    79           500 AM
 LOWEST     34           200 PM
 AVERAGE    57

..........................................................


THE READING PA CLIMATE NORMALS FOR TODAY
                         NORMAL    RECORD    YEAR
 MAXIMUM TEMPERATURE (F)   85        99      1941
 MINIMUM TEMPERATURE (F)   64        46      1977


SUNRISE AND SUNSET
JULY 28 2016..........SUNRISE   558 AM EDT   SUNSET   822 PM EDT
JULY 29 2016..........SUNRISE   559 AM EDT   SUNSET   821 PM EDT


-  INDICATES NEGATIVE NUMBERS.
R  INDICATES RECORD WAS SET OR TIED.
MM INDICATES DATA IS MISSING.
T  INDICATES TRACE AMOUNT.




$$
