000
CDUS46 KPDT 310928
CLIRDM

CLIMATE REPORT
NATIONAL WEATHER SERVICE PENDLETON OR
228 AM PDT FRI JUL 31 2015


...................................

...THE REDMOND OR CLIMATE SUMMARY FOR JULY 30 2015...

CLIMATE NORMAL PERIOD 1981 TO 2010
CLIMATE RECORD PERIOD 1949 TO 2015


WEATHER ITEM   OBSERVED TIME   RECORD YEAR NORMAL DEPARTURE LAST
                VALUE   (LST)  VALUE       VALUE  FROM      YEAR
                                                  NORMAL
..................................................................
TEMPERATURE (F)
 YESTERDAY
  MAXIMUM        101R   324 PM 100    1999  88     13       97
  MINIMUM         44    449 AM  33    1981  47     -3       50
  AVERAGE         73                        68      5       74

PRECIPITATION (IN)
  YESTERDAY        0.00          0.70 1997   0.02  -0.02     0.00
  MONTH TO DATE    0.44                      0.53  -0.09     0.29
  SINCE OCT 1      8.75                      7.97   0.78     4.75
  SINCE JAN 1      4.47                      5.21  -0.74     4.04

DEGREE DAYS
 HEATING
  YESTERDAY        0                         1     -1        0
  MONTH TO DATE   48                        67    -19       31
  SINCE JUN 1    125                       284   -159      254
  SINCE JUL 1     48                        67    -19       31

 COOLING
  YESTERDAY        8                         4      4        9
  MONTH TO DATE  120                        96     24      179
  SINCE JUN 1    227                       120    107      180
  SINCE JAN 1    236                       125    111      180
..................................................................


WIND (MPH)
  RESULTANT WIND SPEED   1   RESULTANT WIND DIRECTION  NE (50)
  HIGHEST WIND SPEED    17   HIGHEST WIND DIRECTION    NW (330)
  HIGHEST GUST SPEED    22   HIGHEST GUST DIRECTION    NW (320)
  AVERAGE WIND SPEED     5.7


SKY COVER
  POSSIBLE SUNSHINE  MM
  AVERAGE SKY COVER 0.0


WEATHER CONDITIONS
 THE FOLLOWING WEATHER WAS RECORDED YESTERDAY.
  NO SIGNIFICANT WEATHER WAS OBSERVED.


RELATIVE HUMIDITY (PERCENT)
 HIGHEST    49           500 AM
 LOWEST      8           200 PM
 AVERAGE    29

..........................................................


THE REDMOND OR CLIMATE NORMALS FOR TODAY
                         NORMAL    RECORD    YEAR
 MAXIMUM TEMPERATURE (F)   88       100      2009
                                             1971
 MINIMUM TEMPERATURE (F)   47        34      2006
                                             1963


SUNRISE AND SUNSET
JULY 31 2015..........SUNRISE   551 AM PDT   SUNSET   830 PM PDT
AUGUST  1 2015........SUNRISE   552 AM PDT   SUNSET   829 PM PDT


-  INDICATES NEGATIVE NUMBERS.
R  INDICATES RECORD WAS SET OR TIED.
MM INDICATES DATA IS MISSING.
T  INDICATES TRACE AMOUNT.

$$
