000
CDUS46 KPDT 310827
CLIRDM

CLIMATE REPORT
NATIONAL WEATHER SERVICE PENDLETON OR
1226 AM PST SAT JAN 31 2015


...................................

...THE REDMOND OR CLIMATE SUMMARY FOR JANUARY 30 2015...

CLIMATE NORMAL PERIOD 1981 TO 2010
CLIMATE RECORD PERIOD 1949 TO 2015


WEATHER ITEM   OBSERVED TIME   RECORD YEAR NORMAL DEPARTURE LAST
                VALUE   (LST)  VALUE       VALUE  FROM      YEAR
                                                  NORMAL
..................................................................
TEMPERATURE (F)
 YESTERDAY
  MAXIMUM         38    405 PM  67    1989  44     -6       43
  MINIMUM         32   1159 PM -22    1950  24      8       23
  AVERAGE         35                        34      1       33

PRECIPITATION (IN)
  YESTERDAY        0.00          0.50 1963   0.02  -0.02     0.00
  MONTH TO DATE    0.28                      0.94  -0.66     0.52
  SINCE OCT 1      4.56                      3.70   0.86     1.23
  SINCE JAN 1      0.28                      0.94  -0.66     0.52

DEGREE DAYS
 HEATING
  YESTERDAY       30                        31     -1       32
  MONTH TO DATE  814                       968   -154      902
  SINCE DEC 1   1736                      2034   -298     2011
  SINCE JUL 1   3323                      3808   -485     3797

 COOLING
  YESTERDAY        0                         0      0        0
  MONTH TO DATE    0                         0      0        0
  SINCE DEC 1      0                         0      0        0
  SINCE JAN 1      0                         0      0        0
..................................................................


WIND (MPH)
  RESULTANT WIND SPEED   0   RESULTANT WIND DIRECTION  SE (140)
  HIGHEST WIND SPEED     8   HIGHEST WIND DIRECTION     S (160)
  HIGHEST GUST SPEED    10   HIGHEST GUST DIRECTION     S (160)
  AVERAGE WIND SPEED     2.3


SKY COVER
  POSSIBLE SUNSHINE  MM
  AVERAGE SKY COVER 1.0


WEATHER CONDITIONS
THE FOLLOWING WEATHER WAS RECORDED YESTERDAY.
  FOG


RELATIVE HUMIDITY (PERCENT)
 HIGHEST   100           200 AM
 LOWEST     85           300 PM
 AVERAGE    93

..........................................................


THE REDMOND OR CLIMATE NORMALS FOR TODAY
                         NORMAL    RECORD    YEAR
 MAXIMUM TEMPERATURE (F)   44        66      1971
 MINIMUM TEMPERATURE (F)   24       -24      1950


SUNRISE AND SUNSET
JANUARY 31 2015.......SUNRISE   724 AM PST   SUNSET   513 PM PST
FEBRUARY  1 2015......SUNRISE   723 AM PST   SUNSET   514 PM PST


-  INDICATES NEGATIVE NUMBERS.
R  INDICATES RECORD WAS SET OR TIED.
MM INDICATES DATA IS MISSING.
T  INDICATES TRACE AMOUNT.




$$
