000
CDUS46 KPDT 170852
CLIRDM

CLIMATE REPORT
NATIONAL WEATHER SERVICE PENDLETON OR
1252 AM PST WED JAN 17 2018

...................................

...THE REDMOND OR CLIMATE SUMMARY FOR JANUARY 16 2018...

CLIMATE NORMAL PERIOD 1981 TO 2010
CLIMATE RECORD PERIOD 1949 TO 2018


WEATHER ITEM   OBSERVED TIME   RECORD YEAR NORMAL DEPARTURE LAST
                VALUE   (LST)  VALUE       VALUE  FROM      YEAR
                                                  NORMAL
..................................................................
TEMPERATURE (F)
 YESTERDAY
  MAXIMUM         51   1227 PM  62    2009  42      9       24
                                      1976
  MINIMUM         29   1142 PM  -5    1957  23      6       -3
  AVERAGE         40                        33      7       11

PRECIPITATION (IN)
  YESTERDAY        0.06          0.68 1971   0.03   0.03     0.00
  MONTH TO DATE    0.12                      0.55  -0.43     1.47
  SINCE OCT 1      1.23                      3.31  -2.08     5.22
  SINCE JAN 1      0.12                      0.55  -0.43     1.47

DEGREE DAYS
 HEATING
  YESTERDAY       25                        32     -7       54
  MONTH TO DATE  483                       529    -46      828
  SINCE DEC 1   1615                      1595     20     2087
  SINCE JUL 1   3194                      3369   -175     3551

 COOLING
  YESTERDAY        0                         0      0        0
  MONTH TO DATE    0                         0      0        0
  SINCE DEC 1      0                         0      0        0
  SINCE JAN 1      0                         0      0        0
..................................................................


WIND (MPH)
  RESULTANT WIND SPEED   3   RESULTANT WIND DIRECTION   S (190)
  HIGHEST WIND SPEED    17   HIGHEST WIND DIRECTION     S (190)
  HIGHEST GUST SPEED    22   HIGHEST GUST DIRECTION     S (180)
  AVERAGE WIND SPEED     4.4


SKY COVER
  POSSIBLE SUNSHINE  MM
  AVERAGE SKY COVER 0.4


WEATHER CONDITIONS
 THE FOLLOWING WEATHER WAS RECORDED YESTERDAY.
  RAIN
  LIGHT RAIN
  FOG


RELATIVE HUMIDITY (PERCENT)
 HIGHEST   100          1200 AM
 LOWEST     52           200 PM
 AVERAGE    76

..........................................................


THE REDMOND OR CLIMATE NORMALS FOR TODAY
                         NORMAL    RECORD    YEAR
 MAXIMUM TEMPERATURE (F)   43        63      1959
 MINIMUM TEMPERATURE (F)   24        -6      1957


SUNRISE AND SUNSET
JANUARY 17 2018.......SUNRISE   736 AM PST   SUNSET   454 PM PST
JANUARY 18 2018.......SUNRISE   735 AM PST   SUNSET   456 PM PST


-  INDICATES NEGATIVE NUMBERS.
R  INDICATES RECORD WAS SET OR TIED.
MM INDICATES DATA IS MISSING.
T  INDICATES TRACE AMOUNT.

$$
