000
CDUS46 KPDT 190851
CLIRDM

CLIMATE REPORT
NATIONAL WEATHER SERVICE PENDLETON OR
150 AM PDT FRI SEP 19 2014


...................................

...THE REDMOND OR CLIMATE SUMMARY FOR SEPTEMBER 18 2014...

CLIMATE NORMAL PERIOD 1981 TO 2010
CLIMATE RECORD PERIOD 1949 TO 2014


WEATHER ITEM   OBSERVED TIME   RECORD YEAR NORMAL DEPARTURE LAST
                VALUE   (LST)  VALUE       VALUE  FROM      YEAR
                                                  NORMAL
..................................................................
TEMPERATURE (F)
 YESTERDAY
  MAXIMUM         75    311 PM  92    1984  76     -1       67
  MINIMUM         48   1129 PM  22    1965  38     10       38
  AVERAGE         62                        56      6       53

PRECIPITATION (IN)
  YESTERDAY        0.03          0.40 1980   0.01   0.02     0.00
  MONTH TO DATE    0.03                      0.24  -0.21     0.10
  SINCE OCT 1      5.74                      8.73  -2.99     7.09
  SINCE JAN 1      5.03                      5.97  -0.94     3.18

DEGREE DAYS
 HEATING
  YESTERDAY        3                         9     -6       12
  MONTH TO DATE  113                       122     -9       50
  SINCE SEP 1    113                       122     -9       50
  SINCE JUL 1    187                       271    -84       86

 COOLING
  YESTERDAY        0                         0      0        0
  MONTH TO DATE    6                        14     -8       36
  SINCE SEP 1      6                        14     -8       36
  SINCE JAN 1    303                       220     83      350
..................................................................


WIND (MPH)
  RESULTANT WIND SPEED   3   RESULTANT WIND DIRECTION  NW (300)
  HIGHEST WIND SPEED    22   HIGHEST WIND DIRECTION    NW (300)
  HIGHEST GUST SPEED    27   HIGHEST GUST DIRECTION     W (290)
  AVERAGE WIND SPEED     7.4


SKY COVER
  POSSIBLE SUNSHINE  MM
  AVERAGE SKY COVER 0.6


WEATHER CONDITIONS
 THE FOLLOWING WEATHER WAS RECORDED YESTERDAY.
  LIGHT RAIN


RELATIVE HUMIDITY (PERCENT)
 HIGHEST    83          1100 PM
 LOWEST     39          1200 AM
 AVERAGE    61

..........................................................


THE REDMOND OR CLIMATE NORMALS FOR TODAY
                         NORMAL    RECORD    YEAR
 MAXIMUM TEMPERATURE (F)   75        95      1999
 MINIMUM TEMPERATURE (F)   37        24      2004
                                             1983


SUNRISE AND SUNSET
SEPTEMBER 19 2014.....SUNRISE   648 AM PDT   SUNSET   707 PM PDT
SEPTEMBER 20 2014.....SUNRISE   650 AM PDT   SUNSET   706 PM PDT


-  INDICATES NEGATIVE NUMBERS.
R  INDICATES RECORD WAS SET OR TIED.
MM INDICATES DATA IS MISSING.
T  INDICATES TRACE AMOUNT.




$$
