000
CDUS46 KPDT 260849
CLIRDM

CLIMATE REPORT
NATIONAL WEATHER SERVICE PENDLETON OR
1249 AM PST WED NOV 26 2014


...................................

...THE REDMOND OR CLIMATE SUMMARY FOR NOVEMBER 25 2014...

CLIMATE NORMAL PERIOD 1981 TO 2010
CLIMATE RECORD PERIOD 1949 TO 2014


WEATHER ITEM   OBSERVED TIME   RECORD YEAR NORMAL DEPARTURE LAST
                VALUE   (LST)  VALUE       VALUE  FROM      YEAR
                                                  NORMAL
..................................................................
TEMPERATURE (F)
 YESTERDAY
  MAXIMUM         59   1142 AM  66    1999  45     14       48
  MINIMUM         36    942 PM -11    1993  24     12       11
  AVERAGE         48                        34     14       30

PRECIPITATION (IN)
  YESTERDAY        0.00          0.57 1977   0.04  -0.04     0.00
  MONTH TO DATE    1.86                      0.79   1.07     0.20
  SINCE OCT 1      2.52                      1.43   1.09     0.34
  SINCE JAN 1      7.94                      7.57   0.37     4.43

DEGREE DAYS
 HEATING
  YESTERDAY       17                        31    -14       35
  MONTH TO DATE  822                       671    151      707
  SINCE SEP 1   1382                      1467    -85     1600
  SINCE JUL 1   1456                      1616   -160     1636

 COOLING
  YESTERDAY        0                         0      0        0
  MONTH TO DATE    0                         0      0        0
  SINCE SEP 1     14                        16     -2       36
  SINCE JAN 1    311                       222     89      350
..................................................................


WIND (MPH)
  RESULTANT WIND SPEED   8   RESULTANT WIND DIRECTION  SW (240)
  HIGHEST WIND SPEED    31   HIGHEST WIND DIRECTION     W (270)
  HIGHEST GUST SPEED    44   HIGHEST GUST DIRECTION     W (270)
  AVERAGE WIND SPEED    10.3


SKY COVER
  POSSIBLE SUNSHINE  MM
  AVERAGE SKY COVER 0.3


WEATHER CONDITIONS
THE FOLLOWING WEATHER WAS RECORDED YESTERDAY.
  NO SIGNIFICANT WEATHER WAS OBSERVED.


RELATIVE HUMIDITY (PERCENT)
 HIGHEST    92          1000 PM
 LOWEST     57          1100 AM
 AVERAGE    75

..........................................................


THE REDMOND OR CLIMATE NORMALS FOR TODAY
                         NORMAL    RECORD    YEAR
 MAXIMUM TEMPERATURE (F)   44        69      1950
 MINIMUM TEMPERATURE (F)   23        -6      1993


SUNRISE AND SUNSET
NOVEMBER 26 2014......SUNRISE   714 AM PST   SUNSET   429 PM PST
NOVEMBER 27 2014......SUNRISE   716 AM PST   SUNSET   429 PM PST


-  INDICATES NEGATIVE NUMBERS.
R  INDICATES RECORD WAS SET OR TIED.
MM INDICATES DATA IS MISSING.
T  INDICATES TRACE AMOUNT.

$$
