000
CDUS46 KPDT 080922
CLIRDM

CLIMATE REPORT
NATIONAL WEATHER SERVICE PENDLETON OR
1255 AM PST MON FEB 8 2016


...................................

...THE REDMOND OR CLIMATE SUMMARY FOR FEBRUARY 7 2016...

CLIMATE NORMAL PERIOD 1981 TO 2010
CLIMATE RECORD PERIOD 1949 TO 2016


WEATHER ITEM   OBSERVED TIME   RECORD YEAR NORMAL DEPARTURE LAST
                VALUE   (LST)  VALUE       VALUE  FROM      YEAR
                                                  NORMAL
..................................................................
TEMPERATURE (F)
 YESTERDAY
  MAXIMUM         63R   345 PM  62    2006  45     18       57
                                      1949
  MINIMUM         27    721 AM  -9    1989  24      3       43
  AVERAGE         45                        34     11       50

PRECIPITATION (IN)
  YESTERDAY        0.00          0.47 1979   0.03  -0.03     0.01
  MONTH TO DATE    T                         0.18  -0.18     0.45
  SINCE OCT 1      4.79                      3.91   0.88     5.01
  SINCE JAN 1      1.22                      1.15   0.07     0.73

DEGREE DAYS
 HEATING
  YESTERDAY       20                        31    -11       15
  MONTH TO DATE  193                       217    -24      143
  SINCE DEC 1   1920                      2283   -363     1912
  SINCE JUL 1   3638                      4057   -419     3499

 COOLING
  YESTERDAY        0                         0      0        0
  MONTH TO DATE    0                         0      0        0
  SINCE DEC 1      0                         0      0        0
  SINCE JAN 1      0                         0      0        0
..................................................................


WIND (MPH)
  RESULTANT WIND SPEED   1   RESULTANT WIND DIRECTION   E (100)
  HIGHEST WIND SPEED     8   HIGHEST WIND DIRECTION     E (80)
  HIGHEST GUST SPEED    11   HIGHEST GUST DIRECTION     E (70)
  AVERAGE WIND SPEED     3.1


SKY COVER
  POSSIBLE SUNSHINE  MM
  AVERAGE SKY COVER 0.0


WEATHER CONDITIONS
 THE FOLLOWING WEATHER WAS RECORDED YESTERDAY.
  NO SIGNIFICANT WEATHER WAS OBSERVED.


RELATIVE HUMIDITY (PERCENT)
 HIGHEST    92           100 AM
 LOWEST     39           300 PM
 AVERAGE    66

..........................................................


THE REDMOND OR CLIMATE NORMALS FOR TODAY
                         NORMAL    RECORD    YEAR
 MAXIMUM TEMPERATURE (F)   45        64      1954
 MINIMUM TEMPERATURE (F)   24        -9      1989


SUNRISE AND SUNSET
FEBRUARY  8 2016......SUNRISE   714 AM PST   SUNSET   524 PM PST
FEBRUARY  9 2016......SUNRISE   713 AM PST   SUNSET   525 PM PST


-  INDICATES NEGATIVE NUMBERS.
R  INDICATES RECORD WAS SET OR TIED.
MM INDICATES DATA IS MISSING.
T  INDICATES TRACE AMOUNT.




$$
