000
CDUS46 KPDT 280834
CLIRDM

CLIMATE REPORT
NATIONAL WEATHER SERVICE PENDLETON OR
125 AM PDT WED JUN 28 2017


...................................

...THE REDMOND OR CLIMATE SUMMARY FOR JUNE 27 2017...

CLIMATE NORMAL PERIOD 1981 TO 2010
CLIMATE RECORD PERIOD 1949 TO 2017


WEATHER ITEM   OBSERVED TIME   RECORD YEAR NORMAL DEPARTURE LAST
                VALUE   (LST)  VALUE       VALUE  FROM      YEAR
                                                  NORMAL
..................................................................
TEMPERATURE (F)
 YESTERDAY
  MAXIMUM         86    351 PM 100    2015  80      6       91
  MINIMUM         47    449 AM  29    1965  43      4       50
  AVERAGE         67                        62      5       71

PRECIPITATION (IN)
  YESTERDAY        0.00          0.23 1952   0.02  -0.02     0.00
  MONTH TO DATE    0.36                      0.60  -0.24     0.65
  SINCE OCT 1      8.50                      7.40   1.10     8.40
  SINCE JAN 1      4.75                      4.64   0.11     4.83

DEGREE DAYS
 HEATING
  YESTERDAY        0                         5     -5        0
  MONTH TO DATE  158                       204    -46      177
  SINCE JUN 1    158                       204    -46      177
  SINCE JUL 1   6708                      6700      8     5792

 COOLING
  YESTERDAY        2                         1      1        6
  MONTH TO DATE   37                        17     20       51
  SINCE JUN 1     37                        17     20       51
  SINCE JAN 1     47                        22     25       54
..................................................................


WIND (MPH)
  RESULTANT WIND SPEED   6   RESULTANT WIND DIRECTION   N (340)
  HIGHEST WIND SPEED    21   HIGHEST WIND DIRECTION    NW (330)
  HIGHEST GUST SPEED    30   HIGHEST GUST DIRECTION    NW (320)
  AVERAGE WIND SPEED     7.1


SKY COVER
  POSSIBLE SUNSHINE  MM
  AVERAGE SKY COVER 0.0


WEATHER CONDITIONS
 THE FOLLOWING WEATHER WAS RECORDED YESTERDAY.
  NO SIGNIFICANT WEATHER WAS OBSERVED.


RELATIVE HUMIDITY (PERCENT)
 HIGHEST    86           500 AM
 LOWEST     17           400 PM
 AVERAGE    52

..........................................................


THE REDMOND OR CLIMATE NORMALS FOR TODAY
                         NORMAL    RECORD    YEAR
 MAXIMUM TEMPERATURE (F)   80        97      2008
 MINIMUM TEMPERATURE (F)   43        28      1971


SUNRISE AND SUNSET
JUNE 28 2017..........SUNRISE   523 AM PDT   SUNSET   852 PM PDT
JUNE 29 2017..........SUNRISE   524 AM PDT   SUNSET   852 PM PDT


-  INDICATES NEGATIVE NUMBERS.
R  INDICATES RECORD WAS SET OR TIED.
MM INDICATES DATA IS MISSING.
T  INDICATES TRACE AMOUNT.




$$
CDUS46 KPDT 280118
CLIRDM

CLIMATE REPORT
NATIONAL WEATHER SERVICE PENDLETON OR
600 PM PDT TUE JUN 27 2017


...................................

...THE REDMOND OR CLIMATE SUMMARY FOR JUNE 27 2017...
VALID TODAY AS OF 0500 PM LOCAL TIME.

CLIMATE NORMAL PERIOD 1981 TO 2010
CLIMATE RECORD PERIOD 1949 TO 2017


WEATHER ITEM   OBSERVED TIME   RECORD YEAR NORMAL DEPARTURE LAST
                VALUE   (LST)  VALUE       VALUE  FROM      YEAR
                                                  NORMAL
..................................................................
TEMPERATURE (F)
 TODAY
  MAXIMUM         86    351 PM 100    2015  80      6       91
  MINIMUM         47    449 AM  29    1965  43      4       50
  AVERAGE         67                        62      5       71

PRECIPITATION (IN)
  TODAY            0.00          0.23 1952   0.02  -0.02     0.00
  MONTH TO DATE    0.36                      0.60  -0.24     0.65
  SINCE OCT 1      8.50                      7.40   1.10     8.40
  SINCE JAN 1      4.75                      4.64   0.11     4.83

DEGREE DAYS
 HEATING
  TODAY            0                         5     -5        0
  MONTH TO DATE  158                       204    -46      177
  SINCE JUN 1    158                       204    -46      177
  SINCE JUL 1   6708                      6700      8     5792

 COOLING
  TODAY            2                         1      1        6
  MONTH TO DATE   37                        17     20       51
  SINCE JUN 1     37                        17     20       51
  SINCE JAN 1     47                        22     25       54
..................................................................


WIND (MPH)
  RESULTANT WIND SPEED   4   RESULTANT WIND DIRECTION   N (360)
  HIGHEST WIND SPEED    18   HIGHEST WIND DIRECTION     N (360)
  HIGHEST GUST SPEED    25   HIGHEST GUST DIRECTION     N (350)
  AVERAGE WIND SPEED     5.7


SKY COVER
  POSSIBLE SUNSHINE  MM
  AVERAGE SKY COVER 0.0


WEATHER CONDITIONS
THE FOLLOWING WEATHER WAS RECORDED TODAY.
  NO SIGNIFICANT WEATHER WAS OBSERVED.


RELATIVE HUMIDITY (PERCENT)
 HIGHEST    86           500 AM
 LOWEST     17           400 PM
 AVERAGE    52

..........................................................


THE REDMOND OR CLIMATE NORMALS FOR TOMORROW
                         NORMAL    RECORD    YEAR
 MAXIMUM TEMPERATURE (F)   80        97      2008
 MINIMUM TEMPERATURE (F)   43        28      1971


SUNRISE AND SUNSET
JUNE 27 2017..........SUNRISE   523 AM PDT   SUNSET   853 PM PDT
JUNE 28 2017..........SUNRISE   523 AM PDT   SUNSET   852 PM PDT


-  INDICATES NEGATIVE NUMBERS.
R  INDICATES RECORD WAS SET OR TIED.
MM INDICATES DATA IS MISSING.
T  INDICATES TRACE AMOUNT.




$$
