000
CDUS46 KPDT 030053
CLIRDM

CLIMATE REPORT
NATIONAL WEATHER SERVICE PENDLETON OR
553 PM PDT TUE JUN 2 2015


...................................

...THE REDMOND OR CLIMATE SUMMARY FOR JUNE 2 2015...
VALID TODAY AS OF 0500 PM LOCAL TIME.

CLIMATE NORMAL PERIOD 1981 TO 2010
CLIMATE RECORD PERIOD 1949 TO 2015


WEATHER ITEM   OBSERVED TIME   RECORD YEAR NORMAL DEPARTURE LAST
                VALUE   (LST)  VALUE       VALUE  FROM      YEAR
                                                  NORMAL
..................................................................
TEMPERATURE (F)
 TODAY
  MAXIMUM         66    127 PM  96    1970  72     -6       82
  MINIMUM         44    516 AM  24    1976  39      5       41
  AVERAGE         55                        56     -1       62

PRECIPITATION (IN)
  TODAY            T             0.47 2006   0.03  -0.03     0.00
  MONTH TO DATE    0.11                      0.06   0.05     0.00
  SINCE OCT 1      8.31                      6.86   1.45     4.16
  SINCE JAN 1      4.03                      4.10  -0.07     3.45

DEGREE DAYS
 HEATING
  TODAY           10                        10      0        3
  MONTH TO DATE   15                        20     -5        8
  SINCE JUN 1     15                        20     -5        8
  SINCE JUL 1   5685                      6516   -831     6474

 COOLING
  TODAY            0                         0      0        0
  MONTH TO DATE    0                         0      0        0
  SINCE JUN 1      0                         0      0        0
  SINCE JAN 1      9                         5      4        0
..................................................................


WIND (MPH)
  RESULTANT WIND SPEED   5   RESULTANT WIND DIRECTION  NW (320)
  HIGHEST WIND SPEED    21   HIGHEST WIND DIRECTION     W (290)
  HIGHEST GUST SPEED    28   HIGHEST GUST DIRECTION     W (290)
  AVERAGE WIND SPEED     6.6


SKY COVER
  POSSIBLE SUNSHINE  MM
  AVERAGE SKY COVER 0.6


WEATHER CONDITIONS
 THE FOLLOWING WEATHER WAS RECORDED TODAY.
  LIGHT RAIN


RELATIVE HUMIDITY (PERCENT)
 HIGHEST   100          1200 AM
 LOWEST     37           200 PM
 AVERAGE    69

..........................................................


THE REDMOND OR CLIMATE NORMALS FOR TOMORROW
                         NORMAL    RECORD    YEAR
 MAXIMUM TEMPERATURE (F)   72        95      1970
 MINIMUM TEMPERATURE (F)   39        26      2001


SUNRISE AND SUNSET
JUNE  2 2015..........SUNRISE   523 AM PDT   SUNSET   842 PM PDT
JUNE  3 2015..........SUNRISE   523 AM PDT   SUNSET   843 PM PDT


-  INDICATES NEGATIVE NUMBERS.
R  INDICATES RECORD WAS SET OR TIED.
MM INDICATES DATA IS MISSING.
T  INDICATES TRACE AMOUNT.

$$
