000
CDUS46 KPDT 220026 RRA
CLIRDM

CLIMATE REPORT
NATIONAL WEATHER SERVICE PENDLETON OR
426 PM PST SAT JAN 21 2017


...................................

...THE REDMOND OR CLIMATE SUMMARY FOR JANUARY 21 2017...
VALID TODAY AS OF 0400 PM LOCAL TIME.

CLIMATE NORMAL PERIOD 1981 TO 2010
CLIMATE RECORD PERIOD 1949 TO 2017


WEATHER ITEM   OBSERVED TIME   RECORD YEAR NORMAL DEPARTURE LAST
                VALUE   (LST)  VALUE       VALUE  FROM      YEAR
                                                  NORMAL
..................................................................
TEMPERATURE (F)
 TODAY
  MAXIMUM         41    330 PM  65    1963  43     -2       51
  MINIMUM         28    830 AM -20    1962  24      4       40
  AVERAGE         35                        33      2       46

PRECIPITATION (IN)
  TODAY            T             0.48 1972   0.03  -0.03      T
  MONTH TO DATE    1.53                      0.71   0.82     0.84
  SINCE OCT 1      5.28                      3.47   1.81     4.41
  SINCE JAN 1      1.53                      0.71   0.82     0.84

DEGREE DAYS
 HEATING
  TODAY           30                        32     -2       19
  MONTH TO DATE  980                       689    291      686
  SINCE DEC 1   2239                      1755    484     1467
  SINCE JUL 1   3703                      3529    174     3185

 COOLING
  TODAY            0                         0      0        0
  MONTH TO DATE    0                         0      0        0
  SINCE DEC 1      0                         0      0        0
  SINCE JAN 1      0                         0      0        0
..................................................................


WIND (MPH)
  RESULTANT WIND SPEED   8   RESULTANT WIND DIRECTION   S (170)
  HIGHEST WIND SPEED    24   HIGHEST WIND DIRECTION    SW (210)
  HIGHEST GUST SPEED    32   HIGHEST GUST DIRECTION    SW (220)
  AVERAGE WIND SPEED     8.0


SKY COVER
  POSSIBLE SUNSHINE  MM
  AVERAGE SKY COVER 0.7


WEATHER CONDITIONS
 THE FOLLOWING WEATHER WAS RECORDED TODAY.
  LIGHT RAIN
  LIGHT SNOW


RELATIVE HUMIDITY (PERCENT)
 HIGHEST    78          1200 AM
 LOWEST     54          1100 AM
 AVERAGE    66

..........................................................


THE REDMOND OR CLIMATE NORMALS FOR TOMORROW
                         NORMAL    RECORD    YEAR
 MAXIMUM TEMPERATURE (F)   43        63      2005
                                             1970
 MINIMUM TEMPERATURE (F)   24       -27      1962


SUNRISE AND SUNSET
JANUARY 21 2017.......SUNRISE   733 AM PST   SUNSET   500 PM PST
JANUARY 22 2017.......SUNRISE   732 AM PST   SUNSET   501 PM PST


-  INDICATES NEGATIVE NUMBERS.
R  INDICATES RECORD WAS SET OR TIED.
MM INDICATES DATA IS MISSING.
T  INDICATES TRACE AMOUNT.




$$
