000
CDUS46 KPDT 290834
CLIRDM

CLIMATE REPORT
NATIONAL WEATHER SERVICE PENDLETON OR
134 AM PDT SAT AUG 29 2015


...................................

...THE REDMOND OR CLIMATE SUMMARY FOR AUGUST 28 2015...

CLIMATE NORMAL PERIOD 1981 TO 2010
CLIMATE RECORD PERIOD 1949 TO 2015


WEATHER ITEM   OBSERVED TIME   RECORD YEAR NORMAL DEPARTURE LAST
                VALUE   (LST)  VALUE       VALUE  FROM      YEAR
                                                  NORMAL
..................................................................
TEMPERATURE (F)
 YESTERDAY
  MAXIMUM         84    439 PM 101    1998  82      2       89
  MINIMUM         56    241 AM  25    1960  43     13       47
  AVERAGE         70                        62      8       68

PRECIPITATION (IN)
  YESTERDAY        0.00          0.36 1953   0.02  -0.02     0.00
  MONTH TO DATE    0.01                      0.45  -0.44     0.94
  SINCE OCT 1      8.76                      8.44   0.32     5.69
  SINCE JAN 1      4.48                      5.68  -1.20     4.98

DEGREE DAYS
 HEATING
  YESTERDAY        0                         4     -4        0
  MONTH TO DATE   27                        68    -41       30
  SINCE JUN 1    152                       354   -202      284
  SINCE JUL 1     75                       137    -62       61

 COOLING
  YESTERDAY        5                         1      4        3
  MONTH TO DATE  105                        77     28      103
  SINCE JUN 1    346                       198    148      297
  SINCE JAN 1    355                       203    152      297
..................................................................


WIND (MPH)
  RESULTANT WIND SPEED   3   RESULTANT WIND DIRECTION  SW (220)
  HIGHEST WIND SPEED    16   HIGHEST WIND DIRECTION    SW (230)
  HIGHEST GUST SPEED    22   HIGHEST GUST DIRECTION    SW (230)
  AVERAGE WIND SPEED     5.7


SKY COVER
  POSSIBLE SUNSHINE  MM
  AVERAGE SKY COVER 0.1


WEATHER CONDITIONS
 THE FOLLOWING WEATHER WAS RECORDED YESTERDAY.
  HAZE


RELATIVE HUMIDITY (PERCENT)
 HIGHEST    57           300 AM
 LOWEST     20           300 PM
 AVERAGE    39

..........................................................


THE REDMOND OR CLIMATE NORMALS FOR TODAY
                         NORMAL    RECORD    YEAR
 MAXIMUM TEMPERATURE (F)   82       100      1998
 MINIMUM TEMPERATURE (F)   43        31      1969


SUNRISE AND SUNSET
AUGUST 29 2015........SUNRISE   624 AM PDT   SUNSET   746 PM PDT
AUGUST 30 2015........SUNRISE   625 AM PDT   SUNSET   745 PM PDT


-  INDICATES NEGATIVE NUMBERS.
R  INDICATES RECORD WAS SET OR TIED.
MM INDICATES DATA IS MISSING.
T  INDICATES TRACE AMOUNT.


$$
