000
CDUS46 KPDT 310838
CLIRDM

CLIMATE REPORT
NATIONAL WEATHER SERVICE PENDLETON OR
138 AM PDT FRI OCT 31 2014


...................................

...THE REDMOND OR CLIMATE SUMMARY FOR OCTOBER 30 2014...

CLIMATE NORMAL PERIOD 1981 TO 2010
CLIMATE RECORD PERIOD 1949 TO 2014


WEATHER ITEM   OBSERVED TIME   RECORD YEAR NORMAL DEPARTURE LAST
                VALUE   (LST)  VALUE       VALUE  FROM      YEAR
                                                  NORMAL
..................................................................
TEMPERATURE (F)
 YESTERDAY
  MAXIMUM         65    313 PM  74    1999  57      8       58
  MINIMUM         45    723 AM   3    2002  29     16       16
  AVERAGE         55                        43     12       37

PRECIPITATION (IN)
  YESTERDAY        0.10          0.34 2001   0.03   0.07     0.00
  MONTH TO DATE    0.50                      0.61  -0.11     0.14
  SINCE OCT 1      0.50                      0.61  -0.11     0.14
  SINCE JAN 1      5.92                      6.75  -0.83     4.23

DEGREE DAYS
 HEATING
  YESTERDAY       10                        22    -12       28
  MONTH TO DATE  354                       525   -171      643
  SINCE SEP 1    540                       775   -235      873
  SINCE JUL 1    614                       924   -310      909

 COOLING
  YESTERDAY        0                         0      0        0
  MONTH TO DATE    0                         0      0        0
  SINCE SEP 1     14                        16     -2       36
  SINCE JAN 1    311                       222     89      350
..................................................................


WIND (MPH)
  RESULTANT WIND SPEED   3   RESULTANT WIND DIRECTION  NW (320)
  HIGHEST WIND SPEED    14   HIGHEST WIND DIRECTION    NW (300)
  HIGHEST GUST SPEED    18   HIGHEST GUST DIRECTION    NW (300)
  AVERAGE WIND SPEED     3.3


SKY COVER
  POSSIBLE SUNSHINE  MM
  AVERAGE SKY COVER 0.4


WEATHER CONDITIONS
 THE FOLLOWING WEATHER WAS RECORDED YESTERDAY.
  LIGHT RAIN
  FOG


RELATIVE HUMIDITY (PERCENT)
 HIGHEST   100           500 AM
 LOWEST     60          1200 PM
 AVERAGE    80

..........................................................


THE REDMOND OR CLIMATE NORMALS FOR TODAY
                         NORMAL    RECORD    YEAR
 MAXIMUM TEMPERATURE (F)   56        77      1988
 MINIMUM TEMPERATURE (F)   29        -3      2002


SUNRISE AND SUNSET
OCTOBER 31 2014.......SUNRISE   740 AM PDT   SUNSET   555 PM PDT
NOVEMBER  1 2014......SUNRISE   742 AM PDT   SUNSET   554 PM PDT


-  INDICATES NEGATIVE NUMBERS.
R  INDICATES RECORD WAS SET OR TIED.
MM INDICATES DATA IS MISSING.
T  INDICATES TRACE AMOUNT.




$$
