000
CDUS46 KPDT 240838
CLIRDM

CLIMATE REPORT
NATIONAL WEATHER SERVICE PENDLETON OR
135 AM PDT SUN JUL 24 2016


...................................

...THE REDMOND OR CLIMATE SUMMARY FOR JULY 23 2016...

CLIMATE NORMAL PERIOD 1981 TO 2010
CLIMATE RECORD PERIOD 1949 TO 2016


WEATHER ITEM   OBSERVED TIME   RECORD YEAR NORMAL DEPARTURE LAST
                VALUE   (LST)  VALUE       VALUE  FROM      YEAR
                                                  NORMAL
..................................................................
TEMPERATURE (F)
 YESTERDAY
  MAXIMUM         86    354 PM 104    2006  87     -1       84
  MINIMUM         41    518 AM  32    1963  47     -6       39
  AVERAGE         64                        67     -3       62

PRECIPITATION (IN)
  YESTERDAY        0.00          0.42 1994   0.01  -0.01     0.00
  MONTH TO DATE    0.64                      0.41   0.23     0.44
  SINCE OCT 1      9.04                      7.85   1.19     8.75
  SINCE JAN 1      5.47                      5.09   0.38     4.47

DEGREE DAYS
 HEATING
  YESTERDAY        1                         1      0        3
  MONTH TO DATE   49                        60    -11       24
  SINCE JUN 1    226                       277    -51      101
  SINCE JUL 1     49                        60    -11       24

 COOLING
  YESTERDAY        0                         4     -4        0
  MONTH TO DATE   18                        68    -50      108
  SINCE JUN 1     82                        92    -10      215
  SINCE JAN 1     85                        97    -12      224
..................................................................


WIND (MPH)
  RESULTANT WIND SPEED   2   RESULTANT WIND DIRECTION   N (360)
  HIGHEST WIND SPEED    15   HIGHEST WIND DIRECTION     N (340)
  HIGHEST GUST SPEED    22   HIGHEST GUST DIRECTION     N (360)
  AVERAGE WIND SPEED     5.1


SKY COVER
  POSSIBLE SUNSHINE  MM
  AVERAGE SKY COVER 0.0


WEATHER CONDITIONS
 THE FOLLOWING WEATHER WAS RECORDED YESTERDAY.
  NO SIGNIFICANT WEATHER WAS OBSERVED.


RELATIVE HUMIDITY (PERCENT)
 HIGHEST    83           200 AM
 LOWEST      9           100 PM
 AVERAGE    46

..........................................................


THE REDMOND OR CLIMATE NORMALS FOR TODAY
                         NORMAL    RECORD    YEAR
 MAXIMUM TEMPERATURE (F)   88       101      2004
 MINIMUM TEMPERATURE (F)   47        33      2014


SUNRISE AND SUNSET
JULY 24 2016..........SUNRISE   544 AM PDT   SUNSET   837 PM PDT
JULY 25 2016..........SUNRISE   545 AM PDT   SUNSET   836 PM PDT


-  INDICATES NEGATIVE NUMBERS.
R  INDICATES RECORD WAS SET OR TIED.
MM INDICATES DATA IS MISSING.
T  INDICATES TRACE AMOUNT.




$$
