000
CDUS46 KPDT 060853
CLIRDM

CLIMATE REPORT
NATIONAL WEATHER SERVICE PENDLETON OR
1235 AM PST TUE DEC 6 2016


...................................

...THE REDMOND OR CLIMATE SUMMARY FOR DECEMBER 5 2016...

CLIMATE NORMAL PERIOD 1981 TO 2010
CLIMATE RECORD PERIOD 1949 TO 2016


WEATHER ITEM   OBSERVED TIME   RECORD YEAR NORMAL DEPARTURE LAST
                VALUE   (LST)  VALUE       VALUE  FROM      YEAR
                                                  NORMAL
..................................................................
TEMPERATURE (F)
 YESTERDAY
  MAXIMUM         37    208 PM  63    2015  42     -5       MM
  MINIMUM         18    754 AM -15    1992  21     -3       MM
  AVERAGE         28                        32     -4       MM

PRECIPITATION (IN)
  YESTERDAY        0.03          0.82 1981   0.04  -0.01      T
  MONTH TO DATE    0.26                      0.20   0.06     0.10
  SINCE OCT 1      2.27                      1.80   0.47     1.79
  SINCE JAN 1      7.81                      7.94  -0.13     6.35

DEGREE DAYS
 HEATING
  YESTERDAY       37                        34      3       MM
  MONTH TO DATE  165                       166     -1       50
  SINCE DEC 1    165                       166     -1       50
  SINCE JUL 1   1629                      1940   -311     1768

 COOLING
  YESTERDAY        0                         0      0       MM
  MONTH TO DATE    0                         0      0        0
  SINCE DEC 1      0                         0      0        0
  SINCE JAN 1    240                       222     18      363
..................................................................


WIND (MPH)
  RESULTANT WIND SPEED   4   RESULTANT WIND DIRECTION   S (190)
  HIGHEST WIND SPEED    18   HIGHEST WIND DIRECTION    SW (220)
  HIGHEST GUST SPEED    23   HIGHEST GUST DIRECTION    SW (210)
  AVERAGE WIND SPEED     5.4


SKY COVER
  POSSIBLE SUNSHINE  MM
  AVERAGE SKY COVER 0.7


WEATHER CONDITIONS
 THE FOLLOWING WEATHER WAS RECORDED YESTERDAY.
  LIGHT SNOW
  FOG


RELATIVE HUMIDITY (PERCENT)
 HIGHEST    85           900 PM
 LOWEST     48           100 PM
 AVERAGE    67

..........................................................


THE REDMOND OR CLIMATE NORMALS FOR TODAY
                         NORMAL    RECORD    YEAR
 MAXIMUM TEMPERATURE (F)   41        63      2015
 MINIMUM TEMPERATURE (F)   21        -2      1972


SUNRISE AND SUNSET
DECEMBER  6 2016......SUNRISE   726 AM PST   SUNSET   426 PM PST
DECEMBER  7 2016......SUNRISE   727 AM PST   SUNSET   426 PM PST


-  INDICATES NEGATIVE NUMBERS.
R  INDICATES RECORD WAS SET OR TIED.
MM INDICATES DATA IS MISSING.
T  INDICATES TRACE AMOUNT.




$$
