000
CDUS46 KPDT 240105
CLIRDM

CLIMATE REPORT
NATIONAL WEATHER SERVICE PENDLETON OR
541 PM PDT WED AUG 23 2017


...................................

...THE REDMOND OR CLIMATE SUMMARY FOR AUGUST 23 2017...
VALID TODAY AS OF 0500 PM LOCAL TIME.

CLIMATE NORMAL PERIOD 1981 TO 2010
CLIMATE RECORD PERIOD 1949 TO 2017


WEATHER ITEM   OBSERVED TIME   RECORD YEAR NORMAL DEPARTURE LAST
                VALUE   (LST)  VALUE       VALUE  FROM      YEAR
                                                  NORMAL
..................................................................
TEMPERATURE (F)
 TODAY
  MAXIMUM         88    338 PM  99    1969  83      5       82
  MINIMUM         55    109 AM  32    2010  44     11       37
                                      1971
  AVERAGE         72                        64      8       60

PRECIPITATION (IN)
  TODAY            T             0.25 1998   0.02  -0.02     0.00
  MONTH TO DATE    0.29                      0.37  -0.08     0.02
  SINCE OCT 1      8.79                      8.36   0.43     9.06
  SINCE JAN 1      5.04                      5.60  -0.56     5.49

DEGREE DAYS
 HEATING
  TODAY            0                         3     -3        5
  MONTH TO DATE   12                        50    -38       33
  SINCE JUN 1    183                       336   -153      259
  SINCE JUL 1     18                       119   -101       82

 COOLING
  TODAY            7                         2      5        0
  MONTH TO DATE  130                        69     61       75
  SINCE JUN 1    338                       190    148      215
  SINCE JAN 1    348                       195    153      218
..................................................................


WIND (MPH)
  RESULTANT WIND SPEED   1   RESULTANT WIND DIRECTION   N (350)
  HIGHEST WIND SPEED    13   HIGHEST WIND DIRECTION     N (350)
  HIGHEST GUST SPEED    18   HIGHEST GUST DIRECTION     N (340)
  AVERAGE WIND SPEED     3.9


SKY COVER
  POSSIBLE SUNSHINE  MM
  AVERAGE SKY COVER 0.7


WEATHER CONDITIONS
THE FOLLOWING WEATHER WAS RECORDED TODAY.
  LIGHT RAIN
  HAZE


RELATIVE HUMIDITY (PERCENT)
 HIGHEST    67           100 AM
 LOWEST     21           300 PM
 AVERAGE    44

..........................................................


THE REDMOND OR CLIMATE NORMALS FOR TOMORROW
                         NORMAL    RECORD    YEAR
 MAXIMUM TEMPERATURE (F)   83        97      1999
 MINIMUM TEMPERATURE (F)   44        31      1992


SUNRISE AND SUNSET
AUGUST 23 2017........SUNRISE   618 AM PDT   SUNSET   756 PM PDT
AUGUST 24 2017........SUNRISE   619 AM PDT   SUNSET   754 PM PDT


-  INDICATES NEGATIVE NUMBERS.
R  INDICATES RECORD WAS SET OR TIED.
MM INDICATES DATA IS MISSING.
T  INDICATES TRACE AMOUNT.




$$
