000
CDUS42 KRAH 280843
CLIRDU


CLIMATE REPORT
NATIONAL WEATHER SERVICE RALEIGH NC
341 AM EST FRI NOV 28 2014


...................................

...THE RALEIGH-DURHAM INTL AIRPORT NC CLIMATE SUMMARY FOR NOVEMBER 27 2014...

CLIMATE NORMAL PERIOD 1981 TO 2010
CLIMATE RECORD PERIOD 1887 TO 2014


WEATHER ITEM   OBSERVED TIME   RECORD YEAR NORMAL DEPARTURE LAST
                VALUE   (LST)  VALUE       VALUE  FROM      YEAR
                                                  NORMAL
..................................................................
TEMPERATURE (F)
 YESTERDAY
  MAXIMUM         47    339 PM  83    1973  60    -13       50
  MINIMUM         35   1119 PM  19    1977  38     -3       30
  AVERAGE         41                        49     -8       40

PRECIPITATION (IN)
  YESTERDAY        0.05          1.68 1993   0.10  -0.05     0.71
  MONTH TO DATE    3.78                      2.81   0.97     2.99
  SINCE SEP 1     11.87                     10.42   1.45     7.31
  SINCE JAN 1     50.28                     39.96  10.32    44.78

SNOWFALL (IN)
  YESTERDAY        0.0           T    2013   0.0    0.0       T
                                      1954
  MONTH TO DATE    T                         0.1   -0.1       T
  SINCE SEP 1      T                         0.1   -0.1       T
  SINCE JUL 1      T                         0.1   -0.1       T
  SNOW DEPTH       0

DEGREE DAYS
 HEATING
  YESTERDAY       24                        16      8       25
  MONTH TO DATE  469                       340    129      407
  SINCE SEP 1    597                       528     69      566
  SINCE JUL 1    597                       529     68      566

 COOLING
  YESTERDAY        0                         0      0        0
  MONTH TO DATE    1                         1      0        2
  SINCE SEP 1    299                       280     19      246
  SINCE JAN 1   1657                      1721    -64     1552
..................................................................


WIND (MPH)
  HIGHEST WIND SPEED    12   HIGHEST WIND DIRECTION    NW (320)
  HIGHEST GUST SPEED    18   HIGHEST GUST DIRECTION    NW (310)
  AVERAGE WIND SPEED     4.3


SKY COVER
  POSSIBLE SUNSHINE  MM
  AVERAGE SKY COVER 0.7


WEATHER CONDITIONS
 THE FOLLOWING WEATHER WAS RECORDED YESTERDAY.
  LIGHT RAIN
  FOG


RELATIVE HUMIDITY (PERCENT)
 HIGHEST    92          1200 AM
 LOWEST     54          1000 PM
 AVERAGE    73

..........................................................


THE RALEIGH-DURHAM INTL AIRPORT NC CLIMATE NORMALS FOR TODAY
                         NORMAL    RECORD    YEAR
 MAXIMUM TEMPERATURE (F)   59        81      2001
 MINIMUM TEMPERATURE (F)   38        18      1903


SUNRISE AND SUNSET
NOVEMBER 28 2014......SUNRISE   704 AM EST   SUNSET   502 PM EST
NOVEMBER 29 2014......SUNRISE   705 AM EST   SUNSET   502 PM EST


-  INDICATES NEGATIVE NUMBERS.
R  INDICATES RECORD WAS SET OR TIED.
MM INDICATES DATA IS MISSING.
T  INDICATES TRACE AMOUNT.

&&

CLIMATE REPORT NWS FORECAST OFFICE
NCSU CENTENNIAL CAMPUS
RALEIGH, NC

MAXIMUM TEMPERATURE...46

MINIMUM TEMPERATURE...32

PRECIPITATION...0.08

$$
