000
CDUS42 KRAH 300748
CLIRDU


CLIMATE REPORT
NATIONAL WEATHER SERVICE RALEIGH NC
346 AM EDT MON MAY 30 2016


...................................

...THE RALEIGH-DURHAM INTL AIRPORT NC CLIMATE SUMMARY FOR MAY 29 2016...

CLIMATE NORMAL PERIOD 1981 TO 2010
CLIMATE RECORD PERIOD 1887 TO 2016


WEATHER ITEM   OBSERVED TIME   RECORD YEAR NORMAL DEPARTURE LAST
                VALUE   (LST)  VALUE       VALUE  FROM      YEAR
                                                  NORMAL
..................................................................
TEMPERATURE (F)
 YESTERDAY
  MAXIMUM         76    212 PM  98    1941  83     -7       87
  MINIMUM         65   1134 PM  47    1968  61      4       66
                                      1926
                                      1922
  AVERAGE         71                        72     -1       77

PRECIPITATION (IN)
  YESTERDAY        1.95          2.46 1984   0.12   1.83     0.00
  MONTH TO DATE    5.68                      3.02   2.66     3.04
  SINCE MAR 1     12.70                     10.05   2.65    11.58
  SINCE JAN 1     19.11                     16.78   2.33    17.84

DEGREE DAYS
 HEATING
  YESTERDAY        0                         1     -1        0
  MONTH TO DATE   52                        53     -1       20
  SINCE MAR 1    466                       670   -204      587
  SINCE JUL 1   2609                      3242   -633     3484

 COOLING
  YESTERDAY        6                         7     -1       12
  MONTH TO DATE  118                       133    -15      188
  SINCE MAR 1    213                       193     20      244
  SINCE JAN 1    213                       194     19      244
..................................................................


WIND (MPH)
  HIGHEST WIND SPEED    15   HIGHEST WIND DIRECTION    SW (210)
  HIGHEST GUST SPEED    22   HIGHEST GUST DIRECTION     S (200)
  AVERAGE WIND SPEED     5.5


SKY COVER
  POSSIBLE SUNSHINE  MM
  AVERAGE SKY COVER 0.9


WEATHER CONDITIONS
 THE FOLLOWING WEATHER WAS RECORDED YESTERDAY.
  THUNDERSTORM
  HEAVY RAIN
  RAIN
  LIGHT RAIN
  FOG


RELATIVE HUMIDITY (PERCENT)
 HIGHEST   100           800 AM
 LOWEST     68          1200 AM
 AVERAGE    84

..........................................................


THE RALEIGH-DURHAM INTL AIRPORT NC CLIMATE NORMALS FOR TODAY
                         NORMAL    RECORD    YEAR
 MAXIMUM TEMPERATURE (F)   83        95      1895
 MINIMUM TEMPERATURE (F)   61        48      1946


SUNRISE AND SUNSET
MAY 30 2016...........SUNRISE   601 AM EDT   SUNSET   825 PM EDT
MAY 31 2016...........SUNRISE   600 AM EDT   SUNSET   826 PM EDT


-  INDICATES NEGATIVE NUMBERS.
R  INDICATES RECORD WAS SET OR TIED.
MM INDICATES DATA IS MISSING.
T  INDICATES TRACE AMOUNT.

&&

CLIMATE REPORT
NWS FORECAST OFFICE
NCSU CENTENNIAL CAMPUS
RALEIGH NC

MAXIMUM TEMPERATURE...80

MINIMUM TEMPERATURE...65

PRECIPITATION...1.39

$$
