000
CDUS42 KRAH 220657
CLIRDU


CLIMATE REPORT
NATIONAL WEATHER SERVICE RALEIGH NC
250 AM EDT SUN OCT 22 2017


...................................

...THE RALEIGH-DURHAM INTL AIRPORT NC CLIMATE SUMMARY FOR OCTOBER 21 2017...

CLIMATE NORMAL PERIOD 1981 TO 2010
CLIMATE RECORD PERIOD 1887 TO 2017


WEATHER ITEM   OBSERVED TIME   RECORD YEAR NORMAL DEPARTURE LAST
                VALUE   (LST)  VALUE       VALUE  FROM      YEAR
                                                  NORMAL
..................................................................
TEMPERATURE (F)
 YESTERDAY
  MAXIMUM         79    102 PM  84    1993  71      8       78
                                      1979
  MINIMUM         48    701 AM  26    1974  48      0       56
  AVERAGE         64                        60      4       67

PRECIPITATION (IN)
  YESTERDAY        0.00          2.22 1904   0.11  -0.11      T
  MONTH TO DATE    1.63                      2.25  -0.62     6.96
  SINCE SEP 1      3.91                      6.61  -2.70    11.57
  SINCE JAN 1     39.31                     36.15   3.16    48.32

DEGREE DAYS
 HEATING
  YESTERDAY        1                         7     -6        0
  MONTH TO DATE   50                        90    -40       30
  SINCE SEP 1     57                       110    -53       30
  SINCE JUL 1     57                       111    -54       30

 COOLING
  YESTERDAY        0                         1     -1        2
  MONTH TO DATE  107                        43     64       68
  SINCE SEP 1    328                       270     58      417
  SINCE JAN 1   1960                      1711    249     2085
..................................................................


WIND (MPH)
  HIGHEST WIND SPEED    10   HIGHEST WIND DIRECTION     S (160)
  HIGHEST GUST SPEED    15   HIGHEST GUST DIRECTION     E (110)
  AVERAGE WIND SPEED     2.1


SKY COVER
  POSSIBLE SUNSHINE  MM
  AVERAGE SKY COVER 0.5


WEATHER CONDITIONS
 THE FOLLOWING WEATHER WAS RECORDED YESTERDAY.
  FOG


RELATIVE HUMIDITY (PERCENT)
 HIGHEST   100          1200 AM
 LOWEST     38           100 PM
 AVERAGE    69

..........................................................


THE RALEIGH-DURHAM INTL AIRPORT NC CLIMATE NORMALS FOR TODAY
                         NORMAL    RECORD    YEAR
 MAXIMUM TEMPERATURE (F)   71        86      1947
 MINIMUM TEMPERATURE (F)   48        26      1974


SUNRISE AND SUNSET
OCTOBER 22 2017.......SUNRISE   728 AM EDT   SUNSET   630 PM EDT
OCTOBER 23 2017.......SUNRISE   729 AM EDT   SUNSET   629 PM EDT


-  INDICATES NEGATIVE NUMBERS.
R  INDICATES RECORD WAS SET OR TIED.
MM INDICATES DATA IS MISSING.
T  INDICATES TRACE AMOUNT.

&&

CLIMATE REPORT
NWS FORECAST OFFICE
NCSU CENTENNIAL CAMPUS
RALEIGH NC

MAXIMUM TEMPERATURE... 78

MINIMUM TEMPERATURE... 50

PRECIPITATION... 0.00

$$
