000
CDUS46 KBOI 200945
CLIREO


CLIMATE REPORT
NATIONAL WEATHER SERVICE BOISE ID
245 AM MST TUE FEB 20 2018


...................................

...THE ROME OR CLIMATE SUMMARY FOR FEBRUARY 19 2018...

CLIMATE NORMAL PERIOD 1981 TO 2010
CLIMATE RECORD PERIOD 9999 TO 9999


WEATHER ITEM   OBSERVED TIME   NORMAL DEPARTURE LAST
                VALUE   (LST)  VALUE  FROM      YEAR
                                      NORMAL
......................................................
TEMPERATURE (F)
 YESTERDAY
  MAXIMUM         32    111 PM  46    -14       55
  MINIMUM         12   1159 PM  22    -10       35
  AVERAGE         22            34    -12       45

PRECIPITATION (IN)
  YESTERDAY        0.00          0.03  -0.03     0.02
  MONTH TO DATE    0.06          0.50  -0.44     0.77
  SINCE OCT 1      2.44          3.34  -0.90     4.99
  SINCE JAN 1      0.56          1.15  -0.59     2.61

DEGREE DAYS
 HEATING
  YESTERDAY       43            31     12       20
  MONTH TO DATE  500           619   -119      473
  SINCE DEC 1   2544          2855   -311     3016
  SINCE JUL 1   3966          4468   -502     4251

 COOLING
  YESTERDAY        0             0      0        0
  MONTH TO DATE    0             0      0        0
  SINCE DEC 1      0             0      0        0
  SINCE JAN 1      0             0      0        0
......................................................


WIND (MPH)
  RESULTANT WIND SPEED   7   RESULTANT WIND DIRECTION  NW (310)
  HIGHEST WIND SPEED    23   HIGHEST WIND DIRECTION    NW (310)
  HIGHEST GUST SPEED    29   HIGHEST GUST DIRECTION     W (290)
  AVERAGE WIND SPEED    10.4


SKY COVER
  AVERAGE SKY COVER 0.0


WEATHER CONDITIONS
 THE FOLLOWING WEATHER WAS RECORDED YESTERDAY.
  NO SIGNIFICANT WEATHER WAS OBSERVED.


RELATIVE HUMIDITY (PERCENT)
 HIGHEST    74          1200 AM
 LOWEST     33           400 PM
 AVERAGE    54

..........................................................


THE ROME OR CLIMATE NORMALS FOR TODAY
                         NORMAL    RECORD    YEAR
 MAXIMUM TEMPERATURE (F)   47        MM        MM
 MINIMUM TEMPERATURE (F)   22        MM        MM


SUNRISE AND SUNSET
FEBRUARY 20 2018......SUNRISE   641 AM PST   SUNSET   530 PM PST
FEBRUARY 21 2018......SUNRISE   639 AM PST   SUNSET   531 PM PST


-  INDICATES NEGATIVE NUMBERS.
R  INDICATES RECORD WAS SET OR TIED.
MM INDICATES DATA IS MISSING.
T  INDICATES TRACE AMOUNT.




$$
