000
CDUS46 KBOI 280934
CLIREO


CLIMATE REPORT
NATIONAL WEATHER SERVICE BOISE ID
333 AM MDT SAT MAR 28 2015


...................................

...THE ROME OR CLIMATE SUMMARY FOR MARCH 27 2015...

CLIMATE NORMAL PERIOD 1981 TO 2010
CLIMATE RECORD PERIOD 9999 TO 9999


WEATHER ITEM   OBSERVED TIME   NORMAL DEPARTURE LAST
                VALUE   (LST)  VALUE  FROM      YEAR
                                      NORMAL
......................................................
TEMPERATURE (F)
 YESTERDAY
  MAXIMUM         81    326 PM  56     25       54
  MINIMUM         34    547 AM  27      7       31
  AVERAGE         58            42     16       43

PRECIPITATION (IN)
  YESTERDAY        0.00          0.03  -0.03     0.00
  MONTH TO DATE    0.10          0.83  -0.73     0.24
  SINCE OCT 1      2.72          4.43  -1.71     1.18
  SINCE JAN 1      0.72          2.24  -1.52     0.99

DEGREE DAYS
 HEATING
  YESTERDAY        7            23    -16       22
  MONTH TO DATE  521           690   -169      586
  SINCE MAR 1    521           690   -169      586
  SINCE JUL 1   4328          5424  -1096     5008

 COOLING
  YESTERDAY        0             0      0        0
  MONTH TO DATE    0             0      0        0
  SINCE MAR 1      0             0      0        0
  SINCE JAN 1      0             0      0        0
......................................................


WIND (MPH)
  RESULTANT WIND SPEED   7   RESULTANT WIND DIRECTION   S (170)
  HIGHEST WIND SPEED    20   HIGHEST WIND DIRECTION    SW (220)
  HIGHEST GUST SPEED    29   HIGHEST GUST DIRECTION     S (190)
  AVERAGE WIND SPEED     9.0


SKY COVER
  AVERAGE SKY COVER 0.0


WEATHER CONDITIONS
 THE FOLLOWING WEATHER WAS RECORDED YESTERDAY.
  NO SIGNIFICANT WEATHER WAS OBSERVED.


RELATIVE HUMIDITY (PERCENT)
 HIGHEST    70           300 AM
 LOWEST     15           300 PM
 AVERAGE    43

..........................................................


THE ROME OR CLIMATE NORMALS FOR TODAY
                         NORMAL    RECORD    YEAR
 MAXIMUM TEMPERATURE (F)   56        MM        MM
 MINIMUM TEMPERATURE (F)   28        MM        MM


SUNRISE AND SUNSET
MARCH 28 2015.........SUNRISE   641 AM PDT   SUNSET   713 PM PDT
MARCH 29 2015.........SUNRISE   639 AM PDT   SUNSET   714 PM PDT


-  INDICATES NEGATIVE NUMBERS.
R  INDICATES RECORD WAS SET OR TIED.
MM INDICATES DATA IS MISSING.
T  INDICATES TRACE AMOUNT.




$$
