000
CDUS46 KBOI 300942
CLIREO


CLIMATE REPORT
NATIONAL WEATHER SERVICE BOISE ID
342 AM MDT TUE SEP 30 2014


...................................

...THE ROME OR CLIMATE SUMMARY FOR SEPTEMBER 29 2014...

CLIMATE NORMAL PERIOD 1981 TO 2010
CLIMATE RECORD PERIOD 9999 TO 9999


WEATHER ITEM   OBSERVED TIME   NORMAL DEPARTURE LAST
                VALUE   (LST)  VALUE  FROM      YEAR
                                      NORMAL
......................................................
TEMPERATURE (F)
 YESTERDAY
  MAXIMUM         59    446 PM  73    -14       67
  MINIMUM         52   1002 AM  36     16       59
  AVERAGE         56            54      2       63

PRECIPITATION (IN)
  YESTERDAY        0.64          0.02   0.62     0.00
  MONTH TO DATE    1.10          0.38   0.72     1.77
  SINCE OCT 1      3.59          8.90  -5.31     6.46
  SINCE JAN 1      3.40          6.71  -3.31     5.00

DEGREE DAYS
 HEATING
  YESTERDAY        9            11     -2        2
  MONTH TO DATE   92           172    -80      135
  SINCE SEP 1     92           172    -80      135
  SINCE JUL 1    102           213   -111      135

 COOLING
  YESTERDAY        0             0      0        0
  MONTH TO DATE   62            39     23       78
  SINCE SEP 1     62            39     23       78
  SINCE JAN 1    688           505    183      878
......................................................


WIND (MPH)
  RESULTANT WIND SPEED   5   RESULTANT WIND DIRECTION   S (200)
  HIGHEST WIND SPEED    20   HIGHEST WIND DIRECTION    SE (140)
  HIGHEST GUST SPEED    24   HIGHEST GUST DIRECTION    SE (140)
  AVERAGE WIND SPEED     7.8


SKY COVER
  AVERAGE SKY COVER 0.0


WEATHER CONDITIONS
 THE FOLLOWING WEATHER WAS RECORDED YESTERDAY.
  NO SIGNIFICANT WEATHER WAS OBSERVED.


RELATIVE HUMIDITY (PERCENT)
 HIGHEST    93           300 AM
 LOWEST     67           500 PM
 AVERAGE    80

..........................................................


THE ROME OR CLIMATE NORMALS FOR TODAY
                         NORMAL    RECORD    YEAR
 MAXIMUM TEMPERATURE (F)   73        MM        MM
 MINIMUM TEMPERATURE (F)   35        MM        MM


SUNRISE AND SUNSET
SEPTEMBER 30 2014.....SUNRISE   648 AM PDT   SUNSET   634 PM PDT
OCTOBER  1 2014.......SUNRISE   649 AM PDT   SUNSET   633 PM PDT


-  INDICATES NEGATIVE NUMBERS.
R  INDICATES RECORD WAS SET OR TIED.
MM INDICATES DATA IS MISSING.
T  INDICATES TRACE AMOUNT.




$$
