000
CDUS46 KBOI 050932
CLIREO


CLIMATE REPORT
NATIONAL WEATHER SERVICE BOISE ID
231 AM MST MON DEC 5 2016


...................................

...THE ROME OR CLIMATE SUMMARY FOR DECEMBER 4 2016...

CLIMATE NORMAL PERIOD 1981 TO 2010
CLIMATE RECORD PERIOD 9999 TO 9999


WEATHER ITEM   OBSERVED TIME   NORMAL DEPARTURE LAST
                VALUE   (LST)  VALUE  FROM      YEAR
                                      NORMAL
......................................................
TEMPERATURE (F)
 YESTERDAY
  MAXIMUM         54    221 PM  41     13       45
  MINIMUM         30   1131 PM  19     11       24
  AVERAGE         42            30     12       35

PRECIPITATION (IN)
  YESTERDAY        0.02          0.03  -0.01     0.00
  MONTH TO DATE    0.02          0.09  -0.07     0.23
  SINCE OCT 1      0.68          1.46  -0.78     3.14
  SINCE JAN 1      4.99          8.19  -3.20     9.12

DEGREE DAYS
 HEATING
  YESTERDAY       23            35    -12       30
  MONTH TO DATE  126           139    -13      157
  SINCE DEC 1    126           139    -13      157
  SINCE JUL 1   1361          1752   -391     1413

 COOLING
  YESTERDAY        0             0      0        0
  MONTH TO DATE    0             0      0        0
  SINCE DEC 1      0             0      0        0
  SINCE JAN 1    697           507    190      868
......................................................


WIND (MPH)
  RESULTANT WIND SPEED  10   RESULTANT WIND DIRECTION  SW (210)
  HIGHEST WIND SPEED    37   HIGHEST WIND DIRECTION    SW (230)
  HIGHEST GUST SPEED    45   HIGHEST GUST DIRECTION    SW (230)
  AVERAGE WIND SPEED    13.5


SKY COVER
  AVERAGE SKY COVER 0.0


WEATHER CONDITIONS
 THE FOLLOWING WEATHER WAS RECORDED YESTERDAY.
  MIXED PRECIP


RELATIVE HUMIDITY (PERCENT)
 HIGHEST    85           600 PM
 LOWEST     38           200 PM
 AVERAGE    62

..........................................................


THE ROME OR CLIMATE NORMALS FOR TODAY
                         NORMAL    RECORD    YEAR
 MAXIMUM TEMPERATURE (F)   40        MM        MM
 MINIMUM TEMPERATURE (F)   19        MM        MM


SUNRISE AND SUNSET
DECEMBER  5 2016......SUNRISE   706 AM PST   SUNSET   418 PM PST
DECEMBER  6 2016......SUNRISE   707 AM PST   SUNSET   418 PM PST


-  INDICATES NEGATIVE NUMBERS.
R  INDICATES RECORD WAS SET OR TIED.
MM INDICATES DATA IS MISSING.
T  INDICATES TRACE AMOUNT.




$$
