000
CDUS43 KLOT 101301 CCA
CLIRFD

CLIMATE REPORT
NATIONAL WEATHER SERVICE CHICAGO IL
1234 AM CST WED FEB 10 2016


...................................

...THE ROCKFORD IL CLIMATE SUMMARY FOR FEBRUARY 9 2016...

CLIMATE NORMAL PERIOD 1981 TO 2010
CLIMATE RECORD PERIOD 1905 TO 2016


WEATHER ITEM   OBSERVED TIME   RECORD YEAR NORMAL DEPARTURE LAST
                VALUE   (LST)  VALUE       VALUE  FROM      YEAR
                                                  NORMAL
..................................................................
TEMPERATURE (F)
 YESTERDAY
  MAXIMUM         19   1218 AM  54    1925  32    -13       28
  MINIMUM         13   1159 PM -25    1933  16     -3       14
  AVERAGE         16                        24     -8       21

PRECIPITATION (IN)
  YESTERDAY        0.01          1.65 1966   0.05  -0.04      T
  MONTH TO DATE    0.41                      0.38   0.03     0.69
  SINCE DEC 1      5.94                      3.73   2.21     2.69
  SINCE JAN 1      1.29                      1.75  -0.46     1.76

SNOWFALL (IN)
  YESTERDAY        0.3           6.4  1960   0.3    0.0       T
  MONTH TO DATE    0.7                       2.8   -2.1     11.6
  SINCE DEC 1      9.6                      24.3  -14.7     21.2
  SINCE JUL 1     18.4                      26.1   -7.7     24.8
  SNOW DEPTH       T

DEGREE DAYS
 HEATING
  YESTERDAY       49                        41      8       44
  MONTH TO DATE  324                       376    -52      434
  SINCE DEC 1   2464                      2950   -486     2859
  SINCE JUL 1   3495                      4285   -790     4406

 COOLING
  YESTERDAY        0                         0      0        0
  MONTH TO DATE    0                         0      0        0
  SINCE DEC 1      0                         0      0        0
  SINCE JAN 1      0                         0      0        0
..................................................................


WIND (MPH)
  HIGHEST WIND SPEED    20   HIGHEST WIND DIRECTION    NW (330)
  HIGHEST GUST SPEED    27   HIGHEST GUST DIRECTION    NW (320)
  AVERAGE WIND SPEED    13.6


SKY COVER
  POSSIBLE SUNSHINE  MM
  AVERAGE SKY COVER 1.0


WEATHER CONDITIONS
 THE FOLLOWING WEATHER WAS RECORDED YESTERDAY.
  LIGHT SNOW
  BLOWING SNOW


RELATIVE HUMIDITY (PERCENT)
 HIGHEST    80           400 AM
 LOWEST     61           100 PM
 AVERAGE    71

..........................................................


THE ROCKFORD IL CLIMATE NORMALS FOR TODAY
                         NORMAL    RECORD    YEAR
 MAXIMUM TEMPERATURE (F)   32        59      2009
 MINIMUM TEMPERATURE (F)   16       -20      2011


SUNRISE AND SUNSET
FEBRUARY 10 2016......SUNRISE   700 AM CST   SUNSET   522 PM CST
FEBRUARY 11 2016......SUNRISE   658 AM CST   SUNSET   523 PM CST


-  INDICATES NEGATIVE NUMBERS.
R  INDICATES RECORD WAS SET OR TIED.
MM INDICATES DATA IS MISSING.
T  INDICATES TRACE AMOUNT.




$$
