000
CDUS43 KGRB 270752
CLIRHI

CLIMATE REPORT
NATIONAL WEATHER SERVICE GREEN BAY
150 AM CST THU NOV 27 2014

...................................

...THE RHINELANDER WI CLIMATE SUMMARY FOR NOVEMBER 26 2014...

CLIMATE NORMAL PERIOD 1981 TO 2010
CLIMATE RECORD PERIOD 1908 TO 2014

WEATHER ITEM   OBSERVED TIME   RECORD YEAR NORMAL DEPARTURE LAST
                VALUE   (LST)  VALUE       VALUE  FROM      YEAR
                                                  NORMAL
..................................................................
TEMPERATURE (F)
 YESTERDAY
  MAXIMUM         23    142 PM  61    1914  32     -9       28
  MINIMUM          5   1215 AM  -7    1977  17    -12        3
  AVERAGE         14                        25    -11       16

PRECIPITATION (IN)
  YESTERDAY        0.02          0.70 1915   0.06  -0.04     0.01
  MONTH TO DATE    3.25                      1.61   1.64     2.05
  SINCE SEP 1     13.07                      8.85   4.22     8.32
  SINCE JAN 1     39.53                     29.73   9.80    35.16

SNOWFALL (IN)
  YESTERDAY        1.1           6.5  1949  MM     MM        0.1
  MONTH TO DATE   31.5                      MM     MM        7.0
  SINCE SEP 1     34.2                      MM     MM        9.2
  SINCE JUL 1     34.2                      MM     MM        9.2
  SNOW DEPTH      10

DEGREE DAYS
 HEATING
  YESTERDAY       51                        40     11       49
  MONTH TO DATE 1107                       875    232      933
  SINCE SEP 1   2106                      1841    265     1845
  SINCE JUL 1   2306                      1968    338     2035

COOLING
  YESTERDAY        0                         0      0        0
  MONTH TO DATE    0                         0      0        0
  SINCE SEP 1      1                        20    -19       17
  SINCE JAN 1    148                       261   -113      281
..................................................................

WIND (MPH)
  HIGHEST WIND SPEED     9   HIGHEST WIND DIRECTION     N (360)
  HIGHEST GUST SPEED    14   HIGHEST GUST DIRECTION    NW (330)
  AVERAGE WIND SPEED     3.2

SKY COVER
  POSSIBLE SUNSHINE  MM
  AVERAGE SKY COVER 1.0

WEATHER CONDITIONS
 THE FOLLOWING WEATHER WAS RECORDED YESTERDAY.
  LIGHT SNOW
  FOG

RELATIVE HUMIDITY (PERCENT)
 HIGHEST    96           800 AM
 LOWEST     77           100 PM
 AVERAGE    87
..........................................................

THE RHINELANDER WI CLIMATE NORMALS FOR TODAY
                         NORMAL    RECORD    YEAR
 MAXIMUM TEMPERATURE (F)   32        62      1998
 MINIMUM TEMPERATURE (F)   17        -4      1985
                                             1976

SUNRISE AND SUNSET
NOVEMBER 27 2014......SUNRISE   713 AM CST   SUNSET   417 PM CST
NOVEMBER 28 2014......SUNRISE   714 AM CST   SUNSET   417 PM CST

-  INDICATES NEGATIVE NUMBERS.
R  INDICATES RECORD WAS SET OR TIED.
MM INDICATES DATA IS MISSING.
T  INDICATES TRACE AMOUNT.

$$
