000
CDUS43 KGRB 302125
CLIRHI


CLIMATE REPORT
NATIONAL WEATHER SERVICE GREEN BAY
424 PM CDT SUN AUG 30 2015


...................................

...THE RHINELANDER WI CLIMATE SUMMARY FOR AUGUST 30 2015...
VALID TODAY AS OF 0400 PM LOCAL TIME.

CLIMATE NORMAL PERIOD 1981 TO 2010
CLIMATE RECORD PERIOD 1908 TO 2015


WEATHER ITEM   OBSERVED TIME   RECORD YEAR NORMAL DEPARTURE LAST
                VALUE   (LST)  VALUE       VALUE  FROM      YEAR
                                                  NORMAL
..................................................................
TEMPERATURE (F)
 TODAY
  MAXIMUM         78    254 PM  92    2012  74      4       68
  MINIMUM         58    647 AM  28    1915  51      7       54
  AVERAGE         68                        62      6       61

PRECIPITATION (IN)
  TODAY            0.00          2.00 1941   0.11  -0.11     0.15
  MONTH TO DATE    3.46                      3.17   0.29     4.57
  SINCE JUN 1     10.08                     11.08  -1.00    15.29
  SINCE JAN 1     18.68                     20.76  -2.08    26.40

SNOWFALL (IN)
  TODAY            0.0           0.0    MM  MM     MM        0.0
  MONTH TO DATE    0.0                      MM     MM        0.0
  SINCE JUN 1      0.0                      MM     MM        0.0
  SINCE JUL 1      0.0                      MM     MM        0.0
  SNOW DEPTH       0

DEGREE DAYS
 HEATING
  TODAY            0                         4     -4        4
  MONTH TO DATE   88                        72     16       73
  SINCE JUN 1    269                       257     12      290
  SINCE JUL 1    137                       123     14      197

 COOLING
  TODAY            3                         1      2        0
  MONTH TO DATE   53                        72    -19       29
  SINCE JUN 1    151                       230    -79      140
  SINCE JAN 1    156                       242    -86      147
..................................................................


WIND (MPH)
  HIGHEST WIND SPEED    15   HIGHEST WIND DIRECTION    SW (220)
  HIGHEST GUST SPEED    20   HIGHEST GUST DIRECTION    SW (220)
  AVERAGE WIND SPEED     6.4


SKY COVER
  POSSIBLE SUNSHINE  MM
  AVERAGE SKY COVER 0.7


WEATHER CONDITIONS
 THE FOLLOWING WEATHER WAS RECORDED TODAY.
  FOG
  FOG W/VISIBILITY <= 1/4 MILE


RELATIVE HUMIDITY (PERCENT)
 HIGHEST   100           400 AM
 LOWEST     60           300 PM
 AVERAGE    80

..........................................................


THE RHINELANDER WI CLIMATE NORMALS FOR TOMORROW
                         NORMAL    RECORD    YEAR
 MAXIMUM TEMPERATURE (F)   73        90      2000
 MINIMUM TEMPERATURE (F)   50        33      2009


SUNRISE AND SUNSET
AUGUST 30 2015........SUNRISE   616 AM CDT   SUNSET   740 PM CDT
AUGUST 31 2015........SUNRISE   617 AM CDT   SUNSET   738 PM CDT


-  INDICATES NEGATIVE NUMBERS.
R  INDICATES RECORD WAS SET OR TIED.
MM INDICATES DATA IS MISSING.
T  INDICATES TRACE AMOUNT.




$$
