000
CDUS43 KGRB 160651
CLIRHI


CLIMATE REPORT
NATIONAL WEATHER SERVICE GREEN BAY
150 AM CDT TUE SEP 16 2014


...................................

...THE RHINELANDER WI CLIMATE SUMMARY FOR SEPTEMBER 15 2014...

CLIMATE NORMAL PERIOD 1981 TO 2010
CLIMATE RECORD PERIOD 1908 TO 2014


WEATHER ITEM   OBSERVED TIME   RECORD YEAR NORMAL DEPARTURE LAST
                VALUE   (LST)  VALUE       VALUE  FROM      YEAR
                                                  NORMAL
..................................................................
TEMPERATURE (F)
 YESTERDAY
  MAXIMUM         59    320 PM  90    1939  67     -8       58
  MINIMUM         32   1054 PM  24    2007  45    -13       37
  AVERAGE         46                        56    -10       48

PRECIPITATION (IN)
  YESTERDAY        0.00          2.28 1967   0.14  -0.14     0.14
  MONTH TO DATE    5.67                      2.06   3.61     0.53
  SINCE SEP 1      5.67                      2.06   3.61     0.53
  SINCE JAN 1     32.13                     22.94   9.19    27.37

SNOWFALL (IN)
  YESTERDAY        0.0           T    1916  MM     MM        0.0
  MONTH TO DATE    T                        MM     MM        0.0
  SINCE SEP 1      T                        MM     MM        0.0
  SINCE JUL 1      T                        MM     MM        0.0
  SNOW DEPTH       0

DEGREE DAYS
 HEATING
  YESTERDAY       19                        10      9       17
  MONTH TO DATE  157                       110     47      102
  SINCE SEP 1    157                       110     47      102
  SINCE JUL 1    357                       237    120      292

 COOLING
  YESTERDAY        0                         1     -1        0
  MONTH TO DATE    1                        15    -14       15
  SINCE SEP 1      1                        15    -14       15
  SINCE JAN 1    148                       256   -108      279
..................................................................


WIND (MPH)
  HIGHEST WIND SPEED    15   HIGHEST WIND DIRECTION     W (290)
  HIGHEST GUST SPEED    20   HIGHEST GUST DIRECTION     W (290)
  AVERAGE WIND SPEED     5.2


SKY COVER
  POSSIBLE SUNSHINE  MM
  AVERAGE SKY COVER 0.3


WEATHER CONDITIONS
 THE FOLLOWING WEATHER WAS RECORDED YESTERDAY.
  FOG
  FOG W/VISIBILITY <= 1/4 MILE


RELATIVE HUMIDITY (PERCENT)
 HIGHEST   100          1200 AM
 LOWEST     44           300 PM
 AVERAGE    72

..........................................................


THE RHINELANDER WI CLIMATE NORMALS FOR TODAY
                         NORMAL    RECORD    YEAR
 MAXIMUM TEMPERATURE (F)   66        86      1955
 MINIMUM TEMPERATURE (F)   44        27      2011


SUNRISE AND SUNSET
SEPTEMBER 16 2014.....SUNRISE   637 AM CDT   SUNSET   707 PM CDT
SEPTEMBER 17 2014.....SUNRISE   639 AM CDT   SUNSET   705 PM CDT


-  INDICATES NEGATIVE NUMBERS.
R  INDICATES RECORD WAS SET OR TIED.
MM INDICATES DATA IS MISSING.
T  INDICATES TRACE AMOUNT.




$$
