000
CDUS43 KGRB 292154
CLIRHI


CLIMATE REPORT
NATIONAL WEATHER SERVICE GREEN BAY
454 PM CDT WED MAR 29 2017


...................................

...THE RHINELANDER WI CLIMATE SUMMARY FOR MARCH 29 2017...
VALID TODAY AS OF 0400 PM LOCAL TIME.

CLIMATE NORMAL PERIOD 1981 TO 2010
CLIMATE RECORD PERIOD 1908 TO 2017


WEATHER ITEM   OBSERVED TIME   RECORD YEAR NORMAL DEPARTURE LAST
                VALUE   (LST)  VALUE       VALUE  FROM      YEAR
                                                  NORMAL
..................................................................
TEMPERATURE (F)
 TODAY
  MAXIMUM         49    145 PM  79    1910  43      6       57
  MINIMUM         26    335 AM  -8    1923  23      3       28
  AVERAGE         38                        33      5       43

PRECIPITATION (IN)
  TODAY            0.00          1.03 1938   0.06  -0.06     0.00
  MONTH TO DATE    1.21                      1.45  -0.24     3.09
  SINCE MAR 1      1.21                      1.45  -0.24     3.09
  SINCE JAN 1      4.57                      3.49   1.08     4.82

SNOWFALL (IN)
  TODAY            0.0           6.0  1944  MM     MM        0.0
                                      1924
  MONTH TO DATE    3.8                      MM     MM        7.9
  SINCE MAR 1      3.8                      MM     MM        7.9
  SINCE JUL 1     55.3                      MM     MM       42.4
  SNOW DEPTH       0

DEGREE DAYS
 HEATING
  TODAY           27                        32     -5       22
  MONTH TO DATE 1101                      1110     -9      888
  SINCE MAR 1   1101                      1110     -9      888
  SINCE JUL 1   6612                      7732  -1120     6571

 COOLING
  TODAY            0                         0      0        0
  MONTH TO DATE    0                         0      0        0
  SINCE MAR 1      0                         0      0        0
  SINCE JAN 1      0                         0      0        0
..................................................................


WIND (MPH)
  HIGHEST WIND SPEED    12   HIGHEST WIND DIRECTION    SE (150)
  HIGHEST GUST SPEED    16   HIGHEST GUST DIRECTION     E (110)
  AVERAGE WIND SPEED     5.8


SKY COVER
  POSSIBLE SUNSHINE  MM
  AVERAGE SKY COVER 0.0


WEATHER CONDITIONS
 THE FOLLOWING WEATHER WAS RECORDED TODAY.
  NO SIGNIFICANT WEATHER WAS OBSERVED.


RELATIVE HUMIDITY (PERCENT)
 HIGHEST    92           400 AM
 LOWEST     46          1100 AM
 AVERAGE    69

..........................................................


THE RHINELANDER WI CLIMATE NORMALS FOR TOMORROW
                         NORMAL    RECORD    YEAR
 MAXIMUM TEMPERATURE (F)   44        77      1910
 MINIMUM TEMPERATURE (F)   23        -7      1965


SUNRISE AND SUNSET
MARCH 29 2017.........SUNRISE   643 AM CDT   SUNSET   723 PM CDT
MARCH 30 2017.........SUNRISE   641 AM CDT   SUNSET   724 PM CDT


-  INDICATES NEGATIVE NUMBERS.
R  INDICATES RECORD WAS SET OR TIED.
MM INDICATES DATA IS MISSING.
T  INDICATES TRACE AMOUNT.




$$
