232
CDUS43 KGRB 270718
CLIRHI


CLIMATE REPORT
NATIONAL WEATHER SERVICE GREEN BAY
216 AM CDT SAT MAY 27 2017


...................................

...THE RHINELANDER WI CLIMATE SUMMARY FOR MAY 26 2017...

CLIMATE NORMAL PERIOD 1981 TO 2010
CLIMATE RECORD PERIOD 1908 TO 2017


WEATHER ITEM   OBSERVED TIME   RECORD YEAR NORMAL DEPARTURE LAST
                VALUE   (LST)  VALUE       VALUE  FROM      YEAR
                                                  NORMAL
..................................................................
TEMPERATURE (F)
 YESTERDAY
  MAXIMUM         70    357 PM  90    1911  68      2       76
  MINIMUM         54    952 PM  27    1925  44     10       56
  AVERAGE         62                        56      6       66

PRECIPITATION (IN)
  YESTERDAY        0.04          1.90 1991   0.11  -0.07     0.16
  MONTH TO DATE    5.48                      2.88   2.60     1.91
  SINCE MAR 1     13.62                      7.03   6.59     8.36
  SINCE JAN 1     16.98                      9.07   7.91    10.09

SNOWFALL (IN)
  YESTERDAY        0.0           0.0    MM  MM     MM        0.0
  MONTH TO DATE    0.0                      MM     MM         T
  SINCE MAR 1     14.3                      MM     MM       21.2
  SINCE JUL 1     65.8                      MM     MM       55.7
  SNOW DEPTH       0

DEGREE DAYS
 HEATING
  YESTERDAY        3                        10     -7        0
  MONTH TO DATE  357                       343     14      333
  SINCE MAR 1   2125                      2221    -96     2008
  SINCE JUL 1   7636                      8843  -1207     7691

 COOLING
  YESTERDAY        0                         1     -1        1
  MONTH TO DATE    1                         4     -3       11
  SINCE MAR 1      1                         5     -4       11
  SINCE JAN 1      1                         5     -4       11
..................................................................


WIND (MPH)
  HIGHEST WIND SPEED    13   HIGHEST WIND DIRECTION     S (190)
  HIGHEST GUST SPEED    17   HIGHEST GUST DIRECTION     S (160)
  AVERAGE WIND SPEED     4.7


SKY COVER
  POSSIBLE SUNSHINE  MM
  AVERAGE SKY COVER 0.7


WEATHER CONDITIONS
 THE FOLLOWING WEATHER WAS RECORDED YESTERDAY.
  LIGHT RAIN
  FOG


RELATIVE HUMIDITY (PERCENT)
 HIGHEST    93           500 AM
 LOWEST     51           200 PM
 AVERAGE    72

..........................................................


THE RHINELANDER WI CLIMATE NORMALS FOR TODAY
                         NORMAL    RECORD    YEAR
 MAXIMUM TEMPERATURE (F)   68        90      1919
 MINIMUM TEMPERATURE (F)   44        26      2011


SUNRISE AND SUNSET
MAY 27 2017...........SUNRISE   515 AM CDT   SUNSET   835 PM CDT
MAY 28 2017...........SUNRISE   514 AM CDT   SUNSET   836 PM CDT


-  INDICATES NEGATIVE NUMBERS.
R  INDICATES RECORD WAS SET OR TIED.
MM INDICATES DATA IS MISSING.
T  INDICATES TRACE AMOUNT.

$$
