235
CDUS43 KGRB 272146
CLIRHI


CLIMATE REPORT
NATIONAL WEATHER SERVICE GREEN BAY
445 PM CDT WED JUL 27 2016


...................................

...THE RHINELANDER WI CLIMATE SUMMARY FOR JULY 27 2016...
VALID TODAY AS OF 0400 PM LOCAL TIME.

CLIMATE NORMAL PERIOD 1981 TO 2010
CLIMATE RECORD PERIOD 1908 TO 2016


WEATHER ITEM   OBSERVED TIME   RECORD YEAR NORMAL DEPARTURE LAST
                VALUE   (LST)  VALUE       VALUE  FROM      YEAR
                                                  NORMAL
..................................................................
TEMPERATURE (F)
 TODAY
  MAXIMUM         74   1141 AM  96    1931  79     -5       88
  MINIMUM         63    243 AM  41    1981  54      9       52
  AVERAGE         69                        67      2       70

PRECIPITATION (IN)
  TODAY            0.27          1.95 1913   0.11   0.16     0.00
  MONTH TO DATE    3.16                      3.55  -0.39     3.04
  SINCE JUN 1     10.18                      7.44   2.74     6.60
  SINCE JAN 1     21.26                     17.12   4.14    15.20

SNOWFALL (IN)
  TODAY            0.0           0.0    MM  MM     MM        0.0
  MONTH TO DATE    0.0                      MM     MM        0.0
  SINCE JUN 1      0.0                      MM     MM        0.0
  SINCE JUL 1      0.0                      MM     MM        0.0
  SNOW DEPTH       0

DEGREE DAYS
 HEATING
  TODAY            0                         1     -1        0
  MONTH TO DATE   28                        53    -25       49
  SINCE JUN 1    120                       187    -67      181
  SINCE JUL 1     28                        53    -25       49

 COOLING
  TODAY            4                         3      1        5
  MONTH TO DATE  129                        92     37       74
  SINCE JUN 1    182                       145     37       77
  SINCE JAN 1    197                       157     40       82
..................................................................


WIND (MPH)
  HIGHEST WIND SPEED    16   HIGHEST WIND DIRECTION    NW (310)
  HIGHEST GUST SPEED    24   HIGHEST GUST DIRECTION    NW (300)
  AVERAGE WIND SPEED     3.8


SKY COVER
  POSSIBLE SUNSHINE  MM
  AVERAGE SKY COVER 0.6


WEATHER CONDITIONS
 THE FOLLOWING WEATHER WAS RECORDED TODAY.
  HEAVY RAIN
  LIGHT RAIN
  FOG


RELATIVE HUMIDITY (PERCENT)
 HIGHEST    93           500 AM
 LOWEST     78           100 AM
 AVERAGE    86

..........................................................


THE RHINELANDER WI CLIMATE NORMALS FOR TOMORROW
                         NORMAL    RECORD    YEAR
 MAXIMUM TEMPERATURE (F)   79        95      1916
 MINIMUM TEMPERATURE (F)   54        43      1978


SUNRISE AND SUNSET
JULY 27 2016..........SUNRISE   536 AM CDT   SUNSET   832 PM CDT
JULY 28 2016..........SUNRISE   537 AM CDT   SUNSET   831 PM CDT


-  INDICATES NEGATIVE NUMBERS.
R  INDICATES RECORD WAS SET OR TIED.
MM INDICATES DATA IS MISSING.
T  INDICATES TRACE AMOUNT.




$$
