000
CDUS43 KGRB 200719
CLIRHI


CLIMATE REPORT
NATIONAL WEATHER SERVICE GREEN BAY
217 AM CDT THU JUL 20 2017


...................................

...THE RHINELANDER WI CLIMATE SUMMARY FOR JULY 19 2017...

CLIMATE NORMAL PERIOD 1981 TO 2010
CLIMATE RECORD PERIOD 1908 TO 2017


WEATHER ITEM   OBSERVED TIME   RECORD YEAR NORMAL DEPARTURE LAST
                VALUE   (LST)  VALUE       VALUE  FROM      YEAR
                                                  NORMAL
..................................................................
TEMPERATURE (F)
 YESTERDAY
  MAXIMUM         84    209 PM  96    1977  79      5       84
                                      1932
  MINIMUM         50    333 AM  36    2000  55     -5       56
                                      1912
  AVERAGE         67                        67      0       70

PRECIPITATION (IN)
  YESTERDAY        0.00          1.42 1971   0.13  -0.13     0.00
  MONTH TO DATE    1.37                      2.55  -1.18     2.00
  SINCE JUN 1      8.64                      6.44   2.20     9.02
  SINCE JAN 1     26.36                     16.12  10.24    20.10

SNOWFALL (IN)
  YESTERDAY        0.0           0.0    MM  MM     MM        0.0
  MONTH TO DATE    0.0                      MM     MM        0.0
  SINCE JUN 1      0.0                      MM     MM        0.0
  SINCE JUL 1      0.0                      MM     MM        0.0
  SNOW DEPTH       0

DEGREE DAYS
 HEATING
  YESTERDAY        0                         2     -2        0
  MONTH TO DATE   29                        38     -9       28
  SINCE JUN 1    127                       172    -45      120
  SINCE JUL 1     29                        38     -9       28

 COOLING
  YESTERDAY        2                         4     -2        5
  MONTH TO DATE   42                        66    -24       59
  SINCE JUN 1    105                       119    -14      112
  SINCE JAN 1    107                       131    -24      127
..................................................................


WIND (MPH)
  HIGHEST WIND SPEED    12   HIGHEST WIND DIRECTION     S (180)
  HIGHEST GUST SPEED    15   HIGHEST GUST DIRECTION     S (170)
  AVERAGE WIND SPEED     3.3


SKY COVER
  POSSIBLE SUNSHINE  MM
  AVERAGE SKY COVER 0.2


WEATHER CONDITIONS
 THE FOLLOWING WEATHER WAS RECORDED YESTERDAY.
  FOG
  FOG W/VISIBILITY <= 1/4 MILE


RELATIVE HUMIDITY (PERCENT)
 HIGHEST   100          1200 AM
 LOWEST     30           100 PM
 AVERAGE    65

..........................................................


THE RHINELANDER WI CLIMATE NORMALS FOR TODAY
                         NORMAL    RECORD    YEAR
 MAXIMUM TEMPERATURE (F)   79        95      1932
 MINIMUM TEMPERATURE (F)   55        40      1913


SUNRISE AND SUNSET
JULY 20 2017..........SUNRISE   528 AM CDT   SUNSET   839 PM CDT
JULY 21 2017..........SUNRISE   529 AM CDT   SUNSET   838 PM CDT


-  INDICATES NEGATIVE NUMBERS.
R  INDICATES RECORD WAS SET OR TIED.
MM INDICATES DATA IS MISSING.
T  INDICATES TRACE AMOUNT.

$$
