000
CDUS43 KGRB 180724
CLIRHI


CLIMATE REPORT
NATIONAL WEATHER SERVICE GREEN BAY
123 AM CST WED JAN 18 2017


...................................

...THE RHINELANDER WI CLIMATE SUMMARY FOR JANUARY 17 2017...

CLIMATE NORMAL PERIOD 1981 TO 2010
CLIMATE RECORD PERIOD 1908 TO 2017


WEATHER ITEM   OBSERVED TIME   RECORD YEAR NORMAL DEPARTURE LAST
                VALUE   (LST)  VALUE       VALUE  FROM      YEAR
                                                  NORMAL
..................................................................
TEMPERATURE (F)
 YESTERDAY
  MAXIMUM         41    328 PM  45    1986  21     20        1
                                      1973
  MINIMUM         21   1119 PM -38    1982   3     18      -17
  AVERAGE         31                        12     19       -8

PRECIPITATION (IN)
  YESTERDAY        0.11          0.96 1935   0.03   0.08     0.00
  MONTH TO DATE    1.22                      0.62   0.60     0.48
  SINCE DEC 1      3.29                      2.06   1.23     4.44
  SINCE JAN 1      1.22                      0.62   0.60     0.48

SNOWFALL (IN)
  YESTERDAY        1.0          10.0  1935  MM     MM        0.0
  MONTH TO DATE   13.3                      MM     MM        4.3
  SINCE DEC 1     32.9                      MM     MM       16.9
  SINCE JUL 1     39.5                      MM     MM       21.0
  SNOW DEPTH      16

DEGREE DAYS
 HEATING
  YESTERDAY       34                        53    -19       73
  MONTH TO DATE  950                       896     54      879
  SINCE DEC 1   2400                      2388     12     1988
  SINCE JUL 1   3882                      4522   -640     3705

 COOLING
  YESTERDAY        0                         0      0        0
  MONTH TO DATE    0                         0      0        0
  SINCE DEC 1      0                         0      0        0
  SINCE JAN 1      0                         0      0        0
..................................................................


WIND (MPH)
  HIGHEST WIND SPEED    12   HIGHEST WIND DIRECTION     E (80)
  HIGHEST GUST SPEED    16   HIGHEST GUST DIRECTION    NE (60)
  AVERAGE WIND SPEED     4.0


SKY COVER
  POSSIBLE SUNSHINE  MM
  AVERAGE SKY COVER 0.8


WEATHER CONDITIONS
 THE FOLLOWING WEATHER WAS RECORDED YESTERDAY.
  LT FREEZING RAIN
  LIGHT SNOW
  FOG


RELATIVE HUMIDITY (PERCENT)
 HIGHEST   100          1000 PM
 LOWEST     70           300 PM
 AVERAGE    85

..........................................................


THE RHINELANDER WI CLIMATE NORMALS FOR TODAY
                         NORMAL    RECORD    YEAR
 MAXIMUM TEMPERATURE (F)   21        46      1996
 MINIMUM TEMPERATURE (F)    3       -36      1948


SUNRISE AND SUNSET
JANUARY 18 2017.......SUNRISE   732 AM CST   SUNSET   445 PM CST
JANUARY 19 2017.......SUNRISE   732 AM CST   SUNSET   446 PM CST


-  INDICATES NEGATIVE NUMBERS.
R  INDICATES RECORD WAS SET OR TIED.
MM INDICATES DATA IS MISSING.
T  INDICATES TRACE AMOUNT.




$$
