000
CDUS43 KGRB 030642
CLIRHI


CLIMATE REPORT
NATIONAL WEATHER SERVICE GREEN BAY
142 AM CDT WED JUN 3 2015


...................................

...THE RHINELANDER WI CLIMATE SUMMARY FOR JUNE 2 2015...

CLIMATE NORMAL PERIOD 1981 TO 2010
CLIMATE RECORD PERIOD 1908 TO 2015


WEATHER ITEM   OBSERVED TIME   RECORD YEAR NORMAL DEPARTURE LAST
                VALUE   (LST)  VALUE       VALUE  FROM      YEAR
                                                  NORMAL
..................................................................
TEMPERATURE (F)
 YESTERDAY
  MAXIMUM         72    459 PM  89    1934  70      2       74
  MINIMUM         35    355 AM  32    1946  46    -11       59
  AVERAGE         54                        58     -4       67

PRECIPITATION (IN)
  YESTERDAY        0.00          1.79 1916   0.13  -0.13     0.85
  MONTH TO DATE    0.00                      0.25  -0.25     1.32
  SINCE JUN 1      0.00                      0.25  -0.25     1.32
  SINCE JAN 1      8.60                      9.93  -1.33    12.43

SNOWFALL (IN)
  YESTERDAY        0.0           T    1945  MM     MM        0.0
  MONTH TO DATE    0.0                      MM     MM        0.0
  SINCE JUN 1      0.0                      MM     MM        0.0
  SINCE JUL 1     89.3                      MM     MM      110.3
  SNOW DEPTH       0

DEGREE DAYS
 HEATING
  YESTERDAY       11                         8      3        0
  MONTH TO DATE   24                        16      8        0
  SINCE JUN 1     24                        16      8        0
  SINCE JUL 1   9497                      8902    595    10338

 COOLING
  YESTERDAY        0                         1     -1        2
  MONTH TO DATE    0                         2     -2        7
  SINCE JUN 1      0                         2     -2        7
  SINCE JAN 1      5                        14     -9       14
..................................................................


WIND (MPH)
  HIGHEST WIND SPEED    16   HIGHEST WIND DIRECTION     S (200)
  HIGHEST GUST SPEED    23   HIGHEST GUST DIRECTION    SW (220)
  AVERAGE WIND SPEED     5.9


SKY COVER
  POSSIBLE SUNSHINE  MM
  AVERAGE SKY COVER 0.0


WEATHER CONDITIONS
 THE FOLLOWING WEATHER WAS RECORDED YESTERDAY.
  NO SIGNIFICANT WEATHER WAS OBSERVED.


RELATIVE HUMIDITY (PERCENT)
 HIGHEST    92           300 AM
 LOWEST     22           100 PM
 AVERAGE    57

..........................................................


THE RHINELANDER WI CLIMATE NORMALS FOR TODAY
                         NORMAL    RECORD    YEAR
 MAXIMUM TEMPERATURE (F)   71        89      1934
 MINIMUM TEMPERATURE (F)   47        32      2013
                                             1982
                                             1946


SUNRISE AND SUNSET
JUNE  3 2015..........SUNRISE   511 AM CDT   SUNSET   841 PM CDT
JUNE  4 2015..........SUNRISE   511 AM CDT   SUNSET   842 PM CDT


-  INDICATES NEGATIVE NUMBERS.
R  INDICATES RECORD WAS SET OR TIED.
MM INDICATES DATA IS MISSING.
T  INDICATES TRACE AMOUNT.




$$
