000
CDUS41 KAKQ 022126
CLIRIC


CLIMATE REPORT
NATIONAL WEATHER SERVICE WAKEFIELD, VA
526 PM EDT TUE SEP 2 2014


...................................

...THE RICHMOND VA CLIMATE SUMMARY FOR SEPTEMBER 2 2014...
VALID TODAY AS OF 0500 PM LOCAL TIME.

CLIMATE NORMAL PERIOD 1981 TO 2010
CLIMATE RECORD PERIOD 1871 TO 2014


WEATHER ITEM   OBSERVED TIME   RECORD YEAR NORMAL DEPARTURE LAST
                VALUE   (LST)  VALUE       VALUE  FROM      YEAR
                                                  NORMAL
..................................................................
TEMPERATURE (F)
 TODAY
  MAXIMUM        101R   142 PM 100    1980  85     16       91
                                      1953
  MINIMUM         73    512 AM  49    1948  65      8       73
  AVERAGE         87

PRECIPITATION (IN)
  TODAY            0.00          1.92 1969   0.14  -0.14     0.00
  MONTH TO DATE    0.00                      0.28  -0.28     0.06
  SINCE SEP 1      0.00                      0.28  -0.28     0.06
  SINCE JAN 1     25.67                     30.27  -4.60    38.93

SNOWFALL (IN)
  TODAY            0.0
  MONTH TO DATE    0.0
  SINCE NOV 1     14.5
  SINCE JUL 1      0.0
  SNOW DEPTH       0

DEGREE DAYS
 HEATING
  TODAY            0                         0      0        0
  MONTH TO DATE    0                         0      0        0
  SINCE SEP 1      0                         0      0        0
  SINCE JUL 1      0                         1     -1        0

 COOLING
  TODAY           22                        10     12       17
  MONTH TO DATE   43                        20     23       34
  SINCE SEP 1     43                        20     23       34
  SINCE JAN 1   1423                      1327     96     1439
..................................................................


WIND (MPH)
  RESULTANT WIND SPEED   7   RESULTANT WIND DIRECTION  SW (220)
  HIGHEST WIND SPEED    18   HIGHEST WIND DIRECTION    SW (220)
  HIGHEST GUST SPEED    24   HIGHEST GUST DIRECTION    SW (220)


SKY COVER
  POSSIBLE SUNSHINE  MM
  AVERAGE SKY COVER 0.4


WEATHER CONDITIONS
 THE FOLLOWING WEATHER WAS RECORDED TODAY.
  NO SIGNIFICANT WEATHER WAS OBSERVED.


RELATIVE HUMIDITY (PERCENT)
 HIGHEST    87
 LOWEST     29
 AVERAGE    58

..........................................................


THE RICHMOND VA CLIMATE NORMALS FOR TOMORROW
                         NORMAL    RECORD    YEAR
 MAXIMUM TEMPERATURE (F)   85        99      1984
 MINIMUM TEMPERATURE (F)   65        48      1967


SUNRISE AND SUNSET
SEPTEMBER  2 2014.....SUNRISE   640 AM EDT   SUNSET   737 PM EDT
SEPTEMBER  3 2014.....SUNRISE   641 AM EDT   SUNSET   735 PM EDT


-  INDICATES NEGATIVE NUMBERS.
R  INDICATES RECORD WAS SET OR TIED.
MM INDICATES DATA IS MISSING.
T  INDICATES TRACE AMOUNT.




$$
