000
CDUS41 KAKQ 110635
CLIRIC


CLIMATE REPORT
NATIONAL WEATHER SERVICE WAKEFIELD, VA
132 AM EST MON DEC 11 2017


...................................

...THE RICHMOND VA CLIMATE SUMMARY FOR DECEMBER 10 2017...

CLIMATE NORMAL PERIOD 1981 TO 2010
CLIMATE RECORD PERIOD 1871 TO 2017


WEATHER ITEM   OBSERVED TIME   RECORD YEAR NORMAL DEPARTURE LAST
                VALUE   (LST)  VALUE       VALUE  FROM      YEAR
                                                  NORMAL
..................................................................
TEMPERATURE (F)
 YESTERDAY
  MAXIMUM         40    305 PM  79    2007  52    -12       39
  MINIMUM         29    424 AM  13    1917  33     -4       22
  AVERAGE         35                        42     -7       31

PRECIPITATION (IN)
  YESTERDAY        0.00          1.53 1969   0.11  -0.11     0.00
  MONTH TO DATE    1.01                      1.11  -0.10     1.71
  SINCE DEC 1      1.01                      1.11  -0.10     1.71
  SINCE JAN 1     37.92                     41.45  -3.53    51.66

SNOWFALL (IN)
  YESTERDAY        0.0           3.0  1934   0.0    0.0
  MONTH TO DATE    3.1                       0.5    2.6
  SINCE NOV 1      3.1                       0.7    2.4
  SINCE JUL 1      3.1                       0.7    2.4
  SNOW DEPTH       3

DEGREE DAYS
 HEATING
  YESTERDAY       30                        23      7       34
  MONTH TO DATE  212                       214     -2      226
  SINCE DEC 1    212                       214     -2      226
  SINCE JUL 1    824                       890    -66      816

 COOLING
  YESTERDAY        0                         0      0        0
  MONTH TO DATE    0                         0      0        0
  SINCE DEC 1      0                         0      0        0
  SINCE JAN 1   1706                      1548    158     1699
..................................................................


WIND (MPH)
  HIGHEST WIND SPEED    15   HIGHEST WIND DIRECTION     W (250)
  HIGHEST GUST SPEED    18   HIGHEST GUST DIRECTION     W (250)
  AVERAGE WIND SPEED     8.6


SKY COVER
  POSSIBLE SUNSHINE  MM
  AVERAGE SKY COVER 0.4


WEATHER CONDITIONS
 THE FOLLOWING WEATHER WAS RECORDED YESTERDAY.
  FOG


RELATIVE HUMIDITY (PERCENT)
 HIGHEST   100           300 AM
 LOWEST     59           200 PM
 AVERAGE    80

..........................................................


THE RICHMOND VA CLIMATE NORMALS FOR TODAY
                         NORMAL    RECORD    YEAR
 MAXIMUM TEMPERATURE (F)   52        72      1971
 MINIMUM TEMPERATURE (F)   32        12      1968
                                             1917


SUNRISE AND SUNSET
DECEMBER 11 2017......SUNRISE   714 AM EST   SUNSET   451 PM EST
DECEMBER 12 2017......SUNRISE   715 AM EST   SUNSET   452 PM EST


-  INDICATES NEGATIVE NUMBERS.
R  INDICATES RECORD WAS SET OR TIED.
MM INDICATES DATA IS MISSING.
T  INDICATES TRACE AMOUNT.




$$
