000
CDUS41 KAKQ 200828
CLIRIC


CLIMATE REPORT
NATIONAL WEATHER SERVICE WAKEFIELD, VA
328 AM EST SAT DEC 20 2014


...................................

...THE RICHMOND VA CLIMATE SUMMARY FOR DECEMBER 19 2014...

CLIMATE NORMAL PERIOD 1981 TO 2010
CLIMATE RECORD PERIOD 1871 TO 2014


WEATHER ITEM   OBSERVED TIME   RECORD YEAR NORMAL DEPARTURE LAST
                VALUE   (LST)  VALUE       VALUE  FROM      YEAR
                                                  NORMAL
..................................................................
TEMPERATURE (F)
 YESTERDAY
  MAXIMUM         47    303 PM  76    1931  50     -3       63
                                      1924
  MINIMUM         31   1159 PM   9    1932  31      0       29
  AVERAGE         39                        40     -1       46

PRECIPITATION (IN)
  YESTERDAY        0.00          1.14 1934   0.11  -0.11     0.00
  MONTH TO DATE    1.03                      2.06  -1.03     3.49
  SINCE DEC 1      1.03                      2.06  -1.03     3.49
  SINCE JAN 1     33.63                     42.40  -8.77    51.06

SNOWFALL (IN)
  YESTERDAY        0.0           5.8  1919   0.1   -0.1
  MONTH TO DATE    0.0                       1.2   -1.2
  SINCE NOV 1      T                         1.4   -1.4
  SINCE JUL 1      T                         1.4   -1.4
  SNOW DEPTH       0

DEGREE DAYS
 HEATING
  YESTERDAY       26                        25      1       19
  MONTH TO DATE  392                       431    -39      430
  SINCE DEC 1    392                       431    -39      430
  SINCE JUL 1   1062                      1107    -45     1070

 COOLING
  YESTERDAY        0                         0      0        0
  MONTH TO DATE    0                         0      0        0
  SINCE DEC 1      0                         0      0        0
  SINCE JAN 1   1679                      1548    131     1678
..................................................................


WIND (MPH)
  HIGHEST WIND SPEED    13   HIGHEST WIND DIRECTION    NW (310)
  HIGHEST GUST SPEED    20   HIGHEST GUST DIRECTION    NW (330)
  AVERAGE WIND SPEED     5.3


SKY COVER
  POSSIBLE SUNSHINE  MM
  AVERAGE SKY COVER 0.5


WEATHER CONDITIONS
 THE FOLLOWING WEATHER WAS RECORDED YESTERDAY.
  NO SIGNIFICANT WEATHER WAS OBSERVED.


RELATIVE HUMIDITY (PERCENT)
 HIGHEST    69           900 PM
 LOWEST     42           200 PM
 AVERAGE    56

..........................................................


THE RICHMOND VA CLIMATE NORMALS FOR TODAY
                         NORMAL    RECORD    YEAR
 MAXIMUM TEMPERATURE (F)   49        74      1931
 MINIMUM TEMPERATURE (F)   30         2      1942


SUNRISE AND SUNSET
DECEMBER 20 2014......SUNRISE   720 AM EST   SUNSET   454 PM EST
DECEMBER 21 2014......SUNRISE   720 AM EST   SUNSET   455 PM EST


-  INDICATES NEGATIVE NUMBERS.
R  INDICATES RECORD WAS SET OR TIED.
MM INDICATES DATA IS MISSING.
T  INDICATES TRACE AMOUNT.




$$
