000
CDUS41 KAKQ 082228
CLIRIC


CLIMATE REPORT
NATIONAL WEATHER SERVICE WAKEFIELD, VA
527 PM EST THU DEC 8 2016


...................................

...THE RICHMOND VA CLIMATE SUMMARY FOR DECEMBER 8 2016...
VALID TODAY AS OF 0500 PM LOCAL TIME.

CLIMATE NORMAL PERIOD 1981 TO 2010
CLIMATE RECORD PERIOD 1871 TO 2016


WEATHER ITEM   OBSERVED TIME   RECORD YEAR NORMAL DEPARTURE LAST
                VALUE   (LST)  VALUE       VALUE  FROM      YEAR
                                                  NORMAL
..................................................................
TEMPERATURE (F)
 TODAY
  MAXIMUM         52    246 PM  77    1978  53     -1       58
  MINIMUM         36   1248 AM  15    1976  33      3       32
                                      1954
  AVERAGE         44

PRECIPITATION (IN)
  TODAY            0.00          1.53 1973   0.10  -0.10     0.00
  MONTH TO DATE    1.71                      0.89   0.82     0.51
  SINCE DEC 1      1.71                      0.89   0.82     0.51
  SINCE JAN 1     51.66                     41.23  10.43    43.64

SNOWFALL (IN)
  TODAY            0.0
  MONTH TO DATE    0.0
  SINCE NOV 1      0.0
  SINCE JUL 1      0.0
  SNOW DEPTH       0

DEGREE DAYS
 HEATING
  TODAY           21                        22     -1       20
  MONTH TO DATE  161                       169     -8      153
  SINCE DEC 1    161                       169     -8      153
  SINCE JUL 1    751                       845    -94      745

 COOLING
  TODAY            0                         0      0        0
  MONTH TO DATE    0                         0      0        0
  SINCE DEC 1      0                         0      0        0
  SINCE JAN 1   1699                      1548    151     1817
..................................................................


WIND (MPH)
  RESULTANT WIND SPEED   5   RESULTANT WIND DIRECTION  NW (310)
  HIGHEST WIND SPEED    23   HIGHEST WIND DIRECTION    NW (310)
  HIGHEST GUST SPEED    29   HIGHEST GUST DIRECTION    NW (310)


SKY COVER
  POSSIBLE SUNSHINE  MM
  AVERAGE SKY COVER 0.9


WEATHER CONDITIONS
 THE FOLLOWING WEATHER WAS RECORDED TODAY.
  FOG


RELATIVE HUMIDITY (PERCENT)
 HIGHEST   100
 LOWEST     26
 AVERAGE    63

..........................................................


THE RICHMOND VA CLIMATE NORMALS FOR TOMORROW
                         NORMAL    RECORD    YEAR
 MAXIMUM TEMPERATURE (F)   52        76      1951
 MINIMUM TEMPERATURE (F)   33        13      1976


SUNRISE AND SUNSET
DECEMBER  8 2016......SUNRISE   712 AM EST   SUNSET   451 PM EST
DECEMBER  9 2016......SUNRISE   713 AM EST   SUNSET   451 PM EST


-  INDICATES NEGATIVE NUMBERS.
R  INDICATES RECORD WAS SET OR TIED.
MM INDICATES DATA IS MISSING.
T  INDICATES TRACE AMOUNT.




$$
