000
CDUS41 KAKQ 200545
CLIRIC


CLIMATE REPORT
NATIONAL WEATHER SERVICE WAKEFIELD, VA
145 AM EDT FRI OCT 20 2017


...................................

...THE RICHMOND VA CLIMATE SUMMARY FOR OCTOBER 19 2017...

CLIMATE NORMAL PERIOD 1981 TO 2010
CLIMATE RECORD PERIOD 1871 TO 2017


WEATHER ITEM   OBSERVED TIME   RECORD YEAR NORMAL DEPARTURE LAST
                VALUE   (LST)  VALUE       VALUE  FROM      YEAR
                                                  NORMAL
..................................................................
TEMPERATURE (F)
 YESTERDAY
  MAXIMUM         75    242 PM  87    2016  70      5       87
                                      1938
  MINIMUM         43    653 AM  28    1976  47     -4       62
  AVERAGE         59                        58      1       75

PRECIPITATION (IN)
  YESTERDAY        0.00          2.83 1966   0.10  -0.10     0.00
  MONTH TO DATE    2.64                      1.82   0.82     4.17
  SINCE SEP 1      4.12                      5.95  -1.83    15.36
  SINCE JAN 1     33.17                     35.94  -2.77    48.80

SNOWFALL (IN)
  YESTERDAY        0.0           T    1972   0.0    0.0
                                      2001
  MONTH TO DATE    0.0                       0.0    0.0
  SINCE NOV 1      7.1                      10.3   -3.2
  SINCE JUL 1      0.0                       0.0    0.0
  SNOW DEPTH       0

DEGREE DAYS
 HEATING
  YESTERDAY        6                         7     -1        0
  MONTH TO DATE   46                        97    -51       50
  SINCE SEP 1     58                       125    -67       50
  SINCE JUL 1     58                       126    -68       50

 COOLING
  YESTERDAY        0                         1     -1       10
  MONTH TO DATE   83                        32     51       45
  SINCE SEP 1    285                       229     56      324
  SINCE JAN 1   1698                      1536    162     1678
..................................................................


WIND (MPH)
  HIGHEST WIND SPEED    12   HIGHEST WIND DIRECTION    SW (210)
  HIGHEST GUST SPEED    18   HIGHEST GUST DIRECTION    SW (230)
  AVERAGE WIND SPEED     3.3


SKY COVER
  POSSIBLE SUNSHINE  MM
  AVERAGE SKY COVER 0.2


WEATHER CONDITIONS
 THE FOLLOWING WEATHER WAS RECORDED YESTERDAY.
  FOG


RELATIVE HUMIDITY (PERCENT)
 HIGHEST    96           800 AM
 LOWEST     33           300 PM
 AVERAGE    65

..........................................................


THE RICHMOND VA CLIMATE NORMALS FOR TODAY
                         NORMAL    RECORD    YEAR
 MAXIMUM TEMPERATURE (F)   70        89      1984
 MINIMUM TEMPERATURE (F)   47        27      1940
                                             1930


SUNRISE AND SUNSET
OCTOBER 20 2017.......SUNRISE   722 AM EDT   SUNSET   625 PM EDT
OCTOBER 21 2017.......SUNRISE   723 AM EDT   SUNSET   624 PM EDT


-  INDICATES NEGATIVE NUMBERS.
R  INDICATES RECORD WAS SET OR TIED.
MM INDICATES DATA IS MISSING.
T  INDICATES TRACE AMOUNT.




$$
