000
CDUS41 KAKQ 190645
CLIRIC


CLIMATE REPORT
NATIONAL WEATHER SERVICE WAKEFIELD, VA
145 AM EST MON FEB 19 2018


...................................

...THE RICHMOND VA CLIMATE SUMMARY FOR FEBRUARY 18 2018...

CLIMATE NORMAL PERIOD 1981 TO 2010
CLIMATE RECORD PERIOD 1871 TO 2018


WEATHER ITEM   OBSERVED TIME   RECORD YEAR NORMAL DEPARTURE LAST
                VALUE   (LST)  VALUE       VALUE  FROM      YEAR
                                                  NORMAL
..................................................................
TEMPERATURE (F)
 YESTERDAY
  MAXIMUM         56    327 PM  77    2011  52      4       74
                                      1976
  MINIMUM         33    715 AM   6    1979  31      2       33
  AVERAGE         45                        41      4       54

PRECIPITATION (IN)
  YESTERDAY        0.00          2.23 1889   0.10  -0.10      T
  MONTH TO DATE    1.81                      1.75   0.06     0.52
  SINCE DEC 1      6.27                      8.05  -1.78     7.61
  SINCE JAN 1      5.22                      4.79   0.43     4.81

SNOWFALL (IN)
  YESTERDAY        0.0           7.6  1989   0.1   -0.1
  MONTH TO DATE    0.0                       2.4   -2.4
  SINCE NOV 1      8.4                       8.6   -0.2
  SINCE JUL 1      8.4                       8.6   -0.2
  SNOW DEPTH       0

DEGREE DAYS
 HEATING
  YESTERDAY       20                        24     -4       11
  MONTH TO DATE  380                       452    -72      346
  SINCE DEC 1   2054                      2037     17     1798
  SINCE JUL 1   2666                      2713    -47     2388

 COOLING
  YESTERDAY        0                         0      0        0
  MONTH TO DATE    0                         0      0        0
  SINCE DEC 1      0                         1     -1        0
  SINCE JAN 1      0                         0      0        0
..................................................................


WIND (MPH)
  HIGHEST WIND SPEED    13   HIGHEST WIND DIRECTION    SE (130)
  HIGHEST GUST SPEED    18   HIGHEST GUST DIRECTION    NE (50)
  AVERAGE WIND SPEED     5.4


SKY COVER
  POSSIBLE SUNSHINE  MM
  AVERAGE SKY COVER 0.5


WEATHER CONDITIONS
 THE FOLLOWING WEATHER WAS RECORDED YESTERDAY.
  FOG
  FOG W/VISIBILITY <= 1/4 MILE


RELATIVE HUMIDITY (PERCENT)
 HIGHEST   100           300 AM
 LOWEST     41           300 PM
 AVERAGE    71

..........................................................


THE RICHMOND VA CLIMATE NORMALS FOR TODAY
                         NORMAL    RECORD    YEAR
 MAXIMUM TEMPERATURE (F)   52        78      1961
                                             1939
 MINIMUM TEMPERATURE (F)   31         9      2015


SUNRISE AND SUNSET
FEBRUARY 19 2018......SUNRISE   654 AM EST   SUNSET   553 PM EST
FEBRUARY 20 2018......SUNRISE   652 AM EST   SUNSET   554 PM EST


-  INDICATES NEGATIVE NUMBERS.
R  INDICATES RECORD WAS SET OR TIED.
MM INDICATES DATA IS MISSING.
T  INDICATES TRACE AMOUNT.




$$
