000
CDUS41 KAKQ 242130
CLIRIC


CLIMATE REPORT
NATIONAL WEATHER SERVICE WAKEFIELD, VA
530 PM EDT TUE MAY 24 2016


...................................

...THE RICHMOND VA CLIMATE SUMMARY FOR MAY 24 2016...
VALID TODAY AS OF 0500 PM LOCAL TIME.

CLIMATE NORMAL PERIOD 1981 TO 2010
CLIMATE RECORD PERIOD 1871 TO 2016


WEATHER ITEM   OBSERVED TIME   RECORD YEAR NORMAL DEPARTURE LAST
                VALUE   (LST)  VALUE       VALUE  FROM      YEAR
                                                  NORMAL
..................................................................
TEMPERATURE (F)
 TODAY
  MAXIMUM         83    353 PM  94    1970  80      3       83
  MINIMUM         51    157 AM  42    1963  58     -7       53
                                      1931
  AVERAGE         67

PRECIPITATION (IN)
  TODAY            0.00          1.42 1962   0.13  -0.13     0.00
  MONTH TO DATE    8.41                      2.87   5.54     1.61
  SINCE MAR 1     11.60                     10.18   1.42    10.72
  SINCE JAN 1     19.25                     15.98   3.27    17.98

SNOWFALL (IN)
  TODAY            0.0
  MONTH TO DATE    0.0
  SINCE NOV 1     15.1
  SINCE JUL 1     15.1
  SNOW DEPTH       0

DEGREE DAYS
 HEATING
  TODAY            0                         1     -1        0
  MONTH TO DATE  110                        67     43       28
  SINCE MAR 1    737                       823    -86      744
  SINCE JUL 1   3325                      3759   -434     3846

 COOLING
  TODAY            2                         5     -3        3
  MONTH TO DATE   17                        76    -59      147
  SINCE MAR 1     47                       118    -71      172
  SINCE JAN 1     47                       118    -71      172
..................................................................


WIND (MPH)
  RESULTANT WIND SPEED   4   RESULTANT WIND DIRECTION   W (290)
  HIGHEST WIND SPEED    14   HIGHEST WIND DIRECTION    NW (310)
  HIGHEST GUST SPEED    18   HIGHEST GUST DIRECTION     N (340)


SKY COVER
  POSSIBLE SUNSHINE  MM
  AVERAGE SKY COVER 0.5


WEATHER CONDITIONS
 THE FOLLOWING WEATHER WAS RECORDED TODAY.
  FOG


RELATIVE HUMIDITY (PERCENT)
 HIGHEST   100
 LOWEST     34
 AVERAGE    67

..........................................................


THE RICHMOND VA CLIMATE NORMALS FOR TOMORROW
                         NORMAL    RECORD    YEAR
 MAXIMUM TEMPERATURE (F)   80        93      2004
                                             1991
 MINIMUM TEMPERATURE (F)   58        39      1967


SUNRISE AND SUNSET
MAY 24 2016...........SUNRISE   553 AM EDT   SUNSET   819 PM EDT
MAY 25 2016...........SUNRISE   553 AM EDT   SUNSET   820 PM EDT


-  INDICATES NEGATIVE NUMBERS.
R  INDICATES RECORD WAS SET OR TIED.
MM INDICATES DATA IS MISSING.
T  INDICATES TRACE AMOUNT.




$$
