000
CDUS41 KAKQ 270545
CLIRIC


CLIMATE REPORT
NATIONAL WEATHER SERVICE WAKEFIELD, VA
145 AM EDT MON MAR 27 2017


...................................

...THE RICHMOND VA CLIMATE SUMMARY FOR MARCH 26 2017...

CLIMATE NORMAL PERIOD 1981 TO 2010
CLIMATE RECORD PERIOD 1871 TO 2017


WEATHER ITEM   OBSERVED TIME   RECORD YEAR NORMAL DEPARTURE LAST
                VALUE   (LST)  VALUE       VALUE  FROM      YEAR
                                                  NORMAL
..................................................................
TEMPERATURE (F)
 YESTERDAY
  MAXIMUM         70    417 PM  85    1939  64      6       60
  MINIMUM         52   1159 PM  15    1940  40     12       44
  AVERAGE         61                        52      9       52

PRECIPITATION (IN)
  YESTERDAY        0.00          1.78 1978   0.14  -0.14     0.00
  MONTH TO DATE    2.11                      3.37  -1.26     0.80
  SINCE MAR 1      2.11                      3.37  -1.26     0.80
  SINCE JAN 1      7.11                      9.17  -2.06     8.45

SNOWFALL (IN)
  YESTERDAY        0.0           8.4  1971   0.0    0.0
  MONTH TO DATE    T                         0.6   -0.6
  SINCE NOV 1      7.1                      10.2   -3.1
  SINCE JUL 1      7.1                      10.2   -3.1
  SNOW DEPTH       0

DEGREE DAYS
 HEATING
  YESTERDAY        4                        13     -9       13
  MONTH TO DATE  467                       452     15      317
  SINCE MAR 1    467                       452     15      317
  SINCE JUL 1   2949                      3388   -439     2905

 COOLING
  YESTERDAY        0                         0      0        0
  MONTH TO DATE    6                         0      6        6
  SINCE MAR 1      6                         0      6        6
  SINCE JAN 1      6                         0      6        6
..................................................................


WIND (MPH)
  HIGHEST WIND SPEED    17   HIGHEST WIND DIRECTION     E (90)
  HIGHEST GUST SPEED    23   HIGHEST GUST DIRECTION     E (80)
  AVERAGE WIND SPEED     7.0


SKY COVER
  POSSIBLE SUNSHINE  MM
  AVERAGE SKY COVER 0.7


WEATHER CONDITIONS
 THE FOLLOWING WEATHER WAS RECORDED YESTERDAY.
  NO SIGNIFICANT WEATHER WAS OBSERVED.


RELATIVE HUMIDITY (PERCENT)
 HIGHEST    93           700 AM
 LOWEST     59          1200 PM
 AVERAGE    76

..........................................................


THE RICHMOND VA CLIMATE NORMALS FOR TODAY
                         NORMAL    RECORD    YEAR
 MAXIMUM TEMPERATURE (F)   64        87      1907
 MINIMUM TEMPERATURE (F)   40        21      2014
                                             1955


SUNRISE AND SUNSET
MARCH 27 2017.........SUNRISE   702 AM EDT   SUNSET   728 PM EDT
MARCH 28 2017.........SUNRISE   700 AM EDT   SUNSET   729 PM EDT


-  INDICATES NEGATIVE NUMBERS.
R  INDICATES RECORD WAS SET OR TIED.
MM INDICATES DATA IS MISSING.
T  INDICATES TRACE AMOUNT.




$$
