000
CDUS41 KAKQ 312127
CLIRIC


CLIMATE REPORT
NATIONAL WEATHER SERVICE WAKEFIELD, VA
526 PM EDT FRI OCT 31 2014


...................................

...THE RICHMOND VA CLIMATE SUMMARY FOR OCTOBER 31 2014...
VALID TODAY AS OF 0500 PM LOCAL TIME.

CLIMATE NORMAL PERIOD 1981 TO 2010
CLIMATE RECORD PERIOD 1871 TO 2014


WEATHER ITEM   OBSERVED TIME   RECORD YEAR NORMAL DEPARTURE LAST
                VALUE   (LST)  VALUE       VALUE  FROM      YEAR
                                                  NORMAL
..................................................................
TEMPERATURE (F)
 TODAY
  MAXIMUM         62   1257 PM  85    1950  67     -5       75
  MINIMUM         42    236 AM  23    1936  44     -2       55
  AVERAGE         52

PRECIPITATION (IN)
  TODAY            0.00          1.71 1899   0.10  -0.10     0.00
  MONTH TO DATE    2.63                      2.98  -0.35     4.25
  SINCE SEP 1      3.98                      7.11  -3.13     5.64
  SINCE JAN 1     29.65                     37.10  -7.45    44.51

SNOWFALL (IN)
  TODAY            0.0
  MONTH TO DATE    0.0
  SINCE NOV 1     14.5
  SINCE JUL 1      0.0
  SNOW DEPTH       0

DEGREE DAYS
 HEATING
  TODAY           13                        10      3        0
  MONTH TO DATE  128                       204    -76      137
  SINCE SEP 1    135                       232    -97      150
  SINCE JUL 1    135                       233    -98      150

 COOLING
  TODAY            0                         0      0        0
  MONTH TO DATE   52                        39     13       71
  SINCE SEP 1    296                       236     60      265
  SINCE JAN 1   1676                      1543    133     1670
..................................................................


WIND (MPH)
  RESULTANT WIND SPEED   6   RESULTANT WIND DIRECTION   N (20)
  HIGHEST WIND SPEED    13   HIGHEST WIND DIRECTION    NE (30)
  HIGHEST GUST SPEED    15   HIGHEST GUST DIRECTION    NE (40)


SKY COVER
  POSSIBLE SUNSHINE  MM
  AVERAGE SKY COVER 0.6


WEATHER CONDITIONS
 THE FOLLOWING WEATHER WAS RECORDED TODAY.
  NO SIGNIFICANT WEATHER WAS OBSERVED.


RELATIVE HUMIDITY (PERCENT)
 HIGHEST    83
 LOWEST     39
 AVERAGE    61

..........................................................


THE RICHMOND VA CLIMATE NORMALS FOR TOMORROW
                         NORMAL    RECORD    YEAR
 MAXIMUM TEMPERATURE (F)   66        86      1974
                                             1950
 MINIMUM TEMPERATURE (F)   43        26      1954


SUNRISE AND SUNSET
OCTOBER 31 2014.......SUNRISE   733 AM EDT   SUNSET   612 PM EDT
NOVEMBER  1 2014......SUNRISE   734 AM EDT   SUNSET   611 PM EDT


-  INDICATES NEGATIVE NUMBERS.
R  INDICATES RECORD WAS SET OR TIED.
MM INDICATES DATA IS MISSING.
T  INDICATES TRACE AMOUNT.




$$
