000
CDUS45 KGJT 010748
CLIRIL


CLIMATE REPORT
NATIONAL WEATHER SERVICE GRAND JUNCTION CO
130 AM MDT WED OCT 1 2014


...................................

...THE RIFLE CO CLIMATE SUMMARY FOR SEPTEMBER 30 2014...

CLIMATE NORMAL PERIOD 1981 TO 2010
CLIMATE RECORD PERIOD 9999 TO 9999


WEATHER ITEM   OBSERVED TIME   RECORD YEAR NORMAL DEPARTURE LAST
                VALUE   (LST)  VALUE       VALUE  FROM      YEAR
                                                  NORMAL
..................................................................
TEMPERATURE (F)
 YESTERDAY
  MAXIMUM         60    508 PM  MM      MM  72    -12       75
  MINIMUM         41    550 AM  MM      MM  39      2       37
  AVERAGE         51                        56     -5       56

PRECIPITATION (IN)
  YESTERDAY        0.02         MM      MM   0.04  -0.02     0.00
  MONTH TO DATE    2.18                      1.50   0.68     2.41
  SINCE SEP 1      2.18                      1.50   0.68     2.41
  SINCE JAN 1     10.31                     10.47  -0.16     7.50

SNOWFALL (IN)
  YESTERDAY       MM            MM      MM  MM     MM       MM
  MONTH TO DATE   MM                        MM     MM       MM
  SINCE SEP 1     MM                        MM     MM       MM
  SINCE JUL 1     MM                        MM     MM       MM
  SNOW DEPTH      MM

DEGREE DAYS
 HEATING
  YESTERDAY       14                        10      4        9
  MONTH TO DATE   69                       139    -70      111
  SINCE SEP 1     69                       139    -70      111
  SINCE JUL 1     86                       146    -60      111

 COOLING
  YESTERDAY        0                         0      0        0
  MONTH TO DATE   26                        25      1       92
  SINCE SEP 1     26                        25      1       92
  SINCE JAN 1    555                       541     14      798
..................................................................


WIND (MPH)
  HIGHEST WIND SPEED    23   HIGHEST WIND DIRECTION     W (250)
  HIGHEST GUST SPEED    29   HIGHEST GUST DIRECTION     W (260)
  AVERAGE WIND SPEED     5.8


SKY COVER
  POSSIBLE SUNSHINE  MM
  AVERAGE SKY COVER 0.7


WEATHER CONDITIONS
 THE FOLLOWING WEATHER WAS RECORDED YESTERDAY.
  THUNDERSTORM
  LIGHT RAIN


RELATIVE HUMIDITY (PERCENT)
 HIGHEST    93          1200 AM
 LOWEST     47           400 PM
 AVERAGE    70

..........................................................


THE RIFLE CO CLIMATE NORMALS FOR TODAY
                         NORMAL    RECORD    YEAR
 MAXIMUM TEMPERATURE (F)   71        MM        MM
 MINIMUM TEMPERATURE (F)   39        MM        MM


SUNRISE AND SUNSET
OCTOBER  1 2014.......SUNRISE   707 AM MDT   SUNSET   653 PM MDT
OCTOBER  2 2014.......SUNRISE   708 AM MDT   SUNSET   652 PM MDT


-  INDICATES NEGATIVE NUMBERS.
R  INDICATES RECORD WAS SET OR TIED.
MM INDICATES DATA IS MISSING.
T  INDICATES TRACE AMOUNT.




$$
