000
CDUS45 KRIW 230735
CLIRIW


CLIMATE REPORT
NATIONAL WEATHER SERVICE RIVERTON WY
127 AM MDT SAT AUG 23 2014


...................................

...THE RIVERTON WY CLIMATE SUMMARY FOR AUGUST 22 2014...

CLIMATE NORMAL PERIOD 1981 TO 2010
CLIMATE RECORD PERIOD 1995 TO 2014


WEATHER ITEM   OBSERVED TIME   RECORD YEAR NORMAL DEPARTURE LAST
                VALUE   (LST)  VALUE       VALUE  FROM      YEAR
                                                  NORMAL
..................................................................
TEMPERATURE (F)
 YESTERDAY
  MAXIMUM         72    415 PM  96    2009  84    -12       88
  MINIMUM         52    441 AM  48    2008  53     -1       60
  AVERAGE         62                        68     -6       74

PRECIPITATION (IN)
  YESTERDAY        0.16          0.19 2007   0.02   0.14      T
  MONTH TO DATE    0.97                      0.40   0.57     0.02
  SINCE JUN 1      2.87                      2.57   0.30     0.61
  SINCE JAN 1      5.19                      6.65  -1.46     4.05

SNOWFALL (IN)
  YESTERDAY        0.0                                       0.0
  MONTH TO DATE    0.0                                       0.0
  SINCE JUN 1      0.0                                       0.0
  SINCE JUL 1      0.0                                       0.0
  SNOW DEPTH       0

DEGREE DAYS
 HEATING
  YESTERDAY        3                         1      2        0
  MONTH TO DATE    3                        12     -9        0
  SINCE JUN 1    133                       143    -10       52
  SINCE JUL 1      7                        24    -17        0

 COOLING
  YESTERDAY        0                         4     -4        9
  MONTH TO DATE  118                       144    -26      191
  SINCE JUN 1    379                       430    -51      635
  SINCE JAN 1    394                       439    -45      648
..................................................................


WIND (MPH)
  HIGHEST WIND SPEED    29   HIGHEST WIND DIRECTION    SW (230)
  HIGHEST GUST SPEED    37   HIGHEST GUST DIRECTION    SW (230)
  AVERAGE WIND SPEED    10.4


SKY COVER
  POSSIBLE SUNSHINE  MM
  AVERAGE SKY COVER 0.5


WEATHER CONDITIONS
 THE FOLLOWING WEATHER WAS RECORDED YESTERDAY.
  THUNDERSTORM
  RAIN
  LIGHT RAIN
  FOG


RELATIVE HUMIDITY (PERCENT)
 HIGHEST    93           700 AM
 LOWEST     35           400 PM
 AVERAGE    64

..........................................................


THE RIVERTON WY CLIMATE NORMALS FOR TODAY
                         NORMAL    RECORD    YEAR
 MAXIMUM TEMPERATURE (F)   83        95      2011
 MINIMUM TEMPERATURE (F)   53        47      2008


SUNRISE AND SUNSET
AUGUST 23 2014........SUNRISE   628 AM MDT   SUNSET   804 PM MDT
AUGUST 24 2014........SUNRISE   629 AM MDT   SUNSET   802 PM MDT


-  INDICATES NEGATIVE NUMBERS.
R  INDICATES RECORD WAS SET OR TIED.
MM INDICATES DATA IS MISSING.
T  INDICATES TRACE AMOUNT.




$$
