000
CDUS45 KRIW 260738
CLIRIW


CLIMATE REPORT
NATIONAL WEATHER SERVICE RIVERTON WY
138 AM MDT THU MAY 26 2016


...................................

...THE RIVERTON WY CLIMATE SUMMARY FOR MAY 25 2016...

CLIMATE NORMAL PERIOD 1981 TO 2010
CLIMATE RECORD PERIOD 1995 TO 2016


WEATHER ITEM   OBSERVED TIME   RECORD YEAR NORMAL DEPARTURE LAST
                VALUE   (LST)  VALUE       VALUE  FROM      YEAR
                                                  NORMAL
..................................................................
TEMPERATURE (F)
 YESTERDAY
  MAXIMUM         65    454 PM  86    2006  70     -5       61
  MINIMUM         40    510 AM  33    2010  43     -3       45
  AVERAGE         53                        57     -4       53

PRECIPITATION (IN)
  YESTERDAY        0.05          0.42 2012   0.05   0.00     0.17
  MONTH TO DATE    2.73                      1.45   1.28     4.33
  SINCE MAR 1      8.17                      3.30   4.87     5.56
  SINCE JAN 1      8.85                      3.81   5.04     6.63

SNOWFALL (IN)
  YESTERDAY        0.0                                       0.0
  MONTH TO DATE    T                                         0.5
  SINCE MAR 1     34.2                                      10.5
  SINCE JUL 1     62.4                                      39.1
  SNOW DEPTH       0

DEGREE DAYS
 HEATING
  YESTERDAY       12                         9      3       12
  MONTH TO DATE  349                       305     44      386
  SINCE MAR 1   1721                      1847   -126     1751
  SINCE JUL 1   7042                      7701   -659     7144

 COOLING
  YESTERDAY        0                         0      0        0
  MONTH TO DATE    0                         0      0        0
  SINCE MAR 1      0                         0      0        0
  SINCE JAN 1      0                         0      0        0
..................................................................


WIND (MPH)
  HIGHEST WIND SPEED    22   HIGHEST WIND DIRECTION    NW (300)
  HIGHEST GUST SPEED    26   HIGHEST GUST DIRECTION     W (280)
  AVERAGE WIND SPEED     6.5


SKY COVER
  POSSIBLE SUNSHINE  MM
  AVERAGE SKY COVER 0.5


WEATHER CONDITIONS
 THE FOLLOWING WEATHER WAS RECORDED YESTERDAY.
  LIGHT RAIN


RELATIVE HUMIDITY (PERCENT)
 HIGHEST    92           500 AM
 LOWEST     34          1200 PM
 AVERAGE    63

..........................................................


THE RIVERTON WY CLIMATE NORMALS FOR TODAY
                         NORMAL    RECORD    YEAR
 MAXIMUM TEMPERATURE (F)   70        87      2006
                                             2003
 MINIMUM TEMPERATURE (F)   43        34      2012


SUNRISE AND SUNSET
MAY 26 2016...........SUNRISE   540 AM MDT   SUNSET   842 PM MDT
MAY 27 2016...........SUNRISE   540 AM MDT   SUNSET   843 PM MDT


-  INDICATES NEGATIVE NUMBERS.
R  INDICATES RECORD WAS SET OR TIED.
MM INDICATES DATA IS MISSING.
T  INDICATES TRACE AMOUNT.




$$
