000
CDUS45 KRIW 070046
CLIRIW


CLIMATE REPORT
NATIONAL WEATHER SERVICE RIVERTON WY
536 PM MST FRI MAR 6 2015


...................................

...THE RIVERTON WY CLIMATE SUMMARY FOR MARCH 6 2015...
VALID TODAY AS OF 0500 PM LOCAL TIME.

CLIMATE NORMAL PERIOD 1981 TO 2010
CLIMATE RECORD PERIOD 1995 TO 2015


WEATHER ITEM   OBSERVED TIME   RECORD YEAR NORMAL DEPARTURE LAST
                VALUE   (LST)  VALUE       VALUE  FROM      YEAR
                                                  NORMAL
..................................................................
TEMPERATURE (F)
 TODAY
  MAXIMUM         42        MM  63    2005  44     -2       60
  MINIMUM          9        MM   0    1996  20    -11       30
  AVERAGE         26                        32     -6       45

PRECIPITATION (IN)
  TODAY            0.00          0.03 2000   0.01  -0.01     0.00
  MONTH TO DATE    0.31                      0.07   0.24     0.07
  SINCE MAR 1      0.31                      0.07   0.24     0.07
  SINCE JAN 1      1.38                      0.58   0.80     0.97

SNOWFALL (IN)
  TODAY            0.0                                       0.0
  MONTH TO DATE    5.2                                       0.1
  SINCE MAR 1      5.2                                       0.1
  SINCE JUL 1     33.8                                      49.3
  SNOW DEPTH       0

DEGREE DAYS
 HEATING
  TODAY           39                        33      6       20
  MONTH TO DATE  307                       205    102      222
  SINCE MAR 1    307                       205    102      222
  SINCE JUL 1   5700                      6059   -359     6103

 COOLING
  TODAY            0                         0      0        0
  MONTH TO DATE    0                         0      0        0
  SINCE MAR 1      0                         0      0        0
  SINCE JAN 1      0                         0      0        0
..................................................................


WIND (MPH)
  HIGHEST WIND SPEED     7   HIGHEST WIND DIRECTION     E (70)
  HIGHEST GUST SPEED    MM   HIGHEST GUST DIRECTION    MM
  AVERAGE WIND SPEED     3.2


SKY COVER
  POSSIBLE SUNSHINE  MM
  AVERAGE SKY COVER 0.0


WEATHER CONDITIONS
 THE FOLLOWING WEATHER WAS RECORDED TODAY.
  NO SIGNIFICANT WEATHER WAS OBSERVED.


RELATIVE HUMIDITY (PERCENT)
 HIGHEST    76           400 AM
 LOWEST     53          1100 AM
 AVERAGE    65

..........................................................


THE RIVERTON WY CLIMATE NORMALS FOR TOMORROW
                         NORMAL    RECORD    YEAR
 MAXIMUM TEMPERATURE (F)   44        60      2007
 MINIMUM TEMPERATURE (F)   20         0      1998


SUNRISE AND SUNSET
MARCH  6 2015.........SUNRISE   642 AM MST   SUNSET   609 PM MST
MARCH  7 2015.........SUNRISE   640 AM MST   SUNSET   610 PM MST


-  INDICATES NEGATIVE NUMBERS.
R  INDICATES RECORD WAS SET OR TIED.
MM INDICATES DATA IS MISSING.
T  INDICATES TRACE AMOUNT.




$$
