000
CDUS45 KRIW 180747
CLIRIW


CLIMATE REPORT
NATIONAL WEATHER SERVICE RIVERTON WY
1246 AM MST SAT NOV 18 2017


...................................

...THE RIVERTON WY CLIMATE SUMMARY FOR NOVEMBER 17 2017...

CLIMATE NORMAL PERIOD 1981 TO 2010
CLIMATE RECORD PERIOD 1995 TO 2017


WEATHER ITEM   OBSERVED TIME   RECORD YEAR NORMAL DEPARTURE LAST
                VALUE   (LST)  VALUE       VALUE  FROM      YEAR
                                                  NORMAL
..................................................................
TEMPERATURE (F)
 YESTERDAY
  MAXIMUM         48   1214 PM  58    2008  41      7       32
  MINIMUM         25    913 PM  -3    1996  19      6       17
  AVERAGE         37                        30      7       25

PRECIPITATION (IN)
  YESTERDAY        0.07R         T    2005   0.02   0.05     0.36
                                      2000
  MONTH TO DATE    0.43                      0.30   0.13     0.39
  SINCE SEP 1      2.77                      2.09   0.68     3.76
  SINCE JAN 1     14.22                      8.91   5.31    13.48

SNOWFALL (IN)
  YESTERDAY        0.4                                       4.1
  MONTH TO DATE    4.2                                       4.2
  SINCE SEP 1      6.9                                       4.3
  SINCE JUL 1      6.9                                       4.3
  SNOW DEPTH       0

DEGREE DAYS
 HEATING
  YESTERDAY       28                        35     -7       40
  MONTH TO DATE  532                       528      4      360
  SINCE SEP 1   1481                      1370    111     1064
  SINCE JUL 1   1488                      1408     80     1115

 COOLING
  YESTERDAY        0                         0      0        0
  MONTH TO DATE    0                         0      0        0
  SINCE SEP 1     67                        26     41       35
  SINCE JAN 1    547                       494     53      605
..................................................................


WIND (MPH)
  HIGHEST WIND SPEED    37   HIGHEST WIND DIRECTION    NW (320)
  HIGHEST GUST SPEED    47   HIGHEST GUST DIRECTION    NW (320)
  AVERAGE WIND SPEED    10.0


SKY COVER
  POSSIBLE SUNSHINE  MM
  AVERAGE SKY COVER 0.5


WEATHER CONDITIONS
 THE FOLLOWING WEATHER WAS RECORDED YESTERDAY.
  LIGHT RAIN
  LIGHT SNOW
  FOG


RELATIVE HUMIDITY (PERCENT)
 HIGHEST    92           800 AM
 LOWEST     45          1200 PM
 AVERAGE    69

..........................................................


THE RIVERTON WY CLIMATE NORMALS FOR TODAY
                         NORMAL    RECORD    YEAR
 MAXIMUM TEMPERATURE (F)   40        62      1995
 MINIMUM TEMPERATURE (F)   18        -4      2000


SUNRISE AND SUNSET
NOVEMBER 18 2017......SUNRISE   710 AM MST   SUNSET   447 PM MST
NOVEMBER 19 2017......SUNRISE   712 AM MST   SUNSET   446 PM MST


-  INDICATES NEGATIVE NUMBERS.
R  INDICATES RECORD WAS SET OR TIED.
MM INDICATES DATA IS MISSING.
T  INDICATES TRACE AMOUNT.




$$
