000
CDUS45 KRIW 250807
CLIRIW


CLIMATE REPORT
NATIONAL WEATHER SERVICE RIVERTON WY
207 AM MDT TUE APR 25 2017


...................................

...THE RIVERTON WY CLIMATE SUMMARY FOR APRIL 24 2017...

CLIMATE NORMAL PERIOD 1981 TO 2010
CLIMATE RECORD PERIOD 1995 TO 2017


WEATHER ITEM   OBSERVED TIME   RECORD YEAR NORMAL DEPARTURE LAST
                VALUE   (LST)  VALUE       VALUE  FROM      YEAR
                                                  NORMAL
..................................................................
TEMPERATURE (F)
 YESTERDAY
  MAXIMUM         59    224 PM  85    2012  60     -1       52
  MINIMUM         38    551 AM  22    2013  33      5       41
                                      2011
                                      2002
  AVERAGE         49                        47      2       47

PRECIPITATION (IN)
  YESTERDAY        0.05          0.78 2016   0.05   0.00     0.78
  MONTH TO DATE    1.79                      0.96   0.83     1.50
  SINCE MAR 1      5.50                      1.51   3.99     3.63
  SINCE JAN 1      7.36                      2.02   5.34     4.31

SNOWFALL (IN)
  YESTERDAY        0.0                                       0.0
  MONTH TO DATE    4.6                                       6.8
  SINCE MAR 1      4.6                                      28.3
  SINCE JUL 1     52.3                                      56.5
  SNOW DEPTH       0

DEGREE DAYS
 HEATING
  YESTERDAY       16                        18     -2       18
  MONTH TO DATE  462                       520    -58      403
  SINCE MAR 1   1166                      1438   -272     1213
  SINCE JUL 1   7040                      7292   -252     6534

 COOLING
  YESTERDAY        0                         0      0        0
  MONTH TO DATE    0                         0      0        0
  SINCE MAR 1      0                         0      0        0
  SINCE JAN 1      0                         0      0        0
..................................................................


WIND (MPH)
  HIGHEST WIND SPEED    29   HIGHEST WIND DIRECTION    NW (310)
  HIGHEST GUST SPEED    36   HIGHEST GUST DIRECTION    NW (300)
  AVERAGE WIND SPEED    10.4


SKY COVER
  POSSIBLE SUNSHINE  MM
  AVERAGE SKY COVER 0.5


WEATHER CONDITIONS
 THE FOLLOWING WEATHER WAS RECORDED YESTERDAY.
  RAIN
  LIGHT RAIN
  FOG


RELATIVE HUMIDITY (PERCENT)
 HIGHEST    92          1000 PM
 LOWEST     33           100 PM
 AVERAGE    63

..........................................................


THE RIVERTON WY CLIMATE NORMALS FOR TODAY
                         NORMAL    RECORD    YEAR
 MAXIMUM TEMPERATURE (F)   60        78      2012
 MINIMUM TEMPERATURE (F)   34        23      2002


SUNRISE AND SUNSET
APRIL 25 2017.........SUNRISE   616 AM MDT   SUNSET   808 PM MDT
APRIL 26 2017.........SUNRISE   614 AM MDT   SUNSET   810 PM MDT


-  INDICATES NEGATIVE NUMBERS.
R  INDICATES RECORD WAS SET OR TIED.
MM INDICATES DATA IS MISSING.
T  INDICATES TRACE AMOUNT.




$$
