000
CDUS45 KRIW 140744
CLIRIW


CLIMATE REPORT
NATIONAL WEATHER SERVICE RIVERTON WY
1233 AM MST SUN FEB 14 2016


...................................

...THE RIVERTON WY CLIMATE SUMMARY FOR FEBRUARY 13 2016...

CLIMATE NORMAL PERIOD 1981 TO 2010
CLIMATE RECORD PERIOD 1995 TO 2016


WEATHER ITEM   OBSERVED TIME   RECORD YEAR NORMAL DEPARTURE LAST
                VALUE   (LST)  VALUE       VALUE  FROM      YEAR
                                                  NORMAL
..................................................................
TEMPERATURE (F)
 YESTERDAY
  MAXIMUM         51    126 PM  58    2015  35     16       58
  MINIMUM         27    748 AM  -7    2004  12     15       28
  AVERAGE         39                        23     16       43

PRECIPITATION (IN)
  YESTERDAY        0.00          0.01 2008   0.01  -0.01     0.00
  MONTH TO DATE    0.24                      0.10   0.14     0.29
  SINCE DEC 1      0.72                      0.66   0.06     0.97
  SINCE JAN 1      0.64                      0.34   0.30     0.32

SNOWFALL (IN)
  YESTERDAY        0.0                                       0.0
  MONTH TO DATE    2.6                                       3.8
  SINCE DEC 1     10.1                                      11.1
  SINCE JUL 1     28.2                                      16.6
  SNOW DEPTH       T

DEGREE DAYS
 HEATING
  YESTERDAY       26                        42    -16       22
  MONTH TO DATE  515                       560    -45      348
  SINCE DEC 1   3357                      3359     -2     2963
  SINCE JUL 1   4896                      5275   -379     4740

 COOLING
  YESTERDAY        0                         0      0        0
  MONTH TO DATE    0                         0      0        0
  SINCE DEC 1      0                         0      0        0
  SINCE JAN 1      0                         0      0        0
..................................................................


WIND (MPH)
  HIGHEST WIND SPEED    41   HIGHEST WIND DIRECTION     W (280)
  HIGHEST GUST SPEED    53   HIGHEST GUST DIRECTION     W (280)
  AVERAGE WIND SPEED    16.0


SKY COVER
  POSSIBLE SUNSHINE  MM
  AVERAGE SKY COVER 0.0


WEATHER CONDITIONS
 THE FOLLOWING WEATHER WAS RECORDED YESTERDAY.
  NO SIGNIFICANT WEATHER WAS OBSERVED.


RELATIVE HUMIDITY (PERCENT)
 HIGHEST    85           800 AM
 LOWEST     26           400 PM
 AVERAGE    56

..........................................................


THE RIVERTON WY CLIMATE NORMALS FOR TODAY
                         NORMAL    RECORD    YEAR
 MAXIMUM TEMPERATURE (F)   35        57      2015
 MINIMUM TEMPERATURE (F)   12        -4      2004


SUNRISE AND SUNSET
FEBRUARY 14 2016......SUNRISE   713 AM MST   SUNSET   543 PM MST
FEBRUARY 15 2016......SUNRISE   712 AM MST   SUNSET   545 PM MST


-  INDICATES NEGATIVE NUMBERS.
R  INDICATES RECORD WAS SET OR TIED.
MM INDICATES DATA IS MISSING.
T  INDICATES TRACE AMOUNT.




$$
