000
CDUS45 KRIW 230746
CLIRIW


CLIMATE REPORT
NATIONAL WEATHER SERVICE RIVERTON WY
1246 AM MST SUN NOV 23 2014


...................................

...THE RIVERTON WY CLIMATE SUMMARY FOR NOVEMBER 22 2014...

CLIMATE NORMAL PERIOD 1981 TO 2010
CLIMATE RECORD PERIOD 1995 TO 2014


WEATHER ITEM   OBSERVED TIME   RECORD YEAR NORMAL DEPARTURE LAST
                VALUE   (LST)  VALUE       VALUE  FROM      YEAR
                                                  NORMAL
..................................................................
TEMPERATURE (F)
 YESTERDAY
  MAXIMUM         46    247 PM  61    2006  38      8       24
  MINIMUM         23    102 AM  -1    2013  16      7       -1
  AVERAGE         35                        27      8       12

PRECIPITATION (IN)
  YESTERDAY        0.00          0.05 1999   0.02  -0.02      T
  MONTH TO DATE    0.33                      0.38  -0.05     0.03
  SINCE SEP 1      1.30                      2.17  -0.87     4.98
  SINCE JAN 1      6.67                      8.99  -2.32     9.04

SNOWFALL (IN)
  YESTERDAY        0.0                                        T
  MONTH TO DATE    3.3                                       1.5
  SINCE SEP 1      3.6                                      26.3
  SINCE JUL 1      3.6                                      26.3
  SNOW DEPTH       1

DEGREE DAYS
 HEATING
  YESTERDAY       30                        38     -8       53
  MONTH TO DATE  871                       714    157      651
  SINCE SEP 1   1497                      1556    -59     1597
  SINCE JUL 1   1547                      1594    -47     1597

 COOLING
  YESTERDAY        0                         0      0        0
  MONTH TO DATE    0                         0      0        0
  SINCE SEP 1     31                        26      5       68
  SINCE JAN 1    431                       494    -63      798
..................................................................


WIND (MPH)
  HIGHEST WIND SPEED    37   HIGHEST WIND DIRECTION     W (290)
  HIGHEST GUST SPEED    44   HIGHEST GUST DIRECTION    NW (300)
  AVERAGE WIND SPEED    11.0


SKY COVER
  POSSIBLE SUNSHINE  MM
  AVERAGE SKY COVER 0.2


WEATHER CONDITIONS
 THE FOLLOWING WEATHER WAS RECORDED YESTERDAY.
  NO SIGNIFICANT WEATHER WAS OBSERVED.


RELATIVE HUMIDITY (PERCENT)
 HIGHEST    76           600 PM
 LOWEST     43          1000 PM
 AVERAGE    60

..........................................................


THE RIVERTON WY CLIMATE NORMALS FOR TODAY
                         NORMAL    RECORD    YEAR
 MAXIMUM TEMPERATURE (F)   38        57      2006
 MINIMUM TEMPERATURE (F)   15        -1      2003


SUNRISE AND SUNSET
NOVEMBER 23 2014......SUNRISE   716 AM MST   SUNSET   444 PM MST
NOVEMBER 24 2014......SUNRISE   718 AM MST   SUNSET   443 PM MST


-  INDICATES NEGATIVE NUMBERS.
R  INDICATES RECORD WAS SET OR TIED.
MM INDICATES DATA IS MISSING.
T  INDICATES TRACE AMOUNT.




$$
