000
CDUS45 KRIW 310734
CLIRKS


CLIMATE REPORT
NATIONAL WEATHER SERVICE RIVERTON WY
134 AM MDT MON AUG 31 2015


...................................

...THE ROCK SPRINGS WY CLIMATE SUMMARY FOR AUGUST 30 2015...

CLIMATE NORMAL PERIOD 1981 TO 2010
CLIMATE RECORD PERIOD 1948 TO 2015


WEATHER ITEM   OBSERVED TIME   RECORD YEAR NORMAL DEPARTURE LAST
                VALUE   (LST)  VALUE       VALUE  FROM      YEAR
                                                  NORMAL
..................................................................
TEMPERATURE (F)
 YESTERDAY
  MAXIMUM         83   1106 AM  91    1954  77      6       77
  MINIMUM         55   1118 PM  35    1964  49      6       51
  AVERAGE         69                        63      6       64

PRECIPITATION (IN)
  YESTERDAY        0.18          0.66 1981   0.03   0.15     0.06
  MONTH TO DATE    0.37                      0.60  -0.23     0.48
  SINCE JUN 1      3.60                      2.03   1.57     1.13
  SINCE JAN 1      7.68                      5.76   1.92     2.44

DEGREE DAYS
 HEATING
  YESTERDAY        0                         3     -3        1
  MONTH TO DATE   28                        36     -8       69
  SINCE JUN 1    103                       227   -124      230
  SINCE JUL 1     54                        60     -6       83

 COOLING
  YESTERDAY        4                         1      3        0
  MONTH TO DATE   83                        95    -12       70
  SINCE JUN 1    252                       274    -22      292
  SINCE JAN 1    252                       275    -23      299
..................................................................


WIND (MPH)
  HIGHEST WIND SPEED    39   HIGHEST WIND DIRECTION    SW (240)
  HIGHEST GUST SPEED    46   HIGHEST GUST DIRECTION    SW (240)
  AVERAGE WIND SPEED    11.8


SKY COVER
  POSSIBLE SUNSHINE  MM
  AVERAGE SKY COVER 0.5


WEATHER CONDITIONS
 THE FOLLOWING WEATHER WAS RECORDED YESTERDAY.
  THUNDERSTORM
  HEAVY RAIN
  RAIN
  LIGHT RAIN


RELATIVE HUMIDITY (PERCENT)
 HIGHEST    72           200 PM
 LOWEST     24           900 AM
 AVERAGE    48

..........................................................


THE ROCK SPRINGS WY CLIMATE NORMALS FOR TODAY
                         NORMAL    RECORD    YEAR
 MAXIMUM TEMPERATURE (F)   77        88      1991
 MINIMUM TEMPERATURE (F)   49        33      1962


SUNRISE AND SUNSET
AUGUST 31 2015........SUNRISE   641 AM MDT   SUNSET   751 PM MDT
SEPTEMBER  1 2015.....SUNRISE   642 AM MDT   SUNSET   750 PM MDT


-  INDICATES NEGATIVE NUMBERS.
R  INDICATES RECORD WAS SET OR TIED.
MM INDICATES DATA IS MISSING.
T  INDICATES TRACE AMOUNT.




$$
