000
CDUS45 KRIW 290740
CLIRKS


CLIMATE REPORT
NATIONAL WEATHER SERVICE RIVERTON WY
137 AM MDT FRI MAY 29 2015


...................................

...THE ROCK SPRINGS WY CLIMATE SUMMARY FOR MAY 28 2015...

CLIMATE NORMAL PERIOD 1981 TO 2010
CLIMATE RECORD PERIOD 1948 TO 2015


WEATHER ITEM   OBSERVED TIME   RECORD YEAR NORMAL DEPARTURE LAST
                VALUE   (LST)  VALUE       VALUE  FROM      YEAR
                                                  NORMAL
..................................................................
TEMPERATURE (F)
 YESTERDAY
  MAXIMUM         58   1249 PM  89    2003  68    -10       85
  MINIMUM         42   1159 PM  29    1954  41      1       55
  AVERAGE         50                        54     -4       70

PRECIPITATION (IN)
  YESTERDAY        0.01          0.60 2011   0.04  -0.03     0.00
  MONTH TO DATE    3.10                      1.10   2.00     0.28
  SINCE MAR 1      3.99                      2.69   1.30     0.95
  SINCE JAN 1      4.08                      3.62   0.46     1.10

DEGREE DAYS
 HEATING
  YESTERDAY       15                        11      4        0
  MONTH TO DATE  486                       413     73      347
  SINCE MAR 1   1931                      2093   -162     1890
  SINCE JUL 1   7044                      7945   -901     7342

 COOLING
  YESTERDAY        0                         0      0        5
  MONTH TO DATE    0                         0      0        5
  SINCE MAR 1      0                         0      0        5
  SINCE JAN 1      0                         0      0        5
..................................................................


WIND (MPH)
  HIGHEST WIND SPEED    28   HIGHEST WIND DIRECTION     W (250)
  HIGHEST GUST SPEED    32   HIGHEST GUST DIRECTION    NW (320)
  AVERAGE WIND SPEED    12.3


SKY COVER
  POSSIBLE SUNSHINE  MM
  AVERAGE SKY COVER 0.4


WEATHER CONDITIONS
 THE FOLLOWING WEATHER WAS RECORDED YESTERDAY.
  THUNDERSTORM
  LIGHT RAIN


RELATIVE HUMIDITY (PERCENT)
 HIGHEST    89           500 AM
 LOWEST     51           100 PM
 AVERAGE    70

..........................................................


THE ROCK SPRINGS WY CLIMATE NORMALS FOR TODAY
                         NORMAL    RECORD    YEAR
 MAXIMUM TEMPERATURE (F)   68        89      2003
 MINIMUM TEMPERATURE (F)   41        31      2007
                                             2006
                                             1977


SUNRISE AND SUNSET
MAY 29 2015...........SUNRISE   546 AM MDT   SUNSET   842 PM MDT
MAY 30 2015...........SUNRISE   546 AM MDT   SUNSET   842 PM MDT


-  INDICATES NEGATIVE NUMBERS.
R  INDICATES RECORD WAS SET OR TIED.
MM INDICATES DATA IS MISSING.
T  INDICATES TRACE AMOUNT.




$$
