000
CDUS45 KRIW 200040
CLIRKS


CLIMATE REPORT
NATIONAL WEATHER SERVICE RIVERTON WY
539 PM MST FRI JAN 19 2018


...................................

...THE ROCK SPRINGS WY CLIMATE SUMMARY FOR JANUARY 19 2018...
VALID TODAY AS OF 0500 PM LOCAL TIME.

CLIMATE NORMAL PERIOD 1981 TO 2010
CLIMATE RECORD PERIOD 1948 TO 2018


WEATHER ITEM   OBSERVED TIME   RECORD YEAR NORMAL DEPARTURE LAST
                VALUE   (LST)  VALUE       VALUE  FROM      YEAR
                                                  NORMAL
..................................................................
TEMPERATURE (F)
 TODAY
  MAXIMUM         52R       MM  52    1971  30     22       23
  MINIMUM         32        MM -26    1963  13     19       -2
  AVERAGE         42                        22     20       11

PRECIPITATION (IN)
  TODAY            0.00                      0.02  -0.02      T
  MONTH TO DATE    0.05                      0.27  -0.22     0.41
  SINCE DEC 1      0.16                      0.77  -0.61     0.49
  SINCE JAN 1      0.05                      0.27  -0.22     0.41

DEGREE DAYS
 HEATING
  TODAY           23                        44    -21       54
  MONTH TO DATE  675                       831   -156     1003
  SINCE DEC 1   1802                      2190   -388     2408
  SINCE JUL 1   3682                      4183   -501     4128

 COOLING
  TODAY            0                         0      0        0
  MONTH TO DATE    0                         0      0        0
  SINCE DEC 1      0                         0      0        0
  SINCE JAN 1      0                         0      0        0
..................................................................


WIND (MPH)
  HIGHEST WIND SPEED    21   HIGHEST WIND DIRECTION     W (270)
  HIGHEST GUST SPEED    31   HIGHEST GUST DIRECTION     W (280)
  AVERAGE WIND SPEED     9.3


SKY COVER
  POSSIBLE SUNSHINE  MM
  AVERAGE SKY COVER 0.2


WEATHER CONDITIONS
 THE FOLLOWING WEATHER WAS RECORDED TODAY.
  NO SIGNIFICANT WEATHER WAS OBSERVED.


RELATIVE HUMIDITY (PERCENT)
 HIGHEST    59           800 AM
 LOWEST     30           200 PM
 AVERAGE    45

..........................................................


THE ROCK SPRINGS WY CLIMATE NORMALS FOR TOMORROW
                         NORMAL    RECORD    YEAR
 MAXIMUM TEMPERATURE (F)   30        51      2005
 MINIMUM TEMPERATURE (F)   13       -12      1962


SUNRISE AND SUNSET
JANUARY 19 2018.......SUNRISE   738 AM MST   SUNSET   516 PM MST
JANUARY 20 2018.......SUNRISE   738 AM MST   SUNSET   517 PM MST


-  INDICATES NEGATIVE NUMBERS.
R  INDICATES RECORD WAS SET OR TIED.
MM INDICATES DATA IS MISSING.
T  INDICATES TRACE AMOUNT.




$$
