000
CDUS45 KRIW 210741
CLIRKS


CLIMATE REPORT
NATIONAL WEATHER SERVICE RIVERTON WY
128 AM MDT THU AUG 21 2014


...................................

...THE ROCK SPRINGS WY CLIMATE SUMMARY FOR AUGUST 20 2014...

CLIMATE NORMAL PERIOD 1981 TO 2010
CLIMATE RECORD PERIOD 1948 TO 2014


WEATHER ITEM   OBSERVED TIME   RECORD YEAR NORMAL DEPARTURE LAST
                VALUE   (LST)  VALUE       VALUE  FROM      YEAR
                                                  NORMAL
..................................................................
TEMPERATURE (F)
 YESTERDAY
  MAXIMUM         70    109 PM  90    2003  81    -11       85
  MINIMUM         51   1159 PM  36    1964  52     -1       63
  AVERAGE         61                        66     -5       74

PRECIPITATION (IN)
  YESTERDAY        T             0.29 1979   0.02  -0.02      T
  MONTH TO DATE    0.30                      0.39  -0.09     0.27
  SINCE JUN 1      0.95                      1.82  -0.87     0.48
  SINCE JAN 1      2.26                      5.55  -3.29     1.97

DEGREE DAYS
 HEATING
  YESTERDAY        4                         1      3        0
  MONTH TO DATE   12                        14     -2        0
  SINCE JUN 1    173                       205    -32       62
  SINCE JUL 1     26                        38    -12        0

 COOLING
  YESTERDAY        0                         3     -3        9
  MONTH TO DATE   70                        79     -9      114
  SINCE JUN 1    292                       258     34      431
  SINCE JAN 1    299                       259     40      432
..................................................................


WIND (MPH)
  HIGHEST WIND SPEED    28   HIGHEST WIND DIRECTION     W (290)
  HIGHEST GUST SPEED    35   HIGHEST GUST DIRECTION     W (290)
  AVERAGE WIND SPEED     9.3


SKY COVER
  POSSIBLE SUNSHINE  MM
  AVERAGE SKY COVER 0.5


WEATHER CONDITIONS
 THE FOLLOWING WEATHER WAS RECORDED YESTERDAY.
  THUNDERSTORM
  LIGHT RAIN


RELATIVE HUMIDITY (PERCENT)
 HIGHEST    89           300 AM
 LOWEST     40           100 PM
 AVERAGE    65

..........................................................


THE ROCK SPRINGS WY CLIMATE NORMALS FOR TODAY
                         NORMAL    RECORD    YEAR
 MAXIMUM TEMPERATURE (F)   81        92      2003
 MINIMUM TEMPERATURE (F)   51        34      1966


SUNRISE AND SUNSET
AUGUST 21 2014........SUNRISE   631 AM MDT   SUNSET   807 PM MDT
AUGUST 22 2014........SUNRISE   632 AM MDT   SUNSET   805 PM MDT


-  INDICATES NEGATIVE NUMBERS.
R  INDICATES RECORD WAS SET OR TIED.
MM INDICATES DATA IS MISSING.
T  INDICATES TRACE AMOUNT.




$$
