000
CDUS45 KRIW 260739
CLIRKS


CLIMATE REPORT
NATIONAL WEATHER SERVICE RIVERTON WY
135 AM MDT FRI MAY 26 2017


...................................

...THE ROCK SPRINGS WY CLIMATE SUMMARY FOR MAY 25 2017...

CLIMATE NORMAL PERIOD 1981 TO 2010
CLIMATE RECORD PERIOD 1948 TO 2017


WEATHER ITEM   OBSERVED TIME   RECORD YEAR NORMAL DEPARTURE LAST
                VALUE   (LST)  VALUE       VALUE  FROM      YEAR
                                                  NORMAL
..................................................................
TEMPERATURE (F)
 YESTERDAY
  MAXIMUM         60    351 PM  82    2003  67     -7       58
  MINIMUM         40    604 AM  26    1975  40      0       37
  AVERAGE         50                        54     -4       48

PRECIPITATION (IN)
  YESTERDAY        T             0.62 1962   0.04  -0.04     0.04
  MONTH TO DATE    0.62                      0.98  -0.36     2.14
  SINCE MAR 1      2.60                      2.57   0.03     4.18
  SINCE JAN 1      3.50                      3.50   0.00     4.40

DEGREE DAYS
 HEATING
  YESTERDAY       15                        12      3       17
  MONTH TO DATE  359                       380    -21      437
  SINCE MAR 1   1813                      2060   -247     1995
  SINCE JUL 1   7551                      7912   -361     7512

 COOLING
  YESTERDAY        0                         0      0        0
  MONTH TO DATE    0                         0      0        0
  SINCE MAR 1      0                         0      0        0
  SINCE JAN 1      0                         0      0        0
..................................................................


WIND (MPH)
  HIGHEST WIND SPEED    25   HIGHEST WIND DIRECTION     W (270)
  HIGHEST GUST SPEED    37   HIGHEST GUST DIRECTION     W (290)
  AVERAGE WIND SPEED    14.5


SKY COVER
  POSSIBLE SUNSHINE  MM
  AVERAGE SKY COVER 0.4


WEATHER CONDITIONS
 THE FOLLOWING WEATHER WAS RECORDED YESTERDAY.
  LIGHT RAIN


RELATIVE HUMIDITY (PERCENT)
 HIGHEST    85           600 AM
 LOWEST     22           700 PM
 AVERAGE    54

..........................................................


THE ROCK SPRINGS WY CLIMATE NORMALS FOR TODAY
                         NORMAL    RECORD    YEAR
 MAXIMUM TEMPERATURE (F)   67        87      1969
 MINIMUM TEMPERATURE (F)   40        25      1975


SUNRISE AND SUNSET
MAY 26 2017...........SUNRISE   548 AM MDT   SUNSET   840 PM MDT
MAY 27 2017...........SUNRISE   547 AM MDT   SUNSET   840 PM MDT


-  INDICATES NEGATIVE NUMBERS.
R  INDICATES RECORD WAS SET OR TIED.
MM INDICATES DATA IS MISSING.
T  INDICATES TRACE AMOUNT.




$$
