000
CDUS45 KRIW 230758
CLIRKS


CLIMATE REPORT
NATIONAL WEATHER SERVICE RIVERTON WY
157 AM MDT WED APR 23 2014


...................................

...THE ROCK SPRINGS WY CLIMATE SUMMARY FOR APRIL 22 2014...

CLIMATE NORMAL PERIOD 1981 TO 2010
CLIMATE RECORD PERIOD 1948 TO 2014


WEATHER ITEM   OBSERVED TIME   RECORD YEAR NORMAL DEPARTURE LAST
                VALUE   (LST)  VALUE       VALUE  FROM      YEAR
                                                  NORMAL
..................................................................
TEMPERATURE (F)
 YESTERDAY
  MAXIMUM         67    317 PM  76    2012  56     11       39
  MINIMUM         37   1159 PM  16    2013  31      6       16
  AVERAGE         52                        43      9       28

PRECIPITATION (IN)
  YESTERDAY        T             0.52 1999   0.04  -0.04     0.08
  MONTH TO DATE    0.17                      0.63  -0.46     0.37
  SINCE MAR 1      0.60                      1.31  -0.71     0.56
  SINCE JAN 1      0.75                      2.24  -1.49     0.93

DEGREE DAYS
 HEATING
  YESTERDAY       13                        22     -9       37
  MONTH TO DATE  467                       540    -73      657
  SINCE MAR 1   1353                      1517   -164     1572
  SINCE JUL 1   6805                      7369   -564     7053

 COOLING
  YESTERDAY        0                         0      0        0
  MONTH TO DATE    0                         0      0        0
  SINCE MAR 1      0                         0      0        0
  SINCE JAN 1      0                         0      0        0
..................................................................


WIND (MPH)
  HIGHEST WIND SPEED    37   HIGHEST WIND DIRECTION     W (260)
  HIGHEST GUST SPEED    45   HIGHEST GUST DIRECTION     W (260)
  AVERAGE WIND SPEED    18.2


SKY COVER
  POSSIBLE SUNSHINE  MM
  AVERAGE SKY COVER 0.3


WEATHER CONDITIONS
 THE FOLLOWING WEATHER WAS RECORDED YESTERDAY.
  LIGHT RAIN


RELATIVE HUMIDITY (PERCENT)
 HIGHEST    52           900 PM
 LOWEST     18           400 PM
 AVERAGE    35

..........................................................


THE ROCK SPRINGS WY CLIMATE NORMALS FOR TODAY
                         NORMAL    RECORD    YEAR
 MAXIMUM TEMPERATURE (F)   56        79      2012
 MINIMUM TEMPERATURE (F)   31        11      2013


SUNRISE AND SUNSET
APRIL 23 2014.........SUNRISE   624 AM MDT   SUNSET   806 PM MDT
APRIL 24 2014.........SUNRISE   623 AM MDT   SUNSET   807 PM MDT


-  INDICATES NEGATIVE NUMBERS.
R  INDICATES RECORD WAS SET OR TIED.
MM INDICATES DATA IS MISSING.
T  INDICATES TRACE AMOUNT.




$$
