000
CDUS45 KRIW 300733
CLIRKS


CLIMATE REPORT
NATIONAL WEATHER SERVICE RIVERTON WY
132 AM MDT TUE SEP 30 2014


...................................

...THE ROCK SPRINGS WY CLIMATE SUMMARY FOR SEPTEMBER 29 2014...

CLIMATE NORMAL PERIOD 1981 TO 2010
CLIMATE RECORD PERIOD 1948 TO 2014


WEATHER ITEM   OBSERVED TIME   RECORD YEAR NORMAL DEPARTURE LAST
                VALUE   (LST)  VALUE       VALUE  FROM      YEAR
                                                  NORMAL
..................................................................
TEMPERATURE (F)
 YESTERDAY
  MAXIMUM         55    246 PM  82    1969  64     -9       67
  MINIMUM         42   1128 PM  18    1985  38      4       38
  AVERAGE         49                        51     -2       53

PRECIPITATION (IN)
  YESTERDAY        T             0.72 1965   0.03  -0.03     0.00
  MONTH TO DATE    1.18                      0.89   0.29     1.37
  SINCE SEP 1      1.18                      0.89   0.29     1.37
  SINCE JAN 1      3.66                      6.67  -3.01     3.57

DEGREE DAYS
 HEATING
  YESTERDAY       16                        14      2       12
  MONTH TO DATE  167                       249    -82      222
  SINCE SEP 1    167                       249    -82      222
  SINCE JUL 1    258                       313    -55      223

 COOLING
  YESTERDAY        0                         0      0        0
  MONTH TO DATE    8                         7      1       44
  SINCE SEP 1      8                         7      1       44
  SINCE JAN 1    307                       284     23      517
..................................................................


WIND (MPH)
  HIGHEST WIND SPEED    21   HIGHEST WIND DIRECTION     W (280)
  HIGHEST GUST SPEED    37   HIGHEST GUST DIRECTION     W (290)
  AVERAGE WIND SPEED     9.7


SKY COVER
  POSSIBLE SUNSHINE  MM
  AVERAGE SKY COVER 0.4


WEATHER CONDITIONS
 THE FOLLOWING WEATHER WAS RECORDED YESTERDAY.
  NO SIGNIFICANT WEATHER WAS OBSERVED.


RELATIVE HUMIDITY (PERCENT)
 HIGHEST    89           200 AM
 LOWEST     46           300 PM
 AVERAGE    68

..........................................................


THE ROCK SPRINGS WY CLIMATE NORMALS FOR TODAY
                         NORMAL    RECORD    YEAR
 MAXIMUM TEMPERATURE (F)   64        80      1980
 MINIMUM TEMPERATURE (F)   37        15      1985


SUNRISE AND SUNSET
SEPTEMBER 30 2014.....SUNRISE   712 AM MDT   SUNSET   700 PM MDT
OCTOBER  1 2014.......SUNRISE   713 AM MDT   SUNSET   658 PM MDT


-  INDICATES NEGATIVE NUMBERS.
R  INDICATES RECORD WAS SET OR TIED.
MM INDICATES DATA IS MISSING.
T  INDICATES TRACE AMOUNT.




$$
