000
CDUS45 KRIW 110741
CLIRKS


CLIMATE REPORT
NATIONAL WEATHER SERVICE RIVERTON WY
1231 AM MST THU FEB 11 2016


...................................

...THE ROCK SPRINGS WY CLIMATE SUMMARY FOR FEBRUARY 10 2016...

CLIMATE NORMAL PERIOD 1981 TO 2010
CLIMATE RECORD PERIOD 1948 TO 2016


WEATHER ITEM   OBSERVED TIME   RECORD YEAR NORMAL DEPARTURE LAST
                VALUE   (LST)  VALUE       VALUE  FROM      YEAR
                                                  NORMAL
..................................................................
TEMPERATURE (F)
 YESTERDAY
  MAXIMUM         45    116 PM  57    1951  32     13       43
  MINIMUM         19    731 AM -13    1981  14      5       28
  AVERAGE         32                        23      9       36

PRECIPITATION (IN)
  YESTERDAY        0.00          0.50 1999   0.01  -0.01      T
  MONTH TO DATE    0.01                      0.17  -0.16     0.05
  SINCE DEC 1      0.08                      1.12  -1.04     0.17
  SINCE JAN 1      0.04                      0.62  -0.58     0.06

DEGREE DAYS
 HEATING
  YESTERDAY       33                        42     -9       29
  MONTH TO DATE  435                       429      6      260
  SINCE DEC 1   3274                      3140    134     2622
  SINCE JUL 1   4940                      5133   -193     4438

 COOLING
  YESTERDAY        0                         0      0        0
  MONTH TO DATE    0                         0      0        0
  SINCE DEC 1      0                         0      0        0
  SINCE JAN 1      0                         0      0        0
..................................................................


WIND (MPH)
  HIGHEST WIND SPEED    28   HIGHEST WIND DIRECTION     W (260)
  HIGHEST GUST SPEED    34   HIGHEST GUST DIRECTION    SW (230)
  AVERAGE WIND SPEED    14.0


SKY COVER
  POSSIBLE SUNSHINE  MM
  AVERAGE SKY COVER 0.0


WEATHER CONDITIONS
 THE FOLLOWING WEATHER WAS RECORDED YESTERDAY.
  NO SIGNIFICANT WEATHER WAS OBSERVED.


RELATIVE HUMIDITY (PERCENT)
 HIGHEST    69           200 AM
 LOWEST     36           300 PM
 AVERAGE    53

..........................................................


THE ROCK SPRINGS WY CLIMATE NORMALS FOR TODAY
                         NORMAL    RECORD    YEAR
 MAXIMUM TEMPERATURE (F)   32        51      1970
 MINIMUM TEMPERATURE (F)   14        -7      1948


SUNRISE AND SUNSET
FEBRUARY 11 2016......SUNRISE   717 AM MST   SUNSET   544 PM MST
FEBRUARY 12 2016......SUNRISE   716 AM MST   SUNSET   546 PM MST


-  INDICATES NEGATIVE NUMBERS.
R  INDICATES RECORD WAS SET OR TIED.
MM INDICATES DATA IS MISSING.
T  INDICATES TRACE AMOUNT.




$$
