000
CDUS45 KRIW 240741
CLIRKS


CLIMATE REPORT
NATIONAL WEATHER SERVICE RIVERTON WY
136 AM MDT THU APR 24 2014


...................................

...THE ROCK SPRINGS WY CLIMATE SUMMARY FOR APRIL 23 2014...

CLIMATE NORMAL PERIOD 1981 TO 2010
CLIMATE RECORD PERIOD 1948 TO 2014


WEATHER ITEM   OBSERVED TIME   RECORD YEAR NORMAL DEPARTURE LAST
                VALUE   (LST)  VALUE       VALUE  FROM      YEAR
                                                  NORMAL
..................................................................
TEMPERATURE (F)
 YESTERDAY
  MAXIMUM         47    411 PM  79    2012  56     -9       41
  MINIMUM         30   1159 PM  11    2013  31     -1       11
  AVERAGE         39                        44     -5       26

PRECIPITATION (IN)
  YESTERDAY        0.00          0.41 1999   0.03  -0.03     0.00
  MONTH TO DATE    0.17                      0.66  -0.49     0.37
  SINCE MAR 1      0.60                      1.34  -0.74     0.56
  SINCE JAN 1      0.75                      2.27  -1.52     0.93

DEGREE DAYS
 HEATING
  YESTERDAY       26                        21      5       39
  MONTH TO DATE  493                       561    -68      696
  SINCE MAR 1   1379                      1538   -159     1611
  SINCE JUL 1   6831                      7390   -559     7092

 COOLING
  YESTERDAY        0                         0      0        0
  MONTH TO DATE    0                         0      0        0
  SINCE MAR 1      0                         0      0        0
  SINCE JAN 1      0                         0      0        0
..................................................................


WIND (MPH)
  HIGHEST WIND SPEED    37   HIGHEST WIND DIRECTION     W (250)
  HIGHEST GUST SPEED    49   HIGHEST GUST DIRECTION    SW (230)
  AVERAGE WIND SPEED    21.5


SKY COVER
  POSSIBLE SUNSHINE  MM
  AVERAGE SKY COVER 0.4


WEATHER CONDITIONS
 THE FOLLOWING WEATHER WAS RECORDED YESTERDAY.
  NO SIGNIFICANT WEATHER WAS OBSERVED.


RELATIVE HUMIDITY (PERCENT)
 HIGHEST    78           600 AM
 LOWEST     17           400 PM
 AVERAGE    48

..........................................................


THE ROCK SPRINGS WY CLIMATE NORMALS FOR TODAY
                         NORMAL    RECORD    YEAR
 MAXIMUM TEMPERATURE (F)   56        78      2012
 MINIMUM TEMPERATURE (F)   31        15      1958


SUNRISE AND SUNSET
APRIL 24 2014.........SUNRISE   623 AM MDT   SUNSET   807 PM MDT
APRIL 25 2014.........SUNRISE   621 AM MDT   SUNSET   808 PM MDT


-  INDICATES NEGATIVE NUMBERS.
R  INDICATES RECORD WAS SET OR TIED.
MM INDICATES DATA IS MISSING.
T  INDICATES TRACE AMOUNT.




$$
