000
CDUS42 KFFC 300817
CLIRMG


CLIMATE REPORT
NATIONAL WEATHER SERVICE PEACHTREE CITY GA
416 AM EDT TUE SEP 30 2014


...................................

...THE ROME  CLIMATE SUMMARY FOR SEPTEMBER 29 2014...

CLIMATE NORMAL PERIOD 1981 TO 2010
CLIMATE RECORD PERIOD 9999 TO 9999


WEATHER ITEM   OBSERVED TIME   RECORD YEAR NORMAL DEPARTURE LAST
                VALUE   (LST)  VALUE       VALUE  FROM      YEAR
                                                  NORMAL
..................................................................
TEMPERATURE (F)
 YESTERDAY
  MAXIMUM         76    501 PM  MM      MM  79     -3       76
  MINIMUM         61   1159 PM  MM      MM  55      6       51
  AVERAGE         69                        67      2       64

PRECIPITATION (IN)
  YESTERDAY        0.12         MM      MM   0.14  -0.02     0.00
  MONTH TO DATE    1.82                      3.27  -1.45     2.31
  SINCE SEP 1      1.82                      3.27  -1.45     2.31
  SINCE JAN 1     34.98                     38.69  -3.71    30.38

DEGREE DAYS
 HEATING
  YESTERDAY        0                         2     -2        1
  MONTH TO DATE    0                        11    -11        1
  SINCE SEP 1      0                        11    -11        1
  SINCE JUL 1      0                        11    -11        1

 COOLING
  YESTERDAY        4                         4      0        0
  MONTH TO DATE  297                       220     77      238
  SINCE SEP 1    297                       220     77      238
  SINCE JAN 1   1663                      1586     77     1521
..................................................................


WIND (MPH)
  RESULTANT WIND SPEED   1   RESULTANT WIND DIRECTION  NE (40)
  HIGHEST WIND SPEED     8   HIGHEST WIND DIRECTION    NE (60)
  HIGHEST GUST SPEED    11   HIGHEST GUST DIRECTION    NE (50)
  AVERAGE WIND SPEED     2.6


SKY COVER
  AVERAGE SKY COVER 0.8


WEATHER CONDITIONS
 THE FOLLOWING WEATHER WAS RECORDED YESTERDAY.
  LIGHT RAIN
  FOG


RELATIVE HUMIDITY (PERCENT)
 HIGHEST   100           900 PM
 LOWEST     74           400 PM
 AVERAGE    87

..........................................................


THE ROME  CLIMATE NORMALS FOR TODAY
                         NORMAL    RECORD    YEAR
 MAXIMUM TEMPERATURE (F)   79        MM        MM
 MINIMUM TEMPERATURE (F)   55        MM        MM


SUNRISE AND SUNSET
SEPTEMBER 30 2014.....SUNRISE   734 AM EDT   SUNSET   726 PM EDT
OCTOBER  1 2014.......SUNRISE   735 AM EDT   SUNSET   725 PM EDT


-  INDICATES NEGATIVE NUMBERS.
R  INDICATES RECORD WAS SET OR TIED.
MM INDICATES DATA IS MISSING.
T  INDICATES TRACE AMOUNT.




$$
