000
CDUS42 KFFC 230820
CLIRMG


CLIMATE REPORT
NATIONAL WEATHER SERVICE PEACHTREE CITY GA
419 AM EDT WED APR 23 2014


...................................

...THE ROME  CLIMATE SUMMARY FOR APRIL 22 2014...

CLIMATE NORMAL PERIOD 1981 TO 2010
CLIMATE RECORD PERIOD 9999 TO 9999


WEATHER ITEM   OBSERVED TIME   RECORD YEAR NORMAL DEPARTURE LAST
                VALUE   (LST)  VALUE       VALUE  FROM      YEAR
                                                  NORMAL
..................................................................
TEMPERATURE (F)
 YESTERDAY
  MAXIMUM         69    608 PM  MM      MM  74     -5       71
  MINIMUM         53    347 AM  MM      MM  48      5       45
  AVERAGE         61                        61      0       58

PRECIPITATION (IN)
  YESTERDAY        0.13         MM      MM   0.17  -0.04     0.00
  MONTH TO DATE    4.72                      2.78   1.94     3.05
  SINCE MAR 1      9.40                      7.73   1.67     3.58
  SINCE JAN 1     17.08                     17.42  -0.34     3.58

SNOWFALL (IN)
  YESTERDAY       MM            MM      MM  MM     MM       MM
  MONTH TO DATE    0.0                      MM     MM        0.0
  SINCE MAR 1      0.0                      MM     MM        0.0
  SINCE JUL 1      T                        MM     MM        0.0
  SNOW DEPTH      MM

DEGREE DAYS
 HEATING
  YESTERDAY        4                         5     -1        7
  MONTH TO DATE  136                       155    -19      142
  SINCE MAR 1    584                       560     24      169
  SINCE JUL 1   3411                      3182    229      169

 COOLING
  YESTERDAY        0                         1     -1        0
  MONTH TO DATE    5                        18    -13       24
  SINCE MAR 1      5                        22    -17       24
  SINCE JAN 1      5                        22    -17       24
..................................................................


WIND (MPH)
  RESULTANT WIND SPEED   2   RESULTANT WIND DIRECTION   S (200)
  HIGHEST WIND SPEED    12   HIGHEST WIND DIRECTION    SW (230)
  HIGHEST GUST SPEED    16   HIGHEST GUST DIRECTION    SW (230)
  AVERAGE WIND SPEED     2.8


SKY COVER
  AVERAGE SKY COVER 0.7


WEATHER CONDITIONS
 THE FOLLOWING WEATHER WAS RECORDED YESTERDAY.
  LIGHT RAIN
  FOG
  FOG W/VISIBILITY <= 1/4 MILE


RELATIVE HUMIDITY (PERCENT)
 HIGHEST   100           400 AM
 LOWEST     76           400 PM
 AVERAGE    88

..........................................................


THE ROME  CLIMATE NORMALS FOR TODAY
                         NORMAL    RECORD    YEAR
 MAXIMUM TEMPERATURE (F)   75        MM        MM
 MINIMUM TEMPERATURE (F)   49        MM        MM


SUNRISE AND SUNSET
APRIL 23 2014.........SUNRISE   700 AM EDT   SUNSET   819 PM EDT
APRIL 24 2014.........SUNRISE   659 AM EDT   SUNSET   819 PM EDT


-  INDICATES NEGATIVE NUMBERS.
R  INDICATES RECORD WAS SET OR TIED.
MM INDICATES DATA IS MISSING.
T  INDICATES TRACE AMOUNT.




$$
