000
CDUS42 KFFC 260820
CLIRMG


CLIMATE REPORT
NATIONAL WEATHER SERVICE PEACHTREE CITY GA
419 AM EDT TUE SEP 26 2017


...................................

...THE ROME  CLIMATE SUMMARY FOR SEPTEMBER 25 2017...

CLIMATE NORMAL PERIOD 1981 TO 2010
CLIMATE RECORD PERIOD 9999 TO 9999


WEATHER ITEM   OBSERVED TIME   RECORD YEAR NORMAL DEPARTURE LAST
                VALUE   (LST)  VALUE       VALUE  FROM      YEAR
                                                  NORMAL
..................................................................
TEMPERATURE (F)
 YESTERDAY
  MAXIMUM         88    448 PM  MM      MM  81      7       97
  MINIMUM         64    717 AM  MM      MM  57      7       63
  AVERAGE         76                        69      7       80

PRECIPITATION (IN)
  YESTERDAY        0.00         MM      MM   0.13  -0.13     0.00
  MONTH TO DATE    4.60                      2.71   1.89     0.05
  SINCE SEP 1      4.60                      2.71   1.89     0.05
  SINCE JAN 1     43.08                     38.13   4.95    27.32

DEGREE DAYS
 HEATING
  YESTERDAY        0                         1     -1        0
  MONTH TO DATE    9                         6      3        0
  SINCE SEP 1      9                         6      3        0
  SINCE JUL 1      9                         6      3        0

 COOLING
  YESTERDAY       11                         5      6       15
  MONTH TO DATE  182                       203    -21      357
  SINCE SEP 1    182                       203    -21      357
  SINCE JAN 1   1795                      1569    226     2102
..................................................................


WIND (MPH)
  RESULTANT WIND SPEED   2   RESULTANT WIND DIRECTION  NE (40)
  HIGHEST WIND SPEED    12   HIGHEST WIND DIRECTION     E (70)
  HIGHEST GUST SPEED    15   HIGHEST GUST DIRECTION    NE (60)
  AVERAGE WIND SPEED     2.6


SKY COVER
  AVERAGE SKY COVER 0.2


WEATHER CONDITIONS
 THE FOLLOWING WEATHER WAS RECORDED YESTERDAY.
  FOG


RELATIVE HUMIDITY (PERCENT)
 HIGHEST   100           300 AM
 LOWEST     43           500 PM
 AVERAGE    72

..........................................................


THE ROME  CLIMATE NORMALS FOR TODAY
                         NORMAL    RECORD    YEAR
 MAXIMUM TEMPERATURE (F)   80        MM        MM
 MINIMUM TEMPERATURE (F)   56        MM        MM


SUNRISE AND SUNSET
SEPTEMBER 26 2017.....SUNRISE   732 AM EDT   SUNSET   731 PM EDT
SEPTEMBER 27 2017.....SUNRISE   732 AM EDT   SUNSET   730 PM EDT


-  INDICATES NEGATIVE NUMBERS.
R  INDICATES RECORD WAS SET OR TIED.
MM INDICATES DATA IS MISSING.
T  INDICATES TRACE AMOUNT.




$$
