401
CDUS42 KFFC 280818
CLIRMG


CLIMATE REPORT
NATIONAL WEATHER SERVICE PEACHTREE CITY GA
418 AM EDT FRI JUL 28 2017


...................................

...THE ROME  CLIMATE SUMMARY FOR JULY 27 2017...

CLIMATE NORMAL PERIOD 1981 TO 2010
CLIMATE RECORD PERIOD 9999 TO 9999


WEATHER ITEM   OBSERVED TIME   RECORD YEAR NORMAL DEPARTURE LAST
                VALUE   (LST)  VALUE       VALUE  FROM      YEAR
                                                  NORMAL
..................................................................
TEMPERATURE (F)
 YESTERDAY
  MAXIMUM         93   1250 PM  MM      MM  90      3       94
  MINIMUM         72    524 AM  MM      MM  69      3       73
  AVERAGE         83                        80      3       84

PRECIPITATION (IN)
  YESTERDAY        0.17         MM      MM   0.11   0.06     0.00
  MONTH TO DATE    2.88                      3.94  -1.06     1.05
  SINCE JUN 1      7.40                      8.04  -0.64     3.33
  SINCE JAN 1     35.35                     30.91   4.44    20.45

DEGREE DAYS
 COOLING
  YESTERDAY       18                        15      3       19
  MONTH TO DATE  439                       391     48      481
  SINCE JUN 1    789                       721     68      920
  SINCE JAN 1   1115                       889    226     1145
..................................................................


WIND (MPH)
  RESULTANT WIND SPEED   1   RESULTANT WIND DIRECTION  SE (150)
  HIGHEST WIND SPEED    25   HIGHEST WIND DIRECTION     N (10)
  HIGHEST GUST SPEED    33   HIGHEST GUST DIRECTION     N (360)
  AVERAGE WIND SPEED     3.8


SKY COVER
  AVERAGE SKY COVER 0.3


WEATHER CONDITIONS
 THE FOLLOWING WEATHER WAS RECORDED YESTERDAY.
  THUNDERSTORM
  HEAVY RAIN
  LIGHT RAIN
  FOG


RELATIVE HUMIDITY (PERCENT)
 HIGHEST   100           900 PM
 LOWEST     64           100 PM
 AVERAGE    82

..........................................................


THE ROME  CLIMATE NORMALS FOR TODAY
                         NORMAL    RECORD    YEAR
 MAXIMUM TEMPERATURE (F)   90        MM        MM
 MINIMUM TEMPERATURE (F)   69        MM        MM


SUNRISE AND SUNSET
JULY 28 2017..........SUNRISE   649 AM EDT   SUNSET   845 PM EDT
JULY 29 2017..........SUNRISE   649 AM EDT   SUNSET   844 PM EDT


-  INDICATES NEGATIVE NUMBERS.
R  INDICATES RECORD WAS SET OR TIED.
MM INDICATES DATA IS MISSING.
T  INDICATES TRACE AMOUNT.




$$
