000
CDUS41 KRNK 260853
CLIRNK


CLIMATE REPORT
NATIONAL WEATHER SERVICE BLACKSBURG VA
451 AM EDT MON JUN 26 2017


...................................

...THE BLACKSBURG VA CLIMATE SUMMARY FOR JUNE 25 2017...

CLIMATE NORMAL PERIOD 1981 TO 2010
CLIMATE RECORD PERIOD 1952 TO 2017


WEATHER ITEM   OBSERVED RECORD YEAR NORMAL DEPARTURE LAST
                VALUE   VALUE       VALUE  FROM      YEAR
                                           NORMAL
...........................................................
TEMPERATURE (F)
 YESTERDAY
  MAXIMUM         75     90    2002  81     -6       82
  MINIMUM         52     44    1979  59     -7       60
  AVERAGE         64                 70     -6       71

PRECIPITATION (IN)
  YESTERDAY        0.00   2.97 2002   0.12  -0.12     0.00
  MONTH TO DATE    2.88               3.40  -0.52     3.14
  SINCE JUN 1      2.88               3.40  -0.52     3.14
  SINCE JAN 1     24.12              20.74   3.38    19.16

SNOWFALL (IN)
  YESTERDAY        0.0                                0.0
  MONTH TO DATE    0.0                                0.0
  SINCE JUN 1      0.0                                0.0
  SINCE JUL 1      7.7                               25.6
  SNOW DEPTH       0

DEGREE DAYS
 HEATING
  YESTERDAY        1                  0      1        0
  MONTH TO DATE   25                 37    -12       12
  SINCE JUN 1     25                 37    -12       12
  SINCE JUL 1   4191               5445  -1254     4466

 COOLING
  YESTERDAY        0                  5     -5        6
  MONTH TO DATE   87                 89     -2      126
  SINCE JUN 1     87                 89     -2      126
  SINCE JAN 1    141                118     23      172
...........................................................


WIND (MPH)
  HIGHEST WIND SPEED    13   HIGHEST WIND DIRECTION    NW (310)
  HIGHEST GUST SPEED    20   HIGHEST GUST DIRECTION    NW (310)
  AVERAGE WIND SPEED     4.2


SKY COVER
  AVERAGE SKY COVER 0.2


WEATHER CONDITIONS
 THE FOLLOWING WEATHER WAS RECORDED YESTERDAY.
  NO SIGNIFICANT WEATHER WAS OBSERVED.


RELATIVE HUMIDITY (PERCENT)
 HIGHEST    97           500 AM
 LOWEST     37           300 PM
 AVERAGE    67

..........................................................


THE BLACKSBURG VA CLIMATE NORMALS FOR TODAY
                         NORMAL    RECORD    YEAR
 MAXIMUM TEMPERATURE (F)   81        92      1988
 MINIMUM TEMPERATURE (F)   59        42      1979


SUNRISE AND SUNSET
JUNE 26 2017..........SUNRISE   603 AM EDT   SUNSET   846 PM EDT
JUNE 27 2017..........SUNRISE   604 AM EDT   SUNSET   846 PM EDT


-  INDICATES NEGATIVE NUMBERS.
R  INDICATES RECORD WAS SET OR TIED.
MM INDICATES DATA IS MISSING.
T  INDICATES TRACE AMOUNT.

$$

RAB
