000
CDUS41 KRNK 290742
CLIRNK


CLIMATE REPORT
NATIONAL WEATHER SERVICE BLACKSBURG VA
337 AM EDT FRI MAY 29 2015


...................................

...THE BLACKSBURG VA CLIMATE SUMMARY FOR MAY 28 2015...

CLIMATE NORMAL PERIOD 1981 TO 2010
CLIMATE RECORD PERIOD 1952 TO 2015


WEATHER ITEM   OBSERVED TIME   RECORD YEAR NORMAL DEPARTURE LAST
                VALUE   (LST)  VALUE       VALUE  FROM      YEAR
                                                  NORMAL
..................................................................
TEMPERATURE (F)
 YESTERDAY
  MAXIMUM         82    235 PM  87    1955  74      8       83
  MINIMUM         58    435 AM  35    1972  51      7       58
  AVERAGE         70                        63      7       71

PRECIPITATION (IN)
  YESTERDAY        0.06          2.60 1973   0.16  -0.10     0.03
  MONTH TO DATE    2.00                      3.86  -1.86     2.59
  SINCE MAR 1     11.87                     10.98   0.89     9.11
  SINCE JAN 1     15.29                     16.87  -1.58    14.74

SNOWFALL (IN)
  YESTERDAY        0.0                                       0.0
  MONTH TO DATE    0.0                                       0.0
  SINCE MAR 1      4.4                                       7.3
  SINCE JUL 1     27.8                                      34.4
  SNOW DEPTH       0

DEGREE DAYS
 HEATING
  YESTERDAY        0                         4     -4        0
  MONTH TO DATE   78                       192   -114      111
  SINCE MAR 1   1083                      1349   -266     1263
  SINCE JUL 1   5209                      5397   -188     5444

 COOLING
  YESTERDAY        5                         2      3        6
  MONTH TO DATE   62                        18     44       43
  SINCE MAR 1     62                        21     41       43
  SINCE JAN 1     62                        21     41       43
..................................................................


WIND (MPH)
  HIGHEST WIND SPEED     9   HIGHEST WIND DIRECTION     E (90)
  HIGHEST GUST SPEED    MM   HIGHEST GUST DIRECTION    MM
  AVERAGE WIND SPEED     1.2


SKY COVER
  AVERAGE SKY COVER 0.5


WEATHER CONDITIONS
 THE FOLLOWING WEATHER WAS RECORDED YESTERDAY.
  HEAVY RAIN
  RAIN
  LIGHT RAIN
  FOG


RELATIVE HUMIDITY (PERCENT)
 HIGHEST    97           200 AM
 LOWEST     41           100 PM
 AVERAGE    69

..........................................................


THE BLACKSBURG VA CLIMATE NORMALS FOR TODAY
                         NORMAL    RECORD    YEAR
 MAXIMUM TEMPERATURE (F)   75        87      2006
 MINIMUM TEMPERATURE (F)   51        41      1994


SUNRISE AND SUNSET
MAY 29 2015...........SUNRISE   604 AM EDT   SUNSET   834 PM EDT
MAY 30 2015...........SUNRISE   604 AM EDT   SUNSET   835 PM EDT


-  INDICATES NEGATIVE NUMBERS.
R  INDICATES RECORD WAS SET OR TIED.
MM INDICATES DATA IS MISSING.
T  INDICATES TRACE AMOUNT.




$$
