000
CDUS41 KRNK 060945
CLIRNK


CLIMATE REPORT
NATIONAL WEATHER SERVICE BLACKSBURG VA
437 AM EST FRI MAR 6 2015


...................................

...THE BLACKSBURG VA CLIMATE SUMMARY FOR MARCH 5 2015...

CLIMATE NORMAL PERIOD 1981 TO 2010
CLIMATE RECORD PERIOD 1952 TO 2015


WEATHER ITEM   OBSERVED TIME   RECORD YEAR NORMAL DEPARTURE LAST
                VALUE   (LST)  VALUE       VALUE  FROM      YEAR
                                                  NORMAL
..................................................................
TEMPERATURE (F)
 YESTERDAY
  MAXIMUM         43        MM  79    1976  50     -7       54
  MINIMUM         15        MM   8    2002  27    -12       20
  AVERAGE         29                        38     -9       37

PRECIPITATION (IN)
  YESTERDAY        1.36R         0.87 1955   0.11   1.25     0.00
  MONTH TO DATE    2.12                      0.50   1.62     0.87
  SINCE MAR 1      2.12                      0.50   1.62     0.87
  SINCE JAN 1      5.54                      6.39  -0.85     6.50

SNOWFALL (IN)
  YESTERDAY        4.2
  MONTH TO DATE    4.2
  SINCE MAR 1      4.2
  SINCE JUL 1     27.6
  SNOW DEPTH       4

DEGREE DAYS
 HEATING
  YESTERDAY       36                        27      9       28
  MONTH TO DATE  149                       136     13      149
  SINCE MAR 1    149                       136     13      149
  SINCE JUL 1   4275                      4184     91     4330

 COOLING
  YESTERDAY        0                         0      0        0
  MONTH TO DATE    0                         0      0        0
  SINCE MAR 1      0                         0      0        0
  SINCE JAN 1      0                         0      0        0
..................................................................


WIND (MPH)
  HIGHEST WIND SPEED    12   HIGHEST WIND DIRECTION     W (270)
  HIGHEST GUST SPEED    MM   HIGHEST GUST DIRECTION    MM
  AVERAGE WIND SPEED     5.0


SKY COVER
  POSSIBLE SUNSHINE  MM
  AVERAGE SKY COVER 1.0


WEATHER CONDITIONS
 THE FOLLOWING WEATHER WAS RECORDED YESTERDAY.
  RAIN
  LIGHT RAIN
  SNOW
  LIGHT SNOW
  SLEET
  FOG


RELATIVE HUMIDITY (PERCENT)
 HIGHEST   100          1200 AM
 LOWEST     74           800 PM
 AVERAGE    87

..........................................................


THE BLACKSBURG VA CLIMATE NORMALS FOR TODAY
                         NORMAL    RECORD    YEAR
 MAXIMUM TEMPERATURE (F)   50        76      1976
 MINIMUM TEMPERATURE (F)   27         7      1970


SUNRISE AND SUNSET
MARCH  6 2015.........SUNRISE   646 AM EST   SUNSET   620 PM EST
MARCH  7 2015.........SUNRISE   645 AM EST   SUNSET   621 PM EST


-  INDICATES NEGATIVE NUMBERS.
R  INDICATES RECORD WAS SET OR TIED.
MM INDICATES DATA IS MISSING.
T  INDICATES TRACE AMOUNT.




$$
