000
CDUS41 KRNK 280921
CLIRNK


CLIMATE REPORT
NATIONAL WEATHER SERVICE BLACKSBURG VA
518 AM EDT FRI AUG 28 2015


...................................

...THE BLACKSBURG VA CLIMATE SUMMARY FOR AUGUST 27 2015...

CLIMATE NORMAL PERIOD 1981 TO 2010
CLIMATE RECORD PERIOD 1952 TO 2015


WEATHER ITEM   OBSERVED RECORD YEAR NORMAL DEPARTURE LAST
                VALUE   VALUE       VALUE  FROM      YEAR
                                           NORMAL
...........................................................
TEMPERATURE (F)
 YESTERDAY
  MAXIMUM         79     96    1959  81     -2       84
  MINIMUM         53     40    1968  57     -4       51
  AVERAGE         66                 69     -3       68

PRECIPITATION (IN)
  YESTERDAY        0.00   3.44 1992   0.11  -0.11     0.00
  MONTH TO DATE    4.08               3.17   0.91     5.95
  SINCE JUN 1     11.82              11.43   0.39    10.94
  SINCE JAN 1     27.35              28.77  -1.42    25.77

SNOWFALL (IN)
  YESTERDAY        0.0                                0.0
  MONTH TO DATE    0.0                                0.0
  SINCE JUN 1      T                                   T
  SINCE JUL 1      T                                  0.0
  SNOW DEPTH       0

DEGREE DAYS
 HEATING
  YESTERDAY        0                  1     -1        0
  MONTH TO DATE    1                  2     -1        3
  SINCE JUN 1     12                 46    -34       14
  SINCE JUL 1      1                  8     -7       11

 COOLING
  YESTERDAY        1                  5     -4        3
  MONTH TO DATE  170                152     18       90
  SINCE JUN 1    628                467    161      436
  SINCE JAN 1    704                496    208      494
...........................................................


WIND (MPH)
  HIGHEST WIND SPEED     9   HIGHEST WIND DIRECTION     N (10)
  HIGHEST GUST SPEED    MM   HIGHEST GUST DIRECTION    MM
  AVERAGE WIND SPEED     1.6


SKY COVER
  AVERAGE SKY COVER 0.7


WEATHER CONDITIONS
 THE FOLLOWING WEATHER WAS RECORDED YESTERDAY.
  NO SIGNIFICANT WEATHER WAS OBSERVED.


RELATIVE HUMIDITY (PERCENT)
 HIGHEST   100           300 AM
 LOWEST     48           400 PM
 AVERAGE    74

..........................................................


THE BLACKSBURG VA CLIMATE NORMALS FOR TODAY
                         NORMAL    RECORD    YEAR
 MAXIMUM TEMPERATURE (F)   81        93      1953
 MINIMUM TEMPERATURE (F)   57        38      1968


SUNRISE AND SUNSET
AUGUST 28 2015........SUNRISE   649 AM EDT   SUNSET   756 PM EDT
AUGUST 29 2015........SUNRISE   650 AM EDT   SUNSET   755 PM EDT


-  INDICATES NEGATIVE NUMBERS.
R  INDICATES RECORD WAS SET OR TIED.
MM INDICATES DATA IS MISSING.
T  INDICATES TRACE AMOUNT.




$$
