000
CDUS41 KRNK 200913
CLIRNK


CLIMATE REPORT
NATIONAL WEATHER SERVICE BLACKSBURG VA
511 AM EDT SUN APR 20 2014


...................................

...THE BLACKSBURG VA CLIMATE SUMMARY FOR APRIL 19 2014...

CLIMATE NORMAL PERIOD 1981 TO 2010
CLIMATE RECORD PERIOD 1952 TO 2014


WEATHER ITEM   OBSERVED TIME   RECORD YEAR NORMAL DEPARTURE LAST
                VALUE   (LST)  VALUE       VALUE  FROM      YEAR
                                                  NORMAL
..................................................................
TEMPERATURE (F)
 YESTERDAY
  MAXIMUM         63    200 PM  86    1976  65     -2       66
  MINIMUM         42    100 AM  18    1983  39      3       42
  AVERAGE         53                        52      1       54

PRECIPITATION (IN)
  YESTERDAY        0.00          0.78 2008   0.11  -0.11     0.46
  MONTH TO DATE    1.97                      2.20  -0.23     3.09
  SINCE MAR 1      4.39                      5.84  -1.45     6.41
  SINCE JAN 1     10.02                     11.73  -1.71    15.51

SNOWFALL (IN)
  YESTERDAY        0.0
  MONTH TO DATE    T
  SINCE MAR 1      7.3
  SINCE JUL 1     34.4
  SNOW DEPTH       0

DEGREE DAYS
 HEATING
  YESTERDAY       12                        13     -1       11
  MONTH TO DATE  260                       303    -43      229
  SINCE MAR 1   1047                      1030     17     1128
  SINCE JUL 1   5228                      5078    150     4988

 COOLING
  YESTERDAY        0                         0      0        0
  MONTH TO DATE    0                         0      0        0
  SINCE MAR 1      0                         0      0        0
  SINCE JAN 1      0                         0      0        0
..................................................................


WIND (MPH)
  HIGHEST WIND SPEED    13   HIGHEST WIND DIRECTION     E (100)
  HIGHEST GUST SPEED    16   HIGHEST GUST DIRECTION    NE (50)
  AVERAGE WIND SPEED     4.5


SKY COVER
  POSSIBLE SUNSHINE  MM
  AVERAGE SKY COVER 0.2


WEATHER CONDITIONS
 THE FOLLOWING WEATHER WAS RECORDED YESTERDAY.
  NO SIGNIFICANT WEATHER WAS OBSERVED.


RELATIVE HUMIDITY (PERCENT)
 HIGHEST    92           100 AM
 LOWEST     48           100 PM
 AVERAGE    70

..........................................................


THE BLACKSBURG VA CLIMATE NORMALS FOR TODAY
                         NORMAL    RECORD    YEAR
 MAXIMUM TEMPERATURE (F)   65        85      1976
 MINIMUM TEMPERATURE (F)   40        22      1983


SUNRISE AND SUNSET
APRIL 20 2014.........SUNRISE   641 AM EDT   SUNSET   801 PM EDT
APRIL 21 2014.........SUNRISE   639 AM EDT   SUNSET   802 PM EDT


-  INDICATES NEGATIVE NUMBERS.
R  INDICATES RECORD WAS SET OR TIED.
MM INDICATES DATA IS MISSING.
T  INDICATES TRACE AMOUNT.




$$
