000
CDUS41 KRNK 230925
CLIRNK


CLIMATE REPORT
NATIONAL WEATHER SERVICE BLACKSBURG VA
524 AM EDT TUE SEP 23 2014


...................................

...THE BLACKSBURG VA CLIMATE SUMMARY FOR SEPTEMBER 22 2014...

CLIMATE NORMAL PERIOD 1981 TO 2010
CLIMATE RECORD PERIOD 1952 TO 2014


WEATHER ITEM   OBSERVED TIME   RECORD YEAR NORMAL DEPARTURE LAST
                VALUE   (LST)  VALUE       VALUE  FROM      YEAR
                                                  NORMAL
..................................................................
TEMPERATURE (F)
 YESTERDAY
  MAXIMUM         67    300 PM  88    2010  73     -6       69
                                      1978
  MINIMUM         46   1100 PM  33    1983  49     -3       46
  AVERAGE         57                        61     -4       58

PRECIPITATION (IN)
  YESTERDAY        0.00          2.00 1979   0.10  -0.10     0.00
  MONTH TO DATE    3.75                      2.29   1.46     1.10
  SINCE SEP 1      3.75                      2.29   1.46     1.10
  SINCE JAN 1     29.52                     31.48  -1.96    40.65

SNOWFALL (IN)
  YESTERDAY        0.0
  MONTH TO DATE    0.0
  SINCE SEP 1      0.0
  SINCE JUL 1      0.0
  SNOW DEPTH       0

DEGREE DAYS
 HEATING
  YESTERDAY        8                         5      3        7
  MONTH TO DATE   31                        57    -26       57
  SINCE SEP 1     31                        57    -26       57
  SINCE JUL 1     42                        75    -33       80

 COOLING
  YESTERDAY        0                         1     -1        0
  MONTH TO DATE   76                        51     25       55
  SINCE SEP 1     76                        51     25       55
  SINCE JAN 1    606                       563     43      561
..................................................................


WIND (MPH)
  HIGHEST WIND SPEED    12   HIGHEST WIND DIRECTION    NW (320)
  HIGHEST GUST SPEED    16   HIGHEST GUST DIRECTION     W (290)
  AVERAGE WIND SPEED     6.0


SKY COVER
  POSSIBLE SUNSHINE  MM
  AVERAGE SKY COVER 0.2


WEATHER CONDITIONS
 THE FOLLOWING WEATHER WAS RECORDED YESTERDAY.
  NO SIGNIFICANT WEATHER WAS OBSERVED.


RELATIVE HUMIDITY (PERCENT)
 HIGHEST   100          1100 PM
 LOWEST     58           200 PM
 AVERAGE    79

..........................................................


THE BLACKSBURG VA CLIMATE NORMALS FOR TODAY
                         NORMAL    RECORD    YEAR
 MAXIMUM TEMPERATURE (F)   73        89      2010
 MINIMUM TEMPERATURE (F)   48        25      1983


SUNRISE AND SUNSET
SEPTEMBER 23 2014.....SUNRISE   710 AM EDT   SUNSET   717 PM EDT
SEPTEMBER 24 2014.....SUNRISE   711 AM EDT   SUNSET   716 PM EDT


-  INDICATES NEGATIVE NUMBERS.
R  INDICATES RECORD WAS SET OR TIED.
MM INDICATES DATA IS MISSING.
T  INDICATES TRACE AMOUNT.




$$
