000
CDUS41 KRNK 220721
CLIRNK


CLIMATE REPORT
NATIONAL WEATHER SERVICE BLACKSBURG VA
313 AM EDT SUN OCT 22 2017


...................................

...THE BLACKSBURG VA CLIMATE SUMMARY FOR OCTOBER 21 2017...

CLIMATE NORMAL PERIOD 1981 TO 2010
CLIMATE RECORD PERIOD 1952 TO 2017


WEATHER ITEM   OBSERVED RECORD YEAR NORMAL DEPARTURE LAST
                VALUE   VALUE       VALUE  FROM      YEAR
                                           NORMAL
...........................................................
TEMPERATURE (F)
 YESTERDAY
  MAXIMUM         75     81    1993  64     11       65
  MINIMUM         42     19    1972  38      4       45
  AVERAGE         59                 51      8       55

PRECIPITATION (IN)
  YESTERDAY        0.00   1.60 1961   0.09  -0.09     0.19
  MONTH TO DATE    3.69               1.87   1.82     2.15
  SINCE SEP 1      5.14               4.97   0.17     8.86
  SINCE JAN 1     35.10              34.16   0.94    37.53

SNOWFALL (IN)
  YESTERDAY        0.0                                0.0
  MONTH TO DATE    0.0                                0.0
  SINCE SEP 1      0.0                                0.0
  SINCE JUL 1      0.0                                0.0
  SNOW DEPTH       0

DEGREE DAYS
 HEATING
  YESTERDAY        6                 14     -8       10
  MONTH TO DATE  116                240   -124      120
  SINCE SEP 1    186                353   -167      127
  SINCE JUL 1    195                371   -176      127

 COOLING
  YESTERDAY        0                  0      0        0
  MONTH TO DATE   35                  1     34        5
  SINCE SEP 1     96                 58     38      137
  SINCE JAN 1    632                570     62      914
...........................................................


WIND (MPH)
  HIGHEST WIND SPEED     8   HIGHEST WIND DIRECTION     E (90)
  HIGHEST GUST SPEED    MM   HIGHEST GUST DIRECTION    MM
  AVERAGE WIND SPEED     2.1


SKY COVER
  AVERAGE SKY COVER 0.0


WEATHER CONDITIONS
 THE FOLLOWING WEATHER WAS RECORDED YESTERDAY.
  NO SIGNIFICANT WEATHER WAS OBSERVED.


RELATIVE HUMIDITY (PERCENT)
 HIGHEST   100           300 AM
 LOWEST     41           300 PM
 AVERAGE    71

..........................................................


THE BLACKSBURG VA CLIMATE NORMALS FOR TODAY
                         NORMAL    RECORD    YEAR
 MAXIMUM TEMPERATURE (F)   64        79      1979
 MINIMUM TEMPERATURE (F)   37        20      1974


SUNRISE AND SUNSET
OCTOBER 22 2017.......SUNRISE   736 AM EDT   SUNSET   635 PM EDT
OCTOBER 23 2017.......SUNRISE   737 AM EDT   SUNSET   634 PM EDT


-  INDICATES NEGATIVE NUMBERS.
R  INDICATES RECORD WAS SET OR TIED.
MM INDICATES DATA IS MISSING.
T  INDICATES TRACE AMOUNT.

REMARKS:
DUE TO MISSING TEMPERATURES ON SEPTEMBER 8-10...ALL TEMPERATURE AND
DEGREE DAY INFORMATION WILL BE CALCULATED WITHOUT DATA FROM THESE
DATES.

$$
