000
CDUS41 KRNK 060623
CLIRNK


CLIMATE REPORT
NATIONAL WEATHER SERVICE BLACKSBURG VA
117 AM EST SAT FEB 6 2016


...................................

...THE BLACKSBURG VA CLIMATE SUMMARY FOR FEBRUARY 5 2016...

CLIMATE NORMAL PERIOD 1981 TO 2010
CLIMATE RECORD PERIOD 1952 TO 2016


WEATHER ITEM   OBSERVED RECORD YEAR NORMAL DEPARTURE LAST
                VALUE   VALUE       VALUE  FROM      YEAR
                                           NORMAL
...........................................................
TEMPERATURE (F)
 YESTERDAY
  MAXIMUM         38     67    1962  43     -5       38
  MINIMUM         21     -5    1996  22     -1       15
  AVERAGE         30                 33     -3       27

PRECIPITATION (IN)
  YESTERDAY        T      1.12 2010   0.10  -0.10      T
  MONTH TO DATE    1.22               0.50   0.72     0.31
  SINCE DEC 1      8.68               6.53   2.15     4.26
  SINCE JAN 1      3.66               3.58   0.08     1.61

SNOWFALL (IN)
  YESTERDAY        T                                   T
  MONTH TO DATE    T                                   T
  SINCE DEC 1     14.2                                1.6
  SINCE JUL 1     14.2                                4.0
  SNOW DEPTH       0

DEGREE DAYS
 HEATING
  YESTERDAY       35                 32      3       38
  MONTH TO DATE  121                163    -42      160
  SINCE DEC 1   1780               2170   -390     2018
  SINCE JUL 1   2668               3350   -682     3211

 COOLING
  YESTERDAY        0                  0      0        0
  MONTH TO DATE    0                  0      0        0
  SINCE DEC 1      0                  0      0        0
  SINCE JAN 1      0                  0      0        0
...........................................................


WIND (MPH)
  HIGHEST WIND SPEED    22   HIGHEST WIND DIRECTION    NW (320)
  HIGHEST GUST SPEED    30   HIGHEST GUST DIRECTION    NW (310)
  AVERAGE WIND SPEED     9.4


SKY COVER
  AVERAGE SKY COVER 0.3


WEATHER CONDITIONS
 THE FOLLOWING WEATHER WAS RECORDED YESTERDAY.
  LIGHT SNOW


RELATIVE HUMIDITY (PERCENT)
 HIGHEST    71          1100 PM
 LOWEST     37           400 PM
 AVERAGE    54

..........................................................


THE BLACKSBURG VA CLIMATE NORMALS FOR TODAY
                         NORMAL    RECORD    YEAR
 MAXIMUM TEMPERATURE (F)   43        67      1991
 MINIMUM TEMPERATURE (F)   22        -5      1996


SUNRISE AND SUNSET
FEBRUARY  6 2016......SUNRISE   721 AM EST   SUNSET   551 PM EST
FEBRUARY  7 2016......SUNRISE   720 AM EST   SUNSET   552 PM EST


-  INDICATES NEGATIVE NUMBERS.
R  INDICATES RECORD WAS SET OR TIED.
MM INDICATES DATA IS MISSING.
T  INDICATES TRACE AMOUNT.




$$
