000
CDUS41 KRNK 290657
CLIRNK


CLIMATE REPORT
NATIONAL WEATHER SERVICE BLACKSBURG VA
254 AM EDT SUN MAR 29 2015


...................................

...THE BLACKSBURG VA CLIMATE SUMMARY FOR MARCH 28 2015...

CLIMATE NORMAL PERIOD 1981 TO 2010
CLIMATE RECORD PERIOD 1952 TO 2015


WEATHER ITEM   OBSERVED TIME   RECORD YEAR NORMAL DEPARTURE LAST
                VALUE   (LST)  VALUE       VALUE  FROM      YEAR
                                                  NORMAL
..................................................................
TEMPERATURE (F)
 YESTERDAY
  MAXIMUM         32        MM  81    2007  57    -25       58
  MINIMUM         20        MM  10    1982  33    -13       43
  AVERAGE         26                        45    -19       51

PRECIPITATION (IN)
  YESTERDAY        T             2.93 2007   0.13  -0.13     0.05
  MONTH TO DATE    4.54                      3.25   1.29     2.00
  SINCE MAR 1      4.54                      3.25   1.29     2.00
  SINCE JAN 1      7.96                      9.14  -1.18     7.63

SNOWFALL (IN)
  YESTERDAY        T
  MONTH TO DATE    4.4
  SINCE MAR 1      4.4
  SINCE JUL 1     27.8
  SNOW DEPTH       0

DEGREE DAYS
 HEATING
  YESTERDAY       39                        20     19       14
  MONTH TO DATE  597                       669    -72      725
  SINCE MAR 1    597                       669    -72      725
  SINCE JUL 1   4723                      4717      6     4906

 COOLING
  YESTERDAY        0                         0      0        0
  MONTH TO DATE    0                         0      0        0
  SINCE MAR 1      0                         0      0        0
  SINCE JAN 1      0                         0      0        0
..................................................................


WIND (MPH)
  HIGHEST WIND SPEED    21   HIGHEST WIND DIRECTION    NW (320)
  HIGHEST GUST SPEED    29   HIGHEST GUST DIRECTION    NW (320)
  AVERAGE WIND SPEED    13.9


SKY COVER
  POSSIBLE SUNSHINE  MM
  AVERAGE SKY COVER 0.3


WEATHER CONDITIONS
 THE FOLLOWING WEATHER WAS RECORDED YESTERDAY.
  LIGHT SNOW


RELATIVE HUMIDITY (PERCENT)
 HIGHEST    72          1200 AM
 LOWEST     34           500 PM
 AVERAGE    53

..........................................................


THE BLACKSBURG VA CLIMATE NORMALS FOR TODAY
                         NORMAL    RECORD    YEAR
 MAXIMUM TEMPERATURE (F)   58        79      1989
 MINIMUM TEMPERATURE (F)   33        17      2001


SUNRISE AND SUNSET
MARCH 29 2015.........SUNRISE   712 AM EDT   SUNSET   741 PM EDT
MARCH 30 2015.........SUNRISE   711 AM EDT   SUNSET   742 PM EDT


-  INDICATES NEGATIVE NUMBERS.
R  INDICATES RECORD WAS SET OR TIED.
MM INDICATES DATA IS MISSING.
T  INDICATES TRACE AMOUNT.




$$
