000
CDUS41 KRNK 292107
CLIRNK


CLIMATE REPORT
NATIONAL WEATHER SERVICE BLACKSBURG VA
506 PM EDT SAT APR 29 2017


...................................

...THE BLACKSBURG VA CLIMATE SUMMARY FOR APRIL 29 2017...
VALID TODAY AS OF 0500 PM LOCAL TIME.

CLIMATE NORMAL PERIOD 1981 TO 2010
CLIMATE RECORD PERIOD 1952 TO 2017


WEATHER ITEM   OBSERVED RECORD YEAR NORMAL DEPARTURE LAST
                VALUE   VALUE       VALUE  FROM      YEAR
                                           NORMAL
...........................................................
TEMPERATURE (F)
 TODAY
  MAXIMUM         86R    83    1974  67     19       79
  MINIMUM         58     25    1967  42     16       53
  AVERAGE         72                 55     17       66

PRECIPITATION (IN)
  TODAY            0.00   1.30 2014   0.12  -0.12     0.00
  MONTH TO DATE    5.92               3.37   2.55     1.55
  SINCE MAR 1      9.16               7.01   2.15     4.12
  SINCE JAN 1     14.94              12.90   2.04    11.26

SNOWFALL (IN)
  TODAY            0.0                                0.0
  MONTH TO DATE    0.1                                0.6
  SINCE MAR 1      1.1                                1.6
  SINCE JUL 1      7.7                               25.6
  SNOW DEPTH       0

DEGREE DAYS
 HEATING
  TODAY            0                 10    -10        0
  MONTH TO DATE  251                420   -169      352
  SINCE MAR 1    918               1147   -229      837
  SINCE JUL 1   4010               5195  -1185     4272

 COOLING
  TODAY            7                  0      7        1
  MONTH TO DATE   14                  0     14       10
  SINCE MAR 1     14                  0     14       10
  SINCE JAN 1     14                  0     14       10
...........................................................


WIND (MPH)
  HIGHEST WIND SPEED     8   HIGHEST WIND DIRECTION     S (180)
  HIGHEST GUST SPEED    MM   HIGHEST GUST DIRECTION    MM
  AVERAGE WIND SPEED     2.2


SKY COVER
  AVERAGE SKY COVER 0.1


WEATHER CONDITIONS
 THE FOLLOWING WEATHER WAS RECORDED TODAY.
  NO SIGNIFICANT WEATHER WAS OBSERVED.


RELATIVE HUMIDITY (PERCENT)
 HIGHEST    97           600 AM
 LOWEST     36           200 PM
 AVERAGE    67

..........................................................


THE BLACKSBURG VA CLIMATE NORMALS FOR TOMORROW
                         NORMAL    RECORD    YEAR
 MAXIMUM TEMPERATURE (F)   68        85      1994
 MINIMUM TEMPERATURE (F)   42        28      1971


SUNRISE AND SUNSET
APRIL 29 2017.........SUNRISE   629 AM EDT   SUNSET   810 PM EDT
APRIL 30 2017.........SUNRISE   628 AM EDT   SUNSET   810 PM EDT


-  INDICATES NEGATIVE NUMBERS.
R  INDICATES RECORD WAS SET OR TIED.
MM INDICATES DATA IS MISSING.
T  INDICATES TRACE AMOUNT.




$$
