000
CDUS41 KRNK 011005
CLIRNK


CLIMATE REPORT
NATIONAL WEATHER SERVICE BLACKSBURG VA
501 AM EST WED MAR 1 2017


...................................

...THE BLACKSBURG VA CLIMATE SUMMARY FOR FEBRUARY 28 2017...

CLIMATE NORMAL PERIOD 1981 TO 2010
CLIMATE RECORD PERIOD 1952 TO 2017


WEATHER ITEM   OBSERVED RECORD YEAR NORMAL DEPARTURE LAST
                VALUE   VALUE       VALUE  FROM      YEAR
                                           NORMAL
...........................................................
TEMPERATURE (F)
 YESTERDAY
  MAXIMUM         62     73    1996  48     14       65
  MINIMUM         29      5    1963  26      3       26
  AVERAGE         46                 37      9       46

PRECIPITATION (IN)
  YESTERDAY        0.39   1.04 2011   0.10   0.29     0.00
  MONTH TO DATE    1.28               2.81  -1.53     4.70
  SINCE DEC 1      8.87               8.84   0.03    12.16
  SINCE JAN 1      5.78               5.89  -0.11     7.14

SNOWFALL (IN)
  YESTERDAY        0.0                                0.0
  MONTH TO DATE    T                                  9.8
  SINCE DEC 1      6.6                               24.0
  SINCE JUL 1      6.6                               24.0
  SNOW DEPTH       0

DEGREE DAYS
 HEATING
  YESTERDAY       19                 28     -9       19
  MONTH TO DATE  611                860   -249      870
  SINCE DEC 1   2319               2868   -549     2529
  SINCE JUL 1   3092               4048   -956     3417

 COOLING
  YESTERDAY        0                  0      0        0
  MONTH TO DATE    0                  0      0        0
  SINCE DEC 1      0                  0      0        0
  SINCE JAN 1      0                  0      0        0
...........................................................


WIND (MPH)
  HIGHEST WIND SPEED     8   HIGHEST WIND DIRECTION     S (160)
  HIGHEST GUST SPEED    MM   HIGHEST GUST DIRECTION    MM
  AVERAGE WIND SPEED     1.5


SKY COVER
  AVERAGE SKY COVER 0.6


WEATHER CONDITIONS
 THE FOLLOWING WEATHER WAS RECORDED YESTERDAY.
  THUNDERSTORM
  HEAVY RAIN
  RAIN
  LIGHT RAIN
  FOG
  FOG W/VISIBILITY <= 1/4 MILE


RELATIVE HUMIDITY (PERCENT)
 HIGHEST   100           900 PM
 LOWEST     48           200 PM
 AVERAGE    74

..........................................................


THE BLACKSBURG VA CLIMATE NORMALS FOR TODAY
                         NORMAL    RECORD    YEAR
 MAXIMUM TEMPERATURE (F)   49        72      1976
 MINIMUM TEMPERATURE (F)   26        10      2002


SUNRISE AND SUNSET
MARCH  1 2017.........SUNRISE   652 AM EST   SUNSET   616 PM EST
MARCH  2 2017.........SUNRISE   651 AM EST   SUNSET   617 PM EST


-  INDICATES NEGATIVE NUMBERS.
R  INDICATES RECORD WAS SET OR TIED.
MM INDICATES DATA IS MISSING.
T  INDICATES TRACE AMOUNT.

$$

RAB
