000
CDUS46 KSGX 291136
CLIRNM


CLIMATE REPORT
NATIONAL WEATHER SERVICE SAN DIEGO, CA
436 AM PDT THU JUN 29 2017


...................................

...THE RAMONA AIRPORT CA CLIMATE SUMMARY FOR JUNE 28 2017...

CLIMATE NORMAL PERIOD 1981 TO 2010
CLIMATE RECORD PERIOD 1974 TO 2017


WEATHER ITEM   OBSERVED TIME   RECORD YEAR NORMAL DEPARTURE LAST
                VALUE   (LST)  VALUE       VALUE  FROM      YEAR
                                                  NORMAL
..................................................................
TEMPERATURE (F)
 YESTERDAY
  MAXIMUM         90   1243 PM 108    1974  86      4       96
  MINIMUM         49    522 AM  46    1975  53     -4       60
  AVERAGE         70                        70      0       78

PRECIPITATION (IN)
  YESTERDAY        0.00          0.02 2006   0.00   0.00     0.00
  MONTH TO DATE    0.01                      0.12  -0.11      T
  SINCE OCT 1     22.73                     15.47   7.26    13.19
  SINCE JAN 1     15.71                     11.33   4.38     9.66

DEGREE DAYS
 HEATING
  YESTERDAY        0                         0      0        0
  MONTH TO DATE   13                        26    -13        4
  SINCE JUN 1     13                        26    -13        4
  SINCE JUL 1   1922                      2550   -628     2157

 COOLING
  YESTERDAY        5                         5      0       13
  MONTH TO DATE  166                        75     91      174
  SINCE JUN 1    166                        75     91      174
  SINCE JAN 1    216                       102    114      186
..................................................................


WIND (MPH)
  RESULTANT WIND SPEED   3   RESULTANT WIND DIRECTION   W (260)
  HIGHEST WIND SPEED    14   HIGHEST WIND DIRECTION     W (250)
  HIGHEST GUST SPEED    23   HIGHEST GUST DIRECTION     W (250)
  AVERAGE WIND SPEED     4.8


SKY COVER
  POSSIBLE SUNSHINE  MM
  AVERAGE SKY COVER 0.0


WEATHER CONDITIONS
 THE FOLLOWING WEATHER WAS RECORDED YESTERDAY.
  FOG
  FOG W/VISIBILITY <= 1/4 MILE


RELATIVE HUMIDITY (PERCENT)
 HIGHEST   100          1000 PM
 LOWEST     14           900 AM
 AVERAGE    57

..........................................................


THE RAMONA AIRPORT CA CLIMATE NORMALS FOR TODAY
                         NORMAL    RECORD    YEAR
 MAXIMUM TEMPERATURE (F)   86       102      1974
 MINIMUM TEMPERATURE (F)   53        45      1997
                                             1975


SUNRISE AND SUNSET
JUNE 29 2017..........SUNRISE   542 AM PDT   SUNSET   800 PM PDT
JUNE 30 2017..........SUNRISE   542 AM PDT   SUNSET   800 PM PDT


-  INDICATES NEGATIVE NUMBERS.
R  INDICATES RECORD WAS SET OR TIED.
MM INDICATES DATA IS MISSING.
T  INDICATES TRACE AMOUNT.




$$
