000
CDUS46 KSGX 200120
CLIRNM


CLIMATE REPORT
NATIONAL WEATHER SERVICE SAN DIEGO, CA
520 PM PST SUN FEB 19 2017


...................................

...THE RAMONA AIRPORT CA CLIMATE SUMMARY FOR FEBRUARY 19 2017...
VALID TODAY AS OF 0500 PM LOCAL TIME.

CLIMATE NORMAL PERIOD 1981 TO 2010
CLIMATE RECORD PERIOD 1974 TO 2017


WEATHER ITEM   OBSERVED TIME   RECORD YEAR NORMAL DEPARTURE LAST
                VALUE   (LST)  VALUE       VALUE  FROM      YEAR
                                                  NORMAL
..................................................................
TEMPERATURE (F)
 TODAY
  MAXIMUM         54    117 PM  88    1995  65    -11       67
  MINIMUM         49    711 AM  28    1974  38     11       39
  AVERAGE         52                        51      1       53

PRECIPITATION (IN)
  TODAY            0.12          1.70 1993   0.13  -0.01     0.00
  MONTH TO DATE    2.00                      1.95   0.05     0.11
  SINCE OCT 1     16.36                      9.41   6.95    10.18
  SINCE JAN 1      9.34                      5.27   4.07     6.65

DEGREE DAYS
 HEATING
  TODAY           13                        14     -1       12
  MONTH TO DATE  189                       274    -85      145
  SINCE DEC 1   1045                      1210   -165     1087
  SINCE JUL 1   1296                      1621   -325     1426

 COOLING
  TODAY            0                         0      0        0
  MONTH TO DATE    0                         0      0        5
  SINCE DEC 1      1                         1      0        5
  SINCE JAN 1      0                         1     -1        5
..................................................................


WIND (MPH)
  RESULTANT WIND SPEED   5   RESULTANT WIND DIRECTION   W (260)
  HIGHEST WIND SPEED    14   HIGHEST WIND DIRECTION     W (260)
  HIGHEST GUST SPEED    16   HIGHEST GUST DIRECTION     W (270)
  AVERAGE WIND SPEED     5.8


SKY COVER
  POSSIBLE SUNSHINE  MM
  AVERAGE SKY COVER 1.0


WEATHER CONDITIONS
 THE FOLLOWING WEATHER WAS RECORDED TODAY.
  LIGHT RAIN
  FOG


RELATIVE HUMIDITY (PERCENT)
 HIGHEST   100          1200 AM
 LOWEST     89           800 AM
 AVERAGE    95

..........................................................


THE RAMONA AIRPORT CA CLIMATE NORMALS FOR TOMORROW
                         NORMAL    RECORD    YEAR
 MAXIMUM TEMPERATURE (F)   65        85      1995
 MINIMUM TEMPERATURE (F)   38        26      2006


SUNRISE AND SUNSET
FEBRUARY 19 2017......SUNRISE   627 AM PST   SUNSET   537 PM PST
FEBRUARY 20 2017......SUNRISE   626 AM PST   SUNSET   538 PM PST


-  INDICATES NEGATIVE NUMBERS.
R  INDICATES RECORD WAS SET OR TIED.
MM INDICATES DATA IS MISSING.
T  INDICATES TRACE AMOUNT.




$$
