000
CDUS46 KSGX 301421
CLIRNM


CLIMATE REPORT
NATIONAL WEATHER SERVICE SAN DIEGO, CA
721 AM PDT THU OCT 30 2014


...................................

...THE RAMONA AIRPORT CA CLIMATE SUMMARY FOR OCTOBER 29 2014...

CLIMATE NORMAL PERIOD 1981 TO 2010
CLIMATE RECORD PERIOD 1974 TO 2014


WEATHER ITEM   OBSERVED TIME   RECORD YEAR NORMAL DEPARTURE LAST
                VALUE   (LST)  VALUE       VALUE  FROM      YEAR
                                                  NORMAL
..................................................................
TEMPERATURE (F)
 YESTERDAY
  MAXIMUM         86    103 PM  93    2008  77      9       63
  MINIMUM         43    605 AM  31    2009  45     -2       46
                                      1996
  AVERAGE         65                        61      4       55

PRECIPITATION (IN)
  YESTERDAY        0.00          0.76 1974   0.04  -0.04     0.34
  MONTH TO DATE    T                         0.66  -0.66     1.62
  SINCE JUL 1      0.41                      1.23  -0.82     1.71
  SINCE JAN 1      5.50                     12.56  -7.06     6.21

SNOWFALL (IN)
  YESTERDAY        0.0
  MONTH TO DATE    0.0
  SINCE JAN 1      0.0
  SINCE JUL 1      0.0
  SNOW DEPTH       0

DEGREE DAYS
 HEATING
  YESTERDAY        0                         5     -5       10
  MONTH TO DATE   13                        91    -78      119
  SINCE SEP 1     13                       106    -93      133
  SINCE JUL 1     13                       109    -96      134

 COOLING
  YESTERDAY        0                         1     -1        0
  MONTH TO DATE   83                        49     34       10
  SINCE SEP 1    378                       229    149      229
  SINCE JAN 1   1117                       842    275      893
..................................................................


WIND (MPH)
  RESULTANT WIND SPEED   3   RESULTANT WIND DIRECTION   W (280)
  HIGHEST WIND SPEED    16   HIGHEST WIND DIRECTION     W (260)
  HIGHEST GUST SPEED    19   HIGHEST GUST DIRECTION    NW (300)
  AVERAGE WIND SPEED     3.9


SKY COVER
  POSSIBLE SUNSHINE  MM
  AVERAGE SKY COVER 0.0


WEATHER CONDITIONS
 THE FOLLOWING WEATHER WAS RECORDED YESTERDAY.
  NO SIGNIFICANT WEATHER WAS OBSERVED.


RELATIVE HUMIDITY (PERCENT)
 HIGHEST    93           200 AM
 LOWEST     17           300 PM
 AVERAGE    55

..........................................................


THE RAMONA AIRPORT CA CLIMATE NORMALS FOR TODAY
                         NORMAL    RECORD    YEAR
 MAXIMUM TEMPERATURE (F)   76        90      1999
 MINIMUM TEMPERATURE (F)   45        31      1976


SUNRISE AND SUNSET
OCTOBER 30 2014.......SUNRISE   704 AM PDT   SUNSET   558 PM PDT
OCTOBER 31 2014.......SUNRISE   705 AM PDT   SUNSET   557 PM PDT


-  INDICATES NEGATIVE NUMBERS.
R  INDICATES RECORD WAS SET OR TIED.
MM INDICATES DATA IS MISSING.
T  INDICATES TRACE AMOUNT.




$$
