000
CDUS46 KSGX 220120
CLIRNM


CLIMATE REPORT
NATIONAL WEATHER SERVICE SAN DIEGO, CA
520 PM PST SUN DEC 21 2014


...................................

...THE RAMONA AIRPORT CA CLIMATE SUMMARY FOR DECEMBER 21 2014...
VALID TODAY AS OF 0500 PM LOCAL TIME.

CLIMATE NORMAL PERIOD 1981 TO 2010
CLIMATE RECORD PERIOD 1974 TO 2014


WEATHER ITEM   OBSERVED TIME   RECORD YEAR NORMAL DEPARTURE LAST
                VALUE   (LST)  VALUE       VALUE  FROM      YEAR
                                                  NORMAL
..................................................................
TEMPERATURE (F)
 TODAY
  MAXIMUM         66    217 PM  84    2005  64      2       59
  MINIMUM         38    625 AM  24    2012  34      4       33
  AVERAGE         52                        49      3       46

PRECIPITATION (IN)
  TODAY            0.00          1.84 2010   0.07  -0.07     0.00
  MONTH TO DATE    3.18                      1.19   1.99     0.84
  SINCE JUL 1      4.52                      3.67   0.85     2.76
  SINCE JAN 1      9.61                     15.00  -5.39     7.26

SNOWFALL (IN)
  TODAY            0.0
  MONTH TO DATE    0.0
  SINCE JAN 1      0.0
  SINCE JUL 1      0.0
  SNOW DEPTH       0

DEGREE DAYS
 HEATING
  TODAY           13                        16     -3       19
  MONTH TO DATE  223                       323   -100      306
  SINCE DEC 1    223                       323   -100      306
  SINCE JUL 1    423                       734   -311      735

 COOLING
  TODAY            0                         0      0        0
  MONTH TO DATE    0                         0      0        1
  SINCE DEC 1      0                         0      0        1
  SINCE JAN 1   1119                       850    269      899
..................................................................


WIND (MPH)
  RESULTANT WIND SPEED   1   RESULTANT WIND DIRECTION   W (290)
  HIGHEST WIND SPEED    12   HIGHEST WIND DIRECTION    NW (300)
  HIGHEST GUST SPEED    14   HIGHEST GUST DIRECTION     W (290)
  AVERAGE WIND SPEED     1.7


SKY COVER
  POSSIBLE SUNSHINE  MM
  AVERAGE SKY COVER 0.3


WEATHER CONDITIONS
 THE FOLLOWING WEATHER WAS RECORDED TODAY.
  FOG
  FOG W/VISIBILITY <= 1/4 MILE


RELATIVE HUMIDITY (PERCENT)
 HIGHEST   100          1200 AM
 LOWEST     60          1100 AM
 AVERAGE    80

..........................................................


THE RAMONA AIRPORT CA CLIMATE NORMALS FOR TOMORROW
                         NORMAL    RECORD    YEAR
 MAXIMUM TEMPERATURE (F)   65        78      1980
 MINIMUM TEMPERATURE (F)   34        24      2012


SUNRISE AND SUNSET
DECEMBER 21 2014......SUNRISE   647 AM PST   SUNSET   445 PM PST
DECEMBER 22 2014......SUNRISE   647 AM PST   SUNSET   445 PM PST


-  INDICATES NEGATIVE NUMBERS.
R  INDICATES RECORD WAS SET OR TIED.
MM INDICATES DATA IS MISSING.
T  INDICATES TRACE AMOUNT.




$$
