135
CDUS46 KSGX 241417
CLIRNM


CLIMATE REPORT
NATIONAL WEATHER SERVICE SAN DIEGO, CA
717 AM PDT TUE MAY 24 2016


...................................

...THE RAMONA AIRPORT CA CLIMATE SUMMARY FOR MAY 23 2016...

CLIMATE NORMAL PERIOD 1981 TO 2010
CLIMATE RECORD PERIOD 1974 TO 2016


WEATHER ITEM   OBSERVED TIME   RECORD YEAR NORMAL DEPARTURE LAST
                VALUE   (LST)  VALUE       VALUE  FROM      YEAR
                                                  NORMAL
..................................................................
TEMPERATURE (F)
 YESTERDAY
  MAXIMUM         70    113 PM  97    2001  77     -7       65
  MINIMUM         40    400 AM  38    1975  49     -9       53
  AVERAGE         55                        63     -8       59

PRECIPITATION (IN)
  YESTERDAY        0.00          0.36 2008   0.00   0.00     0.07
  MONTH TO DATE    0.25                      0.29  -0.04     1.47
  SINCE OCT 1     13.19                     15.34  -2.15     9.40
  SINCE JAN 1      9.66                     11.20  -1.54     4.80

DEGREE DAYS
 HEATING
  YESTERDAY       10                         3      7        6
  MONTH TO DATE  111                       110      1      132
  SINCE MAR 1    621                       761   -140      520
  SINCE JUL 1   2124                      2502   -378     1704

 COOLING
  YESTERDAY        0                         1     -1        0
  MONTH TO DATE    6                        11     -5        6
  SINCE MAR 1      7                        15     -8       25
  SINCE JAN 1     12                        16     -4       27
..................................................................


WIND (MPH)
  RESULTANT WIND SPEED   3   RESULTANT WIND DIRECTION  SW (210)
  HIGHEST WIND SPEED    17   HIGHEST WIND DIRECTION    SW (230)
  HIGHEST GUST SPEED    22   HIGHEST GUST DIRECTION     W (260)
  AVERAGE WIND SPEED     5.9


SKY COVER
  POSSIBLE SUNSHINE  MM
  AVERAGE SKY COVER 0.4


WEATHER CONDITIONS
 THE FOLLOWING WEATHER WAS RECORDED YESTERDAY.
  NO SIGNIFICANT WEATHER WAS OBSERVED.


RELATIVE HUMIDITY (PERCENT)
 HIGHEST    92           300 AM
 LOWEST     44          1200 PM
 AVERAGE    68

..........................................................


THE RAMONA AIRPORT CA CLIMATE NORMALS FOR TODAY
                         NORMAL    RECORD    YEAR
 MAXIMUM TEMPERATURE (F)   77        90      2001
 MINIMUM TEMPERATURE (F)   49        37      2010


SUNRISE AND SUNSET
MAY 24 2016...........SUNRISE   543 AM PDT   SUNSET   747 PM PDT
MAY 25 2016...........SUNRISE   542 AM PDT   SUNSET   747 PM PDT


-  INDICATES NEGATIVE NUMBERS.
R  INDICATES RECORD WAS SET OR TIED.
MM INDICATES DATA IS MISSING.
T  INDICATES TRACE AMOUNT.




$$
