000
CDUS46 KSGX 291135
CLIRNM


CLIMATE REPORT
NATIONAL WEATHER SERVICE SAN DIEGO, CA
435 AM PDT SAT APR 29 2017


...................................

...THE RAMONA AIRPORT CA CLIMATE SUMMARY FOR APRIL 28 2017...

CLIMATE NORMAL PERIOD 1981 TO 2010
CLIMATE RECORD PERIOD 1974 TO 2017


WEATHER ITEM   OBSERVED TIME   RECORD YEAR NORMAL DEPARTURE LAST
                VALUE   (LST)  VALUE       VALUE  FROM      YEAR
                                                  NORMAL
..................................................................
TEMPERATURE (F)
 YESTERDAY
  MAXIMUM         78   1220 PM  95    2008  72      6       61
  MINIMUM         44    530 AM  35    1974  44      0       48
  AVERAGE         61                        58      3       55

PRECIPITATION (IN)
  YESTERDAY        0.00          1.16 2005   0.04  -0.04      T
  MONTH TO DATE    T                         1.33  -1.33     1.33
  SINCE OCT 1     21.58                     14.98   6.60    12.92
  SINCE JAN 1     14.56                     10.84   3.72     9.39

DEGREE DAYS
 HEATING
  YESTERDAY        4                         7     -3       10
  MONTH TO DATE  146                       263   -117      178
  SINCE MAR 1    373                       638   -265      492
  SINCE JUL 1   1808                      2379   -571     1995

 COOLING
  YESTERDAY        0                         0      0        0
  MONTH TO DATE    9                         0      9        1
  SINCE MAR 1     12                         0     12        1
  SINCE JAN 1     12                         1     11        6
..................................................................


WIND (MPH)
  RESULTANT WIND SPEED   2   RESULTANT WIND DIRECTION   W (280)
  HIGHEST WIND SPEED    18   HIGHEST WIND DIRECTION     W (260)
  HIGHEST GUST SPEED    30   HIGHEST GUST DIRECTION    NW (320)
  AVERAGE WIND SPEED     5.3


SKY COVER
  POSSIBLE SUNSHINE  MM
  AVERAGE SKY COVER 0.1


WEATHER CONDITIONS
 THE FOLLOWING WEATHER WAS RECORDED YESTERDAY.
  FOG


RELATIVE HUMIDITY (PERCENT)
 HIGHEST   100           100 AM
 LOWEST     35           400 PM
 AVERAGE    68

..........................................................


THE RAMONA AIRPORT CA CLIMATE NORMALS FOR TODAY
                         NORMAL    RECORD    YEAR
 MAXIMUM TEMPERATURE (F)   73        93      2015
 MINIMUM TEMPERATURE (F)   44        36      1974


SUNRISE AND SUNSET
APRIL 29 2017.........SUNRISE   602 AM PDT   SUNSET   729 PM PDT
APRIL 30 2017.........SUNRISE   601 AM PDT   SUNSET   729 PM PDT


-  INDICATES NEGATIVE NUMBERS.
R  INDICATES RECORD WAS SET OR TIED.
MM INDICATES DATA IS MISSING.
T  INDICATES TRACE AMOUNT.




$$
