000
CDUS45 KREV 200035
CLIRNO


CLIMATE REPORT
NATIONAL WEATHER SERVICE RENO NV
535 PM PDT SAT APR 19 2014


...................................

...THE RENO TAHOE AIRPORT NV CLIMATE SUMMARY FOR APRIL 19 2014...
VALID TODAY AS OF 0500 PM LOCAL TIME.

CLIMATE NORMAL PERIOD 1981 TO 2010
CLIMATE RECORD PERIOD 1888 TO 2014


WEATHER ITEM   OBSERVED TIME   RECORD YEAR NORMAL DEPARTURE LAST
                VALUE   (LST)  VALUE       VALUE  FROM      YEAR
                                                  NORMAL
..................................................................
TEMPERATURE (F)
 TODAY
  MAXIMUM         77    201 PM  83    1888  65     12       73
  MINIMUM         47    616 AM  20    1955  38      9       36
  AVERAGE         62                        52     10       55

PRECIPITATION (IN)
  TODAY            0.00          0.35 1904   0.01  -0.01     0.00
  MONTH TO DATE    T                         0.30  -0.30     0.23
  SINCE OCT 1      2.11                      5.47  -3.36     3.68
  SINCE JAN 1      1.15                      3.11  -1.96     0.64

SNOWFALL (IN)
  TODAY            0.0           1.8  1963   0.0    0.0      0.0
  MONTH TO DATE    T                         0.4   -0.4       T
  SINCE MAR 1      T                         2.4   -2.4      0.1
  SINCE JUL 1      6.2                      21.4  -15.2      9.4
  SNOW DEPTH       0

DEGREE DAYS
 HEATING
  TODAY            3                        14    -11       10
  MONTH TO DATE  183                       295   -112      269
  SINCE MAR 1    693                       893   -200      746
  SINCE JUL 1   4277                      4531   -254     4230

 COOLING
  TODAY            0                         0      0        0
  MONTH TO DATE    0                         0      0        0
  SINCE MAR 1      0                         0      0        0
  SINCE JAN 1      0                         0      0        0
..................................................................


WIND (MPH)
  RESULTANT WIND SPEED   4   RESULTANT WIND DIRECTION  NW (310)
  HIGHEST WIND SPEED    25   HIGHEST WIND DIRECTION    NW (300)
  HIGHEST GUST SPEED    33   HIGHEST GUST DIRECTION    NW (310)
  AVERAGE WIND SPEED     6.8




RELATIVE HUMIDITY (PERCENT)
 HIGHEST    71           600 AM
 LOWEST     13           100 PM
 AVERAGE    42

..........................................................


THE RENO TAHOE AIRPORT NV CLIMATE NORMALS FOR TOMORROW
                         NORMAL    RECORD    YEAR
 MAXIMUM TEMPERATURE (F)   65        86      1888
 MINIMUM TEMPERATURE (F)   39        16      1896


SUNRISE AND SUNSET
APRIL 19 2014.........SUNRISE   616 AM PDT   SUNSET   741 PM PDT
APRIL 20 2014.........SUNRISE   615 AM PDT   SUNSET   742 PM PDT


-  INDICATES NEGATIVE NUMBERS.
R  INDICATES RECORD WAS SET OR TIED.
MM INDICATES DATA IS MISSING.
T  INDICATES TRACE AMOUNT.




$$
