000
CDUS45 KREV 240840
CLIRNO


CLIMATE REPORT
NATIONAL WEATHER SERVICE RENO NV
1238 AM PST FRI NOV 24 2017


...................................

...THE RENO-TAHOE INTL AIRPORT NV CLIMATE SUMMARY FOR NOVEMBER 23 2017...

CLIMATE NORMAL PERIOD 1981 TO 2010
CLIMATE RECORD PERIOD 1888 TO 2017


WEATHER ITEM   OBSERVED TIME   RECORD YEAR NORMAL DEPARTURE LAST
                VALUE   (LST)  VALUE       VALUE  FROM      YEAR
                                                  NORMAL
..................................................................
TEMPERATURE (F)
 YESTERDAY
  MAXIMUM         73R   219 PM  69    1970  52     21       48
  MINIMUM         40    729 AM   9    1947  29     11       31
  AVERAGE         57                        40     17       40

PRECIPITATION (IN)
  YESTERDAY        0.00          1.64 1988   0.03  -0.03     0.01
  MONTH TO DATE    0.97                      0.61   0.36     0.06
  SINCE OCT 1      1.25                      1.12   0.13     2.49
  SINCE JAN 1     13.41                      6.16   7.25     7.74

SNOWFALL (IN)
  YESTERDAY        0.0           4.0  1988   0.2   -0.2      0.0
  MONTH TO DATE    T                         2.3   -2.3       T
  SINCE SEP 1      T                         2.7   -2.7       T
  SINCE JUL 1      T                         2.7   -2.7       T
  SNOW DEPTH       0

DEGREE DAYS
 HEATING
  YESTERDAY        8                        25    -17       25
  MONTH TO DATE  369                       485   -116      356
  SINCE SEP 1    826                       911    -85      685
  SINCE JUL 1    826                       921    -95      685

 COOLING
  YESTERDAY        0                         0      0        0
  MONTH TO DATE    0                         0      0        0
  SINCE SEP 1    151                        93     58       95
  SINCE JAN 1   1401                       839    562     1088
..................................................................


WIND (MPH)
  RESULTANT WIND SPEED   4   RESULTANT WIND DIRECTION  SW (210)
  HIGHEST WIND SPEED    29   HIGHEST WIND DIRECTION     S (180)
  HIGHEST GUST SPEED    41   HIGHEST GUST DIRECTION     S (190)
  AVERAGE WIND SPEED     7.1



WEATHER CONDITIONS
 THE FOLLOWING WEATHER WAS RECORDED YESTERDAY.
  NO SIGNIFICANT WEATHER WAS OBSERVED.


RELATIVE HUMIDITY (PERCENT)
 HIGHEST    89           400 AM
 LOWEST     20           200 PM
 AVERAGE    55

..........................................................


THE RENO-TAHOE INTL AIRPORT NV CLIMATE NORMALS FOR TODAY
                         NORMAL    RECORD    YEAR
 MAXIMUM TEMPERATURE (F)   51        75      1970
 MINIMUM TEMPERATURE (F)   28         7      1938


SUNRISE AND SUNSET
NOVEMBER 24 2017......SUNRISE   653 AM PST   SUNSET   438 PM PST
NOVEMBER 25 2017......SUNRISE   655 AM PST   SUNSET   438 PM PST


-  INDICATES NEGATIVE NUMBERS.
R  INDICATES RECORD WAS SET OR TIED.
MM INDICATES DATA IS MISSING.
T  INDICATES TRACE AMOUNT.




$$
