359
CDUS45 KREV 220838
CLIRNO


CLIMATE REPORT
NATIONAL WEATHER SERVICE RENO NV
137 AM PDT FRI MAY 22 2015


...................................

...THE RENO TAHOE AIRPORT NV CLIMATE SUMMARY FOR MAY 21 2015...

CLIMATE NORMAL PERIOD 1981 TO 2010
CLIMATE RECORD PERIOD 1888 TO 2015


WEATHER ITEM   OBSERVED TIME   RECORD YEAR NORMAL DEPARTURE LAST
                VALUE   (LST)  VALUE       VALUE  FROM      YEAR
                                                  NORMAL
..................................................................
TEMPERATURE (F)
 YESTERDAY
  MAXIMUM         66   1216 PM  94    1967  75     -9       62
  MINIMUM         46    553 AM  28    1893  47     -1       47
  AVERAGE         56                        61     -5       55

PRECIPITATION (IN)
  YESTERDAY        0.09          0.65 1894   0.01   0.08     0.09
  MONTH TO DATE    0.60                      0.32   0.28     0.52
  SINCE OCT 1      3.87                      5.96  -2.09     2.94
  SINCE JAN 1      2.45                      3.60  -1.15     1.98

SNOWFALL (IN)
  YESTERDAY        0.0           1.3  1971   0.0    0.0      0.0
  MONTH TO DATE    T                         0.3   -0.3       T
  SINCE MAR 1      T                         2.8   -2.8       T
  SINCE JUL 1      2.7                      21.8  -19.1      6.2
  SNOW DEPTH       0

DEGREE DAYS
 HEATING
  YESTERDAY        9                         5      4       10
  MONTH TO DATE  162                       161      1      127
  SINCE MAR 1    930                      1185   -255      951
  SINCE JUL 1   3795                      4823  -1028     4535

 COOLING
  YESTERDAY        0                         1     -1        0
  MONTH TO DATE    3                        14    -11       21
  SINCE MAR 1      3                        15    -12       21
  SINCE JAN 1      3                        15    -12       21
..................................................................


WIND (MPH)
  RESULTANT WIND SPEED   2   RESULTANT WIND DIRECTION  NW (330)
  HIGHEST WIND SPEED    29   HIGHEST WIND DIRECTION     S (180)
  HIGHEST GUST SPEED    34   HIGHEST GUST DIRECTION     S (180)
  AVERAGE WIND SPEED     5.8



WEATHER CONDITIONS
 THE FOLLOWING WEATHER WAS RECORDED YESTERDAY.
  LIGHT RAIN


RELATIVE HUMIDITY (PERCENT)
 HIGHEST    86          1000 PM
 LOWEST     46          1000 AM
 AVERAGE    66

..........................................................


THE RENO TAHOE AIRPORT NV CLIMATE NORMALS FOR TODAY
                         NORMAL    RECORD    YEAR
 MAXIMUM TEMPERATURE (F)   75        95      1967
 MINIMUM TEMPERATURE (F)   47        19      1960


SUNRISE AND SUNSET
MAY 22 2015...........SUNRISE   540 AM PDT   SUNSET   812 PM PDT
MAY 23 2015...........SUNRISE   539 AM PDT   SUNSET   813 PM PDT


-  INDICATES NEGATIVE NUMBERS.
R  INDICATES RECORD WAS SET OR TIED.
MM INDICATES DATA IS MISSING.
T  INDICATES TRACE AMOUNT.




$$
