000
CDUS45 KREV 300846
CLIRNO


CLIMATE REPORT
NATIONAL WEATHER SERVICE RENO NV
144 AM PDT SAT AUG 30 2014


...................................

...THE RENO TAHOE AIRPORT NV CLIMATE SUMMARY FOR AUGUST 29 2014...

CLIMATE NORMAL PERIOD 1981 TO 2010
CLIMATE RECORD PERIOD 1888 TO 2014


WEATHER ITEM   OBSERVED TIME   RECORD YEAR NORMAL DEPARTURE LAST
                VALUE   (LST)  VALUE       VALUE  FROM      YEAR
                                                  NORMAL
..................................................................
TEMPERATURE (F)
 YESTERDAY
  MAXIMUM         91    159 PM 100    2008  88      3       92
                                      1998
                                      1915
  MINIMUM         61    552 AM  24    1962  53      8       56
  AVERAGE         76                        70      6       74

PRECIPITATION (IN)
  YESTERDAY        0.00          0.38 1923   0.01  -0.01     0.00
  MONTH TO DATE    1.08                      0.22   0.86     1.08
  SINCE OCT 1      4.24                      7.04  -2.80     6.08
  SINCE JAN 1      3.28                      4.68  -1.40     3.04

SNOWFALL (IN)
  YESTERDAY        0.0           0.0    MM   0.0    0.0      0.0
  MONTH TO DATE    0.0                       0.0    0.0       T
  SINCE JUN 1      0.0                       T      0.0       T
  SINCE JUL 1      0.0                       0.0    0.0       T
  SNOW DEPTH       0

DEGREE DAYS
 HEATING
  YESTERDAY        0                         0      0        0
  MONTH TO DATE    4                         0      4        0
  SINCE JUN 1     14                        61    -47       16
  SINCE JUL 1      4                         5     -1        0

 COOLING
  YESTERDAY       11                         6      5        9
  MONTH TO DATE  269                       247     22      272
  SINCE JUN 1    971                       697    274      975
  SINCE JAN 1   1018                       734    284     1011
..................................................................


WIND (MPH)
  RESULTANT WIND SPEED   4   RESULTANT WIND DIRECTION   W (290)
  HIGHEST WIND SPEED    23   HIGHEST WIND DIRECTION     W (290)
  HIGHEST GUST SPEED    27   HIGHEST GUST DIRECTION     W (290)
  AVERAGE WIND SPEED     5.2



WEATHER CONDITIONS
 THE FOLLOWING WEATHER WAS RECORDED YESTERDAY.
  NO SIGNIFICANT WEATHER WAS OBSERVED.


RELATIVE HUMIDITY (PERCENT)
 HIGHEST    52           500 AM
 LOWEST     12           200 PM
 AVERAGE    32

..........................................................


THE RENO TAHOE AIRPORT NV CLIMATE NORMALS FOR TODAY
                         NORMAL    RECORD    YEAR
 MAXIMUM TEMPERATURE (F)   87        99      1950
 MINIMUM TEMPERATURE (F)   53        31      1962


SUNRISE AND SUNSET
AUGUST 30 2014........SUNRISE   626 AM PDT   SUNSET   733 PM PDT
AUGUST 31 2014........SUNRISE   627 AM PDT   SUNSET   731 PM PDT


-  INDICATES NEGATIVE NUMBERS.
R  INDICATES RECORD WAS SET OR TIED.
MM INDICATES DATA IS MISSING.
T  INDICATES TRACE AMOUNT.




$$
