000
CDUS45 KREV 200837
CLIRNO


CLIMATE REPORT
NATIONAL WEATHER SERVICE RENO NV
136 AM PDT SAT SEP 20 2014


...................................

...THE RENO TAHOE AIRPORT NV CLIMATE SUMMARY FOR SEPTEMBER 19 2014...

CLIMATE NORMAL PERIOD 1981 TO 2010
CLIMATE RECORD PERIOD 1888 TO 2014


WEATHER ITEM   OBSERVED TIME   RECORD YEAR NORMAL DEPARTURE LAST
                VALUE   (LST)  VALUE       VALUE  FROM      YEAR
                                                  NORMAL
..................................................................
TEMPERATURE (F)
 YESTERDAY
  MAXIMUM         84    352 PM  94    1991  81      3       80
  MINIMUM         56    647 AM  20    1965  48      8       46
  AVERAGE         70                        64      6       63

PRECIPITATION (IN)
  YESTERDAY        0.00          0.81 1896   0.02  -0.02     0.00
  MONTH TO DATE    0.01                      0.18  -0.17      T
  SINCE OCT 1      4.25                      7.23  -2.98     6.08
  SINCE JAN 1      3.29                      4.87  -1.58     3.04

SNOWFALL (IN)
  YESTERDAY        0.0           0.0    MM   0.0    0.0      0.0
  MONTH TO DATE    0.0                       0.0    0.0      0.0
  SINCE SEP 1      0.0                       0.0    0.0      0.0
  SINCE JUL 1      0.0                       0.0    0.0       T
  SNOW DEPTH       0

DEGREE DAYS
 HEATING
  YESTERDAY        0                         3     -3        2
  MONTH TO DATE    0                        33    -33        8
  SINCE SEP 1      0                        33    -33        8
  SINCE JUL 1      4                        43    -39        8

 COOLING
  YESTERDAY        5                         2      3        0
  MONTH TO DATE  144                        71     73      138
  SINCE SEP 1    144                        71     73      138
  SINCE JAN 1   1180                       817    363     1171
..................................................................


WIND (MPH)
  RESULTANT WIND SPEED   1   RESULTANT WIND DIRECTION  NE (50)
  HIGHEST WIND SPEED    15   HIGHEST WIND DIRECTION     E (80)
  HIGHEST GUST SPEED    18   HIGHEST GUST DIRECTION     E (70)
  AVERAGE WIND SPEED     4.5



WEATHER CONDITIONS
 THE FOLLOWING WEATHER WAS RECORDED YESTERDAY.
  HAZE


RELATIVE HUMIDITY (PERCENT)
 HIGHEST    62           700 AM
 LOWEST     20           500 PM
 AVERAGE    41

..........................................................


THE RENO TAHOE AIRPORT NV CLIMATE NORMALS FOR TODAY
                         NORMAL    RECORD    YEAR
 MAXIMUM TEMPERATURE (F)   81        92      1991
                                             1943
 MINIMUM TEMPERATURE (F)   47        24      1965


SUNRISE AND SUNSET
SEPTEMBER 20 2014.....SUNRISE   645 AM PDT   SUNSET   659 PM PDT
SEPTEMBER 21 2014.....SUNRISE   646 AM PDT   SUNSET   658 PM PDT


-  INDICATES NEGATIVE NUMBERS.
R  INDICATES RECORD WAS SET OR TIED.
MM INDICATES DATA IS MISSING.
T  INDICATES TRACE AMOUNT.




$$
