000
CDUS41 KRNK 300840
CLIROA


CLIMATE REPORT
NATIONAL WEATHER SERVICE BLACKSBURG VA
437 AM EDT MON MAR 30 2015


...................................

...THE ROANOKE VA CLIMATE SUMMARY FOR MARCH 29 2015...

CLIMATE NORMAL PERIOD 1981 TO 2010
CLIMATE RECORD PERIOD 1912 TO 2015


WEATHER ITEM   OBSERVED TIME   RECORD YEAR NORMAL DEPARTURE LAST
                VALUE   (LST)  VALUE       VALUE  FROM      YEAR
                                                  NORMAL
..................................................................
TEMPERATURE (F)
 YESTERDAY
  MAXIMUM         51    443 PM  88    1945  62    -11       59
  MINIMUM         23    638 AM  19    1982  41    -18       42
  AVERAGE         37                        52    -15       51

PRECIPITATION (IN)
  YESTERDAY        0.00          1.77 2001   0.12  -0.12     0.55
  MONTH TO DATE    4.31                      3.22   1.09     2.73
  SINCE MAR 1      4.31                      3.22   1.09     2.73
  SINCE JAN 1      8.23                      9.03  -0.80     9.01

SNOWFALL (IN)
  YESTERDAY        0.0
  MONTH TO DATE    1.9
  SINCE MAR 1      1.9
  SINCE JUL 1     21.7
  SNOW DEPTH       0

DEGREE DAYS
 HEATING
  YESTERDAY       28                        14     14       14
  MONTH TO DATE  525                       525      0      620
  SINCE MAR 1    525                       525      0      620
  SINCE JUL 1   3954                      3730    224     4022

 COOLING
  YESTERDAY        0                         0      0        0
  MONTH TO DATE    0                         0      0        0
  SINCE MAR 1      0                         0      0        0
  SINCE JAN 1      0                         0      0        0
..................................................................


WIND (MPH)
  HIGHEST WIND SPEED    17   HIGHEST WIND DIRECTION     S (160)
  HIGHEST GUST SPEED    22   HIGHEST GUST DIRECTION    SE (130)
  AVERAGE WIND SPEED     7.4


SKY COVER
  POSSIBLE SUNSHINE  MM
  AVERAGE SKY COVER 0.1


WEATHER CONDITIONS
 THE FOLLOWING WEATHER WAS RECORDED YESTERDAY.
  NO SIGNIFICANT WEATHER WAS OBSERVED.


RELATIVE HUMIDITY (PERCENT)
 HIGHEST    50           600 AM
 LOWEST     16           300 PM
 AVERAGE    33

..........................................................


THE ROANOKE VA CLIMATE NORMALS FOR TODAY
                         NORMAL    RECORD    YEAR
 MAXIMUM TEMPERATURE (F)   63        85      1963
 MINIMUM TEMPERATURE (F)   41        20      1964


SUNRISE AND SUNSET
MARCH 30 2015.........SUNRISE   709 AM EDT   SUNSET   741 PM EDT
MARCH 31 2015.........SUNRISE   707 AM EDT   SUNSET   741 PM EDT


-  INDICATES NEGATIVE NUMBERS.
R  INDICATES RECORD WAS SET OR TIED.
MM INDICATES DATA IS MISSING.
T  INDICATES TRACE AMOUNT.

$$
