000
CDUS41 KRNK 250909
CLIROA


CLIMATE REPORT
NATIONAL WEATHER SERVICE BLACKSBURG VA
507 AM EDT MON MAY 25 2015


...................................

...THE ROANOKE VA CLIMATE SUMMARY FOR MAY 24 2015...

CLIMATE NORMAL PERIOD 1981 TO 2010
CLIMATE RECORD PERIOD 1912 TO 2015


WEATHER ITEM   OBSERVED TIME   RECORD YEAR NORMAL DEPARTURE LAST
                VALUE   (LST)  VALUE       VALUE  FROM      YEAR
                                                  NORMAL
..................................................................
TEMPERATURE (F)
 YESTERDAY
  MAXIMUM         82    314 PM  92    1933  78      4       80
  MINIMUM         50    514 AM  41    1967  56     -6       52
  AVERAGE         66                        67     -1       66

PRECIPITATION (IN)
  YESTERDAY        0.00          4.44 1940   0.14  -0.14     0.00
  MONTH TO DATE    1.09                      3.03  -1.94     2.21
  SINCE MAR 1     10.40                      9.86   0.54     9.15
  SINCE JAN 1     14.32                     15.67  -1.35    15.43

SNOWFALL (IN)
  YESTERDAY        0.0                                       0.0
  MONTH TO DATE    0.0                                       0.0
  SINCE MAR 1      1.9                                       5.6
  SINCE JUL 1     21.7                                      28.0
  SNOW DEPTH       0

DEGREE DAYS
 HEATING
  YESTERDAY        0                         2     -2        0
  MONTH TO DATE   35                        89    -54       54
  SINCE MAR 1    815                       916   -101      964
  SINCE JUL 1   4244                      4121    123     4366

 COOLING
  YESTERDAY        1                         4     -3        1
  MONTH TO DATE  100                        57     43       86
  SINCE MAR 1    106                        86     20       98
  SINCE JAN 1    106                        86     20       98
..................................................................


WIND (MPH)
  HIGHEST WIND SPEED    20   HIGHEST WIND DIRECTION     S (170)
  HIGHEST GUST SPEED    25   HIGHEST GUST DIRECTION     S (180)
  AVERAGE WIND SPEED     5.0


SKY COVER
  AVERAGE SKY COVER 0.1


WEATHER CONDITIONS
 THE FOLLOWING WEATHER WAS RECORDED YESTERDAY.
  NO SIGNIFICANT WEATHER WAS OBSERVED.


RELATIVE HUMIDITY (PERCENT)
 HIGHEST    89           200 AM
 LOWEST     31           100 PM
 AVERAGE    60

..........................................................


THE ROANOKE VA CLIMATE NORMALS FOR TODAY
                         NORMAL    RECORD    YEAR
 MAXIMUM TEMPERATURE (F)   78        94      1953
 MINIMUM TEMPERATURE (F)   56        38      1967


SUNRISE AND SUNSET
MAY 25 2015...........SUNRISE   604 AM EDT   SUNSET   830 PM EDT
MAY 26 2015...........SUNRISE   604 AM EDT   SUNSET   830 PM EDT


-  INDICATES NEGATIVE NUMBERS.
R  INDICATES RECORD WAS SET OR TIED.
MM INDICATES DATA IS MISSING.
T  INDICATES TRACE AMOUNT.




$$
