794
CDUS41 KRNK 011005
CLIROA


CLIMATE REPORT
NATIONAL WEATHER SERVICE BLACKSBURG VA
501 AM EST WED MAR 1 2017


...................................

...THE ROANOKE VA CLIMATE SUMMARY FOR FEBRUARY 28 2017...

CLIMATE NORMAL PERIOD 1981 TO 2010
CLIMATE RECORD PERIOD 1912 TO 2017


WEATHER ITEM   OBSERVED TIME   RECORD YEAR NORMAL DEPARTURE LAST
                VALUE   (LST)  VALUE       VALUE  FROM      YEAR
                                                  NORMAL
..................................................................
TEMPERATURE (F)
 YESTERDAY
  MAXIMUM         67    337 PM  83    1918  53     14       69
  MINIMUM         35    619 AM  -1    1934  32      3       35
  AVERAGE         51                        42      9       52

PRECIPITATION (IN)
  YESTERDAY        0.13          1.76 1954   0.10   0.03     0.00
  MONTH TO DATE    0.54                      2.89  -2.35     5.24
  SINCE DEC 1      7.43                      8.75  -1.32    12.78
  SINCE JAN 1      4.64                      5.81  -1.17     8.23

SNOWFALL (IN)
  YESTERDAY       MM                                         0.0
  MONTH TO DATE    T                                         8.5
  SINCE DEC 1      4.5                                      22.0
  SINCE JUL 1      4.5                                      22.0
  SNOW DEPTH       0

DEGREE DAYS
 HEATING
  YESTERDAY       14                        23     -9       13
  MONTH TO DATE  460                       713   -253      752
  SINCE DEC 1   1936                      2401   -465     2183
  SINCE JUL 1   2464                      3205   -741     2825

 COOLING
  YESTERDAY        0                         0      0        0
  MONTH TO DATE    0                         0      0        0
  SINCE DEC 1      0                         0      0        0
  SINCE JAN 1      0                         0      0        0
..................................................................


WIND (MPH)
  HIGHEST WIND SPEED    17   HIGHEST WIND DIRECTION     S (180)
  HIGHEST GUST SPEED    22   HIGHEST GUST DIRECTION     S (190)
  AVERAGE WIND SPEED     2.5


SKY COVER
  AVERAGE SKY COVER 0.6


WEATHER CONDITIONS
 THE FOLLOWING WEATHER WAS RECORDED YESTERDAY.
  LIGHT RAIN
  FOG


RELATIVE HUMIDITY (PERCENT)
 HIGHEST   100          1000 PM
 LOWEST     37          1200 PM
 AVERAGE    69

..........................................................


THE ROANOKE VA CLIMATE NORMALS FOR TODAY
                         NORMAL    RECORD    YEAR
 MAXIMUM TEMPERATURE (F)   53        76      1972
 MINIMUM TEMPERATURE (F)   33        10      1980
                                             1937


SUNRISE AND SUNSET
MARCH  1 2017.........SUNRISE   651 AM EST   SUNSET   614 PM EST
MARCH  2 2017.........SUNRISE   649 AM EST   SUNSET   615 PM EST


-  INDICATES NEGATIVE NUMBERS.
R  INDICATES RECORD WAS SET OR TIED.
MM INDICATES DATA IS MISSING.
T  INDICATES TRACE AMOUNT.

$$

RAB
