000
CDUS41 KRNK 302125
CLIROA


CLIMATE REPORT
NATIONAL WEATHER SERVICE BLACKSBURG VA
522 PM EDT SUN APR 30 2017


...................................

...THE ROANOKE VA CLIMATE SUMMARY FOR APRIL 30 2017...
VALID TODAY AS OF 0500 PM LOCAL TIME.

CLIMATE NORMAL PERIOD 1981 TO 2010
CLIMATE RECORD PERIOD 1912 TO 2017


WEATHER ITEM   OBSERVED TIME   RECORD YEAR NORMAL DEPARTURE LAST
                VALUE   (LST)  VALUE       VALUE  FROM      YEAR
                                                  NORMAL
..................................................................
TEMPERATURE (F)
 TODAY
  MAXIMUM         85    308 PM  89    1942  72     13       59
  MINIMUM         64    555 AM  33    1961  49     15       54
  AVERAGE         75                        60     15       57

PRECIPITATION (IN)
  TODAY            0.00          0.98 1949   0.11  -0.11     0.17
  MONTH TO DATE    5.92                      3.37   2.55     1.13
  SINCE MAR 1      8.24                      6.83   1.41     3.38
  SINCE JAN 1     12.88                     12.64   0.24    11.61

SNOWFALL (IN)
  TODAY            0.0                                       0.0
  MONTH TO DATE    0.0                                        T
  SINCE MAR 1      0.1                                       1.0
  SINCE JUL 1      4.6                                      23.0
  SNOW DEPTH       0

DEGREE DAYS
 HEATING
  TODAY            0                         6     -6        8
  MONTH TO DATE  153                       275   -122      240
  SINCE MAR 1    657                       827   -170      579
  SINCE JUL 1   3121                      4032   -911     3413

 COOLING
  TODAY           10                         1      9        0
  MONTH TO DATE   68                        24     44       39
  SINCE MAR 1     70                        29     41       49
  SINCE JAN 1     70                        29     41       49
..................................................................


WIND (MPH)
  HIGHEST WIND SPEED    20   HIGHEST WIND DIRECTION     S (170)
  HIGHEST GUST SPEED    25   HIGHEST GUST DIRECTION     S (200)
  AVERAGE WIND SPEED     6.5


SKY COVER
  AVERAGE SKY COVER 0.4


WEATHER CONDITIONS
 THE FOLLOWING WEATHER WAS RECORDED TODAY.
  NO SIGNIFICANT WEATHER WAS OBSERVED.


RELATIVE HUMIDITY (PERCENT)
 HIGHEST   100           600 AM
 LOWEST     46           100 PM
 AVERAGE    73

..........................................................


THE ROANOKE VA CLIMATE NORMALS FOR TOMORROW
                         NORMAL    RECORD    YEAR
 MAXIMUM TEMPERATURE (F)   72        94      1942
 MINIMUM TEMPERATURE (F)   49        31      1937


SUNRISE AND SUNSET
APRIL 30 2017.........SUNRISE   626 AM EDT   SUNSET   809 PM EDT
MAY  1 2017...........SUNRISE   625 AM EDT   SUNSET   810 PM EDT


-  INDICATES NEGATIVE NUMBERS.
R  INDICATES RECORD WAS SET OR TIED.
MM INDICATES DATA IS MISSING.
T  INDICATES TRACE AMOUNT.




$$
