000
CDUS41 KRNK 260846
CLIROA


CLIMATE REPORT
NATIONAL WEATHER SERVICE BLACKSBURG VA
444 AM EDT THU MAY 26 2016


...................................

...THE ROANOKE VA CLIMATE SUMMARY FOR MAY 25 2016...

CLIMATE NORMAL PERIOD 1981 TO 2010
CLIMATE RECORD PERIOD 1912 TO 2016


WEATHER ITEM   OBSERVED TIME   RECORD YEAR NORMAL DEPARTURE LAST
                VALUE   (LST)  VALUE       VALUE  FROM      YEAR
                                                  NORMAL
..................................................................
TEMPERATURE (F)
 YESTERDAY
  MAXIMUM         86    421 PM  94    1953  78      8       83
  MINIMUM         53    518 AM  38    1967  56     -3       55
  AVERAGE         70                        67      3       69

PRECIPITATION (IN)
  YESTERDAY        0.00          1.06 1965   0.14  -0.14     0.00
  MONTH TO DATE    5.66                      3.17   2.49     1.09
  SINCE MAR 1      9.04                     10.00  -0.96    10.40
  SINCE JAN 1     17.27                     15.81   1.46    14.32

SNOWFALL (IN)
  YESTERDAY        0.0                                       0.0
  MONTH TO DATE    0.0                                       0.0
  SINCE MAR 1      1.0                                       1.9
  SINCE JUL 1     23.0                                      21.7
  SNOW DEPTH       0

DEGREE DAYS
 HEATING
  YESTERDAY        0                         2     -2        0
  MONTH TO DATE   92                        91      1       35
  SINCE MAR 1    671                       918   -247      815
  SINCE JUL 1   3505                      4123   -618     4244

 COOLING
  YESTERDAY        5                         4      1        4
  MONTH TO DATE   27                        61    -34      104
  SINCE MAR 1     76                        90    -14      110
  SINCE JAN 1     76                        90    -14      110
..................................................................


WIND (MPH)
  HIGHEST WIND SPEED    10   HIGHEST WIND DIRECTION    SW (210)
  HIGHEST GUST SPEED    14   HIGHEST GUST DIRECTION     W (250)
  AVERAGE WIND SPEED     2.8


SKY COVER
  AVERAGE SKY COVER 0.1


WEATHER CONDITIONS
 THE FOLLOWING WEATHER WAS RECORDED YESTERDAY.
  NO SIGNIFICANT WEATHER WAS OBSERVED.


RELATIVE HUMIDITY (PERCENT)
 HIGHEST    89           500 AM
 LOWEST     29           200 PM
 AVERAGE    59

..........................................................


THE ROANOKE VA CLIMATE NORMALS FOR TODAY
                         NORMAL    RECORD    YEAR
 MAXIMUM TEMPERATURE (F)   78        94      1933
 MINIMUM TEMPERATURE (F)   56        40      1988
                                             1930


SUNRISE AND SUNSET
MAY 26 2016...........SUNRISE   603 AM EDT   SUNSET   831 PM EDT
MAY 27 2016...........SUNRISE   603 AM EDT   SUNSET   832 PM EDT


-  INDICATES NEGATIVE NUMBERS.
R  INDICATES RECORD WAS SET OR TIED.
MM INDICATES DATA IS MISSING.
T  INDICATES TRACE AMOUNT.

$$

RAB
