000
CDUS41 KRNK 182218
CLIROA


CLIMATE REPORT
NATIONAL WEATHER SERVICE BLACKSBURG VA
517 PM EST WED JAN 18 2017


...................................

...THE ROANOKE VA CLIMATE SUMMARY FOR JANUARY 18 2017...
VALID TODAY AS OF 0500 PM LOCAL TIME.

CLIMATE NORMAL PERIOD 1981 TO 2010
CLIMATE RECORD PERIOD 1912 TO 2017


WEATHER ITEM   OBSERVED TIME   RECORD YEAR NORMAL DEPARTURE LAST
                VALUE   (LST)  VALUE       VALUE  FROM      YEAR
                                                  NORMAL
..................................................................
TEMPERATURE (F)
 TODAY
  MAXIMUM         61    208 AM  71    1990  46     15       32
                                      1943
  MINIMUM         51    500 PM  -1    1994  27     24       15
  AVERAGE         56                        36     20       24

PRECIPITATION (IN)
  TODAY            T             1.20 1996   0.09  -0.09      T
  MONTH TO DATE    1.37                      1.68  -0.31     1.40
  SINCE DEC 1      4.16                      4.62  -0.46     5.95
  SINCE JAN 1      1.37                      1.68  -0.31     1.40

SNOWFALL (IN)
  TODAY            0.0                                        T
  MONTH TO DATE    4.5                                       0.3
  SINCE DEC 1      4.5                                       0.3
  SINCE JUL 1      4.5                                       0.3
  SNOW DEPTH       0

DEGREE DAYS
 HEATING
  TODAY            9                        29    -20       41
  MONTH TO DATE  449                       519    -70      531
  SINCE DEC 1   1208                      1325   -117      992
  SINCE JUL 1   1736                      2129   -393     1634

 COOLING
  TODAY            0                         0      0        0
  MONTH TO DATE    0                         0      0        0
  SINCE DEC 1      0                         0      0        0
  SINCE JAN 1      0                         0      0        0
..................................................................


WIND (MPH)
  HIGHEST WIND SPEED    29   HIGHEST WIND DIRECTION    NW (300)
  HIGHEST GUST SPEED    36   HIGHEST GUST DIRECTION    NW (320)
  AVERAGE WIND SPEED    15.2


SKY COVER
  AVERAGE SKY COVER 0.4


WEATHER CONDITIONS
 THE FOLLOWING WEATHER WAS RECORDED TODAY.
  LIGHT RAIN
  FOG


RELATIVE HUMIDITY (PERCENT)
 HIGHEST    86           300 AM
 LOWEST     43          1100 AM
 AVERAGE    65

..........................................................


THE ROANOKE VA CLIMATE NORMALS FOR TOMORROW
                         NORMAL    RECORD    YEAR
 MAXIMUM TEMPERATURE (F)   46        70      1929
 MINIMUM TEMPERATURE (F)   27        -6      1994


SUNRISE AND SUNSET
JANUARY 18 2017.......SUNRISE   732 AM EST   SUNSET   529 PM EST
JANUARY 19 2017.......SUNRISE   731 AM EST   SUNSET   530 PM EST


-  INDICATES NEGATIVE NUMBERS.
R  INDICATES RECORD WAS SET OR TIED.
MM INDICATES DATA IS MISSING.
T  INDICATES TRACE AMOUNT.




$$
