000
CDUS41 KBUF 191030
CLIROC


CLIMATE REPORT
NATIONAL WEATHER SERVICE BUFFALO NY
518 AM EST FRI DEC 19 2014


...................................

...THE ROCHESTER NY CLIMATE SUMMARY FOR DECEMBER 18 2014...

CLIMATE NORMAL PERIOD 1981 TO 2010
CLIMATE RECORD PERIOD 1871 TO 2014


WEATHER ITEM   OBSERVED TIME   RECORD YEAR NORMAL DEPARTURE LAST
                VALUE   (LST)  VALUE       VALUE  FROM      YEAR
                                                  NORMAL
..................................................................
TEMPERATURE (F)
 YESTERDAY
  MAXIMUM         33    314 PM  57    1921  36     -3       32
  MINIMUM         28   1159 PM  -7    1919  23      5       24
  AVERAGE         31                        29      2       28

PRECIPITATION (IN)
  YESTERDAY        0.02          0.62 1977   0.07  -0.05     0.02
  MONTH TO DATE    1.87                      1.58   0.29     1.24
  SINCE DEC 1      1.87                      1.58   0.29     1.24
  SINCE JAN 1     32.53                     33.22  -0.69    34.99

SNOWFALL (IN)
  YESTERDAY        T             4.7  1951   0.7   -0.7      0.3
  MONTH TO DATE   12.0                      11.5    0.5     18.0
  SINCE DEC 1     12.0                      11.5    0.5     18.0
  SINCE JUL 1     21.1                      18.9    2.2     31.5
  SNOW DEPTH       0

DEGREE DAYS
 HEATING
  YESTERDAY       34                        36     -2       37
  MONTH TO DATE  557                       597    -40      677
  SINCE DEC 1    557                       597    -40      677
  SINCE JUL 1   1837                      1965   -128     2049

 COOLING
  YESTERDAY        0                         0      0        0
  MONTH TO DATE    0                         0      0        0
  SINCE DEC 1      0                         0      0        0
  SINCE JAN 1    542                       539      3      660
..................................................................


WIND (MPH)
  HIGHEST WIND SPEED    21   HIGHEST WIND DIRECTION     W (270)
  HIGHEST GUST SPEED    29   HIGHEST GUST DIRECTION     W (290)
  AVERAGE WIND SPEED    13.1


SKY COVER
  AVERAGE SKY COVER 1.0


WEATHER CONDITIONS
 THE FOLLOWING WEATHER WAS RECORDED YESTERDAY.
  LT FREEZING RAIN
  SNOW
  LIGHT SNOW
  FOG


RELATIVE HUMIDITY (PERCENT)
 HIGHEST    85           800 AM
 LOWEST     69          1200 PM
 AVERAGE    77

..........................................................


THE ROCHESTER NY CLIMATE NORMALS FOR TODAY
                         NORMAL    RECORD    YEAR
 MAXIMUM TEMPERATURE (F)   35        60      1957
 MINIMUM TEMPERATURE (F)   22        -6      1875


SUNRISE AND SUNSET
DECEMBER 19 2014......SUNRISE   738 AM EST   SUNSET   438 PM EST
DECEMBER 20 2014......SUNRISE   739 AM EST   SUNSET   438 PM EST


-  INDICATES NEGATIVE NUMBERS.
R  INDICATES RECORD WAS SET OR TIED.
MM INDICATES DATA IS MISSING.
T  INDICATES TRACE AMOUNT.




$$
