000
CDUS41 KBUF 142143
CLIROC


CLIMATE REPORT
NATIONAL WEATHER SERVICE BUFFALO NY
441 PM EST SUN FEB 14 2016


...................................

...THE ROCHESTER NY CLIMATE SUMMARY FOR FEBRUARY 14 2016...
VALID TODAY AS OF 0400 PM LOCAL TIME.

CLIMATE NORMAL PERIOD 1981 TO 2010
CLIMATE RECORD PERIOD 1871 TO 2016


WEATHER ITEM   OBSERVED TIME   RECORD YEAR NORMAL DEPARTURE LAST
                VALUE   (LST)  VALUE       VALUE  FROM      YEAR
                                                  NORMAL
..................................................................
TEMPERATURE (F)
 TODAY
  MAXIMUM          8    329 PM  56    1984  34    -26       24
  MINIMUM        -12    749 AM -14    1979  18    -30        7
  AVERAGE         -2                        26    -28       16

PRECIPITATION (IN)
  TODAY            T             1.75 1950   0.07  -0.07     0.05
  MONTH TO DATE    1.03                      0.93   0.10     1.71
  SINCE DEC 1      5.28                      5.97  -0.69     5.76
  SINCE JAN 1      2.55                      3.34  -0.79     3.45

SNOWFALL (IN)
  TODAY            T            18.4  1960   0.7   -0.7      1.5
  MONTH TO DATE    6.9                      10.8   -3.9     30.4
  SINCE DEC 1     29.4                      60.8  -31.4     64.7
  SINCE JUL 1     30.6                      68.2  -37.6     73.8
  SNOW DEPTH       4
SNOWFALL THROUGH 100 PM

DEGREE DAYS
 HEATING
  TODAY           67                        39     28       49
  MONTH TO DATE  501                       557    -56      671
  SINCE DEC 1   2359                      2893   -534     3013
  SINCE JUL 1   3399                      4261   -862     4293

 COOLING
  TODAY            0                         0      0        0
  MONTH TO DATE    0                         0      0        0
  SINCE DEC 1      0                         0      0        0
  SINCE JAN 1      0                         0      0        0
..................................................................


WIND (MPH)
  HIGHEST WIND SPEED    12   HIGHEST WIND DIRECTION     N (340)
  HIGHEST GUST SPEED    16   HIGHEST GUST DIRECTION     N (340)
  AVERAGE WIND SPEED     5.0


SKY COVER
  AVERAGE SKY COVER 0.5


WEATHER CONDITIONS
 THE FOLLOWING WEATHER WAS RECORDED TODAY.
  LIGHT SNOW


RELATIVE HUMIDITY (PERCENT)
 HIGHEST    86           800 AM
 LOWEST     49           200 PM
 AVERAGE    68

..........................................................


THE ROCHESTER NY CLIMATE NORMALS FOR TOMORROW
                         NORMAL    RECORD    YEAR
 MAXIMUM TEMPERATURE (F)   34        61      1949
 MINIMUM TEMPERATURE (F)   18       -14      1943


SUNRISE AND SUNSET
FEBRUARY 14 2016......SUNRISE   710 AM EST   SUNSET   540 PM EST
FEBRUARY 15 2016......SUNRISE   709 AM EST   SUNSET   541 PM EST


-  INDICATES NEGATIVE NUMBERS.
R  INDICATES RECORD WAS SET OR TIED.
MM INDICATES DATA IS MISSING.
T  INDICATES TRACE AMOUNT.

$$
