000
CDUS41 KBUF 061027
CLIROC


CLIMATE REPORT
NATIONAL WEATHER SERVICE BUFFALO NY
624 AM EDT FRI MAY 6 2016


...................................

...THE ROCHESTER NY CLIMATE SUMMARY FOR MAY 5 2016...

CLIMATE NORMAL PERIOD 1981 TO 2010
CLIMATE RECORD PERIOD 1871 TO 2016


WEATHER ITEM   OBSERVED TIME   RECORD YEAR NORMAL DEPARTURE LAST
                VALUE   (LST)  VALUE       VALUE  FROM      YEAR
                                                  NORMAL
..................................................................
TEMPERATURE (F)
 YESTERDAY
  MAXIMUM         60    316 PM  88    1949  64     -4       67
  MINIMUM         49   1124 PM  29    1974  43      6       51
  AVERAGE         55                        54      1       59

PRECIPITATION (IN)
  YESTERDAY        T             1.26 1945   0.09  -0.09     0.00
  MONTH TO DATE    0.76                      0.46   0.30      T
  SINCE MAR 1      4.14                      5.69  -1.55     4.04
  SINCE JAN 1      9.44                     10.05  -0.61     8.29

SNOWFALL (IN)
  YESTERDAY        0.0           0.1  1891   0.0    0.0      0.0
  MONTH TO DATE    0.0                       0.1   -0.1      0.0
  SINCE MAR 1     12.0                      20.3   -8.3     13.3
  SINCE JUL 1     63.7                      99.2  -35.5    101.9
  SNOW DEPTH       0

DEGREE DAYS
 HEATING
  YESTERDAY       10                        12     -2        6
  MONTH TO DATE   77                        63     14       23
  SINCE MAR 1   1513                      1580    -67     1615
  SINCE JUL 1   5430                      6366   -936     6709

 COOLING
  YESTERDAY        0                         0      0        0
  MONTH TO DATE    0                         0      0        4
  SINCE MAR 1      0                         4     -4        4
  SINCE JAN 1      0                         4     -4        4
..................................................................


WIND (MPH)
  HIGHEST WIND SPEED    22   HIGHEST WIND DIRECTION    NE (50)
  HIGHEST GUST SPEED    28   HIGHEST GUST DIRECTION    NE (40)
  AVERAGE WIND SPEED    10.6


SKY COVER
  AVERAGE SKY COVER 0.6


WEATHER CONDITIONS
 THE FOLLOWING WEATHER WAS RECORDED YESTERDAY.
  LIGHT RAIN


RELATIVE HUMIDITY (PERCENT)
 HIGHEST    89           200 AM
 LOWEST     53           500 PM
 AVERAGE    71

..........................................................


THE ROCHESTER NY CLIMATE NORMALS FOR TODAY
                         NORMAL    RECORD    YEAR
 MAXIMUM TEMPERATURE (F)   65        92      1895
 MINIMUM TEMPERATURE (F)   43        28      1968


SUNRISE AND SUNSET
MAY  6 2016...........SUNRISE   557 AM EDT   SUNSET   818 PM EDT
MAY  7 2016...........SUNRISE   556 AM EDT   SUNSET   819 PM EDT


-  INDICATES NEGATIVE NUMBERS.
R  INDICATES RECORD WAS SET OR TIED.
MM INDICATES DATA IS MISSING.
T  INDICATES TRACE AMOUNT.




$$
