000
CDUS41 KBUF 111018
CLIROC


CLIMATE REPORT
NATIONAL WEATHER SERVICE BUFFALO NY
515 AM EST SUN DEC 11 2016


...................................

...THE ROCHESTER NY CLIMATE SUMMARY FOR DECEMBER 10 2016...

CLIMATE NORMAL PERIOD 1981 TO 2010
CLIMATE RECORD PERIOD 1871 TO 2016


WEATHER ITEM   OBSERVED TIME   RECORD YEAR NORMAL DEPARTURE LAST
                VALUE   (LST)  VALUE       VALUE  FROM      YEAR
                                                  NORMAL
..................................................................
TEMPERATURE (F)
 YESTERDAY
  MAXIMUM         30    250 PM  67    1911  38     -8       55
  MINIMUM         17    323 AM  -1    1977  25     -8       40
  AVERAGE         24                        32     -8       48

PRECIPITATION (IN)
  YESTERDAY        0.01          1.64 1878   0.10  -0.09     0.00
  MONTH TO DATE    0.83                      0.92  -0.09     0.58
  SINCE DEC 1      0.83                      0.92  -0.09     0.58
  SINCE JAN 1     28.64                     32.56  -3.92    34.53

SNOWFALL (IN)
  YESTERDAY        0.5          15.7  1981   0.6   -0.1      0.0
  MONTH TO DATE    5.4                       5.9   -0.5       T
  SINCE DEC 1      5.4                       5.9   -0.5       T
  SINCE JUL 1     21.3                      13.3    8.0      1.2
  SNOW DEPTH       1

DEGREE DAYS
 HEATING
  YESTERDAY       41                        33      8       17
  MONTH TO DATE  301                       318    -17      235
  SINCE DEC 1    301                       318    -17      235
  SINCE JUL 1   1279                      1686   -407     1275

 COOLING
  YESTERDAY        0                         0      0        0
  MONTH TO DATE    0                         0      0        0
  SINCE DEC 1      0                         0      0        0
  SINCE JAN 1    978                       539    439      698
..................................................................


WIND (MPH)
  HIGHEST WIND SPEED    15   HIGHEST WIND DIRECTION    NW (300)
  HIGHEST GUST SPEED    19   HIGHEST GUST DIRECTION     W (280)
  AVERAGE WIND SPEED     6.2


SKY COVER
  AVERAGE SKY COVER 0.8


WEATHER CONDITIONS
 THE FOLLOWING WEATHER WAS RECORDED YESTERDAY.
  LIGHT SNOW
  FOG


RELATIVE HUMIDITY (PERCENT)
 HIGHEST    92           300 AM
 LOWEST     62           700 PM
 AVERAGE    77

..........................................................


THE ROCHESTER NY CLIMATE NORMALS FOR TODAY
                         NORMAL    RECORD    YEAR
 MAXIMUM TEMPERATURE (F)   38        62      2015
 MINIMUM TEMPERATURE (F)   25        -6      1977


SUNRISE AND SUNSET
DECEMBER 11 2016......SUNRISE   733 AM EST   SUNSET   436 PM EST
DECEMBER 12 2016......SUNRISE   733 AM EST   SUNSET   436 PM EST


-  INDICATES NEGATIVE NUMBERS.
R  INDICATES RECORD WAS SET OR TIED.
MM INDICATES DATA IS MISSING.
T  INDICATES TRACE AMOUNT.




$$
