000
CDUS41 KBUF 251024
CLIROC


CLIMATE REPORT
NATIONAL WEATHER SERVICE BUFFALO NY
624 AM EDT TUE APR 25 2017


...................................

...THE ROCHESTER NY CLIMATE SUMMARY FOR APRIL 24 2017...

CLIMATE NORMAL PERIOD 1981 TO 2010
CLIMATE RECORD PERIOD 1871 TO 2017


WEATHER ITEM   OBSERVED TIME   RECORD YEAR NORMAL DEPARTURE LAST
                VALUE   (LST)  VALUE       VALUE  FROM      YEAR
                                                  NORMAL
..................................................................
TEMPERATURE (F)
 YESTERDAY
  MAXIMUM         55    448 PM  83    1960  60     -5       55
  MINIMUM         41    546 AM  23    1919  40      1       32
  AVERAGE         48                        50     -2       44

PRECIPITATION (IN)
  YESTERDAY        0.00          1.07 1984   0.09  -0.09     0.00
  MONTH TO DATE    4.12                      2.20   1.92     0.90
  SINCE MAR 1      8.78                      4.70   4.08     2.72
  SINCE JAN 1     13.86                      9.06   4.80     8.02

SNOWFALL (IN)
  YESTERDAY        0.0           3.9  1875   0.1   -0.1      0.0
  MONTH TO DATE    2.5                       3.7   -1.2      8.8
  SINCE MAR 1     35.5                      20.0   15.5     12.0
  SINCE JUL 1    107.1                      98.9    8.2     63.7
  SNOW DEPTH       0

DEGREE DAYS
 HEATING
  YESTERDAY       17                        16      1       21
  MONTH TO DATE  366                       480   -114      546
  SINCE MAR 1   1354                      1432    -78     1308
  SINCE JUL 1   5222                      6218   -996     5225

 COOLING
  YESTERDAY        0                         0      0        0
  MONTH TO DATE    7                         0      7        0
  SINCE MAR 1      7                         0      7        0
  SINCE JAN 1      7                         0      7        0
..................................................................


WIND (MPH)
  HIGHEST WIND SPEED    18   HIGHEST WIND DIRECTION    NE (60)
  HIGHEST GUST SPEED    23   HIGHEST GUST DIRECTION    NE (40)
  AVERAGE WIND SPEED    10.6


SKY COVER
  AVERAGE SKY COVER 0.3


WEATHER CONDITIONS
 THE FOLLOWING WEATHER WAS RECORDED YESTERDAY.
  NO SIGNIFICANT WEATHER WAS OBSERVED.


RELATIVE HUMIDITY (PERCENT)
 HIGHEST    76           200 AM
 LOWEST     46          1200 AM
 AVERAGE    61

..........................................................


THE ROCHESTER NY CLIMATE NORMALS FOR TODAY
                         NORMAL    RECORD    YEAR
 MAXIMUM TEMPERATURE (F)   60        86      1915
 MINIMUM TEMPERATURE (F)   40        21      1919


SUNRISE AND SUNSET
APRIL 25 2017.........SUNRISE   613 AM EDT   SUNSET   805 PM EDT
APRIL 26 2017.........SUNRISE   611 AM EDT   SUNSET   806 PM EDT


-  INDICATES NEGATIVE NUMBERS.
R  INDICATES RECORD WAS SET OR TIED.
MM INDICATES DATA IS MISSING.
T  INDICATES TRACE AMOUNT.

$$
