063
CDUS45 KABQ 210837
CLIROW


CLIMATE REPORT
NATIONAL WEATHER SERVICE ALBUQUERQUE NM
236 AM MDT SAT OCT 21 2017


...................................

...THE ROSWELL NM CLIMATE SUMMARY FOR OCTOBER 20 2017...

CLIMATE NORMAL PERIOD 1981 TO 2010
CLIMATE RECORD PERIOD 1893 TO 2017


WEATHER ITEM   OBSERVED TIME   RECORD YEAR NORMAL DEPARTURE
                VALUE   (LST)  VALUE       VALUE  FROM
                                                  NORMAL
...............................................................
TEMPERATURE (F)
 YESTERDAY
  MAXIMUM         83    247 PM  96    2007  74      9
  MINIMUM         55    608 AM  19    1898  45     10
  AVERAGE         69                        60      9

PRECIPITATION (IN)
  YESTERDAY        0.00          1.83 2015   0.05  -0.05
  MONTH TO DATE    1.64                      0.84   0.80
  SINCE SEP 1      3.82                      2.37   1.45
  SINCE JAN 1     11.16                     11.30  -0.14

SNOWFALL (IN)
  YESTERDAY        0.0
  MONTH TO DATE    0.0
  SINCE SEP 1      0.0
  SINCE JUL 1      0.0

DEGREE DAYS
 HEATING
  YESTERDAY        0                         6     -6
  MONTH TO DATE   47                        73    -26
  SINCE SEP 1     53                        89    -36
  SINCE JUL 1     53                        89    -36

 COOLING
  YESTERDAY        4                         1      3
  MONTH TO DATE   81                        34     47
  SINCE SEP 1    374                       261    113
  SINCE JAN 1   2165                      1785    380
...............................................................


WIND (MPH)
  HIGHEST WIND SPEED    23   HIGHEST WIND DIRECTION     S (200)
  HIGHEST GUST SPEED    29   HIGHEST GUST DIRECTION     S (180)
  AVERAGE WIND SPEED    12.4


SKY COVER
  AVERAGE SKY COVER 0.0


WEATHER CONDITIONS
 THE FOLLOWING WEATHER WAS RECORDED YESTERDAY.
  NO SIGNIFICANT WEATHER WAS OBSERVED.


RELATIVE HUMIDITY (PERCENT)
 HIGHEST    93           100 AM
 LOWEST     30           500 PM
 AVERAGE    62

..........................................................


THE ROSWELL NM CLIMATE NORMALS FOR TODAY
                         NORMAL    RECORD    YEAR
 MAXIMUM TEMPERATURE (F)   74        90      1995
 MINIMUM TEMPERATURE (F)   45        21      1898


SUNRISE AND SUNSET
OCTOBER 21 2017.......SUNRISE   708 AM MDT   SUNSET   617 PM MDT
OCTOBER 22 2017.......SUNRISE   708 AM MDT   SUNSET   616 PM MDT


-  INDICATES NEGATIVE NUMBERS.
R  INDICATES RECORD WAS SET OR TIED.
MM INDICATES DATA IS MISSING.
T  INDICATES TRACE AMOUNT.




$$
