000
CDUS45 KABQ 280832
CLIROW


CLIMATE REPORT
NATIONAL WEATHER SERVICE ALBUQUERQUE NM
129 AM MST WED JAN 28 2015


...................................

...THE ROSWELL NM CLIMATE SUMMARY FOR JANUARY 27 2015...

CLIMATE NORMAL PERIOD 1981 TO 2010
CLIMATE RECORD PERIOD 1893 TO 2015


WEATHER ITEM   OBSERVED TIME   RECORD YEAR NORMAL DEPARTURE
                VALUE   (LST)  VALUE       VALUE  FROM
                                                  NORMAL
...............................................................
TEMPERATURE (F)
 YESTERDAY
  MAXIMUM         71    241 PM  78    1956  57     14
  MINIMUM         29    706 AM   3    1895  27      2
  AVERAGE         50                        42      8

PRECIPITATION (IN)
  YESTERDAY        0.00          0.40 1895   0.01  -0.01
  MONTH TO DATE    0.78                      0.33   0.45
  SINCE DEC 1      0.89                      0.97  -0.08
  SINCE JAN 1      0.78                      0.33   0.45

SNOWFALL (IN)
  YESTERDAY        0.0
  MONTH TO DATE    8.6
  SINCE DEC 1     10.1
  SINCE JUL 1     11.9

DEGREE DAYS
 HEATING
  YESTERDAY       15                        23     -8
  MONTH TO DATE  772                       666    106
  SINCE DEC 1   1458                      1430     28
  SINCE JUL 1   2115                      2076     39

 COOLING
  YESTERDAY        0                         0      0
  MONTH TO DATE    0                         0      0
  SINCE DEC 1      0                         0      0
  SINCE JAN 1      0                         0      0
...............................................................


WIND (MPH)
  HIGHEST WIND SPEED     9   HIGHEST WIND DIRECTION     W (290)
  HIGHEST GUST SPEED    12   HIGHEST GUST DIRECTION    SE (140)
  AVERAGE WIND SPEED     4.2


SKY COVER
  AVERAGE SKY COVER 0.0


WEATHER CONDITIONS
 THE FOLLOWING WEATHER WAS RECORDED YESTERDAY.
  NO SIGNIFICANT WEATHER WAS OBSERVED.


RELATIVE HUMIDITY (PERCENT)
 HIGHEST    92           700 AM
 LOWEST     22           300 PM
 AVERAGE    57

..........................................................


THE ROSWELL NM CLIMATE NORMALS FOR TODAY
                         NORMAL    RECORD    YEAR
 MAXIMUM TEMPERATURE (F)   57        80      1903
                                             1893
 MINIMUM TEMPERATURE (F)   27        -3      1948


SUNRISE AND SUNSET
JANUARY 28 2015.......SUNRISE   657 AM MST   SUNSET   526 PM MST
JANUARY 29 2015.......SUNRISE   656 AM MST   SUNSET   527 PM MST


-  INDICATES NEGATIVE NUMBERS.
R  INDICATES RECORD WAS SET OR TIED.
MM INDICATES DATA IS MISSING.
T  INDICATES TRACE AMOUNT.

$$
