000
CDUS45 KABQ 160830
CLIROW


CLIMATE REPORT
NATIONAL WEATHER SERVICE ALBUQUERQUE NM
127 AM MST SAT DEC 16 2017


...................................

...THE ROSWELL NM CLIMATE SUMMARY FOR DECEMBER 15 2017...

CLIMATE NORMAL PERIOD 1981 TO 2010
CLIMATE RECORD PERIOD 1893 TO 2017


WEATHER ITEM   OBSERVED TIME   RECORD YEAR NORMAL DEPARTURE
                VALUE   (LST)  VALUE       VALUE  FROM
                                                  NORMAL
...............................................................
TEMPERATURE (F)
 YESTERDAY
  MAXIMUM         55    247 PM  78    2010  54      1
  MINIMUM         19    650 AM   0    1987  26     -7
  AVERAGE         37                        40     -3

PRECIPITATION (IN)
  YESTERDAY        0.00          0.33 1959   0.02  -0.02
  MONTH TO DATE    T                         0.32  -0.32
  SINCE DEC 1      T                         0.32  -0.32
  SINCE JAN 1     11.16                     12.59  -1.43

SNOWFALL (IN)
  YESTERDAY        0.0
  MONTH TO DATE    0.0
  SINCE DEC 1      0.0
  SINCE JUL 1      0.0

DEGREE DAYS
 HEATING
  YESTERDAY       28                        25      3
  MONTH TO DATE  297                       354    -57
  SINCE DEC 1    297                       354    -57
  SINCE JUL 1    747                      1000   -253

 COOLING
  YESTERDAY        0                         0      0
  MONTH TO DATE    0                         0      0
  SINCE DEC 1      0                         0      0
  SINCE JAN 1   2172                      1789    383
...............................................................


WIND (MPH)
  HIGHEST WIND SPEED    20   HIGHEST WIND DIRECTION     S (170)
  HIGHEST GUST SPEED    23   HIGHEST GUST DIRECTION    SE (150)
  AVERAGE WIND SPEED     7.4


SKY COVER
  AVERAGE SKY COVER 0.0


WEATHER CONDITIONS
 THE FOLLOWING WEATHER WAS RECORDED YESTERDAY.
  NO SIGNIFICANT WEATHER WAS OBSERVED.


RELATIVE HUMIDITY (PERCENT)
 HIGHEST    81          1100 PM
 LOWEST     28           400 PM
 AVERAGE    55

..........................................................


THE ROSWELL NM CLIMATE NORMALS FOR TODAY
                         NORMAL    RECORD    YEAR
 MAXIMUM TEMPERATURE (F)   54        76      2016
                                             1946
                                             1908
 MINIMUM TEMPERATURE (F)   26         1      1960


SUNRISE AND SUNSET
DECEMBER 16 2017......SUNRISE   655 AM MST   SUNSET   453 PM MST
DECEMBER 17 2017......SUNRISE   656 AM MST   SUNSET   453 PM MST


-  INDICATES NEGATIVE NUMBERS.
R  INDICATES RECORD WAS SET OR TIED.
MM INDICATES DATA IS MISSING.
T  INDICATES TRACE AMOUNT.




$$
