000
CDUS45 KABQ 220830
CLIROW


CLIMATE REPORT
NATIONAL WEATHER SERVICE ALBUQUERQUE NM
227 AM MDT MON MAY 22 2017


...................................

...THE ROSWELL NM CLIMATE SUMMARY FOR MAY 21 2017...

CLIMATE NORMAL PERIOD 1981 TO 2010
CLIMATE RECORD PERIOD 1893 TO 2017


WEATHER ITEM   OBSERVED TIME   RECORD YEAR NORMAL DEPARTURE
                VALUE   (LST)  VALUE       VALUE  FROM
                                                  NORMAL
...............................................................
TEMPERATURE (F)
 YESTERDAY
  MAXIMUM         84    211 PM 104    1989  87     -3
  MINIMUM         54    312 AM  37    1960  56     -2
  AVERAGE         69                        72     -3

PRECIPITATION (IN)
  YESTERDAY        0.00          1.68 1941   0.04  -0.04
  MONTH TO DATE    0.54                      0.83  -0.29
  SINCE MAR 1      2.31                      1.95   0.36
  SINCE JAN 1      3.56                      2.75   0.81

SNOWFALL (IN)
  YESTERDAY        0.0
  MONTH TO DATE    0.0
  SINCE MAR 1      0.0
  SINCE JUL 1      2.5

DEGREE DAYS
 HEATING
  YESTERDAY        0                         0      0
  MONTH TO DATE    7                        27    -20
  SINCE MAR 1    294                       578   -284
  SINCE JUL 1   2439                      3285   -846

 COOLING
  YESTERDAY        4                         7     -3
  MONTH TO DATE   99                       100     -1
  SINCE MAR 1    207                       140     67
  SINCE JAN 1    207                       140     67
...............................................................


WIND (MPH)
  HIGHEST WIND SPEED    30   HIGHEST WIND DIRECTION    SE (150)
  HIGHEST GUST SPEED    39   HIGHEST GUST DIRECTION    SE (150)
  AVERAGE WIND SPEED    13.2


SKY COVER
  AVERAGE SKY COVER 0.3


WEATHER CONDITIONS
 THE FOLLOWING WEATHER WAS RECORDED YESTERDAY.
  NO SIGNIFICANT WEATHER WAS OBSERVED.


RELATIVE HUMIDITY (PERCENT)
 HIGHEST    72          1100 PM
 LOWEST     37           200 PM
 AVERAGE    55

..........................................................


THE ROSWELL NM CLIMATE NORMALS FOR TODAY
                         NORMAL    RECORD    YEAR
 MAXIMUM TEMPERATURE (F)   87       102      1996
                                             1953
 MINIMUM TEMPERATURE (F)   57        37      1899


SUNRISE AND SUNSET
MAY 22 2017...........SUNRISE   554 AM MDT   SUNSET   756 PM MDT
MAY 23 2017...........SUNRISE   553 AM MDT   SUNSET   757 PM MDT


-  INDICATES NEGATIVE NUMBERS.
R  INDICATES RECORD WAS SET OR TIED.
MM INDICATES DATA IS MISSING.
T  INDICATES TRACE AMOUNT.




$$
