598
CDUS45 KABQ 220843
CLIROW


CLIMATE REPORT
NATIONAL WEATHER SERVICE ALBUQUERQUE NM
141 AM MST SUN JAN 22 2017


...................................

...THE ROSWELL NM CLIMATE SUMMARY FOR JANUARY 21 2017...

CLIMATE NORMAL PERIOD 1981 TO 2010
CLIMATE RECORD PERIOD 1893 TO 2017


WEATHER ITEM   OBSERVED TIME   RECORD YEAR NORMAL DEPARTURE
                VALUE   (LST)  VALUE       VALUE  FROM
                                                  NORMAL
...............................................................
TEMPERATURE (F)
 YESTERDAY
  MAXIMUM         58   1153 AM  80    1967  56      2
  MINIMUM         41    627 PM  -6    1966  26     15
  AVERAGE         50                        41      9

PRECIPITATION (IN)
  YESTERDAY        T             0.72 1968   0.01  -0.01
  MONTH TO DATE    1.09                      0.25   0.84
  SINCE DEC 1      1.39                      0.89   0.50
  SINCE JAN 1      1.09                      0.25   0.84

SNOWFALL (IN)
  YESTERDAY        0.0
  MONTH TO DATE    2.5
  SINCE DEC 1      2.5
  SINCE JUL 1      2.5

DEGREE DAYS
 HEATING
  YESTERDAY       15                        24     -9
  MONTH TO DATE  431                       526    -95
  SINCE DEC 1   1163                      1290   -127
  SINCE JUL 1   1549                      1936   -387

 COOLING
  YESTERDAY        0                         0      0
  MONTH TO DATE    0                         0      0
  SINCE DEC 1      0                         0      0
  SINCE JAN 1      0                         0      0
...............................................................


WIND (MPH)
  HIGHEST WIND SPEED    46   HIGHEST WIND DIRECTION     W (280)
  HIGHEST GUST SPEED    59   HIGHEST GUST DIRECTION     W (280)
  AVERAGE WIND SPEED    23.1


SKY COVER
  AVERAGE SKY COVER 0.1


WEATHER CONDITIONS
 THE FOLLOWING WEATHER WAS RECORDED YESTERDAY.
  NO SIGNIFICANT WEATHER WAS OBSERVED.


RELATIVE HUMIDITY (PERCENT)
 HIGHEST    76           400 AM
 LOWEST     30          1200 PM
 AVERAGE    53

..........................................................


THE ROSWELL NM CLIMATE NORMALS FOR TODAY
                         NORMAL    RECORD    YEAR
 MAXIMUM TEMPERATURE (F)   56        79      1967
 MINIMUM TEMPERATURE (F)   27       -16      1966


SUNRISE AND SUNSET
JANUARY 22 2017.......SUNRISE   659 AM MST   SUNSET   521 PM MST
JANUARY 23 2017.......SUNRISE   659 AM MST   SUNSET   522 PM MST


-  INDICATES NEGATIVE NUMBERS.
R  INDICATES RECORD WAS SET OR TIED.
MM INDICATES DATA IS MISSING.
T  INDICATES TRACE AMOUNT.




$$
