000
CDUS45 KABQ 210842
CLIROW


CLIMATE REPORT
NATIONAL WEATHER SERVICE ALBUQUERQUE NM
240 AM MDT SUN SEP 21 2014


...................................

...THE ROSWELL NM CLIMATE SUMMARY FOR SEPTEMBER 20 2014...

CLIMATE NORMAL PERIOD 1981 TO 2010
CLIMATE RECORD PERIOD 1893 TO 2014


WEATHER ITEM   OBSERVED TIME   RECORD YEAR NORMAL DEPARTURE
                VALUE   (LST)  VALUE       VALUE  FROM
                                                  NORMAL
...............................................................
TEMPERATURE (F)
 YESTERDAY
  MAXIMUM         85    423 PM 100    1977  84      1
  MINIMUM         68    619 AM  33    1971  57     11
  AVERAGE         77                        71      6

PRECIPITATION (IN)
  YESTERDAY        0.00          0.93 1936   0.04  -0.04
  MONTH TO DATE    3.09                      1.07   2.02
  SINCE SEP 1      3.09                      1.07   2.02
  SINCE JAN 1     15.33                     10.00   5.33

SNOWFALL (IN)
  YESTERDAY        0.0
  MONTH TO DATE    0.0
  SINCE SEP 1      0.0
  SINCE JUL 1      0.0

DEGREE DAYS
 HEATING
  YESTERDAY        0                         1     -1
  MONTH TO DATE   16                         3     13
  SINCE SEP 1     16                         3     13
  SINCE JUL 1     16                         3     13

 COOLING
  YESTERDAY       12                         6      6
  MONTH TO DATE  165                       180    -15
  SINCE SEP 1    165                       180    -15
  SINCE JAN 1   1850                      1704    146
...............................................................


WIND (MPH)
  HIGHEST WIND SPEED    10   HIGHEST WIND DIRECTION     N (360)
  HIGHEST GUST SPEED    12   HIGHEST GUST DIRECTION     E (110)
  AVERAGE WIND SPEED     5.0


SKY COVER
  AVERAGE SKY COVER 0.8


WEATHER CONDITIONS
 THE FOLLOWING WEATHER WAS RECORDED YESTERDAY.
  FOG


RELATIVE HUMIDITY (PERCENT)
 HIGHEST    93           100 AM
 LOWEST     51           200 PM
 AVERAGE    72

..........................................................


THE ROSWELL NM CLIMATE NORMALS FOR TODAY
                         NORMAL    RECORD    YEAR
 MAXIMUM TEMPERATURE (F)   84        97      1998
                                             1959
 MINIMUM TEMPERATURE (F)   57        40      1913


SUNRISE AND SUNSET
SEPTEMBER 21 2014.....SUNRISE   646 AM MDT   SUNSET   656 PM MDT
SEPTEMBER 22 2014.....SUNRISE   646 AM MDT   SUNSET   655 PM MDT


-  INDICATES NEGATIVE NUMBERS.
R  INDICATES RECORD WAS SET OR TIED.
MM INDICATES DATA IS MISSING.
T  INDICATES TRACE AMOUNT.




$$
