000
CDUS45 KABQ 210832
CLIROW


CLIMATE REPORT
NATIONAL WEATHER SERVICE ALBUQUERQUE NM
131 AM MST FRI NOV 21 2014


...................................

...THE ROSWELL NM CLIMATE SUMMARY FOR NOVEMBER 20 2014...

CLIMATE NORMAL PERIOD 1981 TO 2010
CLIMATE RECORD PERIOD 1893 TO 2014


WEATHER ITEM   OBSERVED TIME   RECORD YEAR NORMAL DEPARTURE
                VALUE   (LST)  VALUE       VALUE  FROM
                                                  NORMAL
...............................................................
TEMPERATURE (F)
 YESTERDAY
  MAXIMUM         70    341 PM  88    1996  62      8
  MINIMUM         27    628 AM  -2    1906  32     -5
  AVERAGE         49                        47      2

PRECIPITATION (IN)
  YESTERDAY        0.00          0.41 1899   0.02  -0.02
  MONTH TO DATE    0.42                      0.42   0.00
  SINCE SEP 1      5.66                      3.18   2.48
  SINCE JAN 1     17.90                     12.11   5.79

SNOWFALL (IN)
  YESTERDAY        0.0
  MONTH TO DATE    1.8
  SINCE SEP 1      1.8
  SINCE JUL 1      1.8

DEGREE DAYS
 HEATING
  YESTERDAY       16                        18     -2
  MONTH TO DATE  395                       276    119
  SINCE SEP 1    489                       450     39
  SINCE JUL 1    489                       450     39

 COOLING
  YESTERDAY        0                         0      0
  MONTH TO DATE    0                         0      0
  SINCE SEP 1    243                       264    -21
  SINCE JAN 1   1928                      1788    140
...............................................................


WIND (MPH)
  HIGHEST WIND SPEED    12   HIGHEST WIND DIRECTION    SE (150)
  HIGHEST GUST SPEED    14   HIGHEST GUST DIRECTION     S (170)
  AVERAGE WIND SPEED     4.6


SKY COVER
  AVERAGE SKY COVER 0.0


WEATHER CONDITIONS
 THE FOLLOWING WEATHER WAS RECORDED YESTERDAY.
  NO SIGNIFICANT WEATHER WAS OBSERVED.


RELATIVE HUMIDITY (PERCENT)
 HIGHEST    78           300 AM
 LOWEST     11           400 PM
 AVERAGE    45

..........................................................


THE ROSWELL NM CLIMATE NORMALS FOR TODAY
                         NORMAL    RECORD    YEAR
 MAXIMUM TEMPERATURE (F)   62        87      1897
 MINIMUM TEMPERATURE (F)   32        -6      1906


SUNRISE AND SUNSET
NOVEMBER 21 2014......SUNRISE   635 AM MST   SUNSET   453 PM MST
NOVEMBER 22 2014......SUNRISE   636 AM MST   SUNSET   453 PM MST


-  INDICATES NEGATIVE NUMBERS.
R  INDICATES RECORD WAS SET OR TIED.
MM INDICATES DATA IS MISSING.
T  INDICATES TRACE AMOUNT.




$$
