000
CDUS45 KABQ 270827
CLIROW


CLIMATE REPORT
NATIONAL WEATHER SERVICE ALBUQUERQUE NM
226 AM MDT FRI MAR 27 2015


...................................

...THE ROSWELL NM CLIMATE SUMMARY FOR MARCH 26 2015...

CLIMATE NORMAL PERIOD 1981 TO 2010
CLIMATE RECORD PERIOD 1893 TO 2015


WEATHER ITEM   OBSERVED TIME   RECORD YEAR NORMAL DEPARTURE
                VALUE   (LST)  VALUE       VALUE  FROM
                                                  NORMAL
...............................................................
TEMPERATURE (F)
 YESTERDAY
  MAXIMUM         65    340 PM  91    2012  71     -6
  MINIMUM         38    615 AM  20    1931  39     -1
  AVERAGE         52                        55     -3

PRECIPITATION (IN)
  YESTERDAY        0.00          0.94 1926   0.02  -0.02
  MONTH TO DATE    0.29                      0.43  -0.14
  SINCE MAR 1      0.29                      0.43  -0.14
  SINCE JAN 1      2.20                      1.23   0.97

SNOWFALL (IN)
  YESTERDAY        0.0
  MONTH TO DATE    T
  SINCE MAR 1      T
  SINCE JUL 1     16.2

DEGREE DAYS
 HEATING
  YESTERDAY       13                        10      3
  MONTH TO DATE  348                       341      7
  SINCE MAR 1    348                       341      7
  SINCE JUL 1   3065                      3048     17

 COOLING
  YESTERDAY        0                         0      0
  MONTH TO DATE    0                         0      0
  SINCE MAR 1      0                         0      0
  SINCE JAN 1      0                         0      0
...............................................................


WIND (MPH)
  HIGHEST WIND SPEED    14   HIGHEST WIND DIRECTION    SE (130)
  HIGHEST GUST SPEED    17   HIGHEST GUST DIRECTION     N (340)
  AVERAGE WIND SPEED     6.4


SKY COVER
  AVERAGE SKY COVER 0.0


WEATHER CONDITIONS
 THE FOLLOWING WEATHER WAS RECORDED YESTERDAY.
  SANDSTORM


RELATIVE HUMIDITY (PERCENT)
 HIGHEST    70           400 AM
 LOWEST     16           400 PM
 AVERAGE    43

..........................................................


THE ROSWELL NM CLIMATE NORMALS FOR TODAY
                         NORMAL    RECORD    YEAR
 MAXIMUM TEMPERATURE (F)   72        95      1971
 MINIMUM TEMPERATURE (F)   39        16      1931


SUNRISE AND SUNSET
MARCH 27 2015.........SUNRISE   653 AM MDT   SUNSET   715 PM MDT
MARCH 28 2015.........SUNRISE   651 AM MDT   SUNSET   715 PM MDT


-  INDICATES NEGATIVE NUMBERS.
R  INDICATES RECORD WAS SET OR TIED.
MM INDICATES DATA IS MISSING.
T  INDICATES TRACE AMOUNT.




$$
