000
CDUS45 KABQ 300828
CLIROW


CLIMATE REPORT
NATIONAL WEATHER SERVICE ALBUQUERQUE NM
228 AM MDT WED JUL 30 2014


...................................

...THE ROSWELL NM CLIMATE SUMMARY FOR JULY 29 2014...

CLIMATE NORMAL PERIOD 1981 TO 2010
CLIMATE RECORD PERIOD 1893 TO 2014


WEATHER ITEM   OBSERVED TIME   RECORD YEAR NORMAL DEPARTURE
                VALUE   (LST)  VALUE       VALUE  FROM
                                                  NORMAL
...............................................................
TEMPERATURE (F)
 YESTERDAY
  MAXIMUM         81    345 PM 106    1995  93    -12
  MINIMUM         67    821 AM  52    1947  67      0
  AVERAGE         74                        80     -6

PRECIPITATION (IN)
  YESTERDAY        0.55          0.72 1965   0.05   0.50
  MONTH TO DATE    3.42                      1.95   1.47
  SINCE JUN 1      4.85                      3.68   1.17
  SINCE JAN 1      9.71                      6.85   2.86

SNOWFALL (IN)
  YESTERDAY        0.0
  MONTH TO DATE    0.0
  SINCE JUN 1      0.0
  SINCE JUL 1      0.0

DEGREE DAYS
 HEATING
  YESTERDAY        0                         0      0
  MONTH TO DATE    0                         0      0
  SINCE JUN 1      0                         1     -1
  SINCE JUL 1      0                         0      0

 COOLING
  YESTERDAY        9                        15     -6
  MONTH TO DATE  470                       447     23
  SINCE JUN 1    950                       844    106
  SINCE JAN 1   1204                      1069    135
...............................................................


WIND (MPH)
  HIGHEST WIND SPEED    12   HIGHEST WIND DIRECTION    SE (130)
  HIGHEST GUST SPEED    14   HIGHEST GUST DIRECTION    NW (310)
  AVERAGE WIND SPEED     5.6


SKY COVER
  AVERAGE SKY COVER 0.5


WEATHER CONDITIONS
 THE FOLLOWING WEATHER WAS RECORDED YESTERDAY.
  THUNDERSTORM
  RAIN
  LIGHT RAIN
  FOG


RELATIVE HUMIDITY (PERCENT)
 HIGHEST    93           700 AM
 LOWEST     62           400 PM
 AVERAGE    78

..........................................................


THE ROSWELL NM CLIMATE NORMALS FOR TODAY
                         NORMAL    RECORD    YEAR
 MAXIMUM TEMPERATURE (F)   93       104      1957
 MINIMUM TEMPERATURE (F)   67        56      1947


SUNRISE AND SUNSET
JULY 30 2014..........SUNRISE   610 AM MDT   SUNSET   759 PM MDT
JULY 31 2014..........SUNRISE   610 AM MDT   SUNSET   758 PM MDT


-  INDICATES NEGATIVE NUMBERS.
R  INDICATES RECORD WAS SET OR TIED.
MM INDICATES DATA IS MISSING.
T  INDICATES TRACE AMOUNT.




$$
